64.124.8.51 - - [03/Dec/2022:01:01:13 -0800] "GET /wp-includes/sodium_compat/ HTTP/1.1" 200 493 "-" "Mozilla/5.0 (X11; Linux x86_64) AppleWebKit/537.36 (KHTML, like Gecko) Chrome/61.0.3163.79 Safari/537.36" "kurtswebnotes.com"
51.222.253.3 - - [03/Dec/2022:01:02:03 -0800] "GET /wp-admin/?C=N;O=D HTTP/1.1" 200 349 "-" "Mozilla/5.0 (compatible; AhrefsBot/7.0; +http://ahrefs.com/robot/)" "www.kurtswebnotes.com"
51.222.253.3 - - [03/Dec/2022:01:06:50 -0800] "GET /wp-includes/sodium_compat/src/Core/Curve25519/Fe.php HTTP/1.1" 200 - "-" "Mozilla/5.0 (compatible; AhrefsBot/7.0; +http://ahrefs.com/robot/)" "www.kurtswebnotes.com"
51.222.253.16 - - [03/Dec/2022:01:11:22 -0800] "GET /wp-includes/sodium_compat/src/Core/Curve25519/Fe.php HTTP/1.1" 200 - "-" "Mozilla/5.0 (compatible; AhrefsBot/7.0; +http://ahrefs.com/robot/)" "kurtswebnotes.com"
51.222.253.13 - - [03/Dec/2022:01:13:54 -0800] "GET /wp-includes/sodium_compat/src/Core/Curve25519/Ge/ HTTP/1.1" 200 457 "-" "Mozilla/5.0 (compatible; AhrefsBot/7.0; +http://ahrefs.com/robot/)" "www.kurtswebnotes.com"
51.222.253.6 - - [03/Dec/2022:01:15:58 -0800] "GET /wp-includes/blocks/verse/?C=S;O=A HTTP/1.1" 200 376 "-" "Mozilla/5.0 (compatible; AhrefsBot/7.0; +http://ahrefs.com/robot/)" "kurtswebnotes.com"
51.222.253.9 - - [03/Dec/2022:01:18:29 -0800] "GET /wp-includes/sodium_compat/src/Core/ChaCha20/?C=M;O=D HTTP/1.1" 200 411 "-" "Mozilla/5.0 (compatible; AhrefsBot/7.0; +http://ahrefs.com/robot/)" "www.kurtswebnotes.com"
51.222.253.16 - - [03/Dec/2022:01:20:57 -0800] "GET /wp-includes/blocks/verse/?C=D;O=A HTTP/1.1" 200 376 "-" "Mozilla/5.0 (compatible; AhrefsBot/7.0; +http://ahrefs.com/robot/)" "kurtswebnotes.com"
51.222.253.11 - - [03/Dec/2022:01:23:48 -0800] "GET /wp-includes/blocks/embed/?C=S;O=A HTTP/1.1" 200 377 "-" "Mozilla/5.0 (compatible; AhrefsBot/7.0; +http://ahrefs.com/robot/)" "kurtswebnotes.com"
51.222.253.12 - - [03/Dec/2022:01:26:34 -0800] "GET /wp-includes/blocks/embed/?C=M;O=A HTTP/1.1" 200 377 "-" "Mozilla/5.0 (compatible; AhrefsBot/7.0; +http://ahrefs.com/robot/)" "kurtswebnotes.com"
51.222.253.19 - - [03/Dec/2022:01:29:17 -0800] "GET /wp-includes/blocks/embed/?C=N;O=A HTTP/1.1" 200 377 "-" "Mozilla/5.0 (compatible; AhrefsBot/7.0; +http://ahrefs.com/robot/)" "kurtswebnotes.com"
51.222.253.18 - - [03/Dec/2022:01:32:26 -0800] "GET /wp-includes/blocks/image/?C=N;O=A HTTP/1.1" 200 378 "-" "Mozilla/5.0 (compatible; AhrefsBot/7.0; +http://ahrefs.com/robot/)" "kurtswebnotes.com"
51.222.253.18 - - [03/Dec/2022:01:35:50 -0800] "GET /wp-includes/blocks/more/?C=N;O=A HTTP/1.1" 200 376 "-" "Mozilla/5.0 (compatible; AhrefsBot/7.0; +http://ahrefs.com/robot/)" "kurtswebnotes.com"
65.108.0.150 - - [03/Dec/2022:01:38:09 -0800] "GET /robots.txt HTTP/1.1" 200 101 "http://kurtswebnotes.com/robots.txt" "Mozilla/5.0 (compatible; SEOkicks; +https://www.seokicks.de/robot.html)" "kurtswebnotes.com"
65.108.0.150 - - [03/Dec/2022:01:38:11 -0800] "GET / HTTP/1.1" 200 481 "http://kurtswebnotes.com/" "Mozilla/5.0 (compatible; SEOkicks; +https://www.seokicks.de/robot.html)" "kurtswebnotes.com"
65.108.0.150 - - [03/Dec/2022:01:38:12 -0800] "GET /?C=N;O=D HTTP/1.1" 200 478 "https://kurtswebnotes.com/" "Mozilla/5.0 (compatible; SEOkicks; +https://www.seokicks.de/robot.html)" "kurtswebnotes.com"
65.108.0.150 - - [03/Dec/2022:01:38:14 -0800] "GET /?C=M;O=A HTTP/1.1" 200 478 "https://kurtswebnotes.com/" "Mozilla/5.0 (compatible; SEOkicks; +https://www.seokicks.de/robot.html)" "kurtswebnotes.com"
65.108.0.150 - - [03/Dec/2022:01:38:15 -0800] "GET /?C=S;O=A HTTP/1.1" 200 477 "https://kurtswebnotes.com/" "Mozilla/5.0 (compatible; SEOkicks; +https://www.seokicks.de/robot.html)" "kurtswebnotes.com"
65.108.0.150 - - [03/Dec/2022:01:38:17 -0800] "GET /?C=D;O=A HTTP/1.1" 200 481 "https://kurtswebnotes.com/" "Mozilla/5.0 (compatible; SEOkicks; +https://www.seokicks.de/robot.html)" "kurtswebnotes.com"
65.108.0.150 - - [03/Dec/2022:01:38:18 -0800] "GET /download/ HTTP/1.1" 200 313 "https://kurtswebnotes.com/" "Mozilla/5.0 (compatible; SEOkicks; +https://www.seokicks.de/robot.html)" "kurtswebnotes.com"
65.108.0.150 - - [03/Dec/2022:01:38:20 -0800] "GET /public_html/ HTTP/1.1" 200 315 "https://kurtswebnotes.com/" "Mozilla/5.0 (compatible; SEOkicks; +https://www.seokicks.de/robot.html)" "kurtswebnotes.com"
65.108.0.150 - - [03/Dec/2022:01:38:21 -0800] "GET /sitemap.xml HTTP/1.1" 200 170 "https://kurtswebnotes.com/" "Mozilla/5.0 (compatible; SEOkicks; +https://www.seokicks.de/robot.html)" "kurtswebnotes.com"
65.108.0.150 - - [03/Dec/2022:01:38:23 -0800] "GET /wp-content/ HTTP/1.1" 200 354 "https://kurtswebnotes.com/" "Mozilla/5.0 (compatible; SEOkicks; +https://www.seokicks.de/robot.html)" "kurtswebnotes.com"
65.108.0.150 - - [03/Dec/2022:01:38:24 -0800] "GET /?C=N;O=A HTTP/1.1" 200 481 "https://kurtswebnotes.com/?C=N;O=D" "Mozilla/5.0 (compatible; SEOkicks; +https://www.seokicks.de/robot.html)" "kurtswebnotes.com"
51.222.253.18 - - [03/Dec/2022:01:39:13 -0800] "GET /wp-includes/assets/script-loader-packages.php HTTP/1.1" 200 - "-" "Mozilla/5.0 (compatible; AhrefsBot/7.0; +http://ahrefs.com/robot/)" "www.kurtswebnotes.com"
95.181.232.13 - - [03/Dec/2022:01:41:01 -0800] "GET /blog/2016/01/13/my-first-instagram-image/ HTTP/1.1" 404 73 "https://kurtswebnotes.com/blog/2016/01/13/my-first-instagram-image/" "Mozilla/5.0 (Windows NT 10.0; WOW64) AppleWebKit/537.36 (KHTML, like Gecko) Chrome/90.0.4400.8 Safari/537.36" "kurtswebnotes.com"
95.181.232.13 - - [03/Dec/2022:01:41:02 -0800] "GET / HTTP/1.1" 200 1458 "https://kurtswebnotes.com/" "Mozilla/5.0 (Windows NT 10.0; WOW64) AppleWebKit/537.36 (KHTML, like Gecko) Chrome/90.0.4400.8 Safari/537.36" "kurtswebnotes.com"
51.222.253.12 - - [03/Dec/2022:01:42:24 -0800] "GET /wp-includes/blocks/file/?C=M;O=D HTTP/1.1" 200 374 "-" "Mozilla/5.0 (compatible; AhrefsBot/7.0; +http://ahrefs.com/robot/)" "www.kurtswebnotes.com"
51.222.253.9 - - [03/Dec/2022:01:46:18 -0800] "GET /wp-includes/blocks/social-link/?C=D;O=A HTTP/1.1" 200 380 "-" "Mozilla/5.0 (compatible; AhrefsBot/7.0; +http://ahrefs.com/robot/)" "kurtswebnotes.com"
51.222.253.19 - - [03/Dec/2022:01:52:35 -0800] "GET /wp-includes/blocks/social-link/?C=S;O=A HTTP/1.1" 200 381 "-" "Mozilla/5.0 (compatible; AhrefsBot/7.0; +http://ahrefs.com/robot/)" "kurtswebnotes.com"
216.244.66.241 - - [03/Dec/2022:01:55:28 -0800] "GET /robots.txt HTTP/1.1" 200 111 "-" "Mozilla/5.0 (compatible; DotBot/1.2; +https://opensiteexplorer.org/dotbot; help@moz.com)" "www.kurtswebnotes.com"
51.222.253.8 - - [03/Dec/2022:01:57:49 -0800] "GET /wp-includes/sodium_compat/src/Core32/ChaCha20/?C=M;O=D HTTP/1.1" 200 413 "-" "Mozilla/5.0 (compatible; AhrefsBot/7.0; +http://ahrefs.com/robot/)" "www.kurtswebnotes.com"
51.222.253.17 - - [03/Dec/2022:02:03:02 -0800] "GET /wp-includes/sodium_compat/?C=M;O=A HTTP/1.1" 200 490 "-" "Mozilla/5.0 (compatible; AhrefsBot/7.0; +http://ahrefs.com/robot/)" "www.kurtswebnotes.com"
51.222.253.2 - - [03/Dec/2022:02:08:43 -0800] "GET /wp-includes/sodium_compat/lib/?C=D;O=A HTTP/1.1" 200 460 "-" "Mozilla/5.0 (compatible; AhrefsBot/7.0; +http://ahrefs.com/robot/)" "www.kurtswebnotes.com"
65.108.0.150 - - [03/Dec/2022:02:09:32 -0800] "GET /?C=M;O=D HTTP/1.1" 200 475 "https://kurtswebnotes.com/?C=M;O=A" "Mozilla/5.0 (compatible; SEOkicks; +https://www.seokicks.de/robot.html)" "kurtswebnotes.com"
65.108.0.150 - - [03/Dec/2022:02:09:33 -0800] "GET /?C=S;O=D HTTP/1.1" 200 476 "https://kurtswebnotes.com/?C=S;O=A" "Mozilla/5.0 (compatible; SEOkicks; +https://www.seokicks.de/robot.html)" "kurtswebnotes.com"
65.108.0.150 - - [03/Dec/2022:02:09:35 -0800] "GET /?C=D;O=D HTTP/1.1" 200 478 "https://kurtswebnotes.com/?C=D;O=A" "Mozilla/5.0 (compatible; SEOkicks; +https://www.seokicks.de/robot.html)" "kurtswebnotes.com"
65.108.0.150 - - [03/Dec/2022:02:09:36 -0800] "GET /download/?C=N;O=D HTTP/1.1" 200 311 "https://kurtswebnotes.com/download/" "Mozilla/5.0 (compatible; SEOkicks; +https://www.seokicks.de/robot.html)" "kurtswebnotes.com"
65.108.0.150 - - [03/Dec/2022:02:09:38 -0800] "GET /download/?C=M;O=A HTTP/1.1" 200 313 "https://kurtswebnotes.com/download/" "Mozilla/5.0 (compatible; SEOkicks; +https://www.seokicks.de/robot.html)" "kurtswebnotes.com"
65.108.0.150 - - [03/Dec/2022:02:09:39 -0800] "GET /download/?C=S;O=A HTTP/1.1" 200 313 "https://kurtswebnotes.com/download/" "Mozilla/5.0 (compatible; SEOkicks; +https://www.seokicks.de/robot.html)" "kurtswebnotes.com"
65.108.0.150 - - [03/Dec/2022:02:09:41 -0800] "GET /download/?C=D;O=A HTTP/1.1" 200 313 "https://kurtswebnotes.com/download/" "Mozilla/5.0 (compatible; SEOkicks; +https://www.seokicks.de/robot.html)" "kurtswebnotes.com"
65.108.0.150 - - [03/Dec/2022:02:09:42 -0800] "GET /public_html/?C=N;O=D HTTP/1.1" 200 313 "https://kurtswebnotes.com/public_html/" "Mozilla/5.0 (compatible; SEOkicks; +https://www.seokicks.de/robot.html)" "kurtswebnotes.com"
65.108.0.150 - - [03/Dec/2022:02:09:44 -0800] "GET /public_html/?C=M;O=A HTTP/1.1" 200 315 "https://kurtswebnotes.com/public_html/" "Mozilla/5.0 (compatible; SEOkicks; +https://www.seokicks.de/robot.html)" "kurtswebnotes.com"
65.108.0.150 - - [03/Dec/2022:02:09:45 -0800] "GET /public_html/?C=S;O=A HTTP/1.1" 200 315 "https://kurtswebnotes.com/public_html/" "Mozilla/5.0 (compatible; SEOkicks; +https://www.seokicks.de/robot.html)" "kurtswebnotes.com"
65.108.0.150 - - [03/Dec/2022:02:09:46 -0800] "GET /public_html/?C=D;O=A HTTP/1.1" 200 315 "https://kurtswebnotes.com/public_html/" "Mozilla/5.0 (compatible; SEOkicks; +https://www.seokicks.de/robot.html)" "kurtswebnotes.com"
114.119.137.91 - - [03/Dec/2022:02:13:00 -0800] "GET /wp-content/themes/?C=M%3BO%3DA HTTP/1.1" 200 375 "https://kurtswebnotes.com/wp-content/themes/?C=S%3BO%3DA" "Mozilla/5.0 (Linux; Android 7.0;) AppleWebKit/537.36 (KHTML, like Gecko) Mobile Safari/537.36 (compatible; PetalBot;+https://webmaster.petalsearch.com/site/petalbot)" "kurtswebnotes.com"
51.222.253.13 - - [03/Dec/2022:02:14:48 -0800] "GET /wp-includes/sodium_compat/src/Core/SecretStream/?C=D;O=A HTTP/1.1" 200 395 "-" "Mozilla/5.0 (compatible; AhrefsBot/7.0; +http://ahrefs.com/robot/)" "www.kurtswebnotes.com"
51.222.253.19 - - [03/Dec/2022:02:20:17 -0800] "GET /wp-includes/sodium_compat/?C=S;O=A HTTP/1.1" 200 489 "-" "Mozilla/5.0 (compatible; AhrefsBot/7.0; +http://ahrefs.com/robot/)" "www.kurtswebnotes.com"
51.222.253.7 - - [03/Dec/2022:02:26:36 -0800] "GET /wp-includes/sodium_compat/src/Crypto.php HTTP/1.1" 200 - "-" "Mozilla/5.0 (compatible; AhrefsBot/7.0; +http://ahrefs.com/robot/)" "kurtswebnotes.com"
51.222.253.7 - - [03/Dec/2022:02:32:37 -0800] "GET /wp-includes/sodium_compat/src/Core/SecretStream/?C=N;O=A HTTP/1.1" 200 395 "-" "Mozilla/5.0 (compatible; AhrefsBot/7.0; +http://ahrefs.com/robot/)" "kurtswebnotes.com"
65.108.0.150 - - [03/Dec/2022:02:36:34 -0800] "GET /wp-content/?C=N;O=D HTTP/1.1" 200 352 "https://kurtswebnotes.com/wp-content/" "Mozilla/5.0 (compatible; SEOkicks; +https://www.seokicks.de/robot.html)" "kurtswebnotes.com"
65.108.0.150 - - [03/Dec/2022:02:36:35 -0800] "GET /wp-content/?C=M;O=A HTTP/1.1" 200 354 "https://kurtswebnotes.com/wp-content/" "Mozilla/5.0 (compatible; SEOkicks; +https://www.seokicks.de/robot.html)" "kurtswebnotes.com"
65.108.0.150 - - [03/Dec/2022:02:36:37 -0800] "GET /wp-content/?C=S;O=A HTTP/1.1" 200 354 "https://kurtswebnotes.com/wp-content/" "Mozilla/5.0 (compatible; SEOkicks; +https://www.seokicks.de/robot.html)" "kurtswebnotes.com"
65.108.0.150 - - [03/Dec/2022:02:36:38 -0800] "GET /wp-content/?C=D;O=A HTTP/1.1" 200 354 "https://kurtswebnotes.com/wp-content/" "Mozilla/5.0 (compatible; SEOkicks; +https://www.seokicks.de/robot.html)" "kurtswebnotes.com"
65.108.0.150 - - [03/Dec/2022:02:36:40 -0800] "GET /wp-content/themes/ HTTP/1.1" 200 375 "https://kurtswebnotes.com/wp-content/" "Mozilla/5.0 (compatible; SEOkicks; +https://www.seokicks.de/robot.html)" "kurtswebnotes.com"
65.108.0.150 - - [03/Dec/2022:02:36:41 -0800] "GET /download/?C=N;O=A HTTP/1.1" 200 313 "https://kurtswebnotes.com/download/?C=N;O=D" "Mozilla/5.0 (compatible; SEOkicks; +https://www.seokicks.de/robot.html)" "kurtswebnotes.com"
65.108.0.150 - - [03/Dec/2022:02:36:43 -0800] "GET /download/?C=M;O=D HTTP/1.1" 200 311 "https://kurtswebnotes.com/download/?C=M;O=A" "Mozilla/5.0 (compatible; SEOkicks; +https://www.seokicks.de/robot.html)" "kurtswebnotes.com"
65.108.0.150 - - [03/Dec/2022:02:36:44 -0800] "GET /download/?C=S;O=D HTTP/1.1" 200 311 "https://kurtswebnotes.com/download/?C=S;O=A" "Mozilla/5.0 (compatible; SEOkicks; +https://www.seokicks.de/robot.html)" "kurtswebnotes.com"
65.108.0.150 - - [03/Dec/2022:02:36:46 -0800] "GET /download/?C=D;O=D HTTP/1.1" 200 311 "https://kurtswebnotes.com/download/?C=D;O=A" "Mozilla/5.0 (compatible; SEOkicks; +https://www.seokicks.de/robot.html)" "kurtswebnotes.com"
65.108.0.150 - - [03/Dec/2022:02:36:47 -0800] "GET /public_html/?C=N;O=A HTTP/1.1" 200 315 "https://kurtswebnotes.com/public_html/?C=N;O=D" "Mozilla/5.0 (compatible; SEOkicks; +https://www.seokicks.de/robot.html)" "kurtswebnotes.com"
65.108.0.150 - - [03/Dec/2022:02:36:48 -0800] "GET /public_html/?C=M;O=D HTTP/1.1" 200 313 "https://kurtswebnotes.com/public_html/?C=M;O=A" "Mozilla/5.0 (compatible; SEOkicks; +https://www.seokicks.de/robot.html)" "kurtswebnotes.com"
51.222.253.17 - - [03/Dec/2022:02:38:46 -0800] "GET /wp-includes/sodium_compat/lib/?C=S;O=A HTTP/1.1" 200 458 "-" "Mozilla/5.0 (compatible; AhrefsBot/7.0; +http://ahrefs.com/robot/)" "www.kurtswebnotes.com"
216.244.66.241 - - [03/Dec/2022:02:43:51 -0800] "GET /robots.txt HTTP/1.1" 200 111 "-" "Mozilla/5.0 (compatible; DotBot/1.2; +https://opensiteexplorer.org/dotbot; help@moz.com)" "www.kurtswebnotes.com"
51.222.253.14 - - [03/Dec/2022:02:44:28 -0800] "GET /wp-includes/sodium_compat/src/Core/SecretStream/?C=S;O=A HTTP/1.1" 200 395 "-" "Mozilla/5.0 (compatible; AhrefsBot/7.0; +http://ahrefs.com/robot/)" "www.kurtswebnotes.com"
51.222.253.20 - - [03/Dec/2022:02:47:23 -0800] "GET /wp-includes/sodium_compat/src/Compat.php HTTP/1.1" 200 - "-" "Mozilla/5.0 (compatible; AhrefsBot/7.0; +http://ahrefs.com/robot/)" "kurtswebnotes.com"
51.222.253.17 - - [03/Dec/2022:02:50:29 -0800] "GET /wp-includes/sodium_compat/src/Core32/?C=S;O=A HTTP/1.1" 200 656 "-" "Mozilla/5.0 (compatible; AhrefsBot/7.0; +http://ahrefs.com/robot/)" "kurtswebnotes.com"
51.222.253.10 - - [03/Dec/2022:02:53:38 -0800] "GET /wp-includes/sodium_compat/src/?C=S;O=A HTTP/1.1" 200 492 "-" "Mozilla/5.0 (compatible; AhrefsBot/7.0; +http://ahrefs.com/robot/)" "kurtswebnotes.com"
51.222.253.11 - - [03/Dec/2022:02:56:37 -0800] "GET /wp-includes/sodium_compat/namespaced/Core/Curve25519/?C=D;O=A HTTP/1.1" 200 436 "-" "Mozilla/5.0 (compatible; AhrefsBot/7.0; +http://ahrefs.com/robot/)" "kurtswebnotes.com"
51.222.253.17 - - [03/Dec/2022:02:59:41 -0800] "GET /wp-includes/sodium_compat/src/Core32/Curve25519/?C=D;O=A HTTP/1.1" 200 435 "-" "Mozilla/5.0 (compatible; AhrefsBot/7.0; +http://ahrefs.com/robot/)" "www.kurtswebnotes.com"
65.108.0.150 - - [03/Dec/2022:03:00:19 -0800] "GET /public_html/?C=S;O=D HTTP/1.1" 200 313 "https://kurtswebnotes.com/public_html/?C=S;O=A" "Mozilla/5.0 (compatible; SEOkicks; +https://www.seokicks.de/robot.html)" "kurtswebnotes.com"
65.108.0.150 - - [03/Dec/2022:03:00:21 -0800] "GET /public_html/?C=D;O=D HTTP/1.1" 200 313 "https://kurtswebnotes.com/public_html/?C=D;O=A" "Mozilla/5.0 (compatible; SEOkicks; +https://www.seokicks.de/robot.html)" "kurtswebnotes.com"
65.108.0.150 - - [03/Dec/2022:03:00:22 -0800] "GET /wp-content/?C=N;O=A HTTP/1.1" 200 354 "https://kurtswebnotes.com/wp-content/?C=N;O=D" "Mozilla/5.0 (compatible; SEOkicks; +https://www.seokicks.de/robot.html)" "kurtswebnotes.com"
65.108.0.150 - - [03/Dec/2022:03:00:24 -0800] "GET /wp-content/?C=M;O=D HTTP/1.1" 200 352 "https://kurtswebnotes.com/wp-content/?C=M;O=A" "Mozilla/5.0 (compatible; SEOkicks; +https://www.seokicks.de/robot.html)" "kurtswebnotes.com"
65.108.0.150 - - [03/Dec/2022:03:00:25 -0800] "GET /wp-content/?C=S;O=D HTTP/1.1" 200 352 "https://kurtswebnotes.com/wp-content/?C=S;O=A" "Mozilla/5.0 (compatible; SEOkicks; +https://www.seokicks.de/robot.html)" "kurtswebnotes.com"
65.108.0.150 - - [03/Dec/2022:03:00:26 -0800] "GET /wp-content/?C=D;O=D HTTP/1.1" 200 352 "https://kurtswebnotes.com/wp-content/?C=D;O=A" "Mozilla/5.0 (compatible; SEOkicks; +https://www.seokicks.de/robot.html)" "kurtswebnotes.com"
65.108.0.150 - - [03/Dec/2022:03:00:28 -0800] "GET /wp-content/themes/?C=N;O=D HTTP/1.1" 200 371 "https://kurtswebnotes.com/wp-content/themes/" "Mozilla/5.0 (compatible; SEOkicks; +https://www.seokicks.de/robot.html)" "kurtswebnotes.com"
65.108.0.150 - - [03/Dec/2022:03:00:29 -0800] "GET /wp-content/themes/?C=M;O=A HTTP/1.1" 200 375 "https://kurtswebnotes.com/wp-content/themes/" "Mozilla/5.0 (compatible; SEOkicks; +https://www.seokicks.de/robot.html)" "kurtswebnotes.com"
65.108.0.150 - - [03/Dec/2022:03:00:31 -0800] "GET /wp-content/themes/?C=S;O=A HTTP/1.1" 200 375 "https://kurtswebnotes.com/wp-content/themes/" "Mozilla/5.0 (compatible; SEOkicks; +https://www.seokicks.de/robot.html)" "kurtswebnotes.com"
65.108.0.150 - - [03/Dec/2022:03:00:32 -0800] "GET /wp-content/themes/?C=D;O=A HTTP/1.1" 200 375 "https://kurtswebnotes.com/wp-content/themes/" "Mozilla/5.0 (compatible; SEOkicks; +https://www.seokicks.de/robot.html)" "kurtswebnotes.com"
65.108.0.150 - - [03/Dec/2022:03:00:34 -0800] "GET /wp-content/themes/twentytwenty/ HTTP/1.1" 500 - "https://kurtswebnotes.com/wp-content/themes/" "Mozilla/5.0 (compatible; SEOkicks; +https://www.seokicks.de/robot.html)" "kurtswebnotes.com"
51.222.253.9 - - [03/Dec/2022:03:02:50 -0800] "GET /wp-includes/sodium_compat/namespaced/Core/Curve25519/?C=S;O=A HTTP/1.1" 200 434 "-" "Mozilla/5.0 (compatible; AhrefsBot/7.0; +http://ahrefs.com/robot/)" "kurtswebnotes.com"
51.222.253.2 - - [03/Dec/2022:03:05:31 -0800] "GET /wp-includes/sodium_compat/src/SodiumException.php HTTP/1.1" 200 - "-" "Mozilla/5.0 (compatible; AhrefsBot/7.0; +http://ahrefs.com/robot/)" "kurtswebnotes.com"
216.244.66.241 - - [03/Dec/2022:03:06:16 -0800] "GET /wp-includes/sodium_compat/autoload-php7.php HTTP/1.1" 200 - "-" "Mozilla/5.0 (compatible; DotBot/1.2; +https://opensiteexplorer.org/dotbot; help@moz.com)" "www.kurtswebnotes.com"
51.222.253.9 - - [03/Dec/2022:03:08:08 -0800] "GET /wp-includes/sodium_compat/src/Core32/?C=M;O=A HTTP/1.1" 200 651 "-" "Mozilla/5.0 (compatible; AhrefsBot/7.0; +http://ahrefs.com/robot/)" "kurtswebnotes.com"
51.222.253.14 - - [03/Dec/2022:03:10:36 -0800] "GET /wp-includes/blocks/social-link/?C=N;O=A HTTP/1.1" 200 380 "-" "Mozilla/5.0 (compatible; AhrefsBot/7.0; +http://ahrefs.com/robot/)" "kurtswebnotes.com"
64.124.8.40 - - [03/Dec/2022:03:11:49 -0800] "GET /robots.txt HTTP/1.1" 200 101 "-" "Mozilla/5.0 (X11; Linux x86_64) AppleWebKit/537.36 (KHTML, like Gecko) Chrome/61.0.3163.79 Safari/537.36" "kurtswebnotes.com"
64.124.8.40 - - [03/Dec/2022:03:11:49 -0800] "GET /wp-admin/css/colors/ HTTP/1.1" 200 362 "-" "Mozilla/5.0 (X11; Linux x86_64) AppleWebKit/537.36 (KHTML, like Gecko) Chrome/61.0.3163.79 Safari/537.36" "kurtswebnotes.com"
51.222.253.3 - - [03/Dec/2022:03:13:26 -0800] "GET /wp-includes/sodium_compat/src/Core/SecretStream/?C=N;O=A HTTP/1.1" 200 395 "-" "Mozilla/5.0 (compatible; AhrefsBot/7.0; +http://ahrefs.com/robot/)" "www.kurtswebnotes.com"
51.222.253.20 - - [03/Dec/2022:03:16:33 -0800] "GET /wp-includes/sodium_compat/src/Core32/Curve25519/Ge/Cached.php HTTP/1.1" 200 - "-" "Mozilla/5.0 (compatible; AhrefsBot/7.0; +http://ahrefs.com/robot/)" "www.kurtswebnotes.com"
65.108.0.150 - - [03/Dec/2022:03:21:54 -0800] "GET /wp-content/themes/twentytwentyone/ HTTP/1.1" 500 - "https://kurtswebnotes.com/wp-content/themes/" "Mozilla/5.0 (compatible; SEOkicks; +https://www.seokicks.de/robot.html)" "kurtswebnotes.com"
65.108.0.150 - - [03/Dec/2022:03:21:57 -0800] "GET /wp-content/themes/?C=N;O=A HTTP/1.1" 200 375 "https://kurtswebnotes.com/wp-content/themes/?C=N;O=D" "Mozilla/5.0 (compatible; SEOkicks; +https://www.seokicks.de/robot.html)" "kurtswebnotes.com"
65.108.0.150 - - [03/Dec/2022:03:21:58 -0800] "GET /wp-content/themes/?C=M;O=D HTTP/1.1" 200 371 "https://kurtswebnotes.com/wp-content/themes/?C=M;O=A" "Mozilla/5.0 (compatible; SEOkicks; +https://www.seokicks.de/robot.html)" "kurtswebnotes.com"
65.108.0.150 - - [03/Dec/2022:03:22:00 -0800] "GET /wp-content/themes/?C=S;O=D HTTP/1.1" 200 371 "https://kurtswebnotes.com/wp-content/themes/?C=S;O=A" "Mozilla/5.0 (compatible; SEOkicks; +https://www.seokicks.de/robot.html)" "kurtswebnotes.com"
65.108.0.150 - - [03/Dec/2022:03:22:01 -0800] "GET /wp-content/themes/?C=D;O=D HTTP/1.1" 200 371 "https://kurtswebnotes.com/wp-content/themes/?C=D;O=A" "Mozilla/5.0 (compatible; SEOkicks; +https://www.seokicks.de/robot.html)" "kurtswebnotes.com"
51.222.253.10 - - [03/Dec/2022:03:22:09 -0800] "GET /wp-includes/sodium_compat/src/Core/SecretStream/?C=M;O=A HTTP/1.1" 200 395 "-" "Mozilla/5.0 (compatible; AhrefsBot/7.0; +http://ahrefs.com/robot/)" "www.kurtswebnotes.com"
51.222.253.10 - - [03/Dec/2022:03:27:55 -0800] "GET /wp-includes/blocks/ HTTP/1.1" 200 804 "-" "Mozilla/5.0 (compatible; AhrefsBot/7.0; +http://ahrefs.com/robot/)" "www.kurtswebnotes.com"
141.95.110.165 - - [03/Dec/2022:03:28:53 -0800] "GET / HTTP/1.1" 200 481 "-" "Mozilla/5.0 (Windows NT 10.0; Win64; x64; rv:89.0) Gecko/20100101 Firefox/89.0" "kurtswebnotes.com"
216.244.66.241 - - [03/Dec/2022:03:31:54 -0800] "GET /robots.txt HTTP/1.1" 200 111 "-" "Mozilla/5.0 (compatible; DotBot/1.2; +https://opensiteexplorer.org/dotbot; help@moz.com)" "www.kurtswebnotes.com"
51.222.253.8 - - [03/Dec/2022:03:33:52 -0800] "GET /wp-includes/blocks/search/?C=N;O=A HTTP/1.1" 200 376 "-" "Mozilla/5.0 (compatible; AhrefsBot/7.0; +http://ahrefs.com/robot/)" "www.kurtswebnotes.com"
51.222.253.16 - - [03/Dec/2022:03:39:34 -0800] "GET /wp-includes/sodium_compat/namespaced/Core/Poly1305/?C=N;O=D HTTP/1.1" 200 399 "-" "Mozilla/5.0 (compatible; AhrefsBot/7.0; +http://ahrefs.com/robot/)" "www.kurtswebnotes.com"
51.222.253.2 - - [03/Dec/2022:03:51:48 -0800] "GET /wp-includes/PHPMailer/PHPMailer.php HTTP/1.1" 200 - "-" "Mozilla/5.0 (compatible; AhrefsBot/7.0; +http://ahrefs.com/robot/)" "www.kurtswebnotes.com"
