114.119.136.14 - - [18/Nov/2022:04:01:18 -0800] "GET /wp-includes/blocks/subhead/?C=D%3BO%3DA HTTP/1.1" 200 377 "https://www.kurtswebnotes.com/wp-includes/blocks/subhead/?C=N%3BO%3DD" "Mozilla/5.0 (Linux; Android 7.0;) AppleWebKit/537.36 (KHTML, like Gecko) Mobile Safari/537.36 (compatible; PetalBot;+https://webmaster.petalsearch.com/site/petalbot)" "www.kurtswebnotes.com"
114.119.136.144 - - [18/Nov/2022:04:06:23 -0800] "GET /wp-includes/css/dist/?C=S%3BO%3DA HTTP/1.1" 200 382 "https://www.kurtswebnotes.com/wp-includes/css/dist/" "Mozilla/5.0 (Linux; Android 7.0;) AppleWebKit/537.36 (KHTML, like Gecko) Mobile Safari/537.36 (compatible; PetalBot;+https://webmaster.petalsearch.com/site/petalbot)" "www.kurtswebnotes.com"
114.119.136.143 - - [18/Nov/2022:04:11:29 -0800] "GET /wp-admin/css/colors/modern/colors-rtl.min.css HTTP/1.1" 200 3120 "https://kurtswebnotes.com/wp-admin/css/colors/modern/" "Mozilla/5.0 (Linux; Android 7.0;) AppleWebKit/537.36 (KHTML, like Gecko) Mobile Safari/537.36 (compatible; PetalBot;+https://webmaster.petalsearch.com/site/petalbot)" "kurtswebnotes.com"
77.88.5.5 - - [18/Nov/2022:04:12:54 -0800] "GET /robots.txt HTTP/1.1" 200 111 "-" "Mozilla/5.0 (compatible; YandexBot/3.0; +http://yandex.com/bots)" "www.kurtswebnotes.com"
77.88.5.232 - - [18/Nov/2022:04:12:58 -0800] "GET /wp-includes/blocks/html/ HTTP/1.1" 200 373 "-" "Mozilla/5.0 (compatible; YandexBot/3.0; +http://yandex.com/bots)" "www.kurtswebnotes.com"
54.198.46.51 - - [18/Nov/2022:04:14:59 -0800] "GET /robots.txt HTTP/1.1" 200 101 "https://www.google.com/" "Mozilla/5.0 (Windows NT 10.0; Win64; x64) AppleWebKit/537.36 (KHTML, like Gecko) Chrome/103.0.0.0 Safari/537.36" "kurtswebnotes.com"
54.198.46.51 - - [18/Nov/2022:04:14:59 -0800] "GET /photography/feed HTTP/1.1" 404 88 "-" "Rome Client (http://tinyurl.com/64t5n) Ver: UNKNOWN" "kurtswebnotes.com"
114.119.136.144 - - [18/Nov/2022:04:16:37 -0800] "GET /wp-includes/blocks/group/?C=D%3BO%3DA HTTP/1.1" 200 377 "https://www.kurtswebnotes.com/wp-includes/blocks/group/?C=N%3BO%3DD" "Mozilla/5.0 (Linux; Android 7.0;) AppleWebKit/537.36 (KHTML, like Gecko) Mobile Safari/537.36 (compatible; PetalBot;+https://webmaster.petalsearch.com/site/petalbot)" "www.kurtswebnotes.com"
216.244.66.241 - - [18/Nov/2022:04:20:52 -0800] "GET /robots.txt HTTP/1.1" 200 111 "-" "Mozilla/5.0 (compatible; DotBot/1.2; +https://opensiteexplorer.org/dotbot; help@moz.com)" "www.kurtswebnotes.com"
114.119.136.143 - - [18/Nov/2022:04:21:42 -0800] "GET /wp-includes/blocks/html/?C=N%3BO%3DD HTTP/1.1" 200 373 "https://kurtswebnotes.com/wp-includes/blocks/html/?C=D%3BO%3DA" "Mozilla/5.0 (Linux; Android 7.0;) AppleWebKit/537.36 (KHTML, like Gecko) Mobile Safari/537.36 (compatible; PetalBot;+https://webmaster.petalsearch.com/site/petalbot)" "kurtswebnotes.com"
114.119.136.141 - - [18/Nov/2022:04:26:51 -0800] "GET /wp-includes/sodium_compat/namespaced/Core/XChaCha20.php HTTP/1.1" 500 - "https://www.kurtswebnotes.com/wp-includes/sodium_compat/namespaced/Core/" "Mozilla/5.0 (Linux; Android 7.0;) AppleWebKit/537.36 (KHTML, like Gecko) Mobile Safari/537.36 (compatible; PetalBot;+https://webmaster.petalsearch.com/site/petalbot)" "www.kurtswebnotes.com"
114.119.136.141 - - [18/Nov/2022:04:31:58 -0800] "GET /wp-includes/css/dist/block-directory/?C=S%3BO%3DA HTTP/1.1" 200 421 "https://kurtswebnotes.com/wp-includes/css/dist/block-directory/?C=D%3BO%3DA" "Mozilla/5.0 (Linux; Android 7.0;) AppleWebKit/537.36 (KHTML, like Gecko) Mobile Safari/537.36 (compatible; PetalBot;+https://webmaster.petalsearch.com/site/petalbot)" "kurtswebnotes.com"
54.198.46.51 - - [18/Nov/2022:04:32:19 -0800] "GET /robots.txt HTTP/1.1" 200 101 "https://www.google.com/" "Mozilla/5.0 (Windows NT 10.0; Win64; x64) AppleWebKit/537.36 (KHTML, like Gecko) Chrome/80.0.3987.87 Safari/537.36" "kurtswebnotes.com"
54.198.46.51 - - [18/Nov/2022:04:32:19 -0800] "GET /blog/feed HTTP/1.1" 404 88 "-" "Rome Client (http://tinyurl.com/64t5n) Ver: UNKNOWN" "kurtswebnotes.com"
114.119.136.143 - - [18/Nov/2022:04:37:05 -0800] "GET /wp-includes/block-patterns/heading-paragraph.php HTTP/1.1" 500 - "https://kurtswebnotes.com/wp-includes/block-patterns/?C=N%3BO%3DD" "Mozilla/5.0 (Linux; Android 7.0;) AppleWebKit/537.36 (KHTML, like Gecko) Mobile Safari/537.36 (compatible; PetalBot;+https://webmaster.petalsearch.com/site/petalbot)" "kurtswebnotes.com"
114.119.136.144 - - [18/Nov/2022:04:42:12 -0800] "GET /wp-includes/sodium_compat/src/Core/Ed25519.php HTTP/1.1" 500 - "https://www.kurtswebnotes.com/wp-includes/sodium_compat/src/Core/?C=M%3BO%3DA" "Mozilla/5.0 (Linux; Android 7.0;) AppleWebKit/537.36 (KHTML, like Gecko) Mobile Safari/537.36 (compatible; PetalBot;+https://webmaster.petalsearch.com/site/petalbot)" "www.kurtswebnotes.com"
114.119.136.141 - - [18/Nov/2022:04:47:21 -0800] "GET /wp-includes/sodium_compat/namespaced/Crypto.php HTTP/1.1" 500 - "https://www.kurtswebnotes.com/wp-includes/sodium_compat/namespaced/?C=D%3BO%3DA" "Mozilla/5.0 (Linux; Android 7.0;) AppleWebKit/537.36 (KHTML, like Gecko) Mobile Safari/537.36 (compatible; PetalBot;+https://webmaster.petalsearch.com/site/petalbot)" "www.kurtswebnotes.com"
114.119.136.14 - - [18/Nov/2022:04:52:29 -0800] "GET /wp-includes/sodium_compat/src/Core32/Curve25519/?C=N%3BO%3DD HTTP/1.1" 200 435 "https://kurtswebnotes.com/wp-includes/sodium_compat/src/Core32/Curve25519/?C=D%3BO%3DA" "Mozilla/5.0 (Linux; Android 7.0;) AppleWebKit/537.36 (KHTML, like Gecko) Mobile Safari/537.36 (compatible; PetalBot;+https://webmaster.petalsearch.com/site/petalbot)" "kurtswebnotes.com"
114.119.136.143 - - [18/Nov/2022:04:57:40 -0800] "GET /wp-includes/blocks/categories/ HTTP/1.1" 200 379 "https://www.kurtswebnotes.com/wp-includes/blocks/?C=S%3BO%3DA" "Mozilla/5.0 (Linux; Android 7.0;) AppleWebKit/537.36 (KHTML, like Gecko) Mobile Safari/537.36 (compatible; PetalBot;+https://webmaster.petalsearch.com/site/petalbot)" "www.kurtswebnotes.com"
114.119.136.138 - - [18/Nov/2022:05:02:43 -0800] "GET /wp-includes/sodium_compat/src/Core32/ChaCha20/?C=N%3BO%3DD HTTP/1.1" 200 415 "https://kurtswebnotes.com/wp-includes/sodium_compat/src/Core32/ChaCha20/" "Mozilla/5.0 (Linux; Android 7.0;) AppleWebKit/537.36 (KHTML, like Gecko) Mobile Safari/537.36 (compatible; PetalBot;+https://webmaster.petalsearch.com/site/petalbot)" "kurtswebnotes.com"
114.119.136.138 - - [18/Nov/2022:05:07:50 -0800] "GET /wp-includes/blocks/heading/?C=N%3BO%3DD HTTP/1.1" 200 377 "https://kurtswebnotes.com/wp-includes/blocks/heading/" "Mozilla/5.0 (Linux; Android 7.0;) AppleWebKit/537.36 (KHTML, like Gecko) Mobile Safari/537.36 (compatible; PetalBot;+https://webmaster.petalsearch.com/site/petalbot)" "kurtswebnotes.com"
216.244.66.241 - - [18/Nov/2022:05:12:24 -0800] "GET /robots.txt HTTP/1.1" 200 111 "-" "Mozilla/5.0 (compatible; DotBot/1.2; +https://opensiteexplorer.org/dotbot; help@moz.com)" "www.kurtswebnotes.com"
114.119.136.14 - - [18/Nov/2022:05:13:00 -0800] "GET /wp-includes/blocks/list/?C=M%3BO%3DA HTTP/1.1" 200 375 "https://www.kurtswebnotes.com/wp-includes/blocks/list/" "Mozilla/5.0 (Linux; Android 7.0;) AppleWebKit/537.36 (KHTML, like Gecko) Mobile Safari/537.36 (compatible; PetalBot;+https://webmaster.petalsearch.com/site/petalbot)" "www.kurtswebnotes.com"
114.119.136.138 - - [18/Nov/2022:05:18:08 -0800] "GET /wp-includes/sodium_compat/namespaced/Core/?C=D%3BO%3DA HTTP/1.1" 200 591 "https://kurtswebnotes.com/wp-includes/sodium_compat/namespaced/Core/?C=S%3BO%3DA" "Mozilla/5.0 (Linux; Android 7.0;) AppleWebKit/537.36 (KHTML, like Gecko) Mobile Safari/537.36 (compatible; PetalBot;+https://webmaster.petalsearch.com/site/petalbot)" "kurtswebnotes.com"
114.119.136.143 - - [18/Nov/2022:05:23:14 -0800] "GET /wp-includes/blocks/nextpage/?C=D%3BO%3DA HTTP/1.1" 200 379 "https://www.kurtswebnotes.com/wp-includes/blocks/nextpage/" "Mozilla/5.0 (Linux; Android 7.0;) AppleWebKit/537.36 (KHTML, like Gecko) Mobile Safari/537.36 (compatible; PetalBot;+https://webmaster.petalsearch.com/site/petalbot)" "www.kurtswebnotes.com"
114.119.136.144 - - [18/Nov/2022:05:28:24 -0800] "GET /wp-includes/blocks/paragraph/ HTTP/1.1" 200 380 "https://kurtswebnotes.com/wp-includes/blocks/?C=N%3BO%3DD" "Mozilla/5.0 (Linux; Android 7.0;) AppleWebKit/537.36 (KHTML, like Gecko) Mobile Safari/537.36 (compatible; PetalBot;+https://webmaster.petalsearch.com/site/petalbot)" "kurtswebnotes.com"
114.119.136.138 - - [18/Nov/2022:05:33:32 -0800] "GET /wp-includes/sodium_compat/namespaced/Core/ HTTP/1.1" 200 591 "https://kurtswebnotes.com/wp-includes/sodium_compat/namespaced/Core/ChaCha20/?C=S%3BO%3DA" "Mozilla/5.0 (Linux; Android 7.0;) AppleWebKit/537.36 (KHTML, like Gecko) Mobile Safari/537.36 (compatible; PetalBot;+https://webmaster.petalsearch.com/site/petalbot)" "kurtswebnotes.com"
114.119.136.141 - - [18/Nov/2022:05:38:39 -0800] "GET /wp-includes/sodium_compat/namespaced/Core/ChaCha20/IetfCtx.php HTTP/1.1" 500 - "https://kurtswebnotes.com/wp-includes/sodium_compat/namespaced/Core/ChaCha20/?C=S%3BO%3DA" "Mozilla/5.0 (Linux; Android 7.0;) AppleWebKit/537.36 (KHTML, like Gecko) Mobile Safari/537.36 (compatible; PetalBot;+https://webmaster.petalsearch.com/site/petalbot)" "kurtswebnotes.com"
114.119.136.143 - - [18/Nov/2022:05:43:47 -0800] "GET /wp-includes/sodium_compat/src/Core32/?C=D%3BO%3DA HTTP/1.1" 200 669 "https://www.kurtswebnotes.com/wp-includes/sodium_compat/src/Core32/?C=N%3BO%3DD" "Mozilla/5.0 (Linux; Android 7.0;) AppleWebKit/537.36 (KHTML, like Gecko) Mobile Safari/537.36 (compatible; PetalBot;+https://webmaster.petalsearch.com/site/petalbot)" "www.kurtswebnotes.com"
114.119.136.141 - - [18/Nov/2022:05:48:55 -0800] "GET /wp-includes/block-supports/?C=D%3BO%3DA HTTP/1.1" 200 462 "https://kurtswebnotes.com/wp-includes/block-supports/?C=N%3BO%3DD" "Mozilla/5.0 (Linux; Android 7.0;) AppleWebKit/537.36 (KHTML, like Gecko) Mobile Safari/537.36 (compatible; PetalBot;+https://webmaster.petalsearch.com/site/petalbot)" "kurtswebnotes.com"
114.119.136.141 - - [18/Nov/2022:05:54:02 -0800] "GET /wp-includes/sodium_compat/?C=S%3BO%3DA HTTP/1.1" 200 493 "https://kurtswebnotes.com/wp-includes/sodium_compat/?C=N%3BO%3DD" "Mozilla/5.0 (Linux; Android 7.0;) AppleWebKit/537.36 (KHTML, like Gecko) Mobile Safari/537.36 (compatible; PetalBot;+https://webmaster.petalsearch.com/site/petalbot)" "kurtswebnotes.com"
118.184.177.45 - - [18/Nov/2022:05:55:11 -0800] "GET / HTTP/1.1" 200 481 "-" "Sogou web spider/4.0(+http://www.sogou.com/docs/help/webmasters.htm#07)" "www.kurtswebnotes.com"
114.119.136.138 - - [18/Nov/2022:05:59:14 -0800] "GET /wp-includes/blocks/block/block.json HTTP/1.1" 200 176 "https://kurtswebnotes.com/wp-includes/blocks/block/?C=N%3BO%3DD" "Mozilla/5.0 (Linux; Android 7.0;) AppleWebKit/537.36 (KHTML, like Gecko) Mobile Safari/537.36 (compatible; PetalBot;+https://webmaster.petalsearch.com/site/petalbot)" "kurtswebnotes.com"
216.244.66.241 - - [18/Nov/2022:06:01:52 -0800] "GET /robots.txt HTTP/1.1" 200 111 "-" "Mozilla/5.0 (compatible; DotBot/1.2; +https://opensiteexplorer.org/dotbot; help@moz.com)" "www.kurtswebnotes.com"
114.119.136.138 - - [18/Nov/2022:06:04:21 -0800] "GET /wp-includes/sodium_compat/src/Core/Curve25519/Fe.php HTTP/1.1" 200 - "https://kurtswebnotes.com/wp-includes/sodium_compat/src/Core/Curve25519/?C=N%3BO%3DD" "Mozilla/5.0 (Linux; Android 7.0;) AppleWebKit/537.36 (KHTML, like Gecko) Mobile Safari/537.36 (compatible; PetalBot;+https://webmaster.petalsearch.com/site/petalbot)" "kurtswebnotes.com"
114.119.136.138 - - [18/Nov/2022:06:09:26 -0800] "GET /wp-includes/sodium_compat/src/Core32/Curve25519.php HTTP/1.1" 500 - "https://www.kurtswebnotes.com/wp-includes/sodium_compat/src/Core32/?C=N%3BO%3DD" "Mozilla/5.0 (Linux; Android 7.0;) AppleWebKit/537.36 (KHTML, like Gecko) Mobile Safari/537.36 (compatible; PetalBot;+https://webmaster.petalsearch.com/site/petalbot)" "www.kurtswebnotes.com"
54.36.148.52 - - [18/Nov/2022:06:27:20 -0800] "GET /robots.txt HTTP/1.1" 200 101 "-" "Mozilla/5.0 (compatible; AhrefsBot/7.0; +http://ahrefs.com/robot/)" "www.kurtswebnotes.com"
185.36.81.21 - - [18/Nov/2022:06:36:18 -0800] "GET /sites/all/modules/fckeditor/fckeditor/editor/filemanager/browser/default/connectors/php/connector.php?Command=GetFoldersAndFiles&Type=File&CurrentFolder= HTTP/1.1" 404 73 "-" "Mozilla/5.0 (Windows NT 6.3; Win64; x64) AppleWebKit/537.36 (KHTML, like Gecko) Chrome/75.0.3770.100 Safari/537.36" "kurtswebnotes.com"
216.244.66.241 - - [18/Nov/2022:06:55:44 -0800] "GET /robots.txt HTTP/1.1" 200 111 "-" "Mozilla/5.0 (compatible; DotBot/1.2; +https://opensiteexplorer.org/dotbot; help@moz.com)" "www.kurtswebnotes.com"
147.78.141.237 - - [18/Nov/2022:07:18:47 -0800] "GET /blog/2016/01/13/my-first-instagram-image/ HTTP/1.1" 404 73 "https://kurtswebnotes.com/blog/2016/01/13/my-first-instagram-image/" "Mozilla/5.0 (Windows NT 6.1) AppleWebKit/537.36 (KHTML, like Gecko) Chrome/90.0.4430.85 Safari/537.36" "kurtswebnotes.com"
147.78.141.237 - - [18/Nov/2022:07:18:48 -0800] "GET / HTTP/1.1" 200 1458 "https://kurtswebnotes.com/" "Mozilla/5.0 (Windows NT 6.1) AppleWebKit/537.36 (KHTML, like Gecko) Chrome/90.0.4430.85 Safari/537.36" "kurtswebnotes.com"
114.119.136.144 - - [18/Nov/2022:07:42:00 -0800] "GET /wp-includes/sodium_compat/namespaced/Core/?C=M%3BO%3DA HTTP/1.1" 200 591 "https://kurtswebnotes.com/wp-includes/sodium_compat/namespaced/Core/?C=S%3BO%3DA" "Mozilla/5.0 (Linux; Android 7.0;) AppleWebKit/537.36 (KHTML, like Gecko) Mobile Safari/537.36 (compatible; PetalBot;+https://webmaster.petalsearch.com/site/petalbot)" "kurtswebnotes.com"
216.244.66.241 - - [18/Nov/2022:07:44:29 -0800] "GET /robots.txt HTTP/1.1" 200 111 "-" "Mozilla/5.0 (compatible; DotBot/1.2; +https://opensiteexplorer.org/dotbot; help@moz.com)" "www.kurtswebnotes.com"
114.119.136.143 - - [18/Nov/2022:07:52:23 -0800] "GET /wp-includes/block-supports/?C=S%3BO%3DA HTTP/1.1" 200 462 "https://www.kurtswebnotes.com/wp-includes/block-supports/?C=N%3BO%3DD" "Mozilla/5.0 (Linux; Android 7.0;) AppleWebKit/537.36 (KHTML, like Gecko) Mobile Safari/537.36 (compatible; PetalBot;+https://webmaster.petalsearch.com/site/petalbot)" "www.kurtswebnotes.com"
114.119.136.141 - - [18/Nov/2022:07:57:36 -0800] "GET /wp-includes/blocks/list/ HTTP/1.1" 200 375 "https://kurtswebnotes.com/wp-includes/blocks/?C=N%3BO%3DD" "Mozilla/5.0 (Linux; Android 7.0;) AppleWebKit/537.36 (KHTML, like Gecko) Mobile Safari/537.36 (compatible; PetalBot;+https://webmaster.petalsearch.com/site/petalbot)" "kurtswebnotes.com"
198.58.103.36 - - [18/Nov/2022:07:59:45 -0800] "GET /blog HTTP/1.1" 404 88 "http://kurtswebnotes.com/blog" "Superfeedr bot/2.0 http://superfeedr.com - Checking HTML reverse link." "kurtswebnotes.com"
61.19.50.141 - - [18/Nov/2022:08:01:40 -0800] "GET /wp-admin/wplogin.php HTTP/1.1" 404 73 "kurtswebnotes.com" "Mozilla/5.1 (Windows NT 6.0; WOW64) AppleWebKit/533.36 (KHTML, like Gecko) Chrome/46.0.2754.75 Safari/533.36" "kurtswebnotes.com"
61.19.50.141 - - [18/Nov/2022:08:02:08 -0800] "GET /wp-content/themes/wplogin.php HTTP/1.1" 404 73 "kurtswebnotes.com" "Mozilla/5.1 (Windows NT 6.0; WOW64) AppleWebKit/533.36 (KHTML, like Gecko) Chrome/46.0.2754.75 Safari/533.36" "kurtswebnotes.com"
61.19.50.141 - - [18/Nov/2022:08:02:35 -0800] "GET /wp-admin/network/wplogin.php HTTP/1.1" 404 73 "kurtswebnotes.com" "Mozilla/5.1 (Windows NT 6.0; WOW64) AppleWebKit/533.36 (KHTML, like Gecko) Chrome/46.0.2754.75 Safari/533.36" "kurtswebnotes.com"
114.119.136.141 - - [18/Nov/2022:08:02:49 -0800] "GET /wp-admin/css/colors/modern/?C=S%3BO%3DA HTTP/1.1" 200 438 "https://kurtswebnotes.com/wp-admin/css/colors/modern/" "Mozilla/5.0 (Linux; Android 7.0;) AppleWebKit/537.36 (KHTML, like Gecko) Mobile Safari/537.36 (compatible; PetalBot;+https://webmaster.petalsearch.com/site/petalbot)" "kurtswebnotes.com"
61.19.50.141 - - [18/Nov/2022:08:04:33 -0800] "GET /wp-content/wplogin.php HTTP/1.1" 404 73 "kurtswebnotes.com" "Mozilla/5.1 (Windows NT 6.0; WOW64) AppleWebKit/533.36 (KHTML, like Gecko) Chrome/46.0.2754.75 Safari/533.36" "kurtswebnotes.com"
61.19.50.141 - - [18/Nov/2022:08:04:54 -0800] "GET /wp-content/plugins/wplogin.php HTTP/1.1" 404 73 "kurtswebnotes.com" "Mozilla/5.1 (Windows NT 6.0; WOW64) AppleWebKit/533.36 (KHTML, like Gecko) Chrome/46.0.2754.75 Safari/533.36" "kurtswebnotes.com"
61.19.50.141 - - [18/Nov/2022:08:06:15 -0800] "GET /wp-admin/maint/wplogin.php HTTP/1.1" 404 73 "kurtswebnotes.com" "Mozilla/5.1 (Windows NT 6.0; WOW64) AppleWebKit/533.36 (KHTML, like Gecko) Chrome/46.0.2754.75 Safari/533.36" "kurtswebnotes.com"
61.19.50.141 - - [18/Nov/2022:08:07:58 -0800] "GET /wp-admin/user/wplogin.php HTTP/1.1" 404 73 "kurtswebnotes.com" "Mozilla/5.1 (Windows NT 6.0; WOW64) AppleWebKit/533.36 (KHTML, like Gecko) Chrome/46.0.2754.75 Safari/533.36" "kurtswebnotes.com"
61.19.50.141 - - [18/Nov/2022:08:08:06 -0800] "GET /wplogin.php HTTP/1.1" 404 73 "kurtswebnotes.com" "Mozilla/5.1 (Windows NT 6.0; WOW64) AppleWebKit/533.36 (KHTML, like Gecko) Chrome/46.0.2754.75 Safari/533.36" "kurtswebnotes.com"
114.119.136.144 - - [18/Nov/2022:08:11:31 -0800] "GET /wp-includes/blocks/block/ HTTP/1.1" 200 373 "https://kurtswebnotes.com/wp-includes/blocks/?C=N%3BO%3DD" "Mozilla/5.0 (Linux; Android 7.0;) AppleWebKit/537.36 (KHTML, like Gecko) Mobile Safari/537.36 (compatible; PetalBot;+https://webmaster.petalsearch.com/site/petalbot)" "kurtswebnotes.com"
114.119.136.144 - - [18/Nov/2022:08:16:44 -0800] "GET /wp-includes/blocks/archives/ HTTP/1.1" 200 378 "https://www.kurtswebnotes.com/wp-includes/blocks/?C=S%3BO%3DA" "Mozilla/5.0 (Linux; Android 7.0;) AppleWebKit/537.36 (KHTML, like Gecko) Mobile Safari/537.36 (compatible; PetalBot;+https://webmaster.petalsearch.com/site/petalbot)" "www.kurtswebnotes.com"
123.183.224.69 - - [18/Nov/2022:08:17:32 -0800] "GET / HTTP/1.1" 200 481 "-" "Sogou web spider/4.0(+http://www.sogou.com/docs/help/webmasters.htm#07)" "www.kurtswebnotes.com"
114.119.136.141 - - [18/Nov/2022:08:22:06 -0800] "GET /download?N=A HTTP/1.1" 301 1419 "http://www.kurtswebnotes.com/download?M=D" "Mozilla/5.0 (Linux; Android 7.0;) AppleWebKit/537.36 (KHTML, like Gecko) Mobile Safari/537.36 (compatible; PetalBot;+https://webmaster.petalsearch.com/site/petalbot)" "www.kurtswebnotes.com"
114.119.136.141 - - [18/Nov/2022:08:22:09 -0800] "GET /download/?N=A HTTP/1.1" 200 313 "http://www.kurtswebnotes.com/download?M=D" "Mozilla/5.0 (Linux; Android 7.0;) AppleWebKit/537.36 (KHTML, like Gecko) Mobile Safari/537.36 (compatible; PetalBot;+https://webmaster.petalsearch.com/site/petalbot)" "www.kurtswebnotes.com"
114.119.136.14 - - [18/Nov/2022:08:27:19 -0800] "GET /wp-includes/blocks/nextpage/?C=N%3BO%3DD HTTP/1.1" 200 379 "https://www.kurtswebnotes.com/wp-includes/blocks/nextpage/" "Mozilla/5.0 (Linux; Android 7.0;) AppleWebKit/537.36 (KHTML, like Gecko) Mobile Safari/537.36 (compatible; PetalBot;+https://webmaster.petalsearch.com/site/petalbot)" "www.kurtswebnotes.com"
114.119.136.144 - - [18/Nov/2022:08:32:37 -0800] "GET /wp-includes/blocks/media-text/ HTTP/1.1" 200 381 "https://www.kurtswebnotes.com/wp-includes/blocks/?C=S%3BO%3DA" "Mozilla/5.0 (Linux; Android 7.0;) AppleWebKit/537.36 (KHTML, like Gecko) Mobile Safari/537.36 (compatible; PetalBot;+https://webmaster.petalsearch.com/site/petalbot)" "www.kurtswebnotes.com"
216.244.66.241 - - [18/Nov/2022:08:35:21 -0800] "GET /robots.txt HTTP/1.1" 200 111 "-" "Mozilla/5.0 (compatible; DotBot/1.2; +https://opensiteexplorer.org/dotbot; help@moz.com)" "www.kurtswebnotes.com"
114.119.136.144 - - [18/Nov/2022:08:37:59 -0800] "GET /wp-includes/sodium_compat/namespaced/Core/Poly1305/?C=N%3BO%3DD HTTP/1.1" 200 401 "https://www.kurtswebnotes.com/wp-includes/sodium_compat/namespaced/Core/Poly1305/?C=D%3BO%3DA" "Mozilla/5.0 (Linux; Android 7.0;) AppleWebKit/537.36 (KHTML, like Gecko) Mobile Safari/537.36 (compatible; PetalBot;+https://webmaster.petalsearch.com/site/petalbot)" "www.kurtswebnotes.com"
114.119.136.138 - - [18/Nov/2022:08:43:32 -0800] "GET /wp-content/themes/?C=N%3BO%3DD HTTP/1.1" 200 375 "https://www.kurtswebnotes.com/wp-content/themes/?C=M%3BO%3DA" "Mozilla/5.0 (Linux; Android 7.0;) AppleWebKit/537.36 (KHTML, like Gecko) Mobile Safari/537.36 (compatible; PetalBot;+https://webmaster.petalsearch.com/site/petalbot)" "www.kurtswebnotes.com"
151.80.67.229 - - [18/Nov/2022:08:46:26 -0800] "GET /wp-includes/wps-cache.php HTTP/1.1" 404 73 "kurtswebnotes.com" "Mozilla/5.0 (Windows NT 6.1; WOW64) AppleWebKit/537.36 (KHTML, like Gecko) Chrome/50.0.2661.75 Safari/537.36" "kurtswebnotes.com"
114.119.136.14 - - [18/Nov/2022:08:48:55 -0800] "GET /wp-includes/blocks/categories/?C=D%3BO%3DA HTTP/1.1" 200 379 "https://www.kurtswebnotes.com/wp-includes/blocks/categories/?C=S%3BO%3DA" "Mozilla/5.0 (Linux; Android 7.0;) AppleWebKit/537.36 (KHTML, like Gecko) Mobile Safari/537.36 (compatible; PetalBot;+https://webmaster.petalsearch.com/site/petalbot)" "www.kurtswebnotes.com"
114.119.136.144 - - [18/Nov/2022:08:54:26 -0800] "GET /wp-admin/css/?C=S%3BO%3DA HTTP/1.1" 200 357 "https://www.kurtswebnotes.com/wp-admin/css/?C=N%3BO%3DD" "Mozilla/5.0 (Linux; Android 7.0;) AppleWebKit/537.36 (KHTML, like Gecko) Mobile Safari/537.36 (compatible; PetalBot;+https://webmaster.petalsearch.com/site/petalbot)" "www.kurtswebnotes.com"
114.119.136.14 - - [18/Nov/2022:09:00:09 -0800] "GET /wp-includes/blocks/table/ HTTP/1.1" 200 376 "https://www.kurtswebnotes.com/wp-includes/blocks/?C=S%3BO%3DA" "Mozilla/5.0 (Linux; Android 7.0;) AppleWebKit/537.36 (KHTML, like Gecko) Mobile Safari/537.36 (compatible; PetalBot;+https://webmaster.petalsearch.com/site/petalbot)" "www.kurtswebnotes.com"
114.119.136.143 - - [18/Nov/2022:09:05:47 -0800] "GET /wp-includes/blocks/image/ HTTP/1.1" 200 378 "https://www.kurtswebnotes.com/wp-includes/blocks/?C=S%3BO%3DA" "Mozilla/5.0 (Linux; Android 7.0;) AppleWebKit/537.36 (KHTML, like Gecko) Mobile Safari/537.36 (compatible; PetalBot;+https://webmaster.petalsearch.com/site/petalbot)" "www.kurtswebnotes.com"
114.119.136.141 - - [18/Nov/2022:09:11:32 -0800] "GET /wp-includes/blocks/columns/ HTTP/1.1" 200 377 "https://kurtswebnotes.com/wp-includes/blocks/?C=N%3BO%3DD" "Mozilla/5.0 (Linux; Android 7.0;) AppleWebKit/537.36 (KHTML, like Gecko) Mobile Safari/537.36 (compatible; PetalBot;+https://webmaster.petalsearch.com/site/petalbot)" "kurtswebnotes.com"
85.203.15.42 - - [18/Nov/2022:09:11:53 -0800] "GET /blog/2016/01/13/my-first-instagram-image/ HTTP/1.1" 404 73 "https://kurtswebnotes.com/blog/2016/01/13/my-first-instagram-image/" "Mozilla/5.0 (Windows NT 6.1; WOW64) AppleWebKit/537.36 (KHTML, like Gecko) Chrome/90.0.4430.93 Safari/537.36" "kurtswebnotes.com"
85.203.15.42 - - [18/Nov/2022:09:11:53 -0800] "GET / HTTP/1.1" 200 1458 "https://kurtswebnotes.com/" "Mozilla/5.0 (Windows NT 6.1; WOW64) AppleWebKit/537.36 (KHTML, like Gecko) Chrome/90.0.4430.93 Safari/537.36" "kurtswebnotes.com"
114.119.136.144 - - [18/Nov/2022:09:17:01 -0800] "GET /wp-includes/sodium_compat/namespaced/Core/Salsa20.php HTTP/1.1" 500 - "https://kurtswebnotes.com/wp-includes/sodium_compat/namespaced/Core/?C=S%3BO%3DA" "Mozilla/5.0 (Linux; Android 7.0;) AppleWebKit/537.36 (KHTML, like Gecko) Mobile Safari/537.36 (compatible; PetalBot;+https://webmaster.petalsearch.com/site/petalbot)" "kurtswebnotes.com"
114.119.136.14 - - [18/Nov/2022:09:22:44 -0800] "GET /wp-includes/blocks/spacer/?C=D%3BO%3DA HTTP/1.1" 200 376 "https://www.kurtswebnotes.com/wp-includes/blocks/spacer/?C=M%3BO%3DA" "Mozilla/5.0 (Linux; Android 7.0;) AppleWebKit/537.36 (KHTML, like Gecko) Mobile Safari/537.36 (compatible; PetalBot;+https://webmaster.petalsearch.com/site/petalbot)" "www.kurtswebnotes.com"
216.244.66.241 - - [18/Nov/2022:09:24:10 -0800] "GET /robots.txt HTTP/1.1" 200 111 "-" "Mozilla/5.0 (compatible; DotBot/1.2; +https://opensiteexplorer.org/dotbot; help@moz.com)" "www.kurtswebnotes.com"
114.119.136.138 - - [18/Nov/2022:09:28:15 -0800] "GET /wp-includes/block-supports/colors.php HTTP/1.1" 500 - "https://kurtswebnotes.com/wp-includes/block-supports/?C=N%3BO%3DD" "Mozilla/5.0 (Linux; Android 7.0;) AppleWebKit/537.36 (KHTML, like Gecko) Mobile Safari/537.36 (compatible; PetalBot;+https://webmaster.petalsearch.com/site/petalbot)" "kurtswebnotes.com"
114.119.136.144 - - [18/Nov/2022:09:33:55 -0800] "GET /wp-includes/sodium_compat/src/SodiumException.php HTTP/1.1" 200 - "https://www.kurtswebnotes.com/wp-includes/sodium_compat/src/?C=N%3BO%3DD" "Mozilla/5.0 (Linux; Android 7.0;) AppleWebKit/537.36 (KHTML, like Gecko) Mobile Safari/537.36 (compatible; PetalBot;+https://webmaster.petalsearch.com/site/petalbot)" "www.kurtswebnotes.com"
114.119.136.141 - - [18/Nov/2022:09:39:29 -0800] "GET /wp-content/themes/twentytwentyone/ HTTP/1.1" 500 - "https://www.kurtswebnotes.com/wp-content/themes/?C=M%3BO%3DA" "Mozilla/5.0 (Linux; Android 7.0;) AppleWebKit/537.36 (KHTML, like Gecko) Mobile Safari/537.36 (compatible; PetalBot;+https://webmaster.petalsearch.com/site/petalbot)" "www.kurtswebnotes.com"
114.119.136.141 - - [18/Nov/2022:09:45:06 -0800] "GET /wp-includes/sodium_compat/src/Core/SecretStream/State.php HTTP/1.1" 200 - "https://www.kurtswebnotes.com/wp-includes/sodium_compat/src/Core/SecretStream/?C=D%3BO%3DA" "Mozilla/5.0 (Linux; Android 7.0;) AppleWebKit/537.36 (KHTML, like Gecko) Mobile Safari/537.36 (compatible; PetalBot;+https://webmaster.petalsearch.com/site/petalbot)" "www.kurtswebnotes.com"
37.1.206.122 - - [18/Nov/2022:09:47:00 -0800] "GET /blog/2016/01/13/my-first-instagram-image/ HTTP/1.1" 404 73 "https://kurtswebnotes.com/blog/2016/01/13/my-first-instagram-image/" "Mozilla/5.0 (Windows NT 10.0) AppleWebKit/537.36 (KHTML, like Gecko) Chrome/90.0.4430.93 Safari/537.36" "kurtswebnotes.com"
37.1.206.122 - - [18/Nov/2022:09:47:00 -0800] "GET / HTTP/1.1" 200 1458 "https://kurtswebnotes.com/" "Mozilla/5.0 (Windows NT 10.0) AppleWebKit/537.36 (KHTML, like Gecko) Chrome/90.0.4430.93 Safari/537.36" "kurtswebnotes.com"
114.119.136.144 - - [18/Nov/2022:09:50:46 -0800] "GET /wp-includes/blocks/file/block.json HTTP/1.1" 200 310 "https://kurtswebnotes.com/wp-includes/blocks/file/?C=S%3BO%3DA" "Mozilla/5.0 (Linux; Android 7.0;) AppleWebKit/537.36 (KHTML, like Gecko) Mobile Safari/537.36 (compatible; PetalBot;+https://webmaster.petalsearch.com/site/petalbot)" "kurtswebnotes.com"
114.119.136.143 - - [18/Nov/2022:09:56:22 -0800] "GET /wp-includes/sodium_compat/src/Core32/ChaCha20/?C=S%3BO%3DA HTTP/1.1" 200 415 "https://www.kurtswebnotes.com/wp-includes/sodium_compat/src/Core32/ChaCha20/?C=M%3BO%3DA" "Mozilla/5.0 (Linux; Android 7.0;) AppleWebKit/537.36 (KHTML, like Gecko) Mobile Safari/537.36 (compatible; PetalBot;+https://webmaster.petalsearch.com/site/petalbot)" "www.kurtswebnotes.com"
114.119.136.144 - - [18/Nov/2022:10:02:04 -0800] "GET /wp-includes/blocks/shortcode/?C=D%3BO%3DA HTTP/1.1" 200 379 "https://www.kurtswebnotes.com/wp-includes/blocks/shortcode/" "Mozilla/5.0 (Linux; Android 7.0;) AppleWebKit/537.36 (KHTML, like Gecko) Mobile Safari/537.36 (compatible; PetalBot;+https://webmaster.petalsearch.com/site/petalbot)" "www.kurtswebnotes.com"
114.119.136.141 - - [18/Nov/2022:10:07:48 -0800] "GET /wp-includes/sodium_compat/src/Core32/HChaCha20.php HTTP/1.1" 500 - "https://kurtswebnotes.com/wp-includes/sodium_compat/src/Core32/?C=M%3BO%3DA" "Mozilla/5.0 (Linux; Android 7.0;) AppleWebKit/537.36 (KHTML, like Gecko) Mobile Safari/537.36 (compatible; PetalBot;+https://webmaster.petalsearch.com/site/petalbot)" "kurtswebnotes.com"
114.119.136.138 - - [18/Nov/2022:10:13:26 -0800] "GET /download/?C=M%3BO%3DA HTTP/1.1" 200 313 "https://kurtswebnotes.com/download/?C=S%3BO%3DA" "Mozilla/5.0 (Linux; Android 7.0;) AppleWebKit/537.36 (KHTML, like Gecko) Mobile Safari/537.36 (compatible; PetalBot;+https://webmaster.petalsearch.com/site/petalbot)" "kurtswebnotes.com"
216.244.66.241 - - [18/Nov/2022:10:15:19 -0800] "GET /robots.txt HTTP/1.1" 200 111 "-" "Mozilla/5.0 (compatible; DotBot/1.2; +https://opensiteexplorer.org/dotbot; help@moz.com)" "www.kurtswebnotes.com"
114.119.136.143 - - [18/Nov/2022:10:19:02 -0800] "GET /wp-includes/blocks/file/ HTTP/1.1" 200 376 "https://www.kurtswebnotes.com/wp-includes/blocks/?C=S%3BO%3DA" "Mozilla/5.0 (Linux; Android 7.0;) AppleWebKit/537.36 (KHTML, like Gecko) Mobile Safari/537.36 (compatible; PetalBot;+https://webmaster.petalsearch.com/site/petalbot)" "www.kurtswebnotes.com"
114.119.136.143 - - [18/Nov/2022:10:24:42 -0800] "GET /wp-includes/sodium_compat/src/Core32/ChaCha20/Ctx.php HTTP/1.1" 500 - "https://kurtswebnotes.com/wp-includes/sodium_compat/src/Core32/ChaCha20/" "Mozilla/5.0 (Linux; Android 7.0;) AppleWebKit/537.36 (KHTML, like Gecko) Mobile Safari/537.36 (compatible; PetalBot;+https://webmaster.petalsearch.com/site/petalbot)" "kurtswebnotes.com"
114.119.136.141 - - [18/Nov/2022:10:30:17 -0800] "GET /wp-includes/blocks/block/?C=M%3BO%3DA HTTP/1.1" 200 373 "https://kurtswebnotes.com/wp-includes/blocks/block/?C=N%3BO%3DD" "Mozilla/5.0 (Linux; Android 7.0;) AppleWebKit/537.36 (KHTML, like Gecko) Mobile Safari/537.36 (compatible; PetalBot;+https://webmaster.petalsearch.com/site/petalbot)" "kurtswebnotes.com"
114.119.136.144 - - [18/Nov/2022:10:41:31 -0800] "GET /wp-includes/sodium_compat/src/Core32/Curve25519/Ge/?C=M%3BO%3DA HTTP/1.1" 200 459 "https://www.kurtswebnotes.com/wp-includes/sodium_compat/src/Core32/Curve25519/Ge/?C=S%3BO%3DA" "Mozilla/5.0 (Linux; Android 7.0;) AppleWebKit/537.36 (KHTML, like Gecko) Mobile Safari/537.36 (compatible; PetalBot;+https://webmaster.petalsearch.com/site/petalbot)" "www.kurtswebnotes.com"
81.88.52.134 - - [18/Nov/2022:10:44:05 -0800] "GET /wp-login.php HTTP/1.1" 404 88 "http://kurtswebnotes.com/wp-login.php" "Mozilla/5.0 (Windows NT 10.0; Win64; x64; rv:96.0) Gecko/20100101 Firefox/96" "kurtswebnotes.com"
114.119.136.14 - - [18/Nov/2022:10:47:05 -0800] "GET /wp-includes/blocks/separator/?C=D%3BO%3DA HTTP/1.1" 200 378 "https://www.kurtswebnotes.com/wp-includes/blocks/separator/?C=N%3BO%3DD" "Mozilla/5.0 (Linux; Android 7.0;) AppleWebKit/537.36 (KHTML, like Gecko) Mobile Safari/537.36 (compatible; PetalBot;+https://webmaster.petalsearch.com/site/petalbot)" "www.kurtswebnotes.com"
114.119.136.138 - - [18/Nov/2022:10:52:39 -0800] "GET /?C=N%3BO%3DD HTTP/1.1" 200 481 "https://kurtswebnotes.com" "Mozilla/5.0 (Linux; Android 7.0;) AppleWebKit/537.36 (KHTML, like Gecko) Mobile Safari/537.36 (compatible; PetalBot;+https://webmaster.petalsearch.com/site/petalbot)" "kurtswebnotes.com"
114.119.136.14 - - [18/Nov/2022:10:58:05 -0800] "GET /wp-admin/css/?C=N%3BO%3DD HTTP/1.1" 200 357 "https://www.kurtswebnotes.com/wp-admin/css/" "Mozilla/5.0 (Linux; Android 7.0;) AppleWebKit/537.36 (KHTML, like Gecko) Mobile Safari/537.36 (compatible; PetalBot;+https://webmaster.petalsearch.com/site/petalbot)" "www.kurtswebnotes.com"
114.119.136.144 - - [18/Nov/2022:11:03:33 -0800] "GET /wp-includes/css/dist/block-editor/?C=S%3BO%3DA HTTP/1.1" 200 424 "https://kurtswebnotes.com/wp-includes/css/dist/block-editor/?C=N%3BO%3DD" "Mozilla/5.0 (Linux; Android 7.0;) AppleWebKit/537.36 (KHTML, like Gecko) Mobile Safari/537.36 (compatible; PetalBot;+https://webmaster.petalsearch.com/site/petalbot)" "kurtswebnotes.com"
216.244.66.241 - - [18/Nov/2022:11:06:53 -0800] "GET /robots.txt HTTP/1.1" 200 111 "-" "Mozilla/5.0 (compatible; DotBot/1.2; +https://opensiteexplorer.org/dotbot; help@moz.com)" "www.kurtswebnotes.com"
114.119.136.141 - - [18/Nov/2022:11:09:00 -0800] "GET /wp-includes/blocks/freeform/?C=D%3BO%3DA HTTP/1.1" 200 377 "https://www.kurtswebnotes.com/wp-includes/blocks/freeform/?C=N%3BO%3DD" "Mozilla/5.0 (Linux; Android 7.0;) AppleWebKit/537.36 (KHTML, like Gecko) Mobile Safari/537.36 (compatible; PetalBot;+https://webmaster.petalsearch.com/site/petalbot)" "www.kurtswebnotes.com"
114.119.136.144 - - [18/Nov/2022:11:14:13 -0800] "GET /wp-includes/css/dist/?C=M%3BO%3DA HTTP/1.1" 200 382 "https://www.kurtswebnotes.com/wp-includes/css/dist/" "Mozilla/5.0 (Linux; Android 7.0;) AppleWebKit/537.36 (KHTML, like Gecko) Mobile Safari/537.36 (compatible; PetalBot;+https://webmaster.petalsearch.com/site/petalbot)" "www.kurtswebnotes.com"
114.119.136.141 - - [18/Nov/2022:11:19:31 -0800] "GET /wp-includes/block-patterns/large-header-button.php HTTP/1.1" 500 - "https://kurtswebnotes.com/wp-includes/block-patterns/?C=N%3BO%3DD" "Mozilla/5.0 (Linux; Android 7.0;) AppleWebKit/537.36 (KHTML, like Gecko) Mobile Safari/537.36 (compatible; PetalBot;+https://webmaster.petalsearch.com/site/petalbot)" "kurtswebnotes.com"
114.119.145.194 - - [18/Nov/2022:11:22:03 -0800] "GET /robots.txt HTTP/1.1" 200 101 "-" "Mozilla/5.0 (compatible;PetalBot;+https://webmaster.petalsearch.com/site/petalbot)" "kurtswebnotes.com"
114.119.136.141 - - [18/Nov/2022:11:24:50 -0800] "GET /wp-includes/sodium_compat/namespaced/Core/Poly1305/ HTTP/1.1" 200 401 "https://kurtswebnotes.com/wp-includes/sodium_compat/namespaced/Core/?C=S%3BO%3DA" "Mozilla/5.0 (Linux; Android 7.0;) AppleWebKit/537.36 (KHTML, like Gecko) Mobile Safari/537.36 (compatible; PetalBot;+https://webmaster.petalsearch.com/site/petalbot)" "kurtswebnotes.com"
114.119.136.14 - - [18/Nov/2022:11:30:02 -0800] "GET /wp-includes/blocks/more/?C=M%3BO%3DA HTTP/1.1" 200 376 "https://kurtswebnotes.com/wp-includes/blocks/more/?C=D%3BO%3DA" "Mozilla/5.0 (Linux; Android 7.0;) AppleWebKit/537.36 (KHTML, like Gecko) Mobile Safari/537.36 (compatible; PetalBot;+https://webmaster.petalsearch.com/site/petalbot)" "kurtswebnotes.com"
114.119.136.144 - - [18/Nov/2022:11:35:14 -0800] "GET /wp-includes/blocks/pullquote/?C=D%3BO%3DA HTTP/1.1" 200 381 "https://www.kurtswebnotes.com/wp-includes/blocks/pullquote/" "Mozilla/5.0 (Linux; Android 7.0;) AppleWebKit/537.36 (KHTML, like Gecko) Mobile Safari/537.36 (compatible; PetalBot;+https://webmaster.petalsearch.com/site/petalbot)" "www.kurtswebnotes.com"
114.119.136.144 - - [18/Nov/2022:11:40:23 -0800] "GET /wp-includes/sodium_compat/src/Core32/HSalsa20.php HTTP/1.1" 500 - "https://www.kurtswebnotes.com/wp-includes/sodium_compat/src/Core32/?C=N%3BO%3DD" "Mozilla/5.0 (Linux; Android 7.0;) AppleWebKit/537.36 (KHTML, like Gecko) Mobile Safari/537.36 (compatible; PetalBot;+https://webmaster.petalsearch.com/site/petalbot)" "www.kurtswebnotes.com"
114.119.136.143 - - [18/Nov/2022:11:45:31 -0800] "GET /wp-includes/blocks/file/?C=S%3BO%3DA HTTP/1.1" 200 376 "https://www.kurtswebnotes.com/wp-includes/blocks/file/?C=N%3BO%3DD" "Mozilla/5.0 (Linux; Android 7.0;) AppleWebKit/537.36 (KHTML, like Gecko) Mobile Safari/537.36 (compatible; PetalBot;+https://webmaster.petalsearch.com/site/petalbot)" "www.kurtswebnotes.com"
114.119.136.143 - - [18/Nov/2022:11:50:45 -0800] "GET /wp-includes/blocks/text-columns/?C=N%3BO%3DD HTTP/1.1" 200 382 "https://www.kurtswebnotes.com/wp-includes/blocks/text-columns/?C=S%3BO%3DA" "Mozilla/5.0 (Linux; Android 7.0;) AppleWebKit/537.36 (KHTML, like Gecko) Mobile Safari/537.36 (compatible; PetalBot;+https://webmaster.petalsearch.com/site/petalbot)" "www.kurtswebnotes.com"
114.119.136.144 - - [18/Nov/2022:11:55:54 -0800] "GET /wp-includes/sodium_compat/namespaced/Core/Curve25519/Ge/P3.php HTTP/1.1" 500 - "https://www.kurtswebnotes.com/wp-includes/sodium_compat/namespaced/Core/Curve25519/Ge/?C=N%3BO%3DD" "Mozilla/5.0 (Linux; Android 7.0;) AppleWebKit/537.36 (KHTML, like Gecko) Mobile Safari/537.36 (compatible; PetalBot;+https://webmaster.petalsearch.com/site/petalbot)" "www.kurtswebnotes.com"
216.244.66.241 - - [18/Nov/2022:11:56:20 -0800] "GET /robots.txt HTTP/1.1" 200 111 "-" "Mozilla/5.0 (compatible; DotBot/1.2; +https://opensiteexplorer.org/dotbot; help@moz.com)" "www.kurtswebnotes.com"
114.119.136.14 - - [18/Nov/2022:12:00:59 -0800] "GET /wp-includes/css/ HTTP/1.1" 200 359 "https://kurtswebnotes.com/wp-includes/css/dist/?C=D%3BO%3DA" "Mozilla/5.0 (Linux; Android 7.0;) AppleWebKit/537.36 (KHTML, like Gecko) Mobile Safari/537.36 (compatible; PetalBot;+https://webmaster.petalsearch.com/site/petalbot)" "kurtswebnotes.com"
114.119.136.141 - - [18/Nov/2022:12:06:05 -0800] "GET /wp-includes/blocks/quote/?C=N%3BO%3DD HTTP/1.1" 200 378 "https://www.kurtswebnotes.com/wp-includes/blocks/quote/?C=M%3BO%3DA" "Mozilla/5.0 (Linux; Android 7.0;) AppleWebKit/537.36 (KHTML, like Gecko) Mobile Safari/537.36 (compatible; PetalBot;+https://webmaster.petalsearch.com/site/petalbot)" "www.kurtswebnotes.com"
114.119.136.141 - - [18/Nov/2022:12:11:12 -0800] "GET /wp-includes/sodium_compat/src/Core32/Curve25519/Fe.php HTTP/1.1" 200 - "https://www.kurtswebnotes.com/wp-includes/sodium_compat/src/Core32/Curve25519/?C=N%3BO%3DD" "Mozilla/5.0 (Linux; Android 7.0;) AppleWebKit/537.36 (KHTML, like Gecko) Mobile Safari/537.36 (compatible; PetalBot;+https://webmaster.petalsearch.com/site/petalbot)" "www.kurtswebnotes.com"
114.119.136.14 - - [18/Nov/2022:12:16:20 -0800] "GET /wp-includes/blocks/columns/?C=M%3BO%3DA HTTP/1.1" 200 377 "https://kurtswebnotes.com/wp-includes/blocks/columns/?C=N%3BO%3DD" "Mozilla/5.0 (Linux; Android 7.0;) AppleWebKit/537.36 (KHTML, like Gecko) Mobile Safari/537.36 (compatible; PetalBot;+https://webmaster.petalsearch.com/site/petalbot)" "kurtswebnotes.com"
114.119.136.138 - - [18/Nov/2022:12:21:27 -0800] "GET /download/?C=N%3BO%3DD HTTP/1.1" 200 313 "http://www.kurtswebnotes.com/download?M=A" "Mozilla/5.0 (Linux; Android 7.0;) AppleWebKit/537.36 (KHTML, like Gecko) Mobile Safari/537.36 (compatible; PetalBot;+https://webmaster.petalsearch.com/site/petalbot)" "www.kurtswebnotes.com"
114.119.136.14 - - [18/Nov/2022:12:26:35 -0800] "GET /wp-includes/blocks/list/?C=D%3BO%3DA HTTP/1.1" 200 375 "https://kurtswebnotes.com/wp-includes/blocks/list/?C=N%3BO%3DD" "Mozilla/5.0 (Linux; Android 7.0;) AppleWebKit/537.36 (KHTML, like Gecko) Mobile Safari/537.36 (compatible; PetalBot;+https://webmaster.petalsearch.com/site/petalbot)" "kurtswebnotes.com"
114.119.136.138 - - [18/Nov/2022:12:31:44 -0800] "GET /wp-includes/sodium_compat/src/Core32/SecretStream/?C=S%3BO%3DA HTTP/1.1" 200 397 "https://www.kurtswebnotes.com/wp-includes/sodium_compat/src/Core32/SecretStream/?C=N%3BO%3DD" "Mozilla/5.0 (Linux; Android 7.0;) AppleWebKit/537.36 (KHTML, like Gecko) Mobile Safari/537.36 (compatible; PetalBot;+https://webmaster.petalsearch.com/site/petalbot)" "www.kurtswebnotes.com"
114.119.136.141 - - [18/Nov/2022:12:36:53 -0800] "GET /wp-includes/sodium_compat/lib/constants.php HTTP/1.1" 200 - "https://www.kurtswebnotes.com/wp-includes/sodium_compat/lib/?C=S%3BO%3DA" "Mozilla/5.0 (Linux; Android 7.0;) AppleWebKit/537.36 (KHTML, like Gecko) Mobile Safari/537.36 (compatible; PetalBot;+https://webmaster.petalsearch.com/site/petalbot)" "www.kurtswebnotes.com"
83.11.49.34 - - [18/Nov/2022:12:41:33 -0800] "GET /blog/2016/01/13/my-first-instagram-image/ HTTP/1.1" 404 88 "http://kurtswebnotes.com/blog/2016/01/13/my-first-instagram-image/" "Mozilla/5.0 (X11; Linux x86_64) AppleWebKit/537.36 (KHTML, like Gecko) Chrome/103.0.0.0 Safari/537.36 OPR/89.0.4447.51" "kurtswebnotes.com"
83.11.49.34 - - [18/Nov/2022:12:41:33 -0800] "GET / HTTP/1.1" 200 481 "https://kurtswebnotes.com" "Mozilla/5.0 (X11; Linux x86_64) AppleWebKit/537.36 (KHTML, like Gecko) Chrome/103.0.0.0 Safari/537.36 OPR/89.0.4447.51" "kurtswebnotes.com"
83.11.49.34 - - [18/Nov/2022:12:41:34 -0800] "GET /?C=M;O=A HTTP/1.1" 200 478 "https://kurtswebnotes.com" "Mozilla/5.0 (X11; Linux x86_64) AppleWebKit/537.36 (KHTML, like Gecko) Chrome/103.0.0.0 Safari/537.36 OPR/89.0.4447.51" "kurtswebnotes.com"
114.119.136.143 - - [18/Nov/2022:12:42:00 -0800] "GET /wp-includes/block-patterns/heading-paragraph.php HTTP/1.1" 500 - "https://www.kurtswebnotes.com/wp-includes/block-patterns/?C=N%3BO%3DD" "Mozilla/5.0 (Linux; Android 7.0;) AppleWebKit/537.36 (KHTML, like Gecko) Mobile Safari/537.36 (compatible; PetalBot;+https://webmaster.petalsearch.com/site/petalbot)" "www.kurtswebnotes.com"
114.119.136.144 - - [18/Nov/2022:12:47:05 -0800] "GET /wp-includes/blocks/html/ HTTP/1.1" 200 373 "https://kurtswebnotes.com/wp-includes/blocks/?C=N%3BO%3DD" "Mozilla/5.0 (Linux; Android 7.0;) AppleWebKit/537.36 (KHTML, like Gecko) Mobile Safari/537.36 (compatible; PetalBot;+https://webmaster.petalsearch.com/site/petalbot)" "kurtswebnotes.com"
114.119.136.141 - - [18/Nov/2022:12:52:16 -0800] "GET /wp-includes/blocks/quote/?C=S%3BO%3DA HTTP/1.1" 200 378 "https://kurtswebnotes.com/wp-includes/blocks/quote/" "Mozilla/5.0 (Linux; Android 7.0;) AppleWebKit/537.36 (KHTML, like Gecko) Mobile Safari/537.36 (compatible; PetalBot;+https://webmaster.petalsearch.com/site/petalbot)" "kurtswebnotes.com"
114.119.142.72 - - [18/Nov/2022:12:54:47 -0800] "GET /robots.txt HTTP/1.1" 200 101 "-" "Mozilla/5.0 (compatible;PetalBot;+https://webmaster.petalsearch.com/site/petalbot)" "www.kurtswebnotes.com"
114.119.136.143 - - [18/Nov/2022:12:57:23 -0800] "GET /wp-includes/blocks/search/block.json HTTP/1.1" 200 295 "https://www.kurtswebnotes.com/wp-includes/blocks/search/?C=S%3BO%3DA" "Mozilla/5.0 (Linux; Android 7.0;) AppleWebKit/537.36 (KHTML, like Gecko) Mobile Safari/537.36 (compatible; PetalBot;+https://webmaster.petalsearch.com/site/petalbot)" "www.kurtswebnotes.com"
93.158.161.49 - - [18/Nov/2022:12:59:35 -0800] "GET /robots.txt HTTP/1.1" 200 111 "-" "Mozilla/5.0 (compatible; YandexBot/3.0; +http://yandex.com/bots)" "kurtswebnotes.com"
93.158.161.66 - - [18/Nov/2022:12:59:39 -0800] "GET / HTTP/1.1" 200 481 "-" "Mozilla/5.0 (compatible; YandexBot/3.0; +http://yandex.com/bots)" "kurtswebnotes.com"
93.158.161.66 - - [18/Nov/2022:13:01:03 -0800] "GET /robots.txt HTTP/1.1" 200 111 "-" "Mozilla/5.0 (compatible; YandexBot/3.0; +http://yandex.com/bots)" "www.kurtswebnotes.com"
77.88.5.168 - - [18/Nov/2022:13:01:07 -0800] "GET / HTTP/1.1" 200 481 "-" "Mozilla/5.0 (compatible; YandexBot/3.0; +http://yandex.com/bots)" "www.kurtswebnotes.com"
172.98.32.215 - - [18/Nov/2022:13:01:50 -0800] "GET /blog/2016/01/13/my-first-instagram-image/ HTTP/1.1" 404 73 "https://kurtswebnotes.com/blog/2016/01/13/my-first-instagram-image/" "Mozilla/5.0 (Windows NT 10.0; Win64; x64) AppleWebKit/537.36 (KHTML, like Gecko) Chrome/90.0.4430.85 Safari/537.36" "kurtswebnotes.com"
172.98.32.215 - - [18/Nov/2022:13:01:51 -0800] "GET /blog/2016/01/13/my-first-instagram-image/ HTTP/1.1" 404 73 "https://kurtswebnotes.com/blog/2016/01/13/my-first-instagram-image/" "Mozilla/5.0 (Windows NT 6.2; Win64; x64) AppleWebKit/537.36 (KHTML, like Gecko) Chrome/90.0.4430.72 Safari/537.36" "kurtswebnotes.com"
172.98.32.215 - - [18/Nov/2022:13:01:51 -0800] "GET /blog/2016/01/13/my-first-instagram-image/ HTTP/1.1" 404 73 "https://kurtswebnotes.com/blog/2016/01/13/my-first-instagram-image/" "Mozilla/5.0 (Windows NT 6.1; ) AppleWebKit/537.36 (KHTML, like Gecko) Chrome/90.0.4430.72 Safari/537.36" "kurtswebnotes.com"
172.98.32.215 - - [18/Nov/2022:13:01:52 -0800] "GET / HTTP/1.1" 200 1458 "https://kurtswebnotes.com/" "Mozilla/5.0 (Windows NT 6.2; Win64; x64) AppleWebKit/537.36 (KHTML, like Gecko) Chrome/90.0.4430.72 Safari/537.36" "kurtswebnotes.com"
172.98.32.215 - - [18/Nov/2022:13:01:52 -0800] "GET / HTTP/1.1" 200 1458 "https://kurtswebnotes.com/" "Mozilla/5.0 (Windows NT 10.0; Win64; x64) AppleWebKit/537.36 (KHTML, like Gecko) Chrome/90.0.4430.85 Safari/537.36" "kurtswebnotes.com"
172.98.32.215 - - [18/Nov/2022:13:01:53 -0800] "GET / HTTP/1.1" 200 1458 "https://kurtswebnotes.com/" "Mozilla/5.0 (Windows NT 6.1; ) AppleWebKit/537.36 (KHTML, like Gecko) Chrome/90.0.4430.72 Safari/537.36" "kurtswebnotes.com"
114.119.136.141 - - [18/Nov/2022:13:02:32 -0800] "GET /wp-includes/block-supports/colors.php HTTP/1.1" 500 - "https://www.kurtswebnotes.com/wp-includes/block-supports/?C=N%3BO%3DD" "Mozilla/5.0 (Linux; Android 7.0;) AppleWebKit/537.36 (KHTML, like Gecko) Mobile Safari/537.36 (compatible; PetalBot;+https://webmaster.petalsearch.com/site/petalbot)" "www.kurtswebnotes.com"
114.119.136.143 - - [18/Nov/2022:13:07:37 -0800] "GET /wp-includes/blocks/column/ HTTP/1.1" 200 376 "https://www.kurtswebnotes.com/wp-includes/blocks/?C=S%3BO%3DA" "Mozilla/5.0 (Linux; Android 7.0;) AppleWebKit/537.36 (KHTML, like Gecko) Mobile Safari/537.36 (compatible; PetalBot;+https://webmaster.petalsearch.com/site/petalbot)" "www.kurtswebnotes.com"
114.119.136.141 - - [18/Nov/2022:13:12:51 -0800] "GET /wp-includes/blocks/shortcode/?C=S%3BO%3DA HTTP/1.1" 200 379 "https://kurtswebnotes.com/wp-includes/blocks/shortcode/?C=D%3BO%3DA" "Mozilla/5.0 (Linux; Android 7.0;) AppleWebKit/537.36 (KHTML, like Gecko) Mobile Safari/537.36 (compatible; PetalBot;+https://webmaster.petalsearch.com/site/petalbot)" "kurtswebnotes.com"
157.97.121.247 - - [18/Nov/2022:13:15:15 -0800] "GET /blog/2016/01/13/my-first-instagram-image/ HTTP/1.1" 404 73 "https://kurtswebnotes.com/blog/2016/01/13/my-first-instagram-image/" "Mozilla/5.0 (Windows NT 6.3; Win64; x64) AppleWebKit/537.36 (KHTML, like Gecko) Chrome/90.0.4430.85 Safari/537.36 Edg/90.0.818.49" "kurtswebnotes.com"
157.97.121.247 - - [18/Nov/2022:13:15:16 -0800] "GET / HTTP/1.1" 200 1458 "https://kurtswebnotes.com/" "Mozilla/5.0 (Windows NT 6.3; Win64; x64) AppleWebKit/537.36 (KHTML, like Gecko) Chrome/90.0.4430.85 Safari/537.36 Edg/90.0.818.49" "kurtswebnotes.com"
114.119.136.138 - - [18/Nov/2022:13:17:59 -0800] "GET /wp-includes/sodium_compat/src/Core/SipHash.php HTTP/1.1" 500 - "https://www.kurtswebnotes.com/wp-includes/sodium_compat/src/Core/?C=M%3BO%3DA" "Mozilla/5.0 (Linux; Android 7.0;) AppleWebKit/537.36 (KHTML, like Gecko) Mobile Safari/537.36 (compatible; PetalBot;+https://webmaster.petalsearch.com/site/petalbot)" "www.kurtswebnotes.com"
114.119.136.144 - - [18/Nov/2022:13:23:07 -0800] "GET /wp-includes/sodium_compat/src/Core32/Curve25519/Ge/Precomp.php HTTP/1.1" 200 - "https://www.kurtswebnotes.com/wp-includes/sodium_compat/src/Core32/Curve25519/Ge/?C=S%3BO%3DA" "Mozilla/5.0 (Linux; Android 7.0;) AppleWebKit/537.36 (KHTML, like Gecko) Mobile Safari/537.36 (compatible; PetalBot;+https://webmaster.petalsearch.com/site/petalbot)" "www.kurtswebnotes.com"
114.119.136.144 - - [18/Nov/2022:13:28:15 -0800] "GET /wp-includes/blocks/search/?C=S%3BO%3DA HTTP/1.1" 200 376 "https://kurtswebnotes.com/wp-includes/blocks/search/" "Mozilla/5.0 (Linux; Android 7.0;) AppleWebKit/537.36 (KHTML, like Gecko) Mobile Safari/537.36 (compatible; PetalBot;+https://webmaster.petalsearch.com/site/petalbot)" "kurtswebnotes.com"
114.119.136.138 - - [18/Nov/2022:13:33:24 -0800] "GET /wp-includes/sodium_compat/src/Core32/Poly1305/ HTTP/1.1" 200 398 "https://www.kurtswebnotes.com/wp-includes/sodium_compat/src/Core32/?C=N%3BO%3DD" "Mozilla/5.0 (Linux; Android 7.0;) AppleWebKit/537.36 (KHTML, like Gecko) Mobile Safari/537.36 (compatible; PetalBot;+https://webmaster.petalsearch.com/site/petalbot)" "www.kurtswebnotes.com"
216.244.66.241 - - [18/Nov/2022:13:36:38 -0800] "GET /robots.txt HTTP/1.1" 200 111 "-" "Mozilla/5.0 (compatible; DotBot/1.2; +https://opensiteexplorer.org/dotbot; help@moz.com)" "www.kurtswebnotes.com"
114.119.136.141 - - [18/Nov/2022:13:38:34 -0800] "GET /wp-includes/blocks/group/ HTTP/1.1" 200 377 "https://www.kurtswebnotes.com/wp-includes/blocks/?C=S%3BO%3DA" "Mozilla/5.0 (Linux; Android 7.0;) AppleWebKit/537.36 (KHTML, like Gecko) Mobile Safari/537.36 (compatible; PetalBot;+https://webmaster.petalsearch.com/site/petalbot)" "www.kurtswebnotes.com"
114.119.136.14 - - [18/Nov/2022:13:43:42 -0800] "GET /wp-includes/css/dist/block-directory/style-rtl.min.css HTTP/1.1" 200 1022 "https://kurtswebnotes.com/wp-includes/css/dist/block-directory/?C=D%3BO%3DA" "Mozilla/5.0 (Linux; Android 7.0;) AppleWebKit/537.36 (KHTML, like Gecko) Mobile Safari/537.36 (compatible; PetalBot;+https://webmaster.petalsearch.com/site/petalbot)" "kurtswebnotes.com"
114.119.136.141 - - [18/Nov/2022:13:48:52 -0800] "GET /wp-includes/blocks/image/?C=M%3BO%3DA HTTP/1.1" 200 378 "https://www.kurtswebnotes.com/wp-includes/blocks/image/?C=S%3BO%3DA" "Mozilla/5.0 (Linux; Android 7.0;) AppleWebKit/537.36 (KHTML, like Gecko) Mobile Safari/537.36 (compatible; PetalBot;+https://webmaster.petalsearch.com/site/petalbot)" "www.kurtswebnotes.com"
114.119.136.144 - - [18/Nov/2022:13:54:01 -0800] "GET /wp-includes/blocks/freeform/block.json HTTP/1.1" 200 189 "https://www.kurtswebnotes.com/wp-includes/blocks/freeform/?C=N%3BO%3DD" "Mozilla/5.0 (Linux; Android 7.0;) AppleWebKit/537.36 (KHTML, like Gecko) Mobile Safari/537.36 (compatible; PetalBot;+https://webmaster.petalsearch.com/site/petalbot)" "www.kurtswebnotes.com"
114.119.136.138 - - [18/Nov/2022:13:59:05 -0800] "GET /wp-includes/css/dist/block-editor/?C=M%3BO%3DA HTTP/1.1" 200 424 "https://kurtswebnotes.com/wp-includes/css/dist/block-editor/?C=N%3BO%3DD" "Mozilla/5.0 (Linux; Android 7.0;) AppleWebKit/537.36 (KHTML, like Gecko) Mobile Safari/537.36 (compatible; PetalBot;+https://webmaster.petalsearch.com/site/petalbot)" "kurtswebnotes.com"
114.119.136.143 - - [18/Nov/2022:14:04:13 -0800] "GET /wp-includes/blocks/media-text/?C=N%3BO%3DD HTTP/1.1" 200 381 "https://www.kurtswebnotes.com/wp-includes/blocks/media-text/?C=D%3BO%3DA" "Mozilla/5.0 (Linux; Android 7.0;) AppleWebKit/537.36 (KHTML, like Gecko) Mobile Safari/537.36 (compatible; PetalBot;+https://webmaster.petalsearch.com/site/petalbot)" "www.kurtswebnotes.com"
114.119.136.143 - - [18/Nov/2022:14:09:20 -0800] "GET /wp-includes/blocks/pullquote/?C=S%3BO%3DA HTTP/1.1" 200 381 "https://www.kurtswebnotes.com/wp-includes/blocks/pullquote/" "Mozilla/5.0 (Linux; Android 7.0;) AppleWebKit/537.36 (KHTML, like Gecko) Mobile Safari/537.36 (compatible; PetalBot;+https://webmaster.petalsearch.com/site/petalbot)" "www.kurtswebnotes.com"
216.244.66.241 - - [18/Nov/2022:14:26:24 -0800] "GET /robots.txt HTTP/1.1" 200 111 "-" "Mozilla/5.0 (compatible; DotBot/1.2; +https://opensiteexplorer.org/dotbot; help@moz.com)" "www.kurtswebnotes.com"
99.192.228.44 - - [18/Nov/2022:14:39:02 -0800] "GET /blog/wp-includes/wps-cache.php HTTP/1.1" 404 73 "kurtswebnotes.com" "Mozilla/5.0 (Windows NT 6.1; WOW64) AppleWebKit/537.36 (KHTML, like Gecko) Chrome/50.0.2661.75 Safari/537.36" "kurtswebnotes.com"
