147.182.212.63 - - [15/Nov/2022:15:27:21 -0800] "HEAD /Blog HTTP/1.1" 404 - "http://kurtswebnotes.com/Blog" "Mozilla/5.0 (Windows NT 10.0; Win64; x64) AppleWebKit/537.36 (KHTML, like Gecko) Chrome/74.0.3729.169 Safari/537.36" "kurtswebnotes.com"
23.129.64.137 - - [15/Nov/2022:15:28:52 -0800] "GET /blog/2016/01/13/my-first-instagram-image/ HTTP/1.1" 404 73 "https://kurtswebnotes.com/blog/2016/01/13/my-first-instagram-image/" "Mozilla/5.0 (Windows NT 6.3; Win64; x64) AppleWebKit/537.36 (KHTML, like Gecko) Chrome/90.0.4430.85 Safari/537.36 Edg/90.0.818.46" "kurtswebnotes.com"
23.129.64.137 - - [15/Nov/2022:15:28:54 -0800] "GET / HTTP/1.1" 200 1458 "https://kurtswebnotes.com/" "Mozilla/5.0 (Windows NT 6.3; Win64; x64) AppleWebKit/537.36 (KHTML, like Gecko) Chrome/90.0.4430.85 Safari/537.36 Edg/90.0.818.46" "kurtswebnotes.com"
54.190.102.166 - - [15/Nov/2022:15:42:28 -0800] "GET / HTTP/1.1" 200 481 "-" "Mozilla/5.0 (X11; Linux x86_64) AppleWebKit/537.36 (KHTML, like Gecko) Chrome/83.0.4103.97 Safari/537.36" "kurtswebnotes.com"
35.89.151.174 - - [15/Nov/2022:15:42:31 -0800] "GET / HTTP/1.1" 200 481 "-" "Mozilla/5.0 (X11; Linux x86_64) AppleWebKit/537.36 (KHTML, like Gecko) Chrome/83.0.4103.97 Safari/537.36" "kurtswebnotes.com"
34.222.12.175 - - [15/Nov/2022:15:42:36 -0800] "GET /favicon.ico HTTP/1.1" 404 88 "http://kurtswebnotes.com/favicon.ico" "Mozilla/5.0 (X11; Linux x86_64) AppleWebKit/537.36 (KHTML, like Gecko) Chrome/83.0.4103.97 Safari/537.36" "kurtswebnotes.com"
34.222.12.175 - - [15/Nov/2022:15:42:38 -0800] "GET / HTTP/1.1" 200 481 "http://kurtswebnotes.com" "Mozilla/5.0 (X11; Linux x86_64) AppleWebKit/537.36 (KHTML, like Gecko) Chrome/83.0.4103.97 Safari/537.36" "kurtswebnotes.com"
54.189.96.50 - - [15/Nov/2022:15:42:43 -0800] "GET / HTTP/1.1" 200 481 "-" "Mozilla/5.0 (X11; Linux x86_64) AppleWebKit/537.36 (KHTML, like Gecko) Chrome/83.0.4103.97 Safari/537.36" "kurtswebnotes.com"
54.184.233.3 - - [15/Nov/2022:15:42:47 -0800] "GET /favicon.ico HTTP/1.1" 404 88 "http://kurtswebnotes.com/favicon.ico" "Mozilla/5.0 (X11; Linux x86_64) AppleWebKit/537.36 (KHTML, like Gecko) Chrome/83.0.4103.97 Safari/537.36" "kurtswebnotes.com"
54.184.233.3 - - [15/Nov/2022:15:42:48 -0800] "GET / HTTP/1.1" 200 481 "http://kurtswebnotes.com" "Mozilla/5.0 (X11; Linux x86_64) AppleWebKit/537.36 (KHTML, like Gecko) Chrome/83.0.4103.97 Safari/537.36" "kurtswebnotes.com"
35.89.136.70 - - [15/Nov/2022:15:42:58 -0800] "GET /favicon.ico HTTP/1.1" 404 88 "-" "Mozilla/5.0 (X11; Linux x86_64) AppleWebKit/537.36 (KHTML, like Gecko) Chrome/83.0.4103.97 Safari/537.36" "kurtswebnotes.com"
35.89.136.70 - - [15/Nov/2022:15:43:00 -0800] "GET / HTTP/1.1" 200 481 "-" "Mozilla/5.0 (X11; Linux x86_64) AppleWebKit/537.36 (KHTML, like Gecko) Chrome/83.0.4103.97 Safari/537.36" "kurtswebnotes.com"
216.244.66.241 - - [15/Nov/2022:16:15:06 -0800] "GET /robots.txt HTTP/1.1" 200 111 "-" "Mozilla/5.0 (compatible; DotBot/1.2; +https://opensiteexplorer.org/dotbot; help@moz.com)" "www.kurtswebnotes.com"
114.119.136.138 - - [15/Nov/2022:16:21:18 -0800] "GET /wp-includes/sodium_compat/src/Core/SecretStream/?C=M%3BO%3DA HTTP/1.1" 200 395 "https://www.kurtswebnotes.com/wp-includes/sodium_compat/src/Core/SecretStream/" "Mozilla/5.0 (Linux; Android 7.0;) AppleWebKit/537.36 (KHTML, like Gecko) Mobile Safari/537.36 (compatible; PetalBot;+https://webmaster.petalsearch.com/site/petalbot)" "www.kurtswebnotes.com"
114.119.136.144 - - [15/Nov/2022:16:30:18 -0800] "GET /wp-includes/blocks/freeform/block.json HTTP/1.1" 200 189 "https://kurtswebnotes.com/wp-includes/blocks/freeform/" "Mozilla/5.0 (Linux; Android 7.0;) AppleWebKit/537.36 (KHTML, like Gecko) Mobile Safari/537.36 (compatible; PetalBot;+https://webmaster.petalsearch.com/site/petalbot)" "kurtswebnotes.com"
114.119.136.141 - - [15/Nov/2022:16:35:24 -0800] "GET /wp-includes/sodium_compat/src/Core32/?C=S%3BO%3DA HTTP/1.1" 200 669 "https://kurtswebnotes.com/wp-includes/sodium_compat/src/Core32/?C=D%3BO%3DA" "Mozilla/5.0 (Linux; Android 7.0;) AppleWebKit/537.36 (KHTML, like Gecko) Mobile Safari/537.36 (compatible; PetalBot;+https://webmaster.petalsearch.com/site/petalbot)" "kurtswebnotes.com"
114.119.136.141 - - [15/Nov/2022:16:40:34 -0800] "GET /wp-includes/sodium_compat/src/Core32/Curve25519/?C=N%3BO%3DD HTTP/1.1" 200 435 "https://www.kurtswebnotes.com/wp-includes/sodium_compat/src/Core32/Curve25519/?C=D%3BO%3DA" "Mozilla/5.0 (Linux; Android 7.0;) AppleWebKit/537.36 (KHTML, like Gecko) Mobile Safari/537.36 (compatible; PetalBot;+https://webmaster.petalsearch.com/site/petalbot)" "www.kurtswebnotes.com"
114.119.136.144 - - [15/Nov/2022:16:45:41 -0800] "GET /wp-includes/blocks/column/block.json HTTP/1.1" 200 197 "https://www.kurtswebnotes.com/wp-includes/blocks/column/" "Mozilla/5.0 (Linux; Android 7.0;) AppleWebKit/537.36 (KHTML, like Gecko) Mobile Safari/537.36 (compatible; PetalBot;+https://webmaster.petalsearch.com/site/petalbot)" "www.kurtswebnotes.com"
114.119.136.138 - - [15/Nov/2022:16:50:48 -0800] "GET /wp-includes/sodium_compat/namespaced/Core/Curve25519/Ge/ HTTP/1.1" 200 460 "https://www.kurtswebnotes.com/wp-includes/sodium_compat/namespaced/Core/Curve25519/?C=D%3BO%3DA" "Mozilla/5.0 (Linux; Android 7.0;) AppleWebKit/537.36 (KHTML, like Gecko) Mobile Safari/537.36 (compatible; PetalBot;+https://webmaster.petalsearch.com/site/petalbot)" "www.kurtswebnotes.com"
114.119.136.138 - - [15/Nov/2022:16:55:53 -0800] "GET /wp-includes/blocks/missing/ HTTP/1.1" 200 377 "https://kurtswebnotes.com/wp-includes/blocks/?C=N%3BO%3DD" "Mozilla/5.0 (Linux; Android 7.0;) AppleWebKit/537.36 (KHTML, like Gecko) Mobile Safari/537.36 (compatible; PetalBot;+https://webmaster.petalsearch.com/site/petalbot)" "kurtswebnotes.com"
114.119.136.143 - - [15/Nov/2022:17:01:04 -0800] "GET /wp-includes/sodium_compat/src/Core/Curve25519/Ge/Precomp.php HTTP/1.1" 200 - "https://kurtswebnotes.com/wp-includes/sodium_compat/src/Core/Curve25519/Ge/" "Mozilla/5.0 (Linux; Android 7.0;) AppleWebKit/537.36 (KHTML, like Gecko) Mobile Safari/537.36 (compatible; PetalBot;+https://webmaster.petalsearch.com/site/petalbot)" "kurtswebnotes.com"
114.119.136.138 - - [15/Nov/2022:17:06:06 -0800] "GET /wp-includes/sodium_compat/src/PHP52/?C=N%3BO%3DD HTTP/1.1" 200 397 "https://www.kurtswebnotes.com/wp-includes/sodium_compat/src/PHP52/?C=S%3BO%3DA" "Mozilla/5.0 (Linux; Android 7.0;) AppleWebKit/537.36 (KHTML, like Gecko) Mobile Safari/537.36 (compatible; PetalBot;+https://webmaster.petalsearch.com/site/petalbot)" "www.kurtswebnotes.com"
114.119.136.141 - - [15/Nov/2022:17:11:14 -0800] "GET /wp-includes/block-supports/?C=N%3BO%3DD HTTP/1.1" 200 462 "https://www.kurtswebnotes.com/wp-includes/block-supports/?C=M%3BO%3DA" "Mozilla/5.0 (Linux; Android 7.0;) AppleWebKit/537.36 (KHTML, like Gecko) Mobile Safari/537.36 (compatible; PetalBot;+https://webmaster.petalsearch.com/site/petalbot)" "www.kurtswebnotes.com"
114.119.136.138 - - [15/Nov/2022:17:16:22 -0800] "GET /download?S=D HTTP/1.1" 301 1419 "http://www.kurtswebnotes.com/download?S=A" "Mozilla/5.0 (Linux; Android 7.0;) AppleWebKit/537.36 (KHTML, like Gecko) Mobile Safari/537.36 (compatible; PetalBot;+https://webmaster.petalsearch.com/site/petalbot)" "www.kurtswebnotes.com"
114.119.136.138 - - [15/Nov/2022:17:16:23 -0800] "GET /download/?S=D HTTP/1.1" 200 313 "http://www.kurtswebnotes.com/download?S=A" "Mozilla/5.0 (Linux; Android 7.0;) AppleWebKit/537.36 (KHTML, like Gecko) Mobile Safari/537.36 (compatible; PetalBot;+https://webmaster.petalsearch.com/site/petalbot)" "www.kurtswebnotes.com"
114.119.136.143 - - [15/Nov/2022:17:21:29 -0800] "GET /wp-includes/blocks/embed/?C=S%3BO%3DA HTTP/1.1" 200 377 "https://kurtswebnotes.com/wp-includes/blocks/embed/?C=N%3BO%3DD" "Mozilla/5.0 (Linux; Android 7.0;) AppleWebKit/537.36 (KHTML, like Gecko) Mobile Safari/537.36 (compatible; PetalBot;+https://webmaster.petalsearch.com/site/petalbot)" "kurtswebnotes.com"
114.119.136.144 - - [15/Nov/2022:17:31:43 -0800] "GET /wp-includes/blocks/preformatted/?C=D%3BO%3DA HTTP/1.1" 200 382 "https://kurtswebnotes.com/wp-includes/blocks/preformatted/?C=S%3BO%3DA" "Mozilla/5.0 (Linux; Android 7.0;) AppleWebKit/537.36 (KHTML, like Gecko) Mobile Safari/537.36 (compatible; PetalBot;+https://webmaster.petalsearch.com/site/petalbot)" "kurtswebnotes.com"
114.119.136.141 - - [15/Nov/2022:17:36:51 -0800] "GET /wp-includes/assets/?C=S%3BO%3DA HTTP/1.1" 200 390 "https://www.kurtswebnotes.com/wp-includes/assets/?C=D%3BO%3DA" "Mozilla/5.0 (Linux; Android 7.0;) AppleWebKit/537.36 (KHTML, like Gecko) Mobile Safari/537.36 (compatible; PetalBot;+https://webmaster.petalsearch.com/site/petalbot)" "www.kurtswebnotes.com"
114.119.136.143 - - [15/Nov/2022:17:41:57 -0800] "GET /wp-includes/blocks/verse/block.json HTTP/1.1" 200 253 "https://kurtswebnotes.com/wp-includes/blocks/verse/?C=N%3BO%3DD" "Mozilla/5.0 (Linux; Android 7.0;) AppleWebKit/537.36 (KHTML, like Gecko) Mobile Safari/537.36 (compatible; PetalBot;+https://webmaster.petalsearch.com/site/petalbot)" "kurtswebnotes.com"
114.119.136.141 - - [15/Nov/2022:17:47:07 -0800] "GET /wp-includes/sitemaps/ HTTP/1.1" 200 497 "https://kurtswebnotes.com/wp-includes/sitemaps/providers/?C=D%3BO%3DA" "Mozilla/5.0 (Linux; Android 7.0;) AppleWebKit/537.36 (KHTML, like Gecko) Mobile Safari/537.36 (compatible; PetalBot;+https://webmaster.petalsearch.com/site/petalbot)" "kurtswebnotes.com"
114.119.136.143 - - [15/Nov/2022:17:52:17 -0800] "GET /wp-includes/sodium_compat/src/Core/ChaCha20/IetfCtx.php HTTP/1.1" 500 - "https://kurtswebnotes.com/wp-includes/sodium_compat/src/Core/ChaCha20/" "Mozilla/5.0 (Linux; Android 7.0;) AppleWebKit/537.36 (KHTML, like Gecko) Mobile Safari/537.36 (compatible; PetalBot;+https://webmaster.petalsearch.com/site/petalbot)" "kurtswebnotes.com"
216.244.66.241 - - [15/Nov/2022:17:54:33 -0800] "GET /robots.txt HTTP/1.1" 200 111 "-" "Mozilla/5.0 (compatible; DotBot/1.2; +https://opensiteexplorer.org/dotbot; help@moz.com)" "www.kurtswebnotes.com"
114.119.136.138 - - [15/Nov/2022:18:02:26 -0800] "GET /wp-includes/sodium_compat/namespaced/Core/Curve25519/Ge/?C=S%3BO%3DA HTTP/1.1" 200 460 "https://kurtswebnotes.com/wp-includes/sodium_compat/namespaced/Core/Curve25519/Ge/?C=M%3BO%3DA" "Mozilla/5.0 (Linux; Android 7.0;) AppleWebKit/537.36 (KHTML, like Gecko) Mobile Safari/537.36 (compatible; PetalBot;+https://webmaster.petalsearch.com/site/petalbot)" "kurtswebnotes.com"
114.119.136.138 - - [15/Nov/2022:18:07:33 -0800] "GET /public_html/?C=N%3BO%3DD HTTP/1.1" 200 315 "https://kurtswebnotes.com/public_html/" "Mozilla/5.0 (Linux; Android 7.0;) AppleWebKit/537.36 (KHTML, like Gecko) Mobile Safari/537.36 (compatible; PetalBot;+https://webmaster.petalsearch.com/site/petalbot)" "kurtswebnotes.com"
152.231.98.184 - - [15/Nov/2022:18:11:14 -0800] "GET /radio.txt HTTP/1.1" 404 73 "-" "Mozilla/5.0 (Windows NT 6.1; WOW64) AppleWebKit/537.36 (KHTML, like Gecko) Chrome/50.0.2661.75 Safari/537.36" "kurtswebnotes.com"
114.119.136.141 - - [15/Nov/2022:18:12:41 -0800] "GET /wp-includes/sodium_compat/src/Core32/Curve25519/H.php HTTP/1.1" 500 - "https://www.kurtswebnotes.com/wp-includes/sodium_compat/src/Core32/Curve25519/?C=D%3BO%3DA" "Mozilla/5.0 (Linux; Android 7.0;) AppleWebKit/537.36 (KHTML, like Gecko) Mobile Safari/537.36 (compatible; PetalBot;+https://webmaster.petalsearch.com/site/petalbot)" "www.kurtswebnotes.com"
114.119.136.141 - - [15/Nov/2022:18:17:47 -0800] "GET /wp-includes/sodium_compat/src/Core/?C=M%3BO%3DA HTTP/1.1" 200 645 "https://kurtswebnotes.com/wp-includes/sodium_compat/src/Core/?C=N%3BO%3DD" "Mozilla/5.0 (Linux; Android 7.0;) AppleWebKit/537.36 (KHTML, like Gecko) Mobile Safari/537.36 (compatible; PetalBot;+https://webmaster.petalsearch.com/site/petalbot)" "kurtswebnotes.com"
114.119.136.138 - - [15/Nov/2022:18:22:54 -0800] "GET /wp-includes/blocks/nextpage/ HTTP/1.1" 200 379 "https://www.kurtswebnotes.com/wp-includes/blocks/?C=D%3BO%3DA" "Mozilla/5.0 (Linux; Android 7.0;) AppleWebKit/537.36 (KHTML, like Gecko) Mobile Safari/537.36 (compatible; PetalBot;+https://webmaster.petalsearch.com/site/petalbot)" "www.kurtswebnotes.com"
114.119.136.143 - - [15/Nov/2022:18:28:01 -0800] "GET /wp-includes/sodium_compat/src/Core32/SipHash.php HTTP/1.1" 500 - "https://kurtswebnotes.com/wp-includes/sodium_compat/src/Core32/?C=D%3BO%3DA" "Mozilla/5.0 (Linux; Android 7.0;) AppleWebKit/537.36 (KHTML, like Gecko) Mobile Safari/537.36 (compatible; PetalBot;+https://webmaster.petalsearch.com/site/petalbot)" "kurtswebnotes.com"
114.119.136.144 - - [15/Nov/2022:18:33:17 -0800] "GET /wp-includes/sodium_compat/src/?C=S%3BO%3DA HTTP/1.1" 200 504 "https://kurtswebnotes.com/wp-includes/sodium_compat/src/?C=M%3BO%3DA" "Mozilla/5.0 (Linux; Android 7.0;) AppleWebKit/537.36 (KHTML, like Gecko) Mobile Safari/537.36 (compatible; PetalBot;+https://webmaster.petalsearch.com/site/petalbot)" "kurtswebnotes.com"
114.119.136.138 - - [15/Nov/2022:18:38:16 -0800] "GET /wp-includes/blocks/rss/?C=N%3BO%3DD HTTP/1.1" 200 374 "https://www.kurtswebnotes.com/wp-includes/blocks/rss/?C=S%3BO%3DD" "Mozilla/5.0 (Linux; Android 7.0;) AppleWebKit/537.36 (KHTML, like Gecko) Mobile Safari/537.36 (compatible; PetalBot;+https://webmaster.petalsearch.com/site/petalbot)" "www.kurtswebnotes.com"
114.119.136.143 - - [15/Nov/2022:18:43:27 -0800] "GET /wp-includes/css/dist/block-directory/?C=D%3BO%3DA HTTP/1.1" 200 421 "https://kurtswebnotes.com/wp-includes/css/dist/block-directory/" "Mozilla/5.0 (Linux; Android 7.0;) AppleWebKit/537.36 (KHTML, like Gecko) Mobile Safari/537.36 (compatible; PetalBot;+https://webmaster.petalsearch.com/site/petalbot)" "kurtswebnotes.com"
216.244.66.241 - - [15/Nov/2022:18:45:12 -0800] "GET /robots.txt HTTP/1.1" 200 111 "-" "Mozilla/5.0 (compatible; DotBot/1.2; +https://opensiteexplorer.org/dotbot; help@moz.com)" "www.kurtswebnotes.com"
114.119.136.138 - - [15/Nov/2022:18:48:34 -0800] "GET /wp-includes/sitemaps/?C=M%3BO%3DA HTTP/1.1" 200 497 "https://kurtswebnotes.com/wp-includes/sitemaps/?C=S%3BO%3DA" "Mozilla/5.0 (Linux; Android 7.0;) AppleWebKit/537.36 (KHTML, like Gecko) Mobile Safari/537.36 (compatible; PetalBot;+https://webmaster.petalsearch.com/site/petalbot)" "kurtswebnotes.com"
114.119.136.138 - - [15/Nov/2022:18:53:40 -0800] "GET /wp-includes/PHPMailer/SMTP.php HTTP/1.1" 200 - "https://kurtswebnotes.com/wp-includes/PHPMailer/?C=S%3BO%3DA" "Mozilla/5.0 (Linux; Android 7.0;) AppleWebKit/537.36 (KHTML, like Gecko) Mobile Safari/537.36 (compatible; PetalBot;+https://webmaster.petalsearch.com/site/petalbot)" "kurtswebnotes.com"
114.119.136.143 - - [15/Nov/2022:18:58:45 -0800] "GET /wp-includes/sodium_compat/src/Core32/Curve25519/Ge/?C=N%3BO%3DD HTTP/1.1" 200 459 "https://www.kurtswebnotes.com/wp-includes/sodium_compat/src/Core32/Curve25519/Ge/?C=M%3BO%3DA" "Mozilla/5.0 (Linux; Android 7.0;) AppleWebKit/537.36 (KHTML, like Gecko) Mobile Safari/537.36 (compatible; PetalBot;+https://webmaster.petalsearch.com/site/petalbot)" "www.kurtswebnotes.com"
51.222.253.20 - - [15/Nov/2022:18:58:53 -0800] "GET /robots.txt HTTP/1.1" 200 101 "-" "Mozilla/5.0 (compatible; AhrefsBot/7.0; +http://ahrefs.com/robot/)" "kurtswebnotes.com"
114.119.136.143 - - [15/Nov/2022:19:03:52 -0800] "GET /wp-includes/blocks/categories/?C=D%3BO%3DA HTTP/1.1" 200 379 "https://kurtswebnotes.com/wp-includes/blocks/categories/?C=N%3BO%3DD" "Mozilla/5.0 (Linux; Android 7.0;) AppleWebKit/537.36 (KHTML, like Gecko) Mobile Safari/537.36 (compatible; PetalBot;+https://webmaster.petalsearch.com/site/petalbot)" "kurtswebnotes.com"
114.119.136.144 - - [15/Nov/2022:19:09:01 -0800] "GET /wp-includes/sodium_compat/src/Crypto32.php HTTP/1.1" 200 - "https://www.kurtswebnotes.com/wp-includes/sodium_compat/src/?C=N%3BO%3DD" "Mozilla/5.0 (Linux; Android 7.0;) AppleWebKit/537.36 (KHTML, like Gecko) Mobile Safari/537.36 (compatible; PetalBot;+https://webmaster.petalsearch.com/site/petalbot)" "www.kurtswebnotes.com"
114.119.136.138 - - [15/Nov/2022:19:14:06 -0800] "GET /wp-includes/block-patterns/?C=D%3BO%3DA HTTP/1.1" 200 548 "https://www.kurtswebnotes.com/wp-includes/block-patterns/" "Mozilla/5.0 (Linux; Android 7.0;) AppleWebKit/537.36 (KHTML, like Gecko) Mobile Safari/537.36 (compatible; PetalBot;+https://webmaster.petalsearch.com/site/petalbot)" "www.kurtswebnotes.com"
114.119.136.143 - - [15/Nov/2022:19:19:15 -0800] "GET /wp-admin/css/colors/?C=D%3BO%3DA HTTP/1.1" 200 362 "https://www.kurtswebnotes.com/wp-admin/css/colors/?C=M%3BO%3DA" "Mozilla/5.0 (Linux; Android 7.0;) AppleWebKit/537.36 (KHTML, like Gecko) Mobile Safari/537.36 (compatible; PetalBot;+https://webmaster.petalsearch.com/site/petalbot)" "www.kurtswebnotes.com"
64.44.102.23 - - [15/Nov/2022:19:20:44 -0800] "GET /blog/2016/01/13/my-first-instagram-image/ HTTP/1.1" 404 73 "https://kurtswebnotes.com/blog/2016/01/13/my-first-instagram-image/" "Mozilla/5.0 (Windows NT 6.1; ) AppleWebKit/537.36 (KHTML, like Gecko) Chrome/90.0.4430.85 Safari/537.36" "kurtswebnotes.com"
64.44.102.23 - - [15/Nov/2022:19:20:44 -0800] "GET / HTTP/1.1" 200 1458 "https://kurtswebnotes.com/" "Mozilla/5.0 (Windows NT 6.1; ) AppleWebKit/537.36 (KHTML, like Gecko) Chrome/90.0.4430.85 Safari/537.36" "kurtswebnotes.com"
114.119.136.143 - - [15/Nov/2022:19:24:20 -0800] "GET /wp-includes/sitemaps/providers/class-wp-sitemaps-taxonomies.php HTTP/1.1" 500 - "https://www.kurtswebnotes.com/wp-includes/sitemaps/providers/?C=S%3BO%3DA" "Mozilla/5.0 (Linux; Android 7.0;) AppleWebKit/537.36 (KHTML, like Gecko) Mobile Safari/537.36 (compatible; PetalBot;+https://webmaster.petalsearch.com/site/petalbot)" "www.kurtswebnotes.com"
114.119.136.141 - - [15/Nov/2022:19:29:36 -0800] "GET / HTTP/1.1" 200 481 "-" "Mozilla/5.0 (Linux; Android 7.0;) AppleWebKit/537.36 (KHTML, like Gecko) Mobile Safari/537.36 (compatible; PetalBot;+https://webmaster.petalsearch.com/site/petalbot)" "www.kurtswebnotes.com"
114.119.136.144 - - [15/Nov/2022:19:34:40 -0800] "GET /wp-includes/sodium_compat/namespaced/Core/Poly1305/?C=M%3BO%3DA HTTP/1.1" 200 401 "https://www.kurtswebnotes.com/wp-includes/sodium_compat/namespaced/Core/Poly1305/?C=S%3BO%3DA" "Mozilla/5.0 (Linux; Android 7.0;) AppleWebKit/537.36 (KHTML, like Gecko) Mobile Safari/537.36 (compatible; PetalBot;+https://webmaster.petalsearch.com/site/petalbot)" "www.kurtswebnotes.com"
216.244.66.241 - - [15/Nov/2022:19:35:08 -0800] "GET /robots.txt HTTP/1.1" 200 111 "-" "Mozilla/5.0 (compatible; DotBot/1.2; +https://opensiteexplorer.org/dotbot; help@moz.com)" "www.kurtswebnotes.com"
114.119.136.144 - - [15/Nov/2022:19:39:43 -0800] "GET /wp-includes/blocks/gallery/?C=N%3BO%3DD HTTP/1.1" 200 379 "https://www.kurtswebnotes.com/wp-includes/blocks/gallery/?C=D%3BO%3DA" "Mozilla/5.0 (Linux; Android 7.0;) AppleWebKit/537.36 (KHTML, like Gecko) Mobile Safari/537.36 (compatible; PetalBot;+https://webmaster.petalsearch.com/site/petalbot)" "www.kurtswebnotes.com"
114.119.136.144 - - [15/Nov/2022:19:44:50 -0800] "GET /wp-admin/css/colors/modern/colors.scss HTTP/1.1" 200 220 "https://www.kurtswebnotes.com/wp-admin/css/colors/modern/?C=M%3BO%3DA" "Mozilla/5.0 (Linux; Android 7.0;) AppleWebKit/537.36 (KHTML, like Gecko) Mobile Safari/537.36 (compatible; PetalBot;+https://webmaster.petalsearch.com/site/petalbot)" "www.kurtswebnotes.com"
114.119.136.143 - - [15/Nov/2022:19:49:58 -0800] "GET /wp-includes/sodium_compat/src/Core32/?C=M%3BO%3DA HTTP/1.1" 200 669 "https://kurtswebnotes.com/wp-includes/sodium_compat/src/Core32/?C=D%3BO%3DA" "Mozilla/5.0 (Linux; Android 7.0;) AppleWebKit/537.36 (KHTML, like Gecko) Mobile Safari/537.36 (compatible; PetalBot;+https://webmaster.petalsearch.com/site/petalbot)" "kurtswebnotes.com"
114.119.136.143 - - [15/Nov/2022:19:55:07 -0800] "GET /wp-includes/sodium_compat/src/Core/SipHash.php HTTP/1.1" 500 - "https://kurtswebnotes.com/wp-includes/sodium_compat/src/Core/?C=M%3BO%3DA" "Mozilla/5.0 (Linux; Android 7.0;) AppleWebKit/537.36 (KHTML, like Gecko) Mobile Safari/537.36 (compatible; PetalBot;+https://webmaster.petalsearch.com/site/petalbot)" "kurtswebnotes.com"
114.119.136.138 - - [15/Nov/2022:20:00:16 -0800] "GET /wp-includes/block-patterns/quote.php HTTP/1.1" 500 - "https://www.kurtswebnotes.com/wp-includes/block-patterns/" "Mozilla/5.0 (Linux; Android 7.0;) AppleWebKit/537.36 (KHTML, like Gecko) Mobile Safari/537.36 (compatible; PetalBot;+https://webmaster.petalsearch.com/site/petalbot)" "www.kurtswebnotes.com"
95.163.255.64 - - [15/Nov/2022:20:00:44 -0800] "GET /robots.txt HTTP/1.1" 200 111 "-" "Mozilla/5.0 (compatible; Linux x86_64; Mail.RU_Bot/2.0; +https://help.mail.ru/webmaster/indexing/robots)" "kurtswebnotes.com"
95.163.255.64 - - [15/Nov/2022:20:00:47 -0800] "GET / HTTP/1.1" 200 481 "-" "Mozilla/5.0 (compatible; Linux x86_64; Mail.RU_Bot/2.0; +https://help.mail.ru/webmaster/indexing/robots)" "kurtswebnotes.com"
114.119.136.141 - - [15/Nov/2022:20:05:38 -0800] "GET /wp-includes/blocks/separator/?C=N%3BO%3DD HTTP/1.1" 200 378 "https://www.kurtswebnotes.com/wp-includes/blocks/separator/?C=M%3BO%3DA" "Mozilla/5.0 (Linux; Android 7.0;) AppleWebKit/537.36 (KHTML, like Gecko) Mobile Safari/537.36 (compatible; PetalBot;+https://webmaster.petalsearch.com/site/petalbot)" "www.kurtswebnotes.com"
114.119.136.141 - - [15/Nov/2022:20:10:29 -0800] "GET /?C=N%3BO%3DD HTTP/1.1" 200 481 "http://www.kurtswebnotes.com?C=M%3BO%3DA" "Mozilla/5.0 (Linux; Android 7.0;) AppleWebKit/537.36 (KHTML, like Gecko) Mobile Safari/537.36 (compatible; PetalBot;+https://webmaster.petalsearch.com/site/petalbot)" "www.kurtswebnotes.com"
114.119.136.138 - - [15/Nov/2022:20:15:33 -0800] "GET /wp-includes/blocks/list/?C=N%3BO%3DD HTTP/1.1" 200 375 "https://kurtswebnotes.com/wp-includes/blocks/list/?C=S%3BO%3DA" "Mozilla/5.0 (Linux; Android 7.0;) AppleWebKit/537.36 (KHTML, like Gecko) Mobile Safari/537.36 (compatible; PetalBot;+https://webmaster.petalsearch.com/site/petalbot)" "kurtswebnotes.com"
114.119.136.143 - - [15/Nov/2022:20:20:43 -0800] "GET /wp-includes/blocks/latest-posts/ HTTP/1.1" 200 381 "https://www.kurtswebnotes.com/wp-includes/blocks/?C=D%3BO%3DA" "Mozilla/5.0 (Linux; Android 7.0;) AppleWebKit/537.36 (KHTML, like Gecko) Mobile Safari/537.36 (compatible; PetalBot;+https://webmaster.petalsearch.com/site/petalbot)" "www.kurtswebnotes.com"
179.43.144.116 - - [15/Nov/2022:20:21:13 -0800] "GET /blog/2016/01/13/my-first-instagram-image/ HTTP/1.1" 404 73 "https://kurtswebnotes.com/blog/2016/01/13/my-first-instagram-image/" "Mozilla/5.0 (Windows NT 6.1; WOW64) AppleWebKit/537.36 (KHTML, like Gecko) Chrome/90.0.4430.93 Safari/537.36" "kurtswebnotes.com"
179.43.144.116 - - [15/Nov/2022:20:21:13 -0800] "GET / HTTP/1.1" 200 1458 "https://kurtswebnotes.com/" "Mozilla/5.0 (Windows NT 6.1; WOW64) AppleWebKit/537.36 (KHTML, like Gecko) Chrome/90.0.4430.93 Safari/537.36" "kurtswebnotes.com"
216.244.66.241 - - [15/Nov/2022:20:24:58 -0800] "GET /robots.txt HTTP/1.1" 200 111 "-" "Mozilla/5.0 (compatible; DotBot/1.2; +https://opensiteexplorer.org/dotbot; help@moz.com)" "www.kurtswebnotes.com"
216.244.66.241 - - [15/Nov/2022:21:14:19 -0800] "GET /robots.txt HTTP/1.1" 200 111 "-" "Mozilla/5.0 (compatible; DotBot/1.2; +https://opensiteexplorer.org/dotbot; help@moz.com)" "www.kurtswebnotes.com"
45.169.70.9 - - [15/Nov/2022:21:15:21 -0800] "GET /blog/2016/01/13/my-first-instagram-image/ HTTP/1.1" 404 73 "https://kurtswebnotes.com/blog/2016/01/13/my-first-instagram-image/" "Mozilla/5.0 (Windows NT 6.3; Win64; x64) AppleWebKit/537.36 (KHTML, like Gecko) Chrome/90.0.4430.85 Safari/537.36 Edg/90.0.818.49" "kurtswebnotes.com"
49.7.21.109 - - [15/Nov/2022:21:23:29 -0800] "GET / HTTP/1.1" 200 481 "-" "Sogou web spider/4.0(+http://www.sogou.com/docs/help/webmasters.htm#07)" "www.kurtswebnotes.com"
51.11.178.147 - - [15/Nov/2022:21:46:07 -0800] "GET /wp-content/themes/seotheme/db.php?u HTTP/1.1" 404 88 "www.google.com" "Mozlila/5.0 (Linux; Android 7.0; SM-G892A Bulid/NRD90M; wv) AppleWebKit/537.36 (KHTML, like Gecko) Version/4.0 Chrome/60.0.3112.107 Moblie Safari/537.36" "kurtswebnotes.com"
51.11.178.147 - - [15/Nov/2022:21:46:12 -0800] "GET /wp-content/themes/seotheme/db.php?u HTTP/1.1" 404 88 "www.google.com" "Mozlila/5.0 (Linux; Android 7.0; SM-G892A Bulid/NRD90M; wv) AppleWebKit/537.36 (KHTML, like Gecko) Version/4.0 Chrome/60.0.3112.107 Moblie Safari/537.36" "kurtswebnotes.com"
216.244.66.241 - - [15/Nov/2022:22:03:28 -0800] "GET /robots.txt HTTP/1.1" 200 111 "-" "Mozilla/5.0 (compatible; DotBot/1.2; +https://opensiteexplorer.org/dotbot; help@moz.com)" "www.kurtswebnotes.com"
185.174.159.245 - - [15/Nov/2022:22:11:02 -0800] "GET / HTTP/1.1" 200 1458 "https://kurtswebnotes.com/" "Mozilla/5.0 (Windows NT 6.2; Win64; x64) AppleWebKit/537.36 (KHTML, like Gecko) Chrome/90.0.4430.72 Safari/537.36" "kurtswebnotes.com"
185.174.159.245 - - [15/Nov/2022:22:11:02 -0800] "GET / HTTP/1.1" 200 1458 "https://kurtswebnotes.com/" "Mozilla/5.0 (Windows NT 10.0) AppleWebKit/537.36 (KHTML, like Gecko) Chrome/90.0.4430.72 Safari/537.36" "kurtswebnotes.com"
185.174.159.245 - - [15/Nov/2022:22:11:02 -0800] "GET / HTTP/1.1" 200 1458 "https://kurtswebnotes.com/" "Mozilla/5.0 (Windows NT 10.0; Win64; x64) AppleWebKit/537.36 (KHTML, like Gecko) Chrome/90.0.4430.93 Safari/537.36" "kurtswebnotes.com"
185.174.159.245 - - [15/Nov/2022:22:11:02 -0800] "GET / HTTP/1.1" 200 1458 "https://kurtswebnotes.com/" "Mozilla/5.0 (Windows NT 6.3) AppleWebKit/537.36 (KHTML, like Gecko) Chrome/90.0.4430.72 Safari/537.36" "kurtswebnotes.com"
185.174.159.245 - - [15/Nov/2022:22:11:03 -0800] "GET / HTTP/1.1" 200 1458 "https://kurtswebnotes.com/" "Mozilla/5.0 (Windows NT 6.3) AppleWebKit/537.36 (KHTML, like Gecko) Chrome/90.0.4430.72 Safari/537.36" "kurtswebnotes.com"
185.174.159.245 - - [15/Nov/2022:22:11:04 -0800] "GET / HTTP/1.1" 200 1458 "https://kurtswebnotes.com/" "Mozilla/5.0 (Windows NT 6.1; WOW64) AppleWebKit/537.36 (KHTML, like Gecko) Chrome/90.0.4430.85 Safari/537.36" "kurtswebnotes.com"
216.244.66.241 - - [15/Nov/2022:22:53:12 -0800] "GET /robots.txt HTTP/1.1" 200 111 "-" "Mozilla/5.0 (compatible; DotBot/1.2; +https://opensiteexplorer.org/dotbot; help@moz.com)" "www.kurtswebnotes.com"
45.8.17.65 - - [15/Nov/2022:23:01:03 -0800] "GET /blog/2016/01/13/my-first-instagram-image/ HTTP/1.1" 404 73 "https://kurtswebnotes.com/blog/2016/01/13/my-first-instagram-image/" "Mozilla/5.0 (Windows NT 6.1; WOW64) AppleWebKit/537.36 (KHTML, like Gecko) Chrome/90.0.4430.93 Safari/537.36" "kurtswebnotes.com"
185.174.159.245 - - [15/Nov/2022:23:45:38 -0800] "GET / HTTP/1.1" 200 1458 "https://kurtswebnotes.com/" "Mozilla/5.0 (Windows NT 10.0; Win64; x64) AppleWebKit/537.36 (KHTML, like Gecko) Chrome/90.0.4430.85 Safari/537.36" "kurtswebnotes.com"
185.174.159.245 - - [15/Nov/2022:23:45:38 -0800] "GET / HTTP/1.1" 200 1458 "https://kurtswebnotes.com/" "Mozilla/5.0 (Windows NT 10.0; WOW64) AppleWebKit/537.36 (KHTML, like Gecko) Chrome/90.0.4430.72 Safari/537.36" "kurtswebnotes.com"
216.244.66.241 - - [15/Nov/2022:23:46:38 -0800] "GET /robots.txt HTTP/1.1" 200 111 "-" "Mozilla/5.0 (compatible; DotBot/1.2; +https://opensiteexplorer.org/dotbot; help@moz.com)" "www.kurtswebnotes.com"
114.119.136.144 - - [15/Nov/2022:23:46:48 -0800] "GET /wp-includes/blocks/column/?C=D%3BO%3DA HTTP/1.1" 200 376 "https://kurtswebnotes.com/wp-includes/blocks/column/?C=N%3BO%3DD" "Mozilla/5.0 (Linux; Android 7.0;) AppleWebKit/537.36 (KHTML, like Gecko) Mobile Safari/537.36 (compatible; PetalBot;+https://webmaster.petalsearch.com/site/petalbot)" "kurtswebnotes.com"
123.125.109.142 - - [15/Nov/2022:23:59:17 -0800] "GET / HTTP/1.1" 200 481 "-" "Sogou web spider/4.0(+http://www.sogou.com/docs/help/webmasters.htm#07)" "www.kurtswebnotes.com"
121.205.229.73 - - [16/Nov/2022:00:12:06 -0800] "GET /blog/2016/01/13/my-first-instagram-image/ HTTP/1.1" 404 73 "https://kurtswebnotes.com/blog/2016/01/13/my-first-instagram-image/" "Mozilla/5.0 (Windows NT 10.0; WOW64) AppleWebKit/537.36 (KHTML, like Gecko) Chrome/90.0.4430.93 Safari/537.36" "kurtswebnotes.com"
121.205.229.73 - - [16/Nov/2022:00:12:07 -0800] "GET / HTTP/1.1" 200 1458 "https://kurtswebnotes.com/" "Mozilla/5.0 (Windows NT 10.0; WOW64) AppleWebKit/537.36 (KHTML, like Gecko) Chrome/90.0.4430.93 Safari/537.36" "kurtswebnotes.com"
216.244.66.241 - - [16/Nov/2022:00:38:33 -0800] "GET /robots.txt HTTP/1.1" 200 111 "-" "Mozilla/5.0 (compatible; DotBot/1.2; +https://opensiteexplorer.org/dotbot; help@moz.com)" "www.kurtswebnotes.com"
114.119.136.141 - - [16/Nov/2022:00:40:13 -0800] "GET /wp-includes/sodium_compat/src/Core32/Curve25519/?C=D%3BO%3DA HTTP/1.1" 200 435 "https://kurtswebnotes.com/wp-includes/sodium_compat/src/Core32/Curve25519/?C=M%3BO%3DA" "Mozilla/5.0 (Linux; Android 7.0;) AppleWebKit/537.36 (KHTML, like Gecko) Mobile Safari/537.36 (compatible; PetalBot;+https://webmaster.petalsearch.com/site/petalbot)" "kurtswebnotes.com"
114.119.136.138 - - [16/Nov/2022:00:45:54 -0800] "GET /wp-includes/?C=M%3BO%3DA HTTP/1.1" 200 459 "https://kurtswebnotes.com/wp-includes/?C=N%3BO%3DD" "Mozilla/5.0 (Linux; Android 7.0;) AppleWebKit/537.36 (KHTML, like Gecko) Mobile Safari/537.36 (compatible; PetalBot;+https://webmaster.petalsearch.com/site/petalbot)" "kurtswebnotes.com"
108.143.151.90 - - [16/Nov/2022:00:47:50 -0800] "POST / HTTP/1.1" 404 88 "-" "Mozilla/5.0 (Linux; U; Android 4.4.2; en-US; HM NOTE 1W Build/KOT49H) AppleWebKit/534.30 (KHTML, like Gecko) Version/4.0 UCBrowser/11.0.5.850 U3/0.8.0 Mobile Safari/534.30" "kurtswebnotes.com"
108.143.151.90 - - [16/Nov/2022:00:47:57 -0800] "GET /vendor/phpunit/phpunit/src/Util/PHP/eval-stdin.php HTTP/1.1" 404 88 "-" "python-requests/2.28.1" "kurtswebnotes.com"
114.119.136.143 - - [16/Nov/2022:00:51:34 -0800] "GET /wp-includes/css/dist/ HTTP/1.1" 200 382 "https://www.kurtswebnotes.com/wp-includes/css/dist/block-editor/?C=N%3BO%3DD" "Mozilla/5.0 (Linux; Android 7.0;) AppleWebKit/537.36 (KHTML, like Gecko) Mobile Safari/537.36 (compatible; PetalBot;+https://webmaster.petalsearch.com/site/petalbot)" "www.kurtswebnotes.com"
114.119.136.144 - - [16/Nov/2022:00:57:14 -0800] "GET /wp-includes/blocks/block/block.json HTTP/1.1" 200 176 "https://www.kurtswebnotes.com/wp-includes/blocks/block/?C=M%3BO%3DA" "Mozilla/5.0 (Linux; Android 7.0;) AppleWebKit/537.36 (KHTML, like Gecko) Mobile Safari/537.36 (compatible; PetalBot;+https://webmaster.petalsearch.com/site/petalbot)" "www.kurtswebnotes.com"
114.119.136.143 - - [16/Nov/2022:01:02:51 -0800] "GET /wp-includes/sodium_compat/src/Core32/Curve25519/Ge/P3.php HTTP/1.1" 200 - "https://www.kurtswebnotes.com/wp-includes/sodium_compat/src/Core32/Curve25519/Ge/?C=D%3BO%3DA" "Mozilla/5.0 (Linux; Android 7.0;) AppleWebKit/537.36 (KHTML, like Gecko) Mobile Safari/537.36 (compatible; PetalBot;+https://webmaster.petalsearch.com/site/petalbot)" "www.kurtswebnotes.com"
114.119.136.144 - - [16/Nov/2022:01:08:36 -0800] "GET /wp-includes/blocks/media-text/?C=N%3BO%3DD HTTP/1.1" 200 381 "https://kurtswebnotes.com/wp-includes/blocks/media-text/" "Mozilla/5.0 (Linux; Android 7.0;) AppleWebKit/537.36 (KHTML, like Gecko) Mobile Safari/537.36 (compatible; PetalBot;+https://webmaster.petalsearch.com/site/petalbot)" "kurtswebnotes.com"
114.119.136.141 - - [16/Nov/2022:01:14:06 -0800] "GET /wp-includes/sodium_compat/src/PHP52/?C=D%3BO%3DA HTTP/1.1" 200 397 "https://www.kurtswebnotes.com/wp-includes/sodium_compat/src/PHP52/?C=S%3BO%3DA" "Mozilla/5.0 (Linux; Android 7.0;) AppleWebKit/537.36 (KHTML, like Gecko) Mobile Safari/537.36 (compatible; PetalBot;+https://webmaster.petalsearch.com/site/petalbot)" "www.kurtswebnotes.com"
114.119.136.138 - - [16/Nov/2022:01:19:43 -0800] "GET /wp-includes/sodium_compat/namespaced/Core/Curve25519/Fe.php HTTP/1.1" 500 - "https://kurtswebnotes.com/wp-includes/sodium_compat/namespaced/Core/Curve25519/?C=N%3BO%3DD" "Mozilla/5.0 (Linux; Android 7.0;) AppleWebKit/537.36 (KHTML, like Gecko) Mobile Safari/537.36 (compatible; PetalBot;+https://webmaster.petalsearch.com/site/petalbot)" "kurtswebnotes.com"
114.119.136.143 - - [16/Nov/2022:01:25:23 -0800] "GET /wp-includes/sodium_compat/src/Core32/HSalsa20.php HTTP/1.1" 500 - "https://kurtswebnotes.com/wp-includes/sodium_compat/src/Core32/?C=D%3BO%3DA" "Mozilla/5.0 (Linux; Android 7.0;) AppleWebKit/537.36 (KHTML, like Gecko) Mobile Safari/537.36 (compatible; PetalBot;+https://webmaster.petalsearch.com/site/petalbot)" "kurtswebnotes.com"
216.244.66.241 - - [16/Nov/2022:01:29:42 -0800] "GET /robots.txt HTTP/1.1" 200 111 "-" "Mozilla/5.0 (compatible; DotBot/1.2; +https://opensiteexplorer.org/dotbot; help@moz.com)" "www.kurtswebnotes.com"
114.119.136.144 - - [16/Nov/2022:01:31:02 -0800] "GET /wp-includes/blocks/spacer/?C=S%3BO%3DA HTTP/1.1" 200 376 "https://kurtswebnotes.com/wp-includes/blocks/spacer/" "Mozilla/5.0 (Linux; Android 7.0;) AppleWebKit/537.36 (KHTML, like Gecko) Mobile Safari/537.36 (compatible; PetalBot;+https://webmaster.petalsearch.com/site/petalbot)" "kurtswebnotes.com"
114.119.136.141 - - [16/Nov/2022:01:36:37 -0800] "GET /wp-includes/blocks/more/?C=D%3BO%3DA HTTP/1.1" 200 376 "https://kurtswebnotes.com/wp-includes/blocks/more/?C=M%3BO%3DA" "Mozilla/5.0 (Linux; Android 7.0;) AppleWebKit/537.36 (KHTML, like Gecko) Mobile Safari/537.36 (compatible; PetalBot;+https://webmaster.petalsearch.com/site/petalbot)" "kurtswebnotes.com"
193.235.141.169 - - [16/Nov/2022:01:41:00 -0800] "GET / HTTP/1.1" 200 481 "-" "Mozilla/5.0 (Windows NT 10.0; Win64; x64) AppleWebKit/537.36 (KHTML, like Gecko) Chrome/105.0.0.0 Safari/537.36" "kurtswebnotes.com"
193.235.141.169 - - [16/Nov/2022:01:41:01 -0800] "GET /favicon.ico HTTP/1.1" 404 88 "-" "Mozilla/5.0 (Windows NT 10.0; Win64; x64) AppleWebKit/537.36 (KHTML, like Gecko) Chrome/105.0.0.0 Safari/537.36" "kurtswebnotes.com"
114.119.136.141 - - [16/Nov/2022:01:42:14 -0800] "GET /wp-includes/PHPMailer/?C=D%3BO%3DA HTTP/1.1" 200 416 "https://kurtswebnotes.com/wp-includes/PHPMailer/?C=S%3BO%3DA" "Mozilla/5.0 (Linux; Android 7.0;) AppleWebKit/537.36 (KHTML, like Gecko) Mobile Safari/537.36 (compatible; PetalBot;+https://webmaster.petalsearch.com/site/petalbot)" "kurtswebnotes.com"
114.119.136.144 - - [16/Nov/2022:01:47:51 -0800] "GET /wp-includes/block-patterns/text-three-columns-buttons.php HTTP/1.1" 500 - "https://kurtswebnotes.com/wp-includes/block-patterns/?C=M%3BO%3DA" "Mozilla/5.0 (Linux; Android 7.0;) AppleWebKit/537.36 (KHTML, like Gecko) Mobile Safari/537.36 (compatible; PetalBot;+https://webmaster.petalsearch.com/site/petalbot)" "kurtswebnotes.com"
114.119.136.141 - - [16/Nov/2022:01:53:29 -0800] "GET /wp-includes/blocks/group/?C=S%3BO%3DA HTTP/1.1" 200 377 "https://kurtswebnotes.com/wp-includes/blocks/group/" "Mozilla/5.0 (Linux; Android 7.0;) AppleWebKit/537.36 (KHTML, like Gecko) Mobile Safari/537.36 (compatible; PetalBot;+https://webmaster.petalsearch.com/site/petalbot)" "kurtswebnotes.com"
114.119.136.141 - - [16/Nov/2022:01:59:08 -0800] "GET /wp-admin/css/colors/modern/?C=N%3BO%3DD HTTP/1.1" 200 438 "https://www.kurtswebnotes.com/wp-admin/css/colors/modern/?C=M%3BO%3DA" "Mozilla/5.0 (Linux; Android 7.0;) AppleWebKit/537.36 (KHTML, like Gecko) Mobile Safari/537.36 (compatible; PetalBot;+https://webmaster.petalsearch.com/site/petalbot)" "www.kurtswebnotes.com"
114.119.136.143 - - [16/Nov/2022:02:04:44 -0800] "GET /wp-includes/PHPMailer/?C=S%3BO%3DA HTTP/1.1" 200 416 "https://www.kurtswebnotes.com/wp-includes/PHPMailer/?C=N%3BO%3DD" "Mozilla/5.0 (Linux; Android 7.0;) AppleWebKit/537.36 (KHTML, like Gecko) Mobile Safari/537.36 (compatible; PetalBot;+https://webmaster.petalsearch.com/site/petalbot)" "www.kurtswebnotes.com"
114.119.136.144 - - [16/Nov/2022:02:10:22 -0800] "GET /wp-includes/blocks/rss/?C=N%3BO%3DA HTTP/1.1" 200 374 "https://www.kurtswebnotes.com/wp-includes/blocks/rss/?C=S;O=A" "Mozilla/5.0 (Linux; Android 7.0;) AppleWebKit/537.36 (KHTML, like Gecko) Mobile Safari/537.36 (compatible; PetalBot;+https://webmaster.petalsearch.com/site/petalbot)" "www.kurtswebnotes.com"
114.119.136.143 - - [16/Nov/2022:02:16:00 -0800] "GET /wp-includes/sodium_compat/src/Core32/Curve25519/Ge/?C=D%3BO%3DA HTTP/1.1" 200 459 "https://www.kurtswebnotes.com/wp-includes/sodium_compat/src/Core32/Curve25519/Ge/?C=M%3BO%3DA" "Mozilla/5.0 (Linux; Android 7.0;) AppleWebKit/537.36 (KHTML, like Gecko) Mobile Safari/537.36 (compatible; PetalBot;+https://webmaster.petalsearch.com/site/petalbot)" "www.kurtswebnotes.com"
216.244.66.241 - - [16/Nov/2022:02:20:41 -0800] "GET /robots.txt HTTP/1.1" 200 111 "-" "Mozilla/5.0 (compatible; DotBot/1.2; +https://opensiteexplorer.org/dotbot; help@moz.com)" "www.kurtswebnotes.com"
154.6.30.30 - - [16/Nov/2022:02:21:08 -0800] "GET /blog/2016/01/13/my-first-instagram-image/ HTTP/1.1" 404 73 "https://kurtswebnotes.com/blog/2016/01/13/my-first-instagram-image/" "Mozilla/5.0 (Windows NT 10.0; Win64; x64) AppleWebKit/537.36 (KHTML, like Gecko) Chrome/90.0.4430.85 Safari/537.36" "kurtswebnotes.com"
154.6.30.30 - - [16/Nov/2022:02:21:10 -0800] "GET / HTTP/1.1" 200 1458 "https://kurtswebnotes.com/" "Mozilla/5.0 (Windows NT 10.0; Win64; x64) AppleWebKit/537.36 (KHTML, like Gecko) Chrome/90.0.4430.85 Safari/537.36" "kurtswebnotes.com"
114.119.136.144 - - [16/Nov/2022:02:21:37 -0800] "GET /wp-includes/sodium_compat/src/Core32/Curve25519/Ge/Cached.php HTTP/1.1" 200 - "https://kurtswebnotes.com/wp-includes/sodium_compat/src/Core32/Curve25519/Ge/?C=N%3BO%3DD" "Mozilla/5.0 (Linux; Android 7.0;) AppleWebKit/537.36 (KHTML, like Gecko) Mobile Safari/537.36 (compatible; PetalBot;+https://webmaster.petalsearch.com/site/petalbot)" "kurtswebnotes.com"
114.119.136.141 - - [16/Nov/2022:02:27:18 -0800] "GET /wp-includes/sodium_compat/src/Core32/ChaCha20/ HTTP/1.1" 200 415 "https://kurtswebnotes.com/wp-includes/sodium_compat/src/Core32/?C=D%3BO%3DA" "Mozilla/5.0 (Linux; Android 7.0;) AppleWebKit/537.36 (KHTML, like Gecko) Mobile Safari/537.36 (compatible; PetalBot;+https://webmaster.petalsearch.com/site/petalbot)" "kurtswebnotes.com"
114.119.136.144 - - [16/Nov/2022:02:33:01 -0800] "GET /wp-includes/blocks/quote/block.json HTTP/1.1" 200 222 "https://kurtswebnotes.com/wp-includes/blocks/quote/?C=N%3BO%3DD" "Mozilla/5.0 (Linux; Android 7.0;) AppleWebKit/537.36 (KHTML, like Gecko) Mobile Safari/537.36 (compatible; PetalBot;+https://webmaster.petalsearch.com/site/petalbot)" "kurtswebnotes.com"
114.119.136.138 - - [16/Nov/2022:02:38:39 -0800] "GET /wp-includes/sodium_compat/namespaced/Core/Poly1305/?C=D%3BO%3DA HTTP/1.1" 200 401 "https://www.kurtswebnotes.com/wp-includes/sodium_compat/namespaced/Core/Poly1305/?C=S%3BO%3DA" "Mozilla/5.0 (Linux; Android 7.0;) AppleWebKit/537.36 (KHTML, like Gecko) Mobile Safari/537.36 (compatible; PetalBot;+https://webmaster.petalsearch.com/site/petalbot)" "www.kurtswebnotes.com"
114.119.136.138 - - [16/Nov/2022:02:44:21 -0800] "GET /wp-includes/blocks/preformatted/?C=D%3BO%3DA HTTP/1.1" 200 382 "https://www.kurtswebnotes.com/wp-includes/blocks/preformatted/?C=D%3BO%3DA" "Mozilla/5.0 (Linux; Android 7.0;) AppleWebKit/537.36 (KHTML, like Gecko) Mobile Safari/537.36 (compatible; PetalBot;+https://webmaster.petalsearch.com/site/petalbot)" "www.kurtswebnotes.com"
114.119.136.141 - - [16/Nov/2022:02:49:56 -0800] "GET /wp-includes/blocks/latest-comments/?C=M%3BO%3DA HTTP/1.1" 200 383 "https://www.kurtswebnotes.com/wp-includes/blocks/latest-comments/?C=S%3BO%3DA" "Mozilla/5.0 (Linux; Android 7.0;) AppleWebKit/537.36 (KHTML, like Gecko) Mobile Safari/537.36 (compatible; PetalBot;+https://webmaster.petalsearch.com/site/petalbot)" "www.kurtswebnotes.com"
114.119.136.138 - - [16/Nov/2022:02:55:38 -0800] "GET /wp-includes/sodium_compat/src/PHP52/?C=N%3BO%3DD HTTP/1.1" 200 397 "https://kurtswebnotes.com/wp-includes/sodium_compat/src/PHP52/?C=M%3BO%3DA" "Mozilla/5.0 (Linux; Android 7.0;) AppleWebKit/537.36 (KHTML, like Gecko) Mobile Safari/537.36 (compatible; PetalBot;+https://webmaster.petalsearch.com/site/petalbot)" "kurtswebnotes.com"
114.119.136.138 - - [16/Nov/2022:03:01:13 -0800] "GET /wp-includes/blocks/calendar/block.json HTTP/1.1" 200 161 "https://www.kurtswebnotes.com/wp-includes/blocks/calendar/?C=M%3BO%3DA" "Mozilla/5.0 (Linux; Android 7.0;) AppleWebKit/537.36 (KHTML, like Gecko) Mobile Safari/537.36 (compatible; PetalBot;+https://webmaster.petalsearch.com/site/petalbot)" "www.kurtswebnotes.com"
114.119.136.138 - - [16/Nov/2022:03:06:59 -0800] "GET /wp-includes/blocks/?C=N%3BO%3DD HTTP/1.1" 200 804 "https://www.kurtswebnotes.com/wp-includes/blocks/?C=D%3BO%3DA" "Mozilla/5.0 (Linux; Android 7.0;) AppleWebKit/537.36 (KHTML, like Gecko) Mobile Safari/537.36 (compatible; PetalBot;+https://webmaster.petalsearch.com/site/petalbot)" "www.kurtswebnotes.com"
216.244.66.241 - - [16/Nov/2022:03:10:51 -0800] "GET /robots.txt HTTP/1.1" 200 111 "-" "Mozilla/5.0 (compatible; DotBot/1.2; +https://opensiteexplorer.org/dotbot; help@moz.com)" "www.kurtswebnotes.com"
114.119.136.143 - - [16/Nov/2022:03:12:26 -0800] "GET /wp-includes/blocks/preformatted/ HTTP/1.1" 200 382 "https://kurtswebnotes.com/wp-includes/blocks/?C=N%3BO%3DD" "Mozilla/5.0 (Linux; Android 7.0;) AppleWebKit/537.36 (KHTML, like Gecko) Mobile Safari/537.36 (compatible; PetalBot;+https://webmaster.petalsearch.com/site/petalbot)" "kurtswebnotes.com"
114.119.136.144 - - [16/Nov/2022:03:18:01 -0800] "GET /wp-includes/sodium_compat/namespaced/Core/Curve25519/ HTTP/1.1" 200 436 "https://kurtswebnotes.com/wp-includes/sodium_compat/namespaced/Core/Curve25519/Ge/?C=D%3BO%3DA" "Mozilla/5.0 (Linux; Android 7.0;) AppleWebKit/537.36 (KHTML, like Gecko) Mobile Safari/537.36 (compatible; PetalBot;+https://webmaster.petalsearch.com/site/petalbot)" "kurtswebnotes.com"
114.119.136.143 - - [16/Nov/2022:03:23:40 -0800] "GET /wp-includes/blocks/html/block.json HTTP/1.1" 200 183 "https://www.kurtswebnotes.com/wp-includes/blocks/html/?C=N%3BO%3DD" "Mozilla/5.0 (Linux; Android 7.0;) AppleWebKit/537.36 (KHTML, like Gecko) Mobile Safari/537.36 (compatible; PetalBot;+https://webmaster.petalsearch.com/site/petalbot)" "www.kurtswebnotes.com"
114.119.136.143 - - [16/Nov/2022:03:29:13 -0800] "GET /wp-includes/blocks/buttons/?C=D%3BO%3DA HTTP/1.1" 200 378 "https://kurtswebnotes.com/wp-includes/blocks/buttons/" "Mozilla/5.0 (Linux; Android 7.0;) AppleWebKit/537.36 (KHTML, like Gecko) Mobile Safari/537.36 (compatible; PetalBot;+https://webmaster.petalsearch.com/site/petalbot)" "kurtswebnotes.com"
114.119.136.141 - - [16/Nov/2022:03:34:51 -0800] "GET /wp-includes/blocks/image/?C=N%3BO%3DD HTTP/1.1" 200 378 "https://www.kurtswebnotes.com/wp-includes/blocks/image/" "Mozilla/5.0 (Linux; Android 7.0;) AppleWebKit/537.36 (KHTML, like Gecko) Mobile Safari/537.36 (compatible; PetalBot;+https://webmaster.petalsearch.com/site/petalbot)" "www.kurtswebnotes.com"
114.119.136.141 - - [16/Nov/2022:03:40:28 -0800] "GET /wp-includes/sodium_compat/src/Core32/SecretStream/State.php HTTP/1.1" 200 - "https://www.kurtswebnotes.com/wp-includes/sodium_compat/src/Core32/SecretStream/" "Mozilla/5.0 (Linux; Android 7.0;) AppleWebKit/537.36 (KHTML, like Gecko) Mobile Safari/537.36 (compatible; PetalBot;+https://webmaster.petalsearch.com/site/petalbot)" "www.kurtswebnotes.com"
114.119.136.143 - - [16/Nov/2022:03:46:05 -0800] "GET /wp-includes/blocks/group/?C=N%3BO%3DD HTTP/1.1" 200 377 "https://www.kurtswebnotes.com/wp-includes/blocks/group/?C=M%3BO%3DA" "Mozilla/5.0 (Linux; Android 7.0;) AppleWebKit/537.36 (KHTML, like Gecko) Mobile Safari/537.36 (compatible; PetalBot;+https://webmaster.petalsearch.com/site/petalbot)" "www.kurtswebnotes.com"
114.119.136.141 - - [16/Nov/2022:03:51:45 -0800] "GET /wp-admin/css/colors/modern/colors.min.css HTTP/1.1" 200 3122 "https://kurtswebnotes.com/wp-admin/css/colors/modern/" "Mozilla/5.0 (Linux; Android 7.0;) AppleWebKit/537.36 (KHTML, like Gecko) Mobile Safari/537.36 (compatible; PetalBot;+https://webmaster.petalsearch.com/site/petalbot)" "kurtswebnotes.com"
114.119.136.143 - - [16/Nov/2022:03:57:16 -0800] "GET /wp-includes/block-supports/align.php HTTP/1.1" 500 - "https://kurtswebnotes.com/wp-includes/block-supports/?C=S%3BO%3DA" "Mozilla/5.0 (Linux; Android 7.0;) AppleWebKit/537.36 (KHTML, like Gecko) Mobile Safari/537.36 (compatible; PetalBot;+https://webmaster.petalsearch.com/site/petalbot)" "kurtswebnotes.com"
