114.119.136.141 - - [09/Nov/2022:04:00:33 -0800] "GET /wp-includes/sodium_compat/src/Core/Curve25519/?C=N%3BO%3DD HTTP/1.1" 200 432 "https://kurtswebnotes.com/wp-includes/sodium_compat/src/Core/Curve25519/?C=M%3BO%3DA" "Mozilla/5.0 (Linux; Android 7.0;) AppleWebKit/537.36 (KHTML, like Gecko) Mobile Safari/537.36 (compatible; PetalBot;+https://webmaster.petalsearch.com/site/petalbot)" "kurtswebnotes.com"
51.222.253.19 - - [09/Nov/2022:04:00:37 -0800] "GET /wp-includes/blocks/verse/?C=N;O=D HTTP/1.1" 200 375 "-" "Mozilla/5.0 (compatible; AhrefsBot/7.0; +http://ahrefs.com/robot/)" "kurtswebnotes.com"
114.119.136.138 - - [09/Nov/2022:04:05:39 -0800] "GET /wp-includes/blocks/social-link/?C=N%3BO%3DD HTTP/1.1" 200 380 "https://www.kurtswebnotes.com/wp-includes/blocks/social-link/" "Mozilla/5.0 (Linux; Android 7.0;) AppleWebKit/537.36 (KHTML, like Gecko) Mobile Safari/537.36 (compatible; PetalBot;+https://webmaster.petalsearch.com/site/petalbot)" "www.kurtswebnotes.com"
114.119.136.144 - - [09/Nov/2022:04:10:45 -0800] "GET /wp-includes/PHPMailer/?C=S%3BO%3DA HTTP/1.1" 200 416 "https://kurtswebnotes.com/wp-includes/PHPMailer/?C=N%3BO%3DD" "Mozilla/5.0 (Linux; Android 7.0;) AppleWebKit/537.36 (KHTML, like Gecko) Mobile Safari/537.36 (compatible; PetalBot;+https://webmaster.petalsearch.com/site/petalbot)" "kurtswebnotes.com"
154.92.112.167 - - [09/Nov/2022:04:14:33 -0800] "GET / HTTP/1.1" 200 1458 "kurtswebnotes.com" "Mozilla/5.0 (X11; Linux x86_64) AppleWebKit/535.21 (KHTML, like Gecko) Chrome/19.0.1042.0 Safari/535.21" "kurtswebnotes.com"
114.119.136.14 - - [09/Nov/2022:04:15:48 -0800] "GET /wp-admin/css/?C=S%3BO%3DA HTTP/1.1" 200 357 "https://kurtswebnotes.com/wp-admin/css/?C=D%3BO%3DA" "Mozilla/5.0 (Linux; Android 7.0;) AppleWebKit/537.36 (KHTML, like Gecko) Mobile Safari/537.36 (compatible; PetalBot;+https://webmaster.petalsearch.com/site/petalbot)" "kurtswebnotes.com"
51.222.253.12 - - [09/Nov/2022:04:19:25 -0800] "GET /wp-includes/sodium_compat/?C=M;O=A HTTP/1.1" 200 490 "-" "Mozilla/5.0 (compatible; AhrefsBot/7.0; +http://ahrefs.com/robot/)" "www.kurtswebnotes.com"
114.119.136.14 - - [09/Nov/2022:04:20:53 -0800] "GET /?C=N%3BO%3DD HTTP/1.1" 200 481 "http://www.kurtswebnotes.com?C=M%3BO%3DA" "Mozilla/5.0 (Linux; Android 7.0;) AppleWebKit/537.36 (KHTML, like Gecko) Mobile Safari/537.36 (compatible; PetalBot;+https://webmaster.petalsearch.com/site/petalbot)" "www.kurtswebnotes.com"
114.119.136.143 - - [09/Nov/2022:04:25:55 -0800] "GET /wp-includes/css/dist/?C=N%3BO%3DD HTTP/1.1" 200 382 "https://kurtswebnotes.com/wp-includes/css/dist/?C=S%3BO%3DA" "Mozilla/5.0 (Linux; Android 7.0;) AppleWebKit/537.36 (KHTML, like Gecko) Mobile Safari/537.36 (compatible; PetalBot;+https://webmaster.petalsearch.com/site/petalbot)" "kurtswebnotes.com"
216.244.66.241 - - [09/Nov/2022:04:27:14 -0800] "GET /robots.txt HTTP/1.1" 200 111 "-" "Mozilla/5.0 (compatible; DotBot/1.2; +https://opensiteexplorer.org/dotbot; help@moz.com)" "www.kurtswebnotes.com"
114.119.136.144 - - [09/Nov/2022:04:31:02 -0800] "GET /wp-includes/blocks/nextpage/block.json HTTP/1.1" 200 172 "https://www.kurtswebnotes.com/wp-includes/blocks/nextpage/?C=M%3BO%3DA" "Mozilla/5.0 (Linux; Android 7.0;) AppleWebKit/537.36 (KHTML, like Gecko) Mobile Safari/537.36 (compatible; PetalBot;+https://webmaster.petalsearch.com/site/petalbot)" "www.kurtswebnotes.com"
114.119.136.144 - - [09/Nov/2022:04:36:10 -0800] "GET /wp-includes/sodium_compat/lib/?C=D%3BO%3DA HTTP/1.1" 200 460 "https://kurtswebnotes.com/wp-includes/sodium_compat/lib/?C=S%3BO%3DA" "Mozilla/5.0 (Linux; Android 7.0;) AppleWebKit/537.36 (KHTML, like Gecko) Mobile Safari/537.36 (compatible; PetalBot;+https://webmaster.petalsearch.com/site/petalbot)" "kurtswebnotes.com"
51.222.253.10 - - [09/Nov/2022:04:38:33 -0800] "GET /wp-includes/css/dist/block-editor/?C=D;O=A HTTP/1.1" 200 424 "-" "Mozilla/5.0 (compatible; AhrefsBot/7.0; +http://ahrefs.com/robot/)" "www.kurtswebnotes.com"
114.119.136.141 - - [09/Nov/2022:04:41:20 -0800] "GET /wp-includes/css/dist/block-editor/style-rtl.min.css HTTP/1.1" 200 12123 "https://kurtswebnotes.com/wp-includes/css/dist/block-editor/?C=D%3BO%3DA" "Mozilla/5.0 (Linux; Android 7.0;) AppleWebKit/537.36 (KHTML, like Gecko) Mobile Safari/537.36 (compatible; PetalBot;+https://webmaster.petalsearch.com/site/petalbot)" "kurtswebnotes.com"
51.222.253.12 - - [09/Nov/2022:04:46:00 -0800] "GET /wp-includes/sodium_compat/src/Core/Base64/Common.php HTTP/1.1" 200 - "-" "Mozilla/5.0 (compatible; AhrefsBot/7.0; +http://ahrefs.com/robot/)" "kurtswebnotes.com"
114.119.136.143 - - [09/Nov/2022:04:46:28 -0800] "GET /wp-includes/sodium_compat/?C=N%3BO%3DD HTTP/1.1" 200 493 "https://www.kurtswebnotes.com/wp-includes/sodium_compat/" "Mozilla/5.0 (Linux; Android 7.0;) AppleWebKit/537.36 (KHTML, like Gecko) Mobile Safari/537.36 (compatible; PetalBot;+https://webmaster.petalsearch.com/site/petalbot)" "www.kurtswebnotes.com"
40.77.51.85 - - [09/Nov/2022:04:46:53 -0800] "GET /blog/wp-content/uploads/2013/06/wpid-IMAG0859-150x89.jpg HTTP/1.1" 404 88 "http://kurtswebnotes.com/blog/wp-content/uploads/2013/06" "Mozilla/5.0 (Windows NT 10.0; Win64; x64) AppleWebKit/537.36 (KHTML, like Gecko) Chrome/74.0.3729.157 Safari/537.36" "kurtswebnotes.com"
114.119.136.144 - - [09/Nov/2022:04:51:43 -0800] "GET /download?M=D HTTP/1.1" 301 1419 "http://www.kurtswebnotes.com/download?M=A" "Mozilla/5.0 (Linux; Android 7.0;) AppleWebKit/537.36 (KHTML, like Gecko) Mobile Safari/537.36 (compatible; PetalBot;+https://webmaster.petalsearch.com/site/petalbot)" "www.kurtswebnotes.com"
114.119.136.144 - - [09/Nov/2022:04:51:45 -0800] "GET /download/?M=D HTTP/1.1" 200 313 "http://www.kurtswebnotes.com/download?M=A" "Mozilla/5.0 (Linux; Android 7.0;) AppleWebKit/537.36 (KHTML, like Gecko) Mobile Safari/537.36 (compatible; PetalBot;+https://webmaster.petalsearch.com/site/petalbot)" "www.kurtswebnotes.com"
40.122.230.188 - - [09/Nov/2022:04:52:18 -0800] "GET /blog/wp-content/uploads/2013/02/GabbyDouglas01mod-150x99.jpg HTTP/1.1" 404 88 "http://kurtswebnotes.com/blog/wp-content/uploads/2013/02" "Mozilla/5.0 (Windows NT 10.0; Win64; x64) AppleWebKit/537.36 (KHTML, like Gecko) Chrome/74.0.3729.157 Safari/537.36" "kurtswebnotes.com"
51.222.253.16 - - [09/Nov/2022:04:52:43 -0800] "GET /wp-includes/sodium_compat/src/Core/Base64/Original.php HTTP/1.1" 200 - "-" "Mozilla/5.0 (compatible; AhrefsBot/7.0; +http://ahrefs.com/robot/)" "kurtswebnotes.com"
114.119.136.138 - - [09/Nov/2022:04:56:57 -0800] "GET /?C=M%3BO%3DA HTTP/1.1" 200 481 "https://kurtswebnotes.com" "Mozilla/5.0 (Linux; Android 7.0;) AppleWebKit/537.36 (KHTML, like Gecko) Mobile Safari/537.36 (compatible; PetalBot;+https://webmaster.petalsearch.com/site/petalbot)" "kurtswebnotes.com"
51.222.253.16 - - [09/Nov/2022:05:01:19 -0800] "GET /wp-includes/assets/script-loader-packages.php HTTP/1.1" 200 - "-" "Mozilla/5.0 (compatible; AhrefsBot/7.0; +http://ahrefs.com/robot/)" "www.kurtswebnotes.com"
114.119.136.14 - - [09/Nov/2022:05:02:05 -0800] "GET /wp-includes/sodium_compat/namespaced/Core/Curve25519/Ge/?C=N%3BO%3DD HTTP/1.1" 200 460 "https://kurtswebnotes.com/wp-includes/sodium_compat/namespaced/Core/Curve25519/Ge/?C=D%3BO%3DA" "Mozilla/5.0 (Linux; Android 7.0;) AppleWebKit/537.36 (KHTML, like Gecko) Mobile Safari/537.36 (compatible; PetalBot;+https://webmaster.petalsearch.com/site/petalbot)" "kurtswebnotes.com"
114.119.136.143 - - [09/Nov/2022:05:07:23 -0800] "GET /wp-includes/blocks/more/block.json HTTP/1.1" 200 210 "https://www.kurtswebnotes.com/wp-includes/blocks/more/?C=N%3BO%3DD" "Mozilla/5.0 (Linux; Android 7.0;) AppleWebKit/537.36 (KHTML, like Gecko) Mobile Safari/537.36 (compatible; PetalBot;+https://webmaster.petalsearch.com/site/petalbot)" "www.kurtswebnotes.com"
114.119.136.141 - - [09/Nov/2022:05:12:44 -0800] "GET /wp-includes/sitemaps/class-wp-sitemaps-provider.php HTTP/1.1" 200 - "https://kurtswebnotes.com/wp-includes/sitemaps/?C=N%3BO%3DD" "Mozilla/5.0 (Linux; Android 7.0;) AppleWebKit/537.36 (KHTML, like Gecko) Mobile Safari/537.36 (compatible; PetalBot;+https://webmaster.petalsearch.com/site/petalbot)" "kurtswebnotes.com"
114.119.136.141 - - [09/Nov/2022:05:18:09 -0800] "GET /wp-includes/blocks/media-text/ HTTP/1.1" 200 381 "https://kurtswebnotes.com/wp-includes/blocks/" "Mozilla/5.0 (Linux; Android 7.0;) AppleWebKit/537.36 (KHTML, like Gecko) Mobile Safari/537.36 (compatible; PetalBot;+https://webmaster.petalsearch.com/site/petalbot)" "kurtswebnotes.com"
51.222.253.3 - - [09/Nov/2022:05:19:01 -0800] "GET /wp-includes/block-supports/ HTTP/1.1" 200 462 "-" "Mozilla/5.0 (compatible; AhrefsBot/7.0; +http://ahrefs.com/robot/)" "www.kurtswebnotes.com"
114.119.141.203 - - [09/Nov/2022:05:19:25 -0800] "GET /robots.txt HTTP/1.1" 200 101 "-" "Mozilla/5.0 (compatible;PetalBot;+https://webmaster.petalsearch.com/site/petalbot)" "kurtswebnotes.com"
114.119.136.143 - - [09/Nov/2022:05:23:44 -0800] "GET /wp-includes/sodium_compat/src/Core/ChaCha20/?C=D%3BO%3DA HTTP/1.1" 200 412 "https://kurtswebnotes.com/wp-includes/sodium_compat/src/Core/ChaCha20/?C=S%3BO%3DA" "Mozilla/5.0 (Linux; Android 7.0;) AppleWebKit/537.36 (KHTML, like Gecko) Mobile Safari/537.36 (compatible; PetalBot;+https://webmaster.petalsearch.com/site/petalbot)" "kurtswebnotes.com"
51.222.253.2 - - [09/Nov/2022:05:26:32 -0800] "GET /wp-includes/sodium_compat/src/Core32/Curve25519/Ge/Precomp.php HTTP/1.1" 200 - "-" "Mozilla/5.0 (compatible; AhrefsBot/7.0; +http://ahrefs.com/robot/)" "kurtswebnotes.com"
217.160.212.197 - - [09/Nov/2022:05:29:03 -0800] "POST /owa/auth.owa HTTP/1.1" 404 88 "https://kurtswebnotes.com/owa/auth/logon.aspx?replaceCurrent=1&url=https%3a%2f%2fkurtswebnotes.com%2fowa%2f" "Mozilla/5.0 (Windows NT 10.0; Win64; x64) AppleWebKit/537.36 (KHTML, like Gecko) Chrome/96.0.4664.110 Safari/537.36" "kurtswebnotes.com"
114.119.136.138 - - [09/Nov/2022:05:29:17 -0800] "GET /download/?C=M%3BO%3DA HTTP/1.1" 200 313 "https://kurtswebnotes.com/download/" "Mozilla/5.0 (Linux; Android 7.0;) AppleWebKit/537.36 (KHTML, like Gecko) Mobile Safari/537.36 (compatible; PetalBot;+https://webmaster.petalsearch.com/site/petalbot)" "kurtswebnotes.com"
51.222.253.11 - - [09/Nov/2022:05:30:56 -0800] "GET /wp-includes/sodium_compat/autoload-php7.php HTTP/1.1" 200 - "-" "Mozilla/5.0 (compatible; AhrefsBot/7.0; +http://ahrefs.com/robot/)" "www.kurtswebnotes.com"
20.29.110.168 - - [09/Nov/2022:05:32:08 -0800] "GET /blog/wp-content/uploads/2013/02/wpid-IMAG0709-89x150.jpg HTTP/1.1" 404 88 "http://kurtswebnotes.com/blog/wp-content/uploads/2013/02" "Mozilla/5.0 (Windows NT 10.0; Win64; x64) AppleWebKit/537.36 (KHTML, like Gecko) Chrome/74.0.3729.157 Safari/537.36" "kurtswebnotes.com"
198.58.102.96 - - [09/Nov/2022:05:33:01 -0800] "GET /blog HTTP/1.1" 404 88 "http://kurtswebnotes.com/blog" "Superfeedr bot/2.0 http://superfeedr.com - Checking HTML reverse link." "kurtswebnotes.com"
198.58.103.115 - - [09/Nov/2022:05:33:02 -0800] "GET /blog HTTP/1.1" 404 88 "http://kurtswebnotes.com/blog" "Superfeedr bot/2.0 http://superfeedr.com - Checking HTML reverse link." "kurtswebnotes.com"
40.122.230.188 - - [09/Nov/2022:05:34:48 -0800] "GET /blog/wp-content/uploads/2013/07/scull01mod-300x199.jpg HTTP/1.1" 404 88 "http://kurtswebnotes.com/blog/wp-content/uploads/2013/07" "Mozilla/5.0 (Macintosh; Intel Mac OS X 10_11_6) AppleWebKit/605.1.15 (KHTML, like Gecko) Version/11.1.2 Safari/605.1.15" "kurtswebnotes.com"
51.222.253.13 - - [09/Nov/2022:05:35:17 -0800] "GET /wp-includes/blocks/separator/?C=S;O=A HTTP/1.1" 200 378 "-" "Mozilla/5.0 (compatible; AhrefsBot/7.0; +http://ahrefs.com/robot/)" "www.kurtswebnotes.com"
51.222.253.6 - - [09/Nov/2022:05:39:42 -0800] "GET /wp-includes/blocks/file/?C=S;O=A HTTP/1.1" 200 376 "-" "Mozilla/5.0 (compatible; AhrefsBot/7.0; +http://ahrefs.com/robot/)" "www.kurtswebnotes.com"
114.119.136.144 - - [09/Nov/2022:05:40:31 -0800] "GET /wp-includes/blocks/embed/block.json HTTP/1.1" 200 257 "https://kurtswebnotes.com/wp-includes/blocks/embed/?C=M%3BO%3DA" "Mozilla/5.0 (Linux; Android 7.0;) AppleWebKit/537.36 (KHTML, like Gecko) Mobile Safari/537.36 (compatible; PetalBot;+https://webmaster.petalsearch.com/site/petalbot)" "kurtswebnotes.com"
51.222.253.17 - - [09/Nov/2022:05:43:43 -0800] "GET /wp-includes/sodium_compat/lib/?C=D;O=D HTTP/1.1" 200 455 "-" "Mozilla/5.0 (compatible; AhrefsBot/7.0; +http://ahrefs.com/robot/)" "www.kurtswebnotes.com"
114.119.136.14 - - [09/Nov/2022:05:46:20 -0800] "GET /wp-includes/block-supports/typography.php HTTP/1.1" 500 - "https://www.kurtswebnotes.com/wp-includes/block-supports/" "Mozilla/5.0 (Linux; Android 7.0;) AppleWebKit/537.36 (KHTML, like Gecko) Mobile Safari/537.36 (compatible; PetalBot;+https://webmaster.petalsearch.com/site/petalbot)" "www.kurtswebnotes.com"
51.222.253.4 - - [09/Nov/2022:05:47:49 -0800] "GET /wp-includes/blocks/separator/?C=M;O=A HTTP/1.1" 200 378 "-" "Mozilla/5.0 (compatible; AhrefsBot/7.0; +http://ahrefs.com/robot/)" "www.kurtswebnotes.com"
114.119.136.14 - - [09/Nov/2022:05:52:01 -0800] "GET /wp-includes/sodium_compat/src/Core32/Util.php HTTP/1.1" 500 - "https://www.kurtswebnotes.com/wp-includes/sodium_compat/src/Core32/" "Mozilla/5.0 (Linux; Android 7.0;) AppleWebKit/537.36 (KHTML, like Gecko) Mobile Safari/537.36 (compatible; PetalBot;+https://webmaster.petalsearch.com/site/petalbot)" "www.kurtswebnotes.com"
51.222.253.10 - - [09/Nov/2022:05:55:00 -0800] "GET /wp-includes/blocks/column/?C=S;O=A HTTP/1.1" 200 376 "-" "Mozilla/5.0 (compatible; AhrefsBot/7.0; +http://ahrefs.com/robot/)" "kurtswebnotes.com"
114.119.136.143 - - [09/Nov/2022:05:57:42 -0800] "GET /wp-includes/blocks/column/?C=M%3BO%3DA HTTP/1.1" 200 376 "https://kurtswebnotes.com/wp-includes/blocks/column/?C=D%3BO%3DA" "Mozilla/5.0 (Linux; Android 7.0;) AppleWebKit/537.36 (KHTML, like Gecko) Mobile Safari/537.36 (compatible; PetalBot;+https://webmaster.petalsearch.com/site/petalbot)" "kurtswebnotes.com"
51.222.253.8 - - [09/Nov/2022:06:02:16 -0800] "GET /wp-includes/blocks/pullquote/?C=D;O=A HTTP/1.1" 200 381 "-" "Mozilla/5.0 (compatible; AhrefsBot/7.0; +http://ahrefs.com/robot/)" "kurtswebnotes.com"
114.119.136.143 - - [09/Nov/2022:06:03:25 -0800] "GET /wp-includes/blocks/spacer/?C=S%3BO%3DA HTTP/1.1" 200 376 "https://kurtswebnotes.com/wp-includes/blocks/spacer/?C=D%3BO%3DA" "Mozilla/5.0 (Linux; Android 7.0;) AppleWebKit/537.36 (KHTML, like Gecko) Mobile Safari/537.36 (compatible; PetalBot;+https://webmaster.petalsearch.com/site/petalbot)" "kurtswebnotes.com"
51.222.253.9 - - [09/Nov/2022:06:08:26 -0800] "GET /wp-includes/blocks/pullquote/?C=M;O=A HTTP/1.1" 200 381 "-" "Mozilla/5.0 (compatible; AhrefsBot/7.0; +http://ahrefs.com/robot/)" "kurtswebnotes.com"
114.119.136.14 - - [09/Nov/2022:06:09:17 -0800] "GET /wp-includes/sodium_compat/src/Core/Base64/Common.php HTTP/1.1" 200 - "https://kurtswebnotes.com/wp-includes/sodium_compat/src/Core/Base64/?C=S%3BO%3DA" "Mozilla/5.0 (Linux; Android 7.0;) AppleWebKit/537.36 (KHTML, like Gecko) Mobile Safari/537.36 (compatible; PetalBot;+https://webmaster.petalsearch.com/site/petalbot)" "kurtswebnotes.com"
114.119.136.141 - - [09/Nov/2022:06:14:58 -0800] "GET /wp-includes/sodium_compat/namespaced/Core/Curve25519/Ge/ HTTP/1.1" 200 460 "https://www.kurtswebnotes.com/wp-includes/sodium_compat/namespaced/Core/Curve25519/?C=D%3BO%3DA" "Mozilla/5.0 (Linux; Android 7.0;) AppleWebKit/537.36 (KHTML, like Gecko) Mobile Safari/537.36 (compatible; PetalBot;+https://webmaster.petalsearch.com/site/petalbot)" "www.kurtswebnotes.com"
51.222.253.10 - - [09/Nov/2022:06:15:00 -0800] "GET /wp-includes/blocks/pullquote/?C=S;O=A HTTP/1.1" 200 381 "-" "Mozilla/5.0 (compatible; AhrefsBot/7.0; +http://ahrefs.com/robot/)" "kurtswebnotes.com"
95.217.195.123 - - [09/Nov/2022:06:16:14 -0800] "GET /robots.txt HTTP/1.1" 200 111 "-" "Mozilla/5.0 (compatible; MJ12bot/v1.4.8; http://mj12bot.com/)" "kurtswebnotes.com"
95.217.195.123 - - [09/Nov/2022:06:16:19 -0800] "GET /wp-includes/sitemaps/?C=N;O=A HTTP/1.1" 200 497 "-" "Mozilla/5.0 (compatible; MJ12bot/v1.4.8; http://mj12bot.com/)" "kurtswebnotes.com"
114.119.136.143 - - [09/Nov/2022:06:20:40 -0800] "GET /wp-includes/blocks/shortcode/?C=M%3BO%3DA HTTP/1.1" 200 379 "https://kurtswebnotes.com/wp-includes/blocks/shortcode/" "Mozilla/5.0 (Linux; Android 7.0;) AppleWebKit/537.36 (KHTML, like Gecko) Mobile Safari/537.36 (compatible; PetalBot;+https://webmaster.petalsearch.com/site/petalbot)" "kurtswebnotes.com"
51.222.253.11 - - [09/Nov/2022:06:21:47 -0800] "GET /wp-includes/blocks/column/?C=M;O=A HTTP/1.1" 200 376 "-" "Mozilla/5.0 (compatible; AhrefsBot/7.0; +http://ahrefs.com/robot/)" "kurtswebnotes.com"
114.119.136.144 - - [09/Nov/2022:06:26:27 -0800] "GET /wp-includes/blocks/nextpage/?C=M%3BO%3DA HTTP/1.1" 200 379 "https://kurtswebnotes.com/wp-includes/blocks/nextpage/?C=N%3BO%3DD" "Mozilla/5.0 (Linux; Android 7.0;) AppleWebKit/537.36 (KHTML, like Gecko) Mobile Safari/537.36 (compatible; PetalBot;+https://webmaster.petalsearch.com/site/petalbot)" "kurtswebnotes.com"
51.222.253.1 - - [09/Nov/2022:06:29:00 -0800] "GET /wp-includes/blocks/pullquote/?C=N;O=A HTTP/1.1" 200 381 "-" "Mozilla/5.0 (compatible; AhrefsBot/7.0; +http://ahrefs.com/robot/)" "kurtswebnotes.com"
134.209.151.162 - - [09/Nov/2022:06:30:15 -0800] "GET /style.php?sig=rename HTTP/1.1" 404 73 "-" "Mozilla/5.0 (Linux; Android 10; Redmi Note 7) AppleWebKit/537.36 (KHTML, like Gecko) Chrome/85.0.4183.127 Mobile Safari/537.36" "kurtswebnotes.com"
114.119.136.144 - - [09/Nov/2022:06:31:58 -0800] "GET /wp-includes/blocks/shortcode/?C=N%3BO%3DD HTTP/1.1" 200 379 "https://kurtswebnotes.com/wp-includes/blocks/shortcode/" "Mozilla/5.0 (Linux; Android 7.0;) AppleWebKit/537.36 (KHTML, like Gecko) Mobile Safari/537.36 (compatible; PetalBot;+https://webmaster.petalsearch.com/site/petalbot)" "kurtswebnotes.com"
20.12.191.73 - - [09/Nov/2022:06:32:10 -0800] "GET /blog/wp-content/uploads/2012/08/repoman-101x150.jpg HTTP/1.1" 404 88 "http://kurtswebnotes.com/blog/wp-content/uploads/2012/08" "Mozilla/5.0 (Linux; Android 10; SM-G960U) AppleWebKit/537.36 (KHTML, like Gecko) Chrome/88.0.4324.181 Mobile Safari/537.36" "kurtswebnotes.com"
51.222.253.1 - - [09/Nov/2022:06:37:43 -0800] "GET /wp-includes/blocks/separator/?C=N;O=A HTTP/1.1" 200 378 "-" "Mozilla/5.0 (compatible; AhrefsBot/7.0; +http://ahrefs.com/robot/)" "www.kurtswebnotes.com"
114.119.136.138 - - [09/Nov/2022:06:37:44 -0800] "GET / HTTP/1.1" 200 481 "https://kurtswebnotes.com/download/?C=D%3BO%3DA" "Mozilla/5.0 (Linux; Android 7.0;) AppleWebKit/537.36 (KHTML, like Gecko) Mobile Safari/537.36 (compatible; PetalBot;+https://webmaster.petalsearch.com/site/petalbot)" "kurtswebnotes.com"
114.119.136.14 - - [09/Nov/2022:06:43:26 -0800] "GET /wp-includes/sodium_compat/src/Core32/Salsa20.php HTTP/1.1" 500 - "https://kurtswebnotes.com/wp-includes/sodium_compat/src/Core32/" "Mozilla/5.0 (Linux; Android 7.0;) AppleWebKit/537.36 (KHTML, like Gecko) Mobile Safari/537.36 (compatible; PetalBot;+https://webmaster.petalsearch.com/site/petalbot)" "kurtswebnotes.com"
51.222.253.10 - - [09/Nov/2022:06:46:06 -0800] "GET /wp-includes/blocks/column/?C=N;O=A HTTP/1.1" 200 376 "-" "Mozilla/5.0 (compatible; AhrefsBot/7.0; +http://ahrefs.com/robot/)" "kurtswebnotes.com"
40.77.51.85 - - [09/Nov/2022:06:48:21 -0800] "GET /blog/wp-content/uploads/2013/06/wpid-IMAG0860-150x89.jpg HTTP/1.1" 404 88 "http://kurtswebnotes.com/blog/wp-content/uploads/2013/06" "Mozilla/5.0 (iPhone; CPU iPhone OS 13_5_1 like Mac OS X) AppleWebKit/605.1.15 (KHTML, like Gecko) Version/13.1.1 Mobile/15E148 Safari/604.1" "kurtswebnotes.com"
114.119.136.143 - - [09/Nov/2022:06:49:08 -0800] "GET /wp-includes/css/dist/block-directory/style.min.css HTTP/1.1" 200 1022 "https://kurtswebnotes.com/wp-includes/css/dist/block-directory/?C=D%3BO%3DA" "Mozilla/5.0 (Linux; Android 7.0;) AppleWebKit/537.36 (KHTML, like Gecko) Mobile Safari/537.36 (compatible; PetalBot;+https://webmaster.petalsearch.com/site/petalbot)" "kurtswebnotes.com"
51.222.253.13 - - [09/Nov/2022:06:54:55 -0800] "GET /wp-includes/blocks/separator/?C=M;O=D HTTP/1.1" 200 376 "-" "Mozilla/5.0 (compatible; AhrefsBot/7.0; +http://ahrefs.com/robot/)" "www.kurtswebnotes.com"
114.119.136.143 - - [09/Nov/2022:06:54:59 -0800] "GET /wp-includes/blocks/quote/block.json HTTP/1.1" 200 222 "https://kurtswebnotes.com/wp-includes/blocks/quote/" "Mozilla/5.0 (Linux; Android 7.0;) AppleWebKit/537.36 (KHTML, like Gecko) Mobile Safari/537.36 (compatible; PetalBot;+https://webmaster.petalsearch.com/site/petalbot)" "kurtswebnotes.com"
114.119.136.141 - - [09/Nov/2022:07:00:51 -0800] "GET /wp-includes/sodium_compat/src/Core/SecretStream/?C=N%3BO%3DD HTTP/1.1" 200 395 "https://kurtswebnotes.com/wp-includes/sodium_compat/src/Core/SecretStream/?C=D%3BO%3DA" "Mozilla/5.0 (Linux; Android 7.0;) AppleWebKit/537.36 (KHTML, like Gecko) Mobile Safari/537.36 (compatible; PetalBot;+https://webmaster.petalsearch.com/site/petalbot)" "kurtswebnotes.com"
51.222.253.2 - - [09/Nov/2022:07:05:03 -0800] "GET /wp-includes/blocks/column/?C=D;O=A HTTP/1.1" 200 376 "-" "Mozilla/5.0 (compatible; AhrefsBot/7.0; +http://ahrefs.com/robot/)" "kurtswebnotes.com"
114.119.136.143 - - [09/Nov/2022:07:06:33 -0800] "GET /wp-includes/blocks/embed/?C=N%3BO%3DD HTTP/1.1" 200 377 "https://www.kurtswebnotes.com/wp-includes/blocks/embed/" "Mozilla/5.0 (Linux; Android 7.0;) AppleWebKit/537.36 (KHTML, like Gecko) Mobile Safari/537.36 (compatible; PetalBot;+https://webmaster.petalsearch.com/site/petalbot)" "www.kurtswebnotes.com"
114.119.136.14 - - [09/Nov/2022:07:12:12 -0800] "GET /wp-includes/blocks/categories/?C=S%3BO%3DA HTTP/1.1" 200 379 "https://kurtswebnotes.com/wp-includes/blocks/categories/?C=M%3BO%3DA" "Mozilla/5.0 (Linux; Android 7.0;) AppleWebKit/537.36 (KHTML, like Gecko) Mobile Safari/537.36 (compatible; PetalBot;+https://webmaster.petalsearch.com/site/petalbot)" "kurtswebnotes.com"
51.222.253.17 - - [09/Nov/2022:07:13:29 -0800] "GET /wp-includes/blocks/missing/?C=S;O=A HTTP/1.1" 200 377 "-" "Mozilla/5.0 (compatible; AhrefsBot/7.0; +http://ahrefs.com/robot/)" "www.kurtswebnotes.com"
51.222.253.6 - - [09/Nov/2022:07:22:00 -0800] "GET /wp-includes/sodium_compat/src/Core32/Curve25519/Ge/?C=S;O=A HTTP/1.1" 200 457 "-" "Mozilla/5.0 (compatible; AhrefsBot/7.0; +http://ahrefs.com/robot/)" "www.kurtswebnotes.com"
114.119.136.14 - - [09/Nov/2022:07:23:33 -0800] "GET /wp-includes/block-supports/?C=N%3BO%3DD HTTP/1.1" 200 462 "https://www.kurtswebnotes.com/wp-includes/block-supports/?C=M%3BO%3DA" "Mozilla/5.0 (Linux; Android 7.0;) AppleWebKit/537.36 (KHTML, like Gecko) Mobile Safari/537.36 (compatible; PetalBot;+https://webmaster.petalsearch.com/site/petalbot)" "www.kurtswebnotes.com"
51.222.253.3 - - [09/Nov/2022:07:28:55 -0800] "GET /wp-includes/css/?C=M;O=A HTTP/1.1" 200 359 "-" "Mozilla/5.0 (compatible; AhrefsBot/7.0; +http://ahrefs.com/robot/)" "kurtswebnotes.com"
114.119.136.14 - - [09/Nov/2022:07:29:10 -0800] "GET /wp-includes/sodium_compat/src/Core/?C=N%3BO%3DD HTTP/1.1" 200 645 "https://www.kurtswebnotes.com/wp-includes/sodium_compat/src/Core/?C=S%3BO%3DA" "Mozilla/5.0 (Linux; Android 7.0;) AppleWebKit/537.36 (KHTML, like Gecko) Mobile Safari/537.36 (compatible; PetalBot;+https://webmaster.petalsearch.com/site/petalbot)" "www.kurtswebnotes.com"
114.119.136.14 - - [09/Nov/2022:07:34:34 -0800] "GET /wp-includes/blocks/latest-posts/?C=N%3BO%3DD HTTP/1.1" 200 381 "https://kurtswebnotes.com/wp-includes/blocks/latest-posts/" "Mozilla/5.0 (Linux; Android 7.0;) AppleWebKit/537.36 (KHTML, like Gecko) Mobile Safari/537.36 (compatible; PetalBot;+https://webmaster.petalsearch.com/site/petalbot)" "kurtswebnotes.com"
51.222.253.9 - - [09/Nov/2022:07:37:30 -0800] "GET /wp-includes/css/?C=D;O=A HTTP/1.1" 200 359 "-" "Mozilla/5.0 (compatible; AhrefsBot/7.0; +http://ahrefs.com/robot/)" "kurtswebnotes.com"
114.119.136.143 - - [09/Nov/2022:07:39:58 -0800] "GET /wp-includes/blocks/media-text/?C=D%3BO%3DA HTTP/1.1" 200 381 "https://www.kurtswebnotes.com/wp-includes/blocks/media-text/?C=M%3BO%3DA" "Mozilla/5.0 (Linux; Android 7.0;) AppleWebKit/537.36 (KHTML, like Gecko) Mobile Safari/537.36 (compatible; PetalBot;+https://webmaster.petalsearch.com/site/petalbot)" "www.kurtswebnotes.com"
114.119.136.141 - - [09/Nov/2022:07:45:19 -0800] "GET /wp-includes/sitemaps/?C=D%3BO%3DA HTTP/1.1" 200 497 "https://kurtswebnotes.com/wp-includes/sitemaps/?C=N%3BO%3DD" "Mozilla/5.0 (Linux; Android 7.0;) AppleWebKit/537.36 (KHTML, like Gecko) Mobile Safari/537.36 (compatible; PetalBot;+https://webmaster.petalsearch.com/site/petalbot)" "kurtswebnotes.com"
51.222.253.15 - - [09/Nov/2022:07:47:36 -0800] "GET /wp-includes/blocks/audio/?C=S;O=A HTTP/1.1" 200 377 "-" "Mozilla/5.0 (compatible; AhrefsBot/7.0; +http://ahrefs.com/robot/)" "kurtswebnotes.com"
114.119.136.138 - - [09/Nov/2022:07:50:34 -0800] "GET /wp-includes/blocks/heading/block.json HTTP/1.1" 200 436 "https://www.kurtswebnotes.com/wp-includes/blocks/heading/?C=N%3BO%3DD" "Mozilla/5.0 (Linux; Android 7.0;) AppleWebKit/537.36 (KHTML, like Gecko) Mobile Safari/537.36 (compatible; PetalBot;+https://webmaster.petalsearch.com/site/petalbot)" "www.kurtswebnotes.com"
114.119.136.144 - - [09/Nov/2022:07:55:53 -0800] "GET /wp-includes/sitemaps/class-wp-sitemaps-index.php HTTP/1.1" 200 - "https://kurtswebnotes.com/wp-includes/sitemaps/?C=N%3BO%3DD" "Mozilla/5.0 (Linux; Android 7.0;) AppleWebKit/537.36 (KHTML, like Gecko) Mobile Safari/537.36 (compatible; PetalBot;+https://webmaster.petalsearch.com/site/petalbot)" "kurtswebnotes.com"
51.222.253.8 - - [09/Nov/2022:07:57:09 -0800] "GET /wp-admin/?C=N;O=D HTTP/1.1" 200 349 "-" "Mozilla/5.0 (compatible; AhrefsBot/7.0; +http://ahrefs.com/robot/)" "www.kurtswebnotes.com"
40.86.101.254 - - [09/Nov/2022:07:59:33 -0800] "GET /blog/tag/wjla-com/%22%20+%20avatar%20+%22 HTTP/1.1" 404 88 "http://kurtswebnotes.com/blog/tag/wjla-com" "Mozilla/5.0 (Windows NT 10.0; Win64; x64) AppleWebKit/537.36 (KHTML, like Gecko) Chrome/74.0.3729.157 Safari/537.36" "kurtswebnotes.com"
114.119.136.138 - - [09/Nov/2022:08:01:17 -0800] "GET /wp-includes/sitemaps/?C=M%3BO%3DA HTTP/1.1" 200 497 "http://www.kurtswebnotes.com/wp-includes/sitemaps/" "Mozilla/5.0 (Linux; Android 7.0;) AppleWebKit/537.36 (KHTML, like Gecko) Mobile Safari/537.36 (compatible; PetalBot;+https://webmaster.petalsearch.com/site/petalbot)" "www.kurtswebnotes.com"
51.222.253.5 - - [09/Nov/2022:08:06:05 -0800] "GET /wp-includes/blocks/missing/?C=M;O=A HTTP/1.1" 200 377 "-" "Mozilla/5.0 (compatible; AhrefsBot/7.0; +http://ahrefs.com/robot/)" "www.kurtswebnotes.com"
114.119.136.141 - - [09/Nov/2022:08:06:50 -0800] "GET /wp-includes/sodium_compat/lib/namespaced.php HTTP/1.1" 200 - "https://www.kurtswebnotes.com/wp-includes/sodium_compat/lib/?C=S%3BO%3DA" "Mozilla/5.0 (Linux; Android 7.0;) AppleWebKit/537.36 (KHTML, like Gecko) Mobile Safari/537.36 (compatible; PetalBot;+https://webmaster.petalsearch.com/site/petalbot)" "www.kurtswebnotes.com"
114.119.136.143 - - [09/Nov/2022:08:12:32 -0800] "GET /wp-includes/sodium_compat/namespaced/Core/Poly1305.php HTTP/1.1" 500 - "https://www.kurtswebnotes.com/wp-includes/sodium_compat/namespaced/Core/?C=S%3BO%3DA" "Mozilla/5.0 (Linux; Android 7.0;) AppleWebKit/537.36 (KHTML, like Gecko) Mobile Safari/537.36 (compatible; PetalBot;+https://webmaster.petalsearch.com/site/petalbot)" "www.kurtswebnotes.com"
51.222.253.9 - - [09/Nov/2022:08:13:49 -0800] "GET /wp-includes/sodium_compat/src/PHP52/?C=D;O=A HTTP/1.1" 200 397 "-" "Mozilla/5.0 (compatible; AhrefsBot/7.0; +http://ahrefs.com/robot/)" "kurtswebnotes.com"
58.250.125.127 - - [09/Nov/2022:08:13:48 -0800] "GET / HTTP/1.1" 200 481 "-" "Sogou web spider/4.0(+http://www.sogou.com/docs/help/webmasters.htm#07)" "www.kurtswebnotes.com"
212.102.55.113 - - [09/Nov/2022:08:17:54 -0800] "GET /vendor/phpunit/phpunit/src/Util/PHP/eval-stdin.php HTTP/1.1" 404 73 "-" "Mozilla/5.0 (Windows NT 10.0; Win64; x64)" "kurtswebnotes.com"
212.102.55.113 - - [09/Nov/2022:08:17:55 -0800] "GET /yii/vendor/phpunit/phpunit/src/Util/PHP/eval-stdin.php HTTP/1.1" 404 73 "-" "Mozilla/5.0 (Windows NT 10.0; Win64; x64)" "kurtswebnotes.com"
212.102.55.113 - - [09/Nov/2022:08:17:56 -0800] "GET /laravel/vendor/phpunit/phpunit/src/Util/PHP/eval-stdin.php HTTP/1.1" 404 73 "-" "Mozilla/5.0 (Windows NT 10.0; Win64; x64)" "kurtswebnotes.com"
212.102.55.113 - - [09/Nov/2022:08:17:58 -0800] "GET /laravel52/vendor/phpunit/phpunit/src/Util/PHP/eval-stdin.php HTTP/1.1" 404 73 "-" "Mozilla/5.0 (Windows NT 10.0; Win64; x64)" "kurtswebnotes.com"
212.102.55.113 - - [09/Nov/2022:08:17:59 -0800] "GET /lib/vendor/phpunit/phpunit/src/Util/PHP/eval-stdin.php HTTP/1.1" 404 73 "-" "Mozilla/5.0 (Windows NT 10.0; Win64; x64)" "kurtswebnotes.com"
212.102.55.113 - - [09/Nov/2022:08:18:00 -0800] "GET /zend/vendor/phpunit/phpunit/src/Util/PHP/eval-stdin.php HTTP/1.1" 404 73 "-" "Mozilla/5.0 (Windows NT 10.0; Win64; x64)" "kurtswebnotes.com"
114.119.136.141 - - [09/Nov/2022:08:18:24 -0800] "GET /wp-includes/sodium_compat/namespaced/Compat.php HTTP/1.1" 500 - "https://kurtswebnotes.com/wp-includes/sodium_compat/namespaced/?C=N%3BO%3DD" "Mozilla/5.0 (Linux; Android 7.0;) AppleWebKit/537.36 (KHTML, like Gecko) Mobile Safari/537.36 (compatible; PetalBot;+https://webmaster.petalsearch.com/site/petalbot)" "kurtswebnotes.com"
51.222.253.16 - - [09/Nov/2022:08:22:08 -0800] "GET /wp-includes/css/dist/block-editor/ HTTP/1.1" 200 424 "-" "Mozilla/5.0 (compatible; AhrefsBot/7.0; +http://ahrefs.com/robot/)" "www.kurtswebnotes.com"
114.119.136.144 - - [09/Nov/2022:08:24:17 -0800] "GET /wp-includes/blocks/code/block.json HTTP/1.1" 200 175 "https://kurtswebnotes.com/wp-includes/blocks/code/?C=D%3BO%3DA" "Mozilla/5.0 (Linux; Android 7.0;) AppleWebKit/537.36 (KHTML, like Gecko) Mobile Safari/537.36 (compatible; PetalBot;+https://webmaster.petalsearch.com/site/petalbot)" "kurtswebnotes.com"
114.119.136.138 - - [09/Nov/2022:08:30:13 -0800] "GET /wp-includes/blocks/gallery/?C=D%3BO%3DA HTTP/1.1" 200 379 "https://www.kurtswebnotes.com/wp-includes/blocks/gallery/?C=M%3BO%3DA" "Mozilla/5.0 (Linux; Android 7.0;) AppleWebKit/537.36 (KHTML, like Gecko) Mobile Safari/537.36 (compatible; PetalBot;+https://webmaster.petalsearch.com/site/petalbot)" "www.kurtswebnotes.com"
51.222.253.7 - - [09/Nov/2022:08:30:20 -0800] "GET /wp-includes/sodium_compat/src/PHP52/?C=S;O=A HTTP/1.1" 200 397 "-" "Mozilla/5.0 (compatible; AhrefsBot/7.0; +http://ahrefs.com/robot/)" "kurtswebnotes.com"
51.222.253.18 - - [09/Nov/2022:08:34:34 -0800] "GET /wp-includes/sodium_compat/src/PHP52/?C=N;O=A HTTP/1.1" 200 397 "-" "Mozilla/5.0 (compatible; AhrefsBot/7.0; +http://ahrefs.com/robot/)" "kurtswebnotes.com"
114.119.136.14 - - [09/Nov/2022:08:36:10 -0800] "GET /wp-includes/blocks/preformatted/?C=D%3BO%3DA HTTP/1.1" 200 382 "https://www.kurtswebnotes.com/wp-includes/blocks/preformatted/" "Mozilla/5.0 (Linux; Android 7.0;) AppleWebKit/537.36 (KHTML, like Gecko) Mobile Safari/537.36 (compatible; PetalBot;+https://webmaster.petalsearch.com/site/petalbot)" "www.kurtswebnotes.com"
20.12.191.73 - - [09/Nov/2022:08:37:05 -0800] "GET /blog/2016/01/13/my-first-instagram-image/%5C%22http:/visit.webhosting.luminate.com/wisit.gif%22+%22/blog/%22+%22?%22+z+%22%5C%22 HTTP/1.1" 404 88 "http://kurtswebnotes.com/blog/2016/01/13/my-first-instagram-image/\\\"http:/visit.webhosting.luminate.com/wisit.gif\"+\"/blog" "Mozilla/5.0 (iPhone; CPU iPhone OS 13_5_1 like Mac OS X) AppleWebKit/605.1.15 (KHTML, like Gecko) Version/13.1.1 Mobile/15E148 Safari/604.1" "kurtswebnotes.com"
51.222.253.3 - - [09/Nov/2022:08:38:47 -0800] "GET /wp-includes/blocks/missing/?C=D;O=A HTTP/1.1" 200 377 "-" "Mozilla/5.0 (compatible; AhrefsBot/7.0; +http://ahrefs.com/robot/)" "www.kurtswebnotes.com"
114.119.136.14 - - [09/Nov/2022:08:42:14 -0800] "GET /wp-includes/sodium_compat/namespaced/?C=D%3BO%3DA HTTP/1.1" 200 440 "https://www.kurtswebnotes.com/wp-includes/sodium_compat/namespaced/?C=S%3BO%3DA" "Mozilla/5.0 (Linux; Android 7.0;) AppleWebKit/537.36 (KHTML, like Gecko) Mobile Safari/537.36 (compatible; PetalBot;+https://webmaster.petalsearch.com/site/petalbot)" "www.kurtswebnotes.com"
51.222.253.13 - - [09/Nov/2022:08:43:40 -0800] "GET /wp-includes/blocks/audio/?C=D;O=A HTTP/1.1" 200 377 "-" "Mozilla/5.0 (compatible; AhrefsBot/7.0; +http://ahrefs.com/robot/)" "kurtswebnotes.com"
51.222.253.3 - - [09/Nov/2022:08:48:16 -0800] "GET /wp-includes/sodium_compat/src/Core/Curve25519/?C=D;O=A HTTP/1.1" 200 432 "-" "Mozilla/5.0 (compatible; AhrefsBot/7.0; +http://ahrefs.com/robot/)" "kurtswebnotes.com"
114.119.136.143 - - [09/Nov/2022:08:48:17 -0800] "GET /wp-includes/sitemaps/class-wp-sitemaps-registry.php HTTP/1.1" 200 - "https://www.kurtswebnotes.com/wp-includes/sitemaps/?C=N%3BO%3DD" "Mozilla/5.0 (Linux; Android 7.0;) AppleWebKit/537.36 (KHTML, like Gecko) Mobile Safari/537.36 (compatible; PetalBot;+https://webmaster.petalsearch.com/site/petalbot)" "www.kurtswebnotes.com"
51.222.253.16 - - [09/Nov/2022:08:52:38 -0800] "GET /wp-includes/sodium_compat/src/PHP52/?C=M;O=A HTTP/1.1" 200 397 "-" "Mozilla/5.0 (compatible; AhrefsBot/7.0; +http://ahrefs.com/robot/)" "kurtswebnotes.com"
114.119.136.143 - - [09/Nov/2022:08:54:13 -0800] "GET /wp-includes/blocks/html/?C=N%3BO%3DD HTTP/1.1" 200 373 "https://www.kurtswebnotes.com/wp-includes/blocks/html/" "Mozilla/5.0 (Linux; Android 7.0;) AppleWebKit/537.36 (KHTML, like Gecko) Mobile Safari/537.36 (compatible; PetalBot;+https://webmaster.petalsearch.com/site/petalbot)" "www.kurtswebnotes.com"
51.222.253.18 - - [09/Nov/2022:08:57:09 -0800] "GET /wp-admin/css/colors/?C=D;O=D HTTP/1.1" 200 360 "-" "Mozilla/5.0 (compatible; AhrefsBot/7.0; +http://ahrefs.com/robot/)" "kurtswebnotes.com"
114.119.136.144 - - [09/Nov/2022:09:00:21 -0800] "GET /wp-includes/blocks/rss/ HTTP/1.1" 200 374 "https://kurtswebnotes.com/wp-includes/blocks/" "Mozilla/5.0 (Linux; Android 7.0;) AppleWebKit/537.36 (KHTML, like Gecko) Mobile Safari/537.36 (compatible; PetalBot;+https://webmaster.petalsearch.com/site/petalbot)" "kurtswebnotes.com"
51.222.253.7 - - [09/Nov/2022:09:01:18 -0800] "GET /wp-includes/blocks/social-links/?C=M;O=A HTTP/1.1" 200 380 "-" "Mozilla/5.0 (compatible; AhrefsBot/7.0; +http://ahrefs.com/robot/)" "kurtswebnotes.com"
51.222.253.12 - - [09/Nov/2022:09:06:00 -0800] "GET /wp-includes/blocks/social-links/?C=D;O=A HTTP/1.1" 200 380 "-" "Mozilla/5.0 (compatible; AhrefsBot/7.0; +http://ahrefs.com/robot/)" "kurtswebnotes.com"
114.119.136.143 - - [09/Nov/2022:09:06:17 -0800] "GET /wp-includes/blocks/list/?C=M%3BO%3DA HTTP/1.1" 200 375 "https://kurtswebnotes.com/wp-includes/blocks/list/" "Mozilla/5.0 (Linux; Android 7.0;) AppleWebKit/537.36 (KHTML, like Gecko) Mobile Safari/537.36 (compatible; PetalBot;+https://webmaster.petalsearch.com/site/petalbot)" "kurtswebnotes.com"
51.222.253.11 - - [09/Nov/2022:09:10:31 -0800] "GET /wp-includes/blocks/social-links/?C=S;O=A HTTP/1.1" 200 380 "-" "Mozilla/5.0 (compatible; AhrefsBot/7.0; +http://ahrefs.com/robot/)" "kurtswebnotes.com"
114.119.136.143 - - [09/Nov/2022:09:12:17 -0800] "GET /wp-includes/blocks/verse/?C=D%3BO%3DA HTTP/1.1" 200 376 "https://kurtswebnotes.com/wp-includes/blocks/verse/?C=S%3BO%3DA" "Mozilla/5.0 (Linux; Android 7.0;) AppleWebKit/537.36 (KHTML, like Gecko) Mobile Safari/537.36 (compatible; PetalBot;+https://webmaster.petalsearch.com/site/petalbot)" "kurtswebnotes.com"
51.222.253.18 - - [09/Nov/2022:09:14:24 -0800] "GET /wp-includes/sodium_compat/src/Core/Curve25519/?C=M;O=A HTTP/1.1" 200 431 "-" "Mozilla/5.0 (compatible; AhrefsBot/7.0; +http://ahrefs.com/robot/)" "kurtswebnotes.com"
51.222.253.9 - - [09/Nov/2022:09:18:07 -0800] "GET /wp-includes/blocks/more/?C=M;O=A HTTP/1.1" 200 376 "-" "Mozilla/5.0 (compatible; AhrefsBot/7.0; +http://ahrefs.com/robot/)" "kurtswebnotes.com"
114.119.136.144 - - [09/Nov/2022:09:18:16 -0800] "GET /wp-includes/blocks/freeform/?C=N%3BO%3DD HTTP/1.1" 200 377 "https://www.kurtswebnotes.com/wp-includes/blocks/freeform/?C=D%3BO%3DA" "Mozilla/5.0 (Linux; Android 7.0;) AppleWebKit/537.36 (KHTML, like Gecko) Mobile Safari/537.36 (compatible; PetalBot;+https://webmaster.petalsearch.com/site/petalbot)" "www.kurtswebnotes.com"
40.122.227.202 - - [09/Nov/2022:09:21:17 -0800] "GET /blog/category/auto/%5C%22http:/visit.webhosting.yahoo.com/wisit.gif%22+%22/blog/%22+%22?%22+z+%22%5C%22 HTTP/1.1" 404 88 "http://kurtswebnotes.com/blog/category/auto/\\\"http:/visit.webhosting.yahoo.com/wisit.gif\"+\"/blog" "Mozilla/5.0 (Macintosh; Intel Mac OS X 10_11_6) AppleWebKit/605.1.15 (KHTML, like Gecko) Version/11.1.2 Safari/605.1.15" "kurtswebnotes.com"
51.222.253.5 - - [09/Nov/2022:09:21:57 -0800] "GET /wp-includes/blocks/more/?C=D;O=A HTTP/1.1" 200 376 "-" "Mozilla/5.0 (compatible; AhrefsBot/7.0; +http://ahrefs.com/robot/)" "kurtswebnotes.com"
114.119.136.144 - - [09/Nov/2022:09:24:16 -0800] "GET /wp-includes/blocks/paragraph/?C=M%3BO%3DA HTTP/1.1" 200 380 "https://www.kurtswebnotes.com/wp-includes/blocks/paragraph/" "Mozilla/5.0 (Linux; Android 7.0;) AppleWebKit/537.36 (KHTML, like Gecko) Mobile Safari/537.36 (compatible; PetalBot;+https://webmaster.petalsearch.com/site/petalbot)" "www.kurtswebnotes.com"
51.222.253.17 - - [09/Nov/2022:09:26:39 -0800] "GET /wp-includes/blocks/image/?C=S;O=A HTTP/1.1" 200 378 "-" "Mozilla/5.0 (compatible; AhrefsBot/7.0; +http://ahrefs.com/robot/)" "kurtswebnotes.com"
114.119.136.144 - - [09/Nov/2022:09:30:12 -0800] "GET /wp-includes/blocks/nextpage/?C=S%3BO%3DA HTTP/1.1" 200 379 "https://kurtswebnotes.com/wp-includes/blocks/nextpage/?C=D%3BO%3DA" "Mozilla/5.0 (Linux; Android 7.0;) AppleWebKit/537.36 (KHTML, like Gecko) Mobile Safari/537.36 (compatible; PetalBot;+https://webmaster.petalsearch.com/site/petalbot)" "kurtswebnotes.com"
51.222.253.16 - - [09/Nov/2022:09:31:45 -0800] "GET /wp-includes/css/?C=S;O=A HTTP/1.1" 200 359 "-" "Mozilla/5.0 (compatible; AhrefsBot/7.0; +http://ahrefs.com/robot/)" "kurtswebnotes.com"
114.119.136.138 - - [09/Nov/2022:09:36:12 -0800] "GET /wp-admin/css/colors/modern/ HTTP/1.1" 200 438 "https://kurtswebnotes.com/wp-admin/css/colors/?C=N%3BO%3DD" "Mozilla/5.0 (Linux; Android 7.0;) AppleWebKit/537.36 (KHTML, like Gecko) Mobile Safari/537.36 (compatible; PetalBot;+https://webmaster.petalsearch.com/site/petalbot)" "kurtswebnotes.com"
40.77.167.95 - - [09/Nov/2022:09:37:25 -0800] "GET /robots.txt HTTP/1.1" 200 101 "-" "Mozilla/5.0 AppleWebKit/537.36 (KHTML, like Gecko; compatible; bingbot/2.0; +http://www.bing.com/bingbot.htm) Chrome/103.0.5060.134 Safari/537.36" "kurtswebnotes.com"
51.222.253.7 - - [09/Nov/2022:09:39:10 -0800] "GET /wp-includes/blocks/image/?C=D;O=A HTTP/1.1" 200 378 "-" "Mozilla/5.0 (compatible; AhrefsBot/7.0; +http://ahrefs.com/robot/)" "kurtswebnotes.com"
114.119.136.138 - - [09/Nov/2022:09:42:03 -0800] "GET /wp-includes/block-patterns/ HTTP/1.1" 200 548 "https://kurtswebnotes.com/wp-includes/?C=M%3BO%3DA" "Mozilla/5.0 (Linux; Android 7.0;) AppleWebKit/537.36 (KHTML, like Gecko) Mobile Safari/537.36 (compatible; PetalBot;+https://webmaster.petalsearch.com/site/petalbot)" "kurtswebnotes.com"
51.222.253.7 - - [09/Nov/2022:09:44:41 -0800] "GET /wp-includes/blocks/verse/?C=S;O=D HTTP/1.1" 200 375 "-" "Mozilla/5.0 (compatible; AhrefsBot/7.0; +http://ahrefs.com/robot/)" "kurtswebnotes.com"
114.119.136.138 - - [09/Nov/2022:09:48:01 -0800] "GET /wp-includes/blocks/html/?C=D%3BO%3DA HTTP/1.1" 200 373 "https://kurtswebnotes.com/wp-includes/blocks/html/?C=S%3BO%3DA" "Mozilla/5.0 (Linux; Android 7.0;) AppleWebKit/537.36 (KHTML, like Gecko) Mobile Safari/537.36 (compatible; PetalBot;+https://webmaster.petalsearch.com/site/petalbot)" "kurtswebnotes.com"
51.222.253.2 - - [09/Nov/2022:09:48:54 -0800] "GET /wp-includes/PHPMailer/ HTTP/1.1" 200 416 "-" "Mozilla/5.0 (compatible; AhrefsBot/7.0; +http://ahrefs.com/robot/)" "www.kurtswebnotes.com"
107.152.44.96 - - [09/Nov/2022:09:53:47 -0800] "GET /wp-login.php HTTP/1.1" 404 88 "http://kurtswebnotes.com/wp-login.php" "Mozilla/5.0 (Windows NT 10.0; Win64; x64; rv:96.0) Gecko/20100101 Firefox/96" "kurtswebnotes.com"
114.119.136.143 - - [09/Nov/2022:09:53:57 -0800] "GET /wp-includes/block-supports/?C=M%3BO%3DA HTTP/1.1" 200 462 "https://www.kurtswebnotes.com/wp-includes/block-supports/" "Mozilla/5.0 (Linux; Android 7.0;) AppleWebKit/537.36 (KHTML, like Gecko) Mobile Safari/537.36 (compatible; PetalBot;+https://webmaster.petalsearch.com/site/petalbot)" "www.kurtswebnotes.com"
49.7.21.108 - - [09/Nov/2022:09:56:17 -0800] "GET / HTTP/1.1" 200 481 "-" "Sogou web spider/4.0(+http://www.sogou.com/docs/help/webmasters.htm#07)" "www.kurtswebnotes.com"
51.222.253.3 - - [09/Nov/2022:09:57:12 -0800] "GET /wp-includes/blocks/verse/?C=M;O=A HTTP/1.1" 200 376 "-" "Mozilla/5.0 (compatible; AhrefsBot/7.0; +http://ahrefs.com/robot/)" "www.kurtswebnotes.com"
114.119.136.143 - - [09/Nov/2022:09:59:57 -0800] "GET /wp-includes/sodium_compat/src/Core32/Curve25519/?C=M%3BO%3DA HTTP/1.1" 200 435 "https://www.kurtswebnotes.com/wp-includes/sodium_compat/src/Core32/Curve25519/?C=M%3BO%3DA" "Mozilla/5.0 (Linux; Android 7.0;) AppleWebKit/537.36 (KHTML, like Gecko) Mobile Safari/537.36 (compatible; PetalBot;+https://webmaster.petalsearch.com/site/petalbot)" "www.kurtswebnotes.com"
114.119.136.143 - - [09/Nov/2022:10:06:01 -0800] "GET /wp-content/?C=S%3BO%3DA HTTP/1.1" 200 354 "https://kurtswebnotes.com/wp-content/" "Mozilla/5.0 (Linux; Android 7.0;) AppleWebKit/537.36 (KHTML, like Gecko) Mobile Safari/537.36 (compatible; PetalBot;+https://webmaster.petalsearch.com/site/petalbot)" "kurtswebnotes.com"
51.222.253.10 - - [09/Nov/2022:10:06:21 -0800] "GET /wp-includes/blocks/separator/?C=D;O=A HTTP/1.1" 200 378 "-" "Mozilla/5.0 (compatible; AhrefsBot/7.0; +http://ahrefs.com/robot/)" "www.kurtswebnotes.com"
114.119.136.143 - - [09/Nov/2022:10:11:59 -0800] "GET /wp-includes/sitemaps/?C=M%3BO%3DA HTTP/1.1" 200 497 "https://kurtswebnotes.com/wp-includes/sitemaps/?C=N%3BO%3DD" "Mozilla/5.0 (Linux; Android 7.0;) AppleWebKit/537.36 (KHTML, like Gecko) Mobile Safari/537.36 (compatible; PetalBot;+https://webmaster.petalsearch.com/site/petalbot)" "kurtswebnotes.com"
51.222.253.19 - - [09/Nov/2022:10:15:21 -0800] "GET /wp-includes/sodium_compat/lib/?C=D;O=A HTTP/1.1" 200 460 "-" "Mozilla/5.0 (compatible; AhrefsBot/7.0; +http://ahrefs.com/robot/)" "www.kurtswebnotes.com"
114.119.136.138 - - [09/Nov/2022:10:18:02 -0800] "GET /download HTTP/1.1" 301 1415 "http://www.kurtswebnotes.com/download/elfyourself?N=A" "Mozilla/5.0 (Linux; Android 7.0;) AppleWebKit/537.36 (KHTML, like Gecko) Mobile Safari/537.36 (compatible; PetalBot;+https://webmaster.petalsearch.com/site/petalbot)" "www.kurtswebnotes.com"
114.119.136.138 - - [09/Nov/2022:10:18:02 -0800] "GET /download/ HTTP/1.1" 200 313 "http://www.kurtswebnotes.com/download/elfyourself?N=A" "Mozilla/5.0 (Linux; Android 7.0;) AppleWebKit/537.36 (KHTML, like Gecko) Mobile Safari/537.36 (compatible; PetalBot;+https://webmaster.petalsearch.com/site/petalbot)" "www.kurtswebnotes.com"
51.222.253.6 - - [09/Nov/2022:10:23:10 -0800] "GET /wp-includes/sodium_compat/src/Core/?C=D;O=D HTTP/1.1" 200 650 "-" "Mozilla/5.0 (compatible; AhrefsBot/7.0; +http://ahrefs.com/robot/)" "kurtswebnotes.com"
114.119.136.144 - - [09/Nov/2022:10:23:58 -0800] "GET /wp-includes/sodium_compat/lib/php72compat.php HTTP/1.1" 200 - "https://kurtswebnotes.com/wp-includes/sodium_compat/lib/?C=S%3BO%3DA" "Mozilla/5.0 (Linux; Android 7.0;) AppleWebKit/537.36 (KHTML, like Gecko) Mobile Safari/537.36 (compatible; PetalBot;+https://webmaster.petalsearch.com/site/petalbot)" "kurtswebnotes.com"
20.109.241.98 - - [09/Nov/2022:10:25:43 -0800] "GET /photography/wp-content/uploads/2015/01/ww6-20-14_04mod-96x96.jpg HTTP/1.1" 404 88 "http://kurtswebnotes.com/photography/wp-content/uploads/2015/01" "Mozilla/5.0 (Windows NT 10.0; Win64; x64) AppleWebKit/537.36 (KHTML, like Gecko) Chrome/74.0.3729.157 Safari/537.36" "kurtswebnotes.com"
114.119.136.144 - - [09/Nov/2022:10:30:03 -0800] "GET /wp-includes/blocks/freeform/ HTTP/1.1" 200 377 "https://www.kurtswebnotes.com/wp-includes/blocks/?C=M%3BO%3DA" "Mozilla/5.0 (Linux; Android 7.0;) AppleWebKit/537.36 (KHTML, like Gecko) Mobile Safari/537.36 (compatible; PetalBot;+https://webmaster.petalsearch.com/site/petalbot)" "www.kurtswebnotes.com"
51.222.253.5 - - [09/Nov/2022:10:31:28 -0800] "GET /wp-includes/?C=S;O=A HTTP/1.1" 200 459 "-" "Mozilla/5.0 (compatible; AhrefsBot/7.0; +http://ahrefs.com/robot/)" "www.kurtswebnotes.com"
40.86.101.252 - - [09/Nov/2022:10:33:52 -0800] "GET /photography/wp-content/uploads/2015/06/awesome4-19-14_64mod-96x96.jpg HTTP/1.1" 404 88 "http://kurtswebnotes.com/photography/wp-content/uploads/2015/06" "Mozilla/5.0 (Windows NT 10.0; Win64; x64) AppleWebKit/537.36 (KHTML, like Gecko) Chrome/74.0.3729.157 Safari/537.36" "kurtswebnotes.com"
51.222.253.10 - - [09/Nov/2022:10:38:51 -0800] "GET /wp-includes/blocks/archives/?C=N;O=A HTTP/1.1" 200 378 "-" "Mozilla/5.0 (compatible; AhrefsBot/7.0; +http://ahrefs.com/robot/)" "kurtswebnotes.com"
114.119.136.143 - - [09/Nov/2022:10:42:06 -0800] "GET /wp-includes/sodium_compat/namespaced/Core/?C=N%3BO%3DD HTTP/1.1" 200 591 "https://www.kurtswebnotes.com/wp-includes/sodium_compat/namespaced/Core/?C=S%3BO%3DA" "Mozilla/5.0 (Linux; Android 7.0;) AppleWebKit/537.36 (KHTML, like Gecko) Mobile Safari/537.36 (compatible; PetalBot;+https://webmaster.petalsearch.com/site/petalbot)" "www.kurtswebnotes.com"
165.227.220.31 - - [09/Nov/2022:10:45:51 -0800] "GET /blog/feed/ HTTP/1.1" 404 88 "-" "Mechanize/2.7.2 Ruby/2.4.1p111 (http://github.com/sparklemotion/mechanize/)" "kurtswebnotes.com"
114.119.136.144 - - [09/Nov/2022:10:48:01 -0800] "GET /wp-includes/sodium_compat/src/Core/ HTTP/1.1" 200 645 "https://www.kurtswebnotes.com/wp-includes/sodium_compat/src/Core/Base64/?C=N%3BO%3DD" "Mozilla/5.0 (Linux; Android 7.0;) AppleWebKit/537.36 (KHTML, like Gecko) Mobile Safari/537.36 (compatible; PetalBot;+https://webmaster.petalsearch.com/site/petalbot)" "www.kurtswebnotes.com"
51.222.253.16 - - [09/Nov/2022:10:48:22 -0800] "GET /wp-includes/blocks/separator/?C=D;O=D HTTP/1.1" 200 376 "-" "Mozilla/5.0 (compatible; AhrefsBot/7.0; +http://ahrefs.com/robot/)" "www.kurtswebnotes.com"
114.119.136.143 - - [09/Nov/2022:10:54:06 -0800] "GET /wp-includes/blocks/file/?C=M%3BO%3DA HTTP/1.1" 200 376 "https://kurtswebnotes.com/wp-includes/blocks/file/?C=D%3BO%3DA" "Mozilla/5.0 (Linux; Android 7.0;) AppleWebKit/537.36 (KHTML, like Gecko) Mobile Safari/537.36 (compatible; PetalBot;+https://webmaster.petalsearch.com/site/petalbot)" "kurtswebnotes.com"
51.222.253.9 - - [09/Nov/2022:10:58:35 -0800] "GET /wp-includes/sodium_compat/lib/?C=S;O=A HTTP/1.1" 200 458 "-" "Mozilla/5.0 (compatible; AhrefsBot/7.0; +http://ahrefs.com/robot/)" "www.kurtswebnotes.com"
20.106.27.209 - - [09/Nov/2022:10:58:38 -0800] "GET /blog/wp-content/uploads/2013/05/fly02mod-300x173.jpg HTTP/1.1" 404 88 "http://kurtswebnotes.com/blog/wp-content/uploads/2013/05" "Mozilla/5.0 (X11; Linux x86_64) AppleWebKit/537.36 (KHTML, like Gecko) Chrome/74.0.3729.169 Safari/537.36" "kurtswebnotes.com"
114.119.136.138 - - [09/Nov/2022:11:00:09 -0800] "GET /wp-includes/sodium_compat/namespaced/Core/Poly1305/State.php HTTP/1.1" 500 - "https://kurtswebnotes.com/wp-includes/sodium_compat/namespaced/Core/Poly1305/?C=S%3BO%3DA" "Mozilla/5.0 (Linux; Android 7.0;) AppleWebKit/537.36 (KHTML, like Gecko) Mobile Safari/537.36 (compatible; PetalBot;+https://webmaster.petalsearch.com/site/petalbot)" "kurtswebnotes.com"
114.119.136.141 - - [09/Nov/2022:11:06:22 -0800] "GET /wp-includes/sodium_compat/src/Core32/Int32.php HTTP/1.1" 200 - "https://kurtswebnotes.com/wp-includes/sodium_compat/src/Core32/?C=D%3BO%3DA" "Mozilla/5.0 (Linux; Android 7.0;) AppleWebKit/537.36 (KHTML, like Gecko) Mobile Safari/537.36 (compatible; PetalBot;+https://webmaster.petalsearch.com/site/petalbot)" "kurtswebnotes.com"
114.119.136.138 - - [09/Nov/2022:11:12:35 -0800] "GET /wp-includes/blocks/pullquote/block.json HTTP/1.1" 200 278 "https://www.kurtswebnotes.com/wp-includes/blocks/pullquote/?C=M%3BO%3DA" "Mozilla/5.0 (Linux; Android 7.0;) AppleWebKit/537.36 (KHTML, like Gecko) Mobile Safari/537.36 (compatible; PetalBot;+https://webmaster.petalsearch.com/site/petalbot)" "www.kurtswebnotes.com"
188.120.236.165 - - [09/Nov/2022:11:16:52 -0800] "GET /blog/2016/01/13/my-first-instagram-image/ HTTP/1.1" 404 73 "-" "Mozilla/5.0 (Windows NT 6.3; Win64; x64) AppleWebKit/537.36 (KHTML, like Gecko) Chrome/75.0.3770.100 Safari/537.36" "kurtswebnotes.com"
51.222.253.6 - - [09/Nov/2022:11:18:33 -0800] "GET /wp-includes/?C=M;O=A HTTP/1.1" 200 462 "-" "Mozilla/5.0 (compatible; AhrefsBot/7.0; +http://ahrefs.com/robot/)" "www.kurtswebnotes.com"
114.119.136.143 - - [09/Nov/2022:11:18:41 -0800] "GET /wp-includes/blocks/verse/block.json HTTP/1.1" 200 253 "https://www.kurtswebnotes.com/wp-includes/blocks/verse/" "Mozilla/5.0 (Linux; Android 7.0;) AppleWebKit/537.36 (KHTML, like Gecko) Mobile Safari/537.36 (compatible; PetalBot;+https://webmaster.petalsearch.com/site/petalbot)" "www.kurtswebnotes.com"
114.119.136.138 - - [09/Nov/2022:11:24:43 -0800] "GET /wp-includes/block-supports/?C=M%3BO%3DA HTTP/1.1" 200 462 "https://kurtswebnotes.com/wp-includes/block-supports/" "Mozilla/5.0 (Linux; Android 7.0;) AppleWebKit/537.36 (KHTML, like Gecko) Mobile Safari/537.36 (compatible; PetalBot;+https://webmaster.petalsearch.com/site/petalbot)" "kurtswebnotes.com"
114.119.136.141 - - [09/Nov/2022:11:30:49 -0800] "GET /wp-includes/blocks/heading/block.json HTTP/1.1" 200 436 "https://kurtswebnotes.com/wp-includes/blocks/heading/?C=S%3BO%3DA" "Mozilla/5.0 (Linux; Android 7.0;) AppleWebKit/537.36 (KHTML, like Gecko) Mobile Safari/537.36 (compatible; PetalBot;+https://webmaster.petalsearch.com/site/petalbot)" "kurtswebnotes.com"
85.203.15.14 - - [09/Nov/2022:11:31:43 -0800] "GET /blog/2016/01/13/my-first-instagram-image/ HTTP/1.1" 404 73 "https://kurtswebnotes.com/blog/2016/01/13/my-first-instagram-image/" "Mozilla/5.0 (Windows NT 10.0; Win64; x64) AppleWebKit/537.36 (KHTML, like Gecko) Chrome/90.0.4430.85 Safari/537.36 Edg/90.0.818.46" "kurtswebnotes.com"
