85.203.15.14 - - [09/Nov/2022:11:31:44 -0800] "GET / HTTP/1.1" 200 1458 "https://kurtswebnotes.com/" "Mozilla/5.0 (Windows NT 10.0; Win64; x64) AppleWebKit/537.36 (KHTML, like Gecko) Chrome/90.0.4430.85 Safari/537.36 Edg/90.0.818.46" "kurtswebnotes.com"
51.222.253.17 - - [09/Nov/2022:11:33:58 -0800] "GET /wp-includes/sodium_compat/src/?C=S;O=A HTTP/1.1" 200 492 "-" "Mozilla/5.0 (compatible; AhrefsBot/7.0; +http://ahrefs.com/robot/)" "kurtswebnotes.com"
114.119.136.141 - - [09/Nov/2022:11:36:50 -0800] "GET /wp-includes/sodium_compat/src/Core/Curve25519/Ge/?C=M%3BO%3DA HTTP/1.1" 200 457 "https://www.kurtswebnotes.com/wp-includes/sodium_compat/src/Core/Curve25519/Ge/?C=D%3BO%3DA" "Mozilla/5.0 (Linux; Android 7.0;) AppleWebKit/537.36 (KHTML, like Gecko) Mobile Safari/537.36 (compatible; PetalBot;+https://webmaster.petalsearch.com/site/petalbot)" "www.kurtswebnotes.com"
51.222.253.12 - - [09/Nov/2022:11:42:20 -0800] "GET /wp-includes/blocks/nextpage/?C=D;O=D HTTP/1.1" 200 377 "-" "Mozilla/5.0 (compatible; AhrefsBot/7.0; +http://ahrefs.com/robot/)" "kurtswebnotes.com"
114.119.136.144 - - [09/Nov/2022:11:42:48 -0800] "GET /wp-includes/sodium_compat/src/Core/SecretStream/?C=N%3BO%3DD HTTP/1.1" 200 395 "https://www.kurtswebnotes.com/wp-includes/sodium_compat/src/Core/SecretStream/?C=M%3BO%3DA" "Mozilla/5.0 (Linux; Android 7.0;) AppleWebKit/537.36 (KHTML, like Gecko) Mobile Safari/537.36 (compatible; PetalBot;+https://webmaster.petalsearch.com/site/petalbot)" "www.kurtswebnotes.com"
40.78.141.94 - - [09/Nov/2022:11:43:47 -0800] "GET /photography/wp-content/uploads/2013/12/clamdigger02mod-96x96.jpg HTTP/1.1" 404 88 "http://kurtswebnotes.com/photography/wp-content/uploads/2013/12" "Mozilla/5.0 (Windows NT 10.0; Win64; x64) AppleWebKit/537.36 (KHTML, like Gecko) Chrome/74.0.3729.157 Safari/537.36" "kurtswebnotes.com"
114.119.136.141 - - [09/Nov/2022:11:48:39 -0800] "GET /wp-includes/blocks/?C=S%3BO%3DA HTTP/1.1" 200 804 "https://www.kurtswebnotes.com/wp-includes/blocks/?C=M%3BO%3DA" "Mozilla/5.0 (Linux; Android 7.0;) AppleWebKit/537.36 (KHTML, like Gecko) Mobile Safari/537.36 (compatible; PetalBot;+https://webmaster.petalsearch.com/site/petalbot)" "www.kurtswebnotes.com"
51.222.253.1 - - [09/Nov/2022:11:51:06 -0800] "GET /wp-includes/blocks/button/?C=M;O=A HTTP/1.1" 200 377 "-" "Mozilla/5.0 (compatible; AhrefsBot/7.0; +http://ahrefs.com/robot/)" "kurtswebnotes.com"
114.119.136.144 - - [09/Nov/2022:11:54:38 -0800] "GET /wp-includes/blocks/columns/?C=M%3BO%3DA HTTP/1.1" 200 377 "https://www.kurtswebnotes.com/wp-includes/blocks/columns/?C=S%3BO%3DA" "Mozilla/5.0 (Linux; Android 7.0;) AppleWebKit/537.36 (KHTML, like Gecko) Mobile Safari/537.36 (compatible; PetalBot;+https://webmaster.petalsearch.com/site/petalbot)" "www.kurtswebnotes.com"
51.222.253.10 - - [09/Nov/2022:11:59:32 -0800] "GET /wp-includes/blocks/archives/?C=M;O=A HTTP/1.1" 200 378 "-" "Mozilla/5.0 (compatible; AhrefsBot/7.0; +http://ahrefs.com/robot/)" "kurtswebnotes.com"
114.119.136.138 - - [09/Nov/2022:12:00:39 -0800] "GET /wp-includes/blocks/heading/ HTTP/1.1" 200 377 "https://www.kurtswebnotes.com/wp-includes/blocks/?C=M%3BO%3DA" "Mozilla/5.0 (Linux; Android 7.0;) AppleWebKit/537.36 (KHTML, like Gecko) Mobile Safari/537.36 (compatible; PetalBot;+https://webmaster.petalsearch.com/site/petalbot)" "www.kurtswebnotes.com"
20.109.241.98 - - [09/Nov/2022:12:02:02 -0800] "GET /blog/tag/medicine/%22%20+%20avatar%20+%22 HTTP/1.1" 404 88 "http://kurtswebnotes.com/blog/tag/medicine" "Mozilla/5.0 (Linux; Android 10; SM-G960U) AppleWebKit/537.36 (KHTML, like Gecko) Chrome/88.0.4324.181 Mobile Safari/537.36" "kurtswebnotes.com"
114.119.136.138 - - [09/Nov/2022:12:06:31 -0800] "GET /wp-includes/sitemaps/providers/class-wp-sitemaps-taxonomies.php HTTP/1.1" 500 - "https://kurtswebnotes.com/wp-includes/sitemaps/providers/?C=M%3BO%3DA" "Mozilla/5.0 (Linux; Android 7.0;) AppleWebKit/537.36 (KHTML, like Gecko) Mobile Safari/537.36 (compatible; PetalBot;+https://webmaster.petalsearch.com/site/petalbot)" "kurtswebnotes.com"
40.122.230.188 - - [09/Nov/2022:12:11:37 -0800] "GET /photography/wp-content/uploads/2015/01/bcc2014_006mod-96x96.jpg HTTP/1.1" 404 88 "http://kurtswebnotes.com/photography/wp-content/uploads/2015/01" "Mozilla/5.0 (Linux; Android 10; SM-G960U) AppleWebKit/537.36 (KHTML, like Gecko) Chrome/88.0.4324.181 Mobile Safari/537.36" "kurtswebnotes.com"
114.119.136.141 - - [09/Nov/2022:12:12:34 -0800] "GET /wp-includes/sodium_compat/src/Core/Poly1305/?C=M%3BO%3DA HTTP/1.1" 200 396 "https://kurtswebnotes.com/wp-includes/sodium_compat/src/Core/Poly1305/?C=N%3BO%3DD" "Mozilla/5.0 (Linux; Android 7.0;) AppleWebKit/537.36 (KHTML, like Gecko) Mobile Safari/537.36 (compatible; PetalBot;+https://webmaster.petalsearch.com/site/petalbot)" "kurtswebnotes.com"
20.29.111.244 - - [09/Nov/2022:12:14:45 -0800] "GET /blog/wp-content/uploads/2013/06/wpid-IMAG0929-150x89.jpg HTTP/1.1" 404 88 "http://kurtswebnotes.com/blog/wp-content/uploads/2013/06" "Mozilla/5.0 (Linux; Android 10; SM-G960U) AppleWebKit/537.36 (KHTML, like Gecko) Chrome/88.0.4324.181 Mobile Safari/537.36" "kurtswebnotes.com"
54.36.149.105 - - [09/Nov/2022:12:15:16 -0800] "GET /robots.txt HTTP/1.1" 200 101 "-" "Mozilla/5.0 (compatible; AhrefsBot/7.0; +http://ahrefs.com/robot/)" "www.kurtswebnotes.com"
51.222.253.5 - - [09/Nov/2022:12:15:17 -0800] "GET /wp-includes/css/dist/block-directory/?C=D;O=A HTTP/1.1" 200 421 "-" "Mozilla/5.0 (compatible; AhrefsBot/7.0; +http://ahrefs.com/robot/)" "www.kurtswebnotes.com"
114.119.136.138 - - [09/Nov/2022:12:18:28 -0800] "GET /wp-admin/css/?C=M%3BO%3DA HTTP/1.1" 200 357 "https://kurtswebnotes.com/wp-admin/css/?C=S%3BO%3DA" "Mozilla/5.0 (Linux; Android 7.0;) AppleWebKit/537.36 (KHTML, like Gecko) Mobile Safari/537.36 (compatible; PetalBot;+https://webmaster.petalsearch.com/site/petalbot)" "kurtswebnotes.com"
51.222.253.16 - - [09/Nov/2022:12:21:31 -0800] "GET /wp-includes/css/dist/block-directory/?C=S;O=A HTTP/1.1" 200 424 "-" "Mozilla/5.0 (compatible; AhrefsBot/7.0; +http://ahrefs.com/robot/)" "www.kurtswebnotes.com"
114.119.136.144 - - [09/Nov/2022:12:24:27 -0800] "GET /wp-includes/assets/?C=M%3BO%3DA HTTP/1.1" 200 390 "https://kurtswebnotes.com/wp-includes/assets/?C=N%3BO%3DD" "Mozilla/5.0 (Linux; Android 7.0;) AppleWebKit/537.36 (KHTML, like Gecko) Mobile Safari/537.36 (compatible; PetalBot;+https://webmaster.petalsearch.com/site/petalbot)" "kurtswebnotes.com"
51.222.253.4 - - [09/Nov/2022:12:29:49 -0800] "GET /robots.txt HTTP/1.1" 200 101 "-" "Mozilla/5.0 (compatible; AhrefsBot/7.0; +http://ahrefs.com/robot/)" "kurtswebnotes.com"
51.222.253.3 - - [09/Nov/2022:12:29:49 -0800] "GET /wp-includes/blocks/archives/?C=S;O=A HTTP/1.1" 200 378 "-" "Mozilla/5.0 (compatible; AhrefsBot/7.0; +http://ahrefs.com/robot/)" "kurtswebnotes.com"
114.119.136.143 - - [09/Nov/2022:12:30:29 -0800] "GET /wp-includes/blocks/html/?C=M%3BO%3DA HTTP/1.1" 200 373 "https://kurtswebnotes.com/wp-includes/blocks/html/" "Mozilla/5.0 (Linux; Android 7.0;) AppleWebKit/537.36 (KHTML, like Gecko) Mobile Safari/537.36 (compatible; PetalBot;+https://webmaster.petalsearch.com/site/petalbot)" "kurtswebnotes.com"
114.119.136.141 - - [09/Nov/2022:12:36:25 -0800] "GET /wp-includes/sodium_compat/src/Core32/SecretStream/?C=M%3BO%3DA HTTP/1.1" 200 397 "https://www.kurtswebnotes.com/wp-includes/sodium_compat/src/Core32/SecretStream/?C=N%3BO%3DD" "Mozilla/5.0 (Linux; Android 7.0;) AppleWebKit/537.36 (KHTML, like Gecko) Mobile Safari/537.36 (compatible; PetalBot;+https://webmaster.petalsearch.com/site/petalbot)" "www.kurtswebnotes.com"
51.222.253.6 - - [09/Nov/2022:12:36:40 -0800] "GET /wp-includes/sodium_compat/namespaced/Core/Curve25519/?C=D;O=A HTTP/1.1" 200 436 "-" "Mozilla/5.0 (compatible; AhrefsBot/7.0; +http://ahrefs.com/robot/)" "kurtswebnotes.com"
114.119.136.141 - - [09/Nov/2022:12:42:13 -0800] "GET /wp-admin/?C=N%3BO%3DD HTTP/1.1" 200 351 "https://www.kurtswebnotes.com/wp-admin/" "Mozilla/5.0 (Linux; Android 7.0;) AppleWebKit/537.36 (KHTML, like Gecko) Mobile Safari/537.36 (compatible; PetalBot;+https://webmaster.petalsearch.com/site/petalbot)" "www.kurtswebnotes.com"
51.222.253.11 - - [09/Nov/2022:12:47:06 -0800] "GET /wp-includes/sodium_compat/namespaced/Core/Curve25519/?C=S;O=A HTTP/1.1" 200 434 "-" "Mozilla/5.0 (compatible; AhrefsBot/7.0; +http://ahrefs.com/robot/)" "kurtswebnotes.com"
114.119.136.144 - - [09/Nov/2022:12:48:09 -0800] "GET /wp-includes/sodium_compat/src/Core32/Int64.php HTTP/1.1" 200 - "https://www.kurtswebnotes.com/wp-includes/sodium_compat/src/Core32/?C=D%3BO%3DA" "Mozilla/5.0 (Linux; Android 7.0;) AppleWebKit/537.36 (KHTML, like Gecko) Mobile Safari/537.36 (compatible; PetalBot;+https://webmaster.petalsearch.com/site/petalbot)" "www.kurtswebnotes.com"
114.119.136.138 - - [09/Nov/2022:12:54:07 -0800] "GET /wp-includes/blocks/image/?C=N%3BO%3DD HTTP/1.1" 200 378 "https://www.kurtswebnotes.com/wp-includes/blocks/image/?C=D%3BO%3DA" "Mozilla/5.0 (Linux; Android 7.0;) AppleWebKit/537.36 (KHTML, like Gecko) Mobile Safari/537.36 (compatible; PetalBot;+https://webmaster.petalsearch.com/site/petalbot)" "www.kurtswebnotes.com"
51.222.253.1 - - [09/Nov/2022:12:56:15 -0800] "GET /wp-includes/blocks/button/?C=N;O=A HTTP/1.1" 200 377 "-" "Mozilla/5.0 (compatible; AhrefsBot/7.0; +http://ahrefs.com/robot/)" "kurtswebnotes.com"
114.119.152.77 - - [09/Nov/2022:12:59:55 -0800] "GET /robots.txt HTTP/1.1" 200 101 "-" "Mozilla/5.0 (compatible;PetalBot;+https://webmaster.petalsearch.com/site/petalbot)" "www.kurtswebnotes.com"
114.119.136.143 - - [09/Nov/2022:13:00:06 -0800] "GET /wp-includes/blocks/columns/ HTTP/1.1" 200 377 "https://www.kurtswebnotes.com/wp-includes/blocks/" "Mozilla/5.0 (Linux; Android 7.0;) AppleWebKit/537.36 (KHTML, like Gecko) Mobile Safari/537.36 (compatible; PetalBot;+https://webmaster.petalsearch.com/site/petalbot)" "www.kurtswebnotes.com"
51.222.253.18 - - [09/Nov/2022:13:01:01 -0800] "GET /wp-includes/css/dist/block-editor/?C=M;O=A HTTP/1.1" 200 424 "-" "Mozilla/5.0 (compatible; AhrefsBot/7.0; +http://ahrefs.com/robot/)" "kurtswebnotes.com"
51.222.253.11 - - [09/Nov/2022:13:04:56 -0800] "GET /wp-includes/sodium_compat/namespaced/Core/ChaCha20/?C=M;O=A HTTP/1.1" 200 414 "-" "Mozilla/5.0 (compatible; AhrefsBot/7.0; +http://ahrefs.com/robot/)" "kurtswebnotes.com"
114.119.136.143 - - [09/Nov/2022:13:06:06 -0800] "GET /wp-includes/blocks/pullquote/?C=N%3BO%3DD HTTP/1.1" 200 381 "https://www.kurtswebnotes.com/wp-includes/blocks/pullquote/?C=M%3BO%3DA" "Mozilla/5.0 (Linux; Android 7.0;) AppleWebKit/537.36 (KHTML, like Gecko) Mobile Safari/537.36 (compatible; PetalBot;+https://webmaster.petalsearch.com/site/petalbot)" "www.kurtswebnotes.com"
51.222.253.4 - - [09/Nov/2022:13:08:49 -0800] "GET /wp-includes/blocks/buttons/?C=M;O=A HTTP/1.1" 200 378 "-" "Mozilla/5.0 (compatible; AhrefsBot/7.0; +http://ahrefs.com/robot/)" "www.kurtswebnotes.com"
114.119.136.141 - - [09/Nov/2022:13:12:04 -0800] "GET /wp-includes/blocks/latest-posts/?C=D%3BO%3DA HTTP/1.1" 200 381 "https://kurtswebnotes.com/wp-includes/blocks/latest-posts/?C=N%3BO%3DD" "Mozilla/5.0 (Linux; Android 7.0;) AppleWebKit/537.36 (KHTML, like Gecko) Mobile Safari/537.36 (compatible; PetalBot;+https://webmaster.petalsearch.com/site/petalbot)" "kurtswebnotes.com"
51.222.253.15 - - [09/Nov/2022:13:14:01 -0800] "GET /wp-includes/css/dist/block-directory/?C=M;O=A HTTP/1.1" 200 421 "-" "Mozilla/5.0 (compatible; AhrefsBot/7.0; +http://ahrefs.com/robot/)" "www.kurtswebnotes.com"
40.86.101.164 - - [09/Nov/2022:13:15:46 -0800] "GET /blog/tag/thelonious-monk/%5C%22http:/visit.webhosting.yahoo.com/wisit.gif%22+%22/blog/%22+%22?%22+z+%22%5C%22 HTTP/1.1" 404 88 "http://kurtswebnotes.com/blog/tag/thelonious-monk/\\\"http:/visit.webhosting.yahoo.com/wisit.gif\"+\"/blog" "Mozilla/5.0 (Windows NT 10.0; Win64; x64) AppleWebKit/537.36 (KHTML, like Gecko) Chrome/74.0.3729.157 Safari/537.36" "kurtswebnotes.com"
114.119.136.143 - - [09/Nov/2022:13:17:57 -0800] "GET /wp-includes/sodium_compat/src/Core32/?C=M%3BO%3DA HTTP/1.1" 200 669 "https://www.kurtswebnotes.com/wp-includes/sodium_compat/src/Core32/?C=D%3BO%3DA" "Mozilla/5.0 (Linux; Android 7.0;) AppleWebKit/537.36 (KHTML, like Gecko) Mobile Safari/537.36 (compatible; PetalBot;+https://webmaster.petalsearch.com/site/petalbot)" "www.kurtswebnotes.com"
114.119.136.141 - - [09/Nov/2022:13:23:47 -0800] "GET /wp-includes/block-patterns/quote.php HTTP/1.1" 500 - "https://kurtswebnotes.com/wp-includes/block-patterns/?C=S%3BO%3DA" "Mozilla/5.0 (Linux; Android 7.0;) AppleWebKit/537.36 (KHTML, like Gecko) Mobile Safari/537.36 (compatible; PetalBot;+https://webmaster.petalsearch.com/site/petalbot)" "kurtswebnotes.com"
20.109.241.82 - - [09/Nov/2022:13:24:26 -0800] "GET /blog/tag/thelonious-monk/%22%20+%20avatar%20+%22 HTTP/1.1" 404 88 "http://kurtswebnotes.com/blog/tag/thelonious-monk" "Mozilla/5.0 (iPhone; CPU iPhone OS 13_5_1 like Mac OS X) AppleWebKit/605.1.15 (KHTML, like Gecko) Version/13.1.1 Mobile/15E148 Safari/604.1" "kurtswebnotes.com"
114.119.136.143 - - [09/Nov/2022:13:29:27 -0800] "GET /wp-includes/blocks/?C=N%3BO%3DD HTTP/1.1" 200 804 "https://kurtswebnotes.com/wp-includes/blocks/" "Mozilla/5.0 (Linux; Android 7.0;) AppleWebKit/537.36 (KHTML, like Gecko) Mobile Safari/537.36 (compatible; PetalBot;+https://webmaster.petalsearch.com/site/petalbot)" "kurtswebnotes.com"
51.222.253.17 - - [09/Nov/2022:13:30:00 -0800] "GET /wp-includes/blocks/audio/?C=N;O=A HTTP/1.1" 200 377 "-" "Mozilla/5.0 (compatible; AhrefsBot/7.0; +http://ahrefs.com/robot/)" "kurtswebnotes.com"
51.222.253.6 - - [09/Nov/2022:13:34:15 -0800] "GET /wp-includes/sodium_compat/namespaced/Core/ChaCha20/?C=D;O=A HTTP/1.1" 200 417 "-" "Mozilla/5.0 (compatible; AhrefsBot/7.0; +http://ahrefs.com/robot/)" "kurtswebnotes.com"
114.119.136.138 - - [09/Nov/2022:13:35:13 -0800] "GET /wp-includes/blocks/embed/?C=M%3BO%3DA HTTP/1.1" 200 377 "https://www.kurtswebnotes.com/wp-includes/blocks/embed/?C=N%3BO%3DD" "Mozilla/5.0 (Linux; Android 7.0;) AppleWebKit/537.36 (KHTML, like Gecko) Mobile Safari/537.36 (compatible; PetalBot;+https://webmaster.petalsearch.com/site/petalbot)" "www.kurtswebnotes.com"
51.222.253.5 - - [09/Nov/2022:13:38:46 -0800] "GET /wp-includes/blocks/html/?C=M;O=A HTTP/1.1" 200 373 "-" "Mozilla/5.0 (compatible; AhrefsBot/7.0; +http://ahrefs.com/robot/)" "kurtswebnotes.com"
114.119.136.138 - - [09/Nov/2022:13:40:59 -0800] "GET /wp-includes/css/dist/?C=D%3BO%3DA HTTP/1.1" 200 382 "https://kurtswebnotes.com/wp-includes/css/dist/?C=S%3BO%3DA" "Mozilla/5.0 (Linux; Android 7.0;) AppleWebKit/537.36 (KHTML, like Gecko) Mobile Safari/537.36 (compatible; PetalBot;+https://webmaster.petalsearch.com/site/petalbot)" "kurtswebnotes.com"
51.222.253.9 - - [09/Nov/2022:13:42:47 -0800] "GET /wp-includes/blocks/html/?C=S;O=A HTTP/1.1" 200 373 "-" "Mozilla/5.0 (compatible; AhrefsBot/7.0; +http://ahrefs.com/robot/)" "kurtswebnotes.com"
114.119.136.144 - - [09/Nov/2022:13:46:47 -0800] "GET /wp-admin/css/colors/ HTTP/1.1" 200 362 "https://www.kurtswebnotes.com/wp-admin/css/colors/modern/" "Mozilla/5.0 (Linux; Android 7.0;) AppleWebKit/537.36 (KHTML, like Gecko) Mobile Safari/537.36 (compatible; PetalBot;+https://webmaster.petalsearch.com/site/petalbot)" "www.kurtswebnotes.com"
51.222.253.10 - - [09/Nov/2022:13:46:54 -0800] "GET /wp-includes/blocks/html/?C=D;O=A HTTP/1.1" 200 373 "-" "Mozilla/5.0 (compatible; AhrefsBot/7.0; +http://ahrefs.com/robot/)" "kurtswebnotes.com"
13.67.224.13 - - [09/Nov/2022:13:50:22 -0800] "GET /photography/wp-content/uploads/2015/01/bcc2014_002mod-96x96.jpg HTTP/1.1" 404 88 "http://kurtswebnotes.com/photography/wp-content/uploads/2015/01" "Mozilla/5.0 (X11; Linux x86_64) AppleWebKit/537.36 (KHTML, like Gecko) Chrome/74.0.3729.169 Safari/537.36" "kurtswebnotes.com"
51.222.253.4 - - [09/Nov/2022:13:51:08 -0800] "GET /wp-includes/blocks/button/?C=D;O=A HTTP/1.1" 200 377 "-" "Mozilla/5.0 (compatible; AhrefsBot/7.0; +http://ahrefs.com/robot/)" "kurtswebnotes.com"
114.119.136.138 - - [09/Nov/2022:13:52:39 -0800] "GET /wp-includes/sodium_compat/src/Core32/SecretStream/ HTTP/1.1" 200 397 "https://www.kurtswebnotes.com/wp-includes/sodium_compat/src/Core32/?C=D%3BO%3DA" "Mozilla/5.0 (Linux; Android 7.0;) AppleWebKit/537.36 (KHTML, like Gecko) Mobile Safari/537.36 (compatible; PetalBot;+https://webmaster.petalsearch.com/site/petalbot)" "www.kurtswebnotes.com"
51.222.253.1 - - [09/Nov/2022:13:55:16 -0800] "GET /wp-includes/blocks/buttons/?C=M;O=D HTTP/1.1" 200 376 "-" "Mozilla/5.0 (compatible; AhrefsBot/7.0; +http://ahrefs.com/robot/)" "www.kurtswebnotes.com"
114.119.136.141 - - [09/Nov/2022:13:58:29 -0800] "GET /wp-includes/blocks/social-link/?C=S%3BO%3DA HTTP/1.1" 200 380 "https://kurtswebnotes.com/wp-includes/blocks/social-link/?C=N%3BO%3DD" "Mozilla/5.0 (Linux; Android 7.0;) AppleWebKit/537.36 (KHTML, like Gecko) Mobile Safari/537.36 (compatible; PetalBot;+https://webmaster.petalsearch.com/site/petalbot)" "kurtswebnotes.com"
51.222.253.12 - - [09/Nov/2022:13:59:39 -0800] "GET /wp-includes/sodium_compat/namespaced/Core/ChaCha20/?C=S;O=A HTTP/1.1" 200 416 "-" "Mozilla/5.0 (compatible; AhrefsBot/7.0; +http://ahrefs.com/robot/)" "kurtswebnotes.com"
114.119.136.144 - - [09/Nov/2022:14:04:22 -0800] "GET /wp-includes/blocks/html/?C=D%3BO%3DA HTTP/1.1" 200 373 "https://www.kurtswebnotes.com/wp-includes/blocks/html/?C=M%3BO%3DA" "Mozilla/5.0 (Linux; Android 7.0;) AppleWebKit/537.36 (KHTML, like Gecko) Mobile Safari/537.36 (compatible; PetalBot;+https://webmaster.petalsearch.com/site/petalbot)" "www.kurtswebnotes.com"
40.86.101.164 - - [09/Nov/2022:14:05:49 -0800] "GET /photography/wp-content/uploads/2013/12/dragon02mod-96x96.jpg HTTP/1.1" 404 88 "http://kurtswebnotes.com/photography/wp-content/uploads/2013/12" "Mozilla/5.0 (Macintosh; Intel Mac OS X 10_11_6) AppleWebKit/605.1.15 (KHTML, like Gecko) Version/11.1.2 Safari/605.1.15" "kurtswebnotes.com"
51.222.253.11 - - [09/Nov/2022:14:09:16 -0800] "GET /wp-includes/blocks/image/?C=N;O=A HTTP/1.1" 200 378 "-" "Mozilla/5.0 (compatible; AhrefsBot/7.0; +http://ahrefs.com/robot/)" "kurtswebnotes.com"
114.119.136.143 - - [09/Nov/2022:14:10:18 -0800] "GET /wp-includes/blocks/shortcode/block.json HTTP/1.1" 200 188 "https://www.kurtswebnotes.com/wp-includes/blocks/shortcode/?C=D%3BO%3DA" "Mozilla/5.0 (Linux; Android 7.0;) AppleWebKit/537.36 (KHTML, like Gecko) Mobile Safari/537.36 (compatible; PetalBot;+https://webmaster.petalsearch.com/site/petalbot)" "www.kurtswebnotes.com"
114.119.136.138 - - [09/Nov/2022:14:16:12 -0800] "GET /wp-includes/blocks/preformatted/?C=D%3BO%3DA HTTP/1.1" 200 382 "https://kurtswebnotes.com/wp-includes/blocks/preformatted/?C=N%3BO%3DD" "Mozilla/5.0 (Linux; Android 7.0;) AppleWebKit/537.36 (KHTML, like Gecko) Mobile Safari/537.36 (compatible; PetalBot;+https://webmaster.petalsearch.com/site/petalbot)" "kurtswebnotes.com"
40.122.227.201 - - [09/Nov/2022:14:18:25 -0800] "GET /photography/wp-content/uploads/2013/11/bud01mod-1024x680.jpg HTTP/1.1" 404 88 "http://kurtswebnotes.com/photography/wp-content/uploads/2013/11" "Mozilla/5.0 (Macintosh; Intel Mac OS X 10_11_6) AppleWebKit/605.1.15 (KHTML, like Gecko) Version/11.1.2 Safari/605.1.15" "kurtswebnotes.com"
51.222.253.13 - - [09/Nov/2022:14:18:53 -0800] "GET /wp-includes/css/dist/block-editor/?C=D;O=A HTTP/1.1" 200 424 "-" "Mozilla/5.0 (compatible; AhrefsBot/7.0; +http://ahrefs.com/robot/)" "kurtswebnotes.com"
185.174.159.245 - - [09/Nov/2022:14:21:12 -0800] "GET / HTTP/1.1" 200 1458 "https://kurtswebnotes.com/" "Mozilla/5.0 (Windows NT 10.0; Win64; x64) AppleWebKit/537.36 (KHTML, like Gecko) Chrome/90.0.4430.86 Safari/537.36" "kurtswebnotes.com"
114.119.136.143 - - [09/Nov/2022:14:22:05 -0800] "GET /wp-includes/blocks/block/?C=M%3BO%3DA HTTP/1.1" 200 373 "https://www.kurtswebnotes.com/wp-includes/blocks/block/?C=N%3BO%3DD" "Mozilla/5.0 (Linux; Android 7.0;) AppleWebKit/537.36 (KHTML, like Gecko) Mobile Safari/537.36 (compatible; PetalBot;+https://webmaster.petalsearch.com/site/petalbot)" "www.kurtswebnotes.com"
114.119.136.138 - - [09/Nov/2022:14:28:04 -0800] "GET /wp-includes/blocks/categories/block.json HTTP/1.1" 200 222 "https://www.kurtswebnotes.com/wp-includes/blocks/categories/" "Mozilla/5.0 (Linux; Android 7.0;) AppleWebKit/537.36 (KHTML, like Gecko) Mobile Safari/537.36 (compatible; PetalBot;+https://webmaster.petalsearch.com/site/petalbot)" "www.kurtswebnotes.com"
51.222.253.1 - - [09/Nov/2022:14:29:30 -0800] "GET /wp-includes/sodium_compat/src/Core/Curve25519/Ge/?C=S;O=A HTTP/1.1" 200 456 "-" "Mozilla/5.0 (compatible; AhrefsBot/7.0; +http://ahrefs.com/robot/)" "kurtswebnotes.com"
114.119.136.144 - - [09/Nov/2022:14:33:57 -0800] "GET /wp-content/themes/twentytwenty/ HTTP/1.1" 500 - "http://kurtswebnotes.com/wp-content/themes/?C=D%3BO%3DA" "Mozilla/5.0 (Linux; Android 7.0;) AppleWebKit/537.36 (KHTML, like Gecko) Mobile Safari/537.36 (compatible; PetalBot;+https://webmaster.petalsearch.com/site/petalbot)" "kurtswebnotes.com"
51.222.253.6 - - [09/Nov/2022:14:39:17 -0800] "GET /wp-includes/blocks/archives/?C=D;O=A HTTP/1.1" 200 378 "-" "Mozilla/5.0 (compatible; AhrefsBot/7.0; +http://ahrefs.com/robot/)" "kurtswebnotes.com"
114.119.136.143 - - [09/Nov/2022:14:39:54 -0800] "GET /wp-includes/block-supports/ HTTP/1.1" 200 462 "https://www.kurtswebnotes.com/wp-includes/" "Mozilla/5.0 (Linux; Android 7.0;) AppleWebKit/537.36 (KHTML, like Gecko) Mobile Safari/537.36 (compatible; PetalBot;+https://webmaster.petalsearch.com/site/petalbot)" "www.kurtswebnotes.com"
114.119.136.141 - - [09/Nov/2022:14:45:43 -0800] "GET /wp-includes/blocks/media-text/?C=N%3BO%3DD HTTP/1.1" 200 381 "https://www.kurtswebnotes.com/wp-includes/blocks/media-text/?C=M%3BO%3DA" "Mozilla/5.0 (Linux; Android 7.0;) AppleWebKit/537.36 (KHTML, like Gecko) Mobile Safari/537.36 (compatible; PetalBot;+https://webmaster.petalsearch.com/site/petalbot)" "www.kurtswebnotes.com"
176.31.115.13 - - [09/Nov/2022:14:46:36 -0800] "GET /blog/2016/01/13/my-first-instagram-image/?unapproved=134&moderation-hash=f684350c7f5deb47a8b9934aed5472d3 HTTP/1.1" 404 73 "https://kurtswebnotes.com/blog/2016/01/13/my-first-instagram-image/?unapproved=134&moderation-hash=f684350c7f5deb47a8b9934aed5472d3" "Mozilla/5.0 (Windows NT 10.0; WOW64) AppleWebKit/537.36 (KHTML, like Gecko) Chrome/90.0.4430.93 Safari/537.36" "kurtswebnotes.com"
176.31.115.13 - - [09/Nov/2022:14:46:36 -0800] "GET / HTTP/1.1" 200 1458 "https://kurtswebnotes.com/" "Mozilla/5.0 (Windows NT 10.0; WOW64) AppleWebKit/537.36 (KHTML, like Gecko) Chrome/90.0.4430.93 Safari/537.36" "kurtswebnotes.com"
51.222.253.10 - - [09/Nov/2022:14:47:42 -0800] "GET /wp-includes/sodium_compat/src/Core/Curve25519/Ge/?C=M;O=A HTTP/1.1" 200 458 "-" "Mozilla/5.0 (compatible; AhrefsBot/7.0; +http://ahrefs.com/robot/)" "kurtswebnotes.com"
114.119.136.141 - - [09/Nov/2022:14:51:36 -0800] "GET /wp-includes/blocks/preformatted/?C=N%3BO%3DD HTTP/1.1" 200 382 "https://kurtswebnotes.com/wp-includes/blocks/preformatted/?C=N%3BO%3DD" "Mozilla/5.0 (Linux; Android 7.0;) AppleWebKit/537.36 (KHTML, like Gecko) Mobile Safari/537.36 (compatible; PetalBot;+https://webmaster.petalsearch.com/site/petalbot)" "kurtswebnotes.com"
40.77.51.84 - - [09/Nov/2022:14:51:57 -0800] "GET /photography/wp-content/uploads/2015/01/bcc2014_042mod-96x96.jpg HTTP/1.1" 404 88 "http://kurtswebnotes.com/photography/wp-content/uploads/2015/01" "Mozilla/5.0 (iPhone; CPU iPhone OS 13_5_1 like Mac OS X) AppleWebKit/605.1.15 (KHTML, like Gecko) Version/13.1.1 Mobile/15E148 Safari/604.1" "kurtswebnotes.com"
51.222.253.7 - - [09/Nov/2022:14:56:50 -0800] "GET /wp-admin/css/colors/modern/?C=N;O=D HTTP/1.1" 200 440 "-" "Mozilla/5.0 (compatible; AhrefsBot/7.0; +http://ahrefs.com/robot/)" "www.kurtswebnotes.com"
114.119.136.138 - - [09/Nov/2022:14:57:37 -0800] "GET /wp-includes/blocks/social-link/?C=D%3BO%3DA HTTP/1.1" 200 380 "https://www.kurtswebnotes.com/wp-includes/blocks/social-link/?C=D%3BO%3DA" "Mozilla/5.0 (Linux; Android 7.0;) AppleWebKit/537.36 (KHTML, like Gecko) Mobile Safari/537.36 (compatible; PetalBot;+https://webmaster.petalsearch.com/site/petalbot)" "www.kurtswebnotes.com"
114.119.136.143 - - [09/Nov/2022:15:03:33 -0800] "GET /wp-includes/sodium_compat/src/Core32/Ed25519.php HTTP/1.1" 500 - "https://www.kurtswebnotes.com/wp-includes/sodium_compat/src/Core32/?C=D%3BO%3DA" "Mozilla/5.0 (Linux; Android 7.0;) AppleWebKit/537.36 (KHTML, like Gecko) Mobile Safari/537.36 (compatible; PetalBot;+https://webmaster.petalsearch.com/site/petalbot)" "www.kurtswebnotes.com"
114.119.136.144 - - [09/Nov/2022:15:09:26 -0800] "GET /wp-includes/sodium_compat/lib/sodium_compat.php HTTP/1.1" 200 - "https://www.kurtswebnotes.com/wp-includes/sodium_compat/lib/?C=D%3BO%3DA" "Mozilla/5.0 (Linux; Android 7.0;) AppleWebKit/537.36 (KHTML, like Gecko) Mobile Safari/537.36 (compatible; PetalBot;+https://webmaster.petalsearch.com/site/petalbot)" "www.kurtswebnotes.com"
114.119.136.138 - - [09/Nov/2022:15:15:29 -0800] "GET /wp-includes/sodium_compat/composer.json HTTP/1.1" 200 678 "https://www.kurtswebnotes.com/wp-includes/sodium_compat/?C=D%3BO%3DA" "Mozilla/5.0 (Linux; Android 7.0;) AppleWebKit/537.36 (KHTML, like Gecko) Mobile Safari/537.36 (compatible; PetalBot;+https://webmaster.petalsearch.com/site/petalbot)" "www.kurtswebnotes.com"
51.222.253.9 - - [09/Nov/2022:15:17:20 -0800] "GET /wp-includes/blocks/html/?C=N;O=A HTTP/1.1" 200 373 "-" "Mozilla/5.0 (compatible; AhrefsBot/7.0; +http://ahrefs.com/robot/)" "kurtswebnotes.com"
114.119.136.138 - - [09/Nov/2022:15:21:27 -0800] "GET /wp-includes/sodium_compat/src/Core32/ChaCha20.php HTTP/1.1" 500 - "https://kurtswebnotes.com/wp-includes/sodium_compat/src/Core32/?C=M%3BO%3DA" "Mozilla/5.0 (Linux; Android 7.0;) AppleWebKit/537.36 (KHTML, like Gecko) Mobile Safari/537.36 (compatible; PetalBot;+https://webmaster.petalsearch.com/site/petalbot)" "kurtswebnotes.com"
68.69.184.202 - - [09/Nov/2022:15:25:53 -0800] "GET /robots.txt HTTP/1.1" 200 101 "-" "test" "kurtswebnotes.com"
68.69.184.202 - - [09/Nov/2022:15:25:54 -0800] "GET / HTTP/1.1" 200 481 "-" "test" "kurtswebnotes.com"
51.222.253.9 - - [09/Nov/2022:15:26:50 -0800] "GET /wp-includes/blocks/more/?C=N;O=A HTTP/1.1" 200 376 "-" "Mozilla/5.0 (compatible; AhrefsBot/7.0; +http://ahrefs.com/robot/)" "kurtswebnotes.com"
114.119.136.144 - - [09/Nov/2022:15:27:19 -0800] "GET /wp-includes/blocks/latest-posts/?C=M%3BO%3DA HTTP/1.1" 200 381 "https://www.kurtswebnotes.com/wp-includes/blocks/latest-posts/?C=S%3BO%3DA" "Mozilla/5.0 (Linux; Android 7.0;) AppleWebKit/537.36 (KHTML, like Gecko) Mobile Safari/537.36 (compatible; PetalBot;+https://webmaster.petalsearch.com/site/petalbot)" "www.kurtswebnotes.com"
114.119.136.143 - - [09/Nov/2022:15:33:15 -0800] "GET /wp-includes/blocks/latest-posts/block.json HTTP/1.1" 200 446 "https://kurtswebnotes.com/wp-includes/blocks/latest-posts/?C=N%3BO%3DD" "Mozilla/5.0 (Linux; Android 7.0;) AppleWebKit/537.36 (KHTML, like Gecko) Mobile Safari/537.36 (compatible; PetalBot;+https://webmaster.petalsearch.com/site/petalbot)" "kurtswebnotes.com"
51.222.253.5 - - [09/Nov/2022:15:36:28 -0800] "GET /wp-includes/sodium_compat/src/Core/Curve25519/Ge/?C=D;O=A HTTP/1.1" 200 457 "-" "Mozilla/5.0 (compatible; AhrefsBot/7.0; +http://ahrefs.com/robot/)" "kurtswebnotes.com"
114.119.136.141 - - [09/Nov/2022:15:39:12 -0800] "GET /wp-includes/block-patterns/heading-paragraph.php HTTP/1.1" 500 - "https://kurtswebnotes.com/wp-includes/block-patterns/?C=S%3BO%3DA" "Mozilla/5.0 (Linux; Android 7.0;) AppleWebKit/537.36 (KHTML, like Gecko) Mobile Safari/537.36 (compatible; PetalBot;+https://webmaster.petalsearch.com/site/petalbot)" "kurtswebnotes.com"
20.106.24.246 - - [09/Nov/2022:15:42:08 -0800] "GET /blog/tag/yoav-medan/%22%20+%20avatar%20+%22 HTTP/1.1" 404 88 "http://kurtswebnotes.com/blog/tag/yoav-medan" "Mozilla/5.0 (iPhone; CPU iPhone OS 13_5_1 like Mac OS X) AppleWebKit/605.1.15 (KHTML, like Gecko) Version/13.1.1 Mobile/15E148 Safari/604.1" "kurtswebnotes.com"
114.119.136.144 - - [09/Nov/2022:15:44:58 -0800] "GET /wp-includes/sodium_compat/src/Core/Base64/?C=D%3BO%3DA HTTP/1.1" 200 431 "https://www.kurtswebnotes.com/wp-includes/sodium_compat/src/Core/Base64/?C=D%3BO%3DA" "Mozilla/5.0 (Linux; Android 7.0;) AppleWebKit/537.36 (KHTML, like Gecko) Mobile Safari/537.36 (compatible; PetalBot;+https://webmaster.petalsearch.com/site/petalbot)" "www.kurtswebnotes.com"
51.222.253.6 - - [09/Nov/2022:15:48:04 -0800] "GET /wp-includes/css/dist/block-editor/?C=S;O=A HTTP/1.1" 200 423 "-" "Mozilla/5.0 (compatible; AhrefsBot/7.0; +http://ahrefs.com/robot/)" "kurtswebnotes.com"
114.119.136.143 - - [09/Nov/2022:15:50:46 -0800] "GET /wp-includes/sodium_compat/src/Core32/Curve25519/Ge/?C=D%3BO%3DA HTTP/1.1" 200 459 "https://www.kurtswebnotes.com/wp-includes/sodium_compat/src/Core32/Curve25519/Ge/?C=D%3BO%3DA" "Mozilla/5.0 (Linux; Android 7.0;) AppleWebKit/537.36 (KHTML, like Gecko) Mobile Safari/537.36 (compatible; PetalBot;+https://webmaster.petalsearch.com/site/petalbot)" "www.kurtswebnotes.com"
51.222.253.1 - - [09/Nov/2022:15:53:09 -0800] "GET /wp-includes/blocks/buttons/?C=D;O=A HTTP/1.1" 200 378 "-" "Mozilla/5.0 (compatible; AhrefsBot/7.0; +http://ahrefs.com/robot/)" "www.kurtswebnotes.com"
35.89.15.250 - - [09/Nov/2022:15:53:37 -0800] "GET / HTTP/1.1" 200 481 "-" "Mozilla/5.0 (X11; Linux x86_64) AppleWebKit/537.36 (KHTML, like Gecko) Chrome/83.0.4103.97 Safari/537.36" "kurtswebnotes.com"
35.91.51.79 - - [09/Nov/2022:15:53:39 -0800] "GET / HTTP/1.1" 200 481 "-" "Mozilla/5.0 (X11; Linux x86_64) AppleWebKit/537.36 (KHTML, like Gecko) Chrome/83.0.4103.97 Safari/537.36" "kurtswebnotes.com"
54.214.58.60 - - [09/Nov/2022:15:53:51 -0800] "GET /favicon.ico HTTP/1.1" 404 88 "http://kurtswebnotes.com/favicon.ico" "Mozilla/5.0 (X11; Linux x86_64) AppleWebKit/537.36 (KHTML, like Gecko) Chrome/83.0.4103.97 Safari/537.36" "kurtswebnotes.com"
54.214.58.60 - - [09/Nov/2022:15:53:52 -0800] "GET / HTTP/1.1" 200 481 "http://kurtswebnotes.com" "Mozilla/5.0 (X11; Linux x86_64) AppleWebKit/537.36 (KHTML, like Gecko) Chrome/83.0.4103.97 Safari/537.36" "kurtswebnotes.com"
35.167.253.8 - - [09/Nov/2022:15:54:08 -0800] "GET /favicon.ico HTTP/1.1" 404 88 "-" "Mozilla/5.0 (X11; Linux x86_64) AppleWebKit/537.36 (KHTML, like Gecko) Chrome/83.0.4103.97 Safari/537.36" "kurtswebnotes.com"
35.167.253.8 - - [09/Nov/2022:15:54:11 -0800] "GET / HTTP/1.1" 200 481 "-" "Mozilla/5.0 (X11; Linux x86_64) AppleWebKit/537.36 (KHTML, like Gecko) Chrome/83.0.4103.97 Safari/537.36" "kurtswebnotes.com"
114.119.136.143 - - [09/Nov/2022:15:56:25 -0800] "GET /public_html/?C=N%3BO%3DD HTTP/1.1" 200 315 "https://www.kurtswebnotes.com/public_html/" "Mozilla/5.0 (Linux; Android 7.0;) AppleWebKit/537.36 (KHTML, like Gecko) Mobile Safari/537.36 (compatible; PetalBot;+https://webmaster.petalsearch.com/site/petalbot)" "www.kurtswebnotes.com"
51.222.253.9 - - [09/Nov/2022:15:57:19 -0800] "GET /wp-includes/blocks/calendar/?C=N;O=A HTTP/1.1" 200 377 "-" "Mozilla/5.0 (compatible; AhrefsBot/7.0; +http://ahrefs.com/robot/)" "www.kurtswebnotes.com"
34.221.210.175 - - [09/Nov/2022:15:58:28 -0800] "GET / HTTP/1.1" 200 481 "http://kurtswebnotes.com" "Mozilla/5.0 (X11; Linux x86_64) AppleWebKit/537.36 (KHTML, like Gecko) Chrome/83.0.4103.97 Safari/537.36" "kurtswebnotes.com"
114.119.136.143 - - [09/Nov/2022:16:07:31 -0800] "GET /wp-includes/blocks/gallery/?C=N%3BO%3DD HTTP/1.1" 200 379 "https://www.kurtswebnotes.com/wp-includes/blocks/gallery/?C=D%3BO%3DA" "Mozilla/5.0 (Linux; Android 7.0;) AppleWebKit/537.36 (KHTML, like Gecko) Mobile Safari/537.36 (compatible; PetalBot;+https://webmaster.petalsearch.com/site/petalbot)" "www.kurtswebnotes.com"
51.222.253.19 - - [09/Nov/2022:16:08:41 -0800] "GET /wp-includes/blocks/social-links/?C=N;O=A HTTP/1.1" 200 380 "-" "Mozilla/5.0 (compatible; AhrefsBot/7.0; +http://ahrefs.com/robot/)" "kurtswebnotes.com"
114.119.136.144 - - [09/Nov/2022:16:13:00 -0800] "GET /wp-includes/sodium_compat/lib/php72compat_const.php HTTP/1.1" 200 - "https://kurtswebnotes.com/wp-includes/sodium_compat/lib/?C=M%3BO%3DA" "Mozilla/5.0 (Linux; Android 7.0;) AppleWebKit/537.36 (KHTML, like Gecko) Mobile Safari/537.36 (compatible; PetalBot;+https://webmaster.petalsearch.com/site/petalbot)" "kurtswebnotes.com"
51.222.253.18 - - [09/Nov/2022:16:16:51 -0800] "GET / HTTP/1.1" 200 481 "-" "Mozilla/5.0 (compatible; AhrefsBot/7.0; +http://ahrefs.com/robot/)" "kurtswebnotes.com"
114.119.136.141 - - [09/Nov/2022:16:18:25 -0800] "GET /wp-includes/blocks/freeform/?C=D%3BO%3DA HTTP/1.1" 200 377 "https://kurtswebnotes.com/wp-includes/blocks/freeform/?C=N%3BO%3DD" "Mozilla/5.0 (Linux; Android 7.0;) AppleWebKit/537.36 (KHTML, like Gecko) Mobile Safari/537.36 (compatible; PetalBot;+https://webmaster.petalsearch.com/site/petalbot)" "kurtswebnotes.com"
114.119.136.141 - - [09/Nov/2022:16:23:53 -0800] "GET /wp-includes/sodium_compat/src/Core/HChaCha20.php HTTP/1.1" 500 - "https://www.kurtswebnotes.com/wp-includes/sodium_compat/src/Core/" "Mozilla/5.0 (Linux; Android 7.0;) AppleWebKit/537.36 (KHTML, like Gecko) Mobile Safari/537.36 (compatible; PetalBot;+https://webmaster.petalsearch.com/site/petalbot)" "www.kurtswebnotes.com"
51.222.253.9 - - [09/Nov/2022:16:26:23 -0800] "GET /wp-includes/sodium_compat/namespaced/Core/ HTTP/1.1" 200 591 "-" "Mozilla/5.0 (compatible; AhrefsBot/7.0; +http://ahrefs.com/robot/)" "kurtswebnotes.com"
114.119.136.143 - - [09/Nov/2022:16:29:28 -0800] "GET /wp-includes/sodium_compat/src/PHP52/?C=D%3BO%3DA HTTP/1.1" 200 397 "https://kurtswebnotes.com/wp-includes/sodium_compat/src/PHP52/?C=M%3BO%3DA" "Mozilla/5.0 (Linux; Android 7.0;) AppleWebKit/537.36 (KHTML, like Gecko) Mobile Safari/537.36 (compatible; PetalBot;+https://webmaster.petalsearch.com/site/petalbot)" "kurtswebnotes.com"
114.119.136.141 - - [09/Nov/2022:16:35:12 -0800] "GET /wp-includes/blocks/latest-comments/ HTTP/1.1" 200 383 "https://www.kurtswebnotes.com/wp-includes/blocks/?C=M%3BO%3DA" "Mozilla/5.0 (Linux; Android 7.0;) AppleWebKit/537.36 (KHTML, like Gecko) Mobile Safari/537.36 (compatible; PetalBot;+https://webmaster.petalsearch.com/site/petalbot)" "www.kurtswebnotes.com"
51.222.253.13 - - [09/Nov/2022:16:35:18 -0800] "GET /wp-includes/blocks/subhead/?C=D;O=A HTTP/1.1" 200 377 "-" "Mozilla/5.0 (compatible; AhrefsBot/7.0; +http://ahrefs.com/robot/)" "www.kurtswebnotes.com"
13.67.224.12 - - [09/Nov/2022:16:37:37 -0800] "GET /blog/wp-content/uploads/2012/08/superfly-100x150.jpg HTTP/1.1" 404 88 "http://kurtswebnotes.com/blog/wp-content/uploads/2012/08" "Mozilla/5.0 (Macintosh; Intel Mac OS X 10_11_6) AppleWebKit/605.1.15 (KHTML, like Gecko) Version/11.1.2 Safari/605.1.15" "kurtswebnotes.com"
114.119.136.138 - - [09/Nov/2022:16:40:48 -0800] "GET /wp-admin/css/colors/?C=M%3BO%3DA HTTP/1.1" 200 362 "https://www.kurtswebnotes.com/wp-admin/css/colors/?C=M%3BO%3DA" "Mozilla/5.0 (Linux; Android 7.0;) AppleWebKit/537.36 (KHTML, like Gecko) Mobile Safari/537.36 (compatible; PetalBot;+https://webmaster.petalsearch.com/site/petalbot)" "www.kurtswebnotes.com"
51.222.253.16 - - [09/Nov/2022:16:44:27 -0800] "GET /wp-includes/blocks/gallery/?C=D;O=A HTTP/1.1" 200 379 "-" "Mozilla/5.0 (compatible; AhrefsBot/7.0; +http://ahrefs.com/robot/)" "www.kurtswebnotes.com"
114.119.136.143 - - [09/Nov/2022:16:46:40 -0800] "GET /wp-includes/blocks/verse/ HTTP/1.1" 200 376 "https://kurtswebnotes.com/wp-includes/blocks/" "Mozilla/5.0 (Linux; Android 7.0;) AppleWebKit/537.36 (KHTML, like Gecko) Mobile Safari/537.36 (compatible; PetalBot;+https://webmaster.petalsearch.com/site/petalbot)" "kurtswebnotes.com"
51.222.253.13 - - [09/Nov/2022:16:52:03 -0800] "GET /wp-includes/blocks/social-link/?C=D;O=A HTTP/1.1" 200 380 "-" "Mozilla/5.0 (compatible; AhrefsBot/7.0; +http://ahrefs.com/robot/)" "kurtswebnotes.com"
114.119.136.143 - - [09/Nov/2022:16:52:41 -0800] "GET /wp-includes/sodium_compat/src/Core32/Curve25519/Ge/P3.php HTTP/1.1" 200 - "https://www.kurtswebnotes.com/wp-includes/sodium_compat/src/Core32/Curve25519/Ge/?C=D%3BO%3DA" "Mozilla/5.0 (Linux; Android 7.0;) AppleWebKit/537.36 (KHTML, like Gecko) Mobile Safari/537.36 (compatible; PetalBot;+https://webmaster.petalsearch.com/site/petalbot)" "www.kurtswebnotes.com"
40.77.51.81 - - [09/Nov/2022:16:55:44 -0800] "GET /blog/2012/02/21/favorite-tweet-today-anger-is-via-ptarkkonen-quote-life/%5C%22http:/visit.webhosting.yahoo.com/wisit.gif%22+%22/blog/%22+%22?%22+z+%22%5C%22 HTTP/1.1" 404 88 "http://kurtswebnotes.com/blog/2012/02/21/favorite-tweet-today-anger-is-via-ptarkkonen-quote-life/\\\"http:/visit.webhosting.yahoo.com/wisit.gif\"+\"/blog" "Mozilla/5.0 (iPhone; CPU iPhone OS 13_5_1 like Mac OS X) AppleWebKit/605.1.15 (KHTML, like Gecko) Version/13.1.1 Mobile/15E148 Safari/604.1" "kurtswebnotes.com"
114.119.136.141 - - [09/Nov/2022:16:58:39 -0800] "GET /wp-includes/blocks/image/?C=D%3BO%3DA HTTP/1.1" 200 378 "https://www.kurtswebnotes.com/wp-includes/blocks/image/?C=D%3BO%3DA" "Mozilla/5.0 (Linux; Android 7.0;) AppleWebKit/537.36 (KHTML, like Gecko) Mobile Safari/537.36 (compatible; PetalBot;+https://webmaster.petalsearch.com/site/petalbot)" "www.kurtswebnotes.com"
51.222.253.1 - - [09/Nov/2022:16:59:55 -0800] "GET /wp-includes/blocks/social-link/?C=S;O=A HTTP/1.1" 200 381 "-" "Mozilla/5.0 (compatible; AhrefsBot/7.0; +http://ahrefs.com/robot/)" "kurtswebnotes.com"
114.119.136.143 - - [09/Nov/2022:17:04:32 -0800] "GET /wp-includes/block-patterns/?C=N%3BO%3DD HTTP/1.1" 200 548 "https://www.kurtswebnotes.com/wp-includes/block-patterns/" "Mozilla/5.0 (Linux; Android 7.0;) AppleWebKit/537.36 (KHTML, like Gecko) Mobile Safari/537.36 (compatible; PetalBot;+https://webmaster.petalsearch.com/site/petalbot)" "www.kurtswebnotes.com"
51.222.253.5 - - [09/Nov/2022:17:06:40 -0800] "GET /wp-includes/blocks/gallery/?C=D;O=D HTTP/1.1" 200 377 "-" "Mozilla/5.0 (compatible; AhrefsBot/7.0; +http://ahrefs.com/robot/)" "www.kurtswebnotes.com"
193.189.100.202 - - [09/Nov/2022:17:10:14 -0800] "GET /blog/2016/01/13/my-first-instagram-image/ HTTP/1.1" 404 73 "https://kurtswebnotes.com/blog/2016/01/13/my-first-instagram-image/" "Mozilla/5.0 (Windows NT 6.3; Win64; x64) AppleWebKit/537.36 (KHTML, like Gecko) Chrome/90.0.4430.72 Safari/537.36 Edg/90.0.818.42" "kurtswebnotes.com"
193.189.100.202 - - [09/Nov/2022:17:10:15 -0800] "GET / HTTP/1.1" 200 1458 "https://kurtswebnotes.com/" "Mozilla/5.0 (Windows NT 6.3; Win64; x64) AppleWebKit/537.36 (KHTML, like Gecko) Chrome/90.0.4430.72 Safari/537.36 Edg/90.0.818.42" "kurtswebnotes.com"
114.119.136.143 - - [09/Nov/2022:17:10:31 -0800] "GET /wp-includes/block-supports/generated-classname.php HTTP/1.1" 500 - "https://www.kurtswebnotes.com/wp-includes/block-supports/" "Mozilla/5.0 (Linux; Android 7.0;) AppleWebKit/537.36 (KHTML, like Gecko) Mobile Safari/537.36 (compatible; PetalBot;+https://webmaster.petalsearch.com/site/petalbot)" "www.kurtswebnotes.com"
51.222.253.16 - - [09/Nov/2022:17:14:03 -0800] "GET /wp-includes/sodium_compat/namespaced/Core/?C=N;O=D HTTP/1.1" 200 595 "-" "Mozilla/5.0 (compatible; AhrefsBot/7.0; +http://ahrefs.com/robot/)" "kurtswebnotes.com"
114.119.136.144 - - [09/Nov/2022:17:16:33 -0800] "GET /wp-includes/sitemaps/providers/class-wp-sitemaps-users.php HTTP/1.1" 500 - "https://kurtswebnotes.com/wp-includes/sitemaps/providers/?C=D%3BO%3DA" "Mozilla/5.0 (Linux; Android 7.0;) AppleWebKit/537.36 (KHTML, like Gecko) Mobile Safari/537.36 (compatible; PetalBot;+https://webmaster.petalsearch.com/site/petalbot)" "kurtswebnotes.com"
13.67.224.13 - - [09/Nov/2022:17:20:36 -0800] "GET /photography/wp-content/uploads/2013/12/tweetup12192013_21mod-96x96.jpg HTTP/1.1" 404 88 "http://kurtswebnotes.com/photography/wp-content/uploads/2013/12" "Mozilla/5.0 (X11; Linux x86_64) AppleWebKit/537.36 (KHTML, like Gecko) Chrome/74.0.3729.169 Safari/537.36" "kurtswebnotes.com"
114.119.136.141 - - [09/Nov/2022:17:22:51 -0800] "GET /wp-includes/blocks/video/?C=S%3BO%3DA HTTP/1.1" 200 377 "https://www.kurtswebnotes.com/wp-includes/blocks/video/" "Mozilla/5.0 (Linux; Android 7.0;) AppleWebKit/537.36 (KHTML, like Gecko) Mobile Safari/537.36 (compatible; PetalBot;+https://webmaster.petalsearch.com/site/petalbot)" "www.kurtswebnotes.com"
114.119.136.138 - - [09/Nov/2022:17:28:19 -0800] "GET /wp-includes/sodium_compat/src/Core32/ChaCha20/ HTTP/1.1" 200 415 "https://www.kurtswebnotes.com/wp-includes/sodium_compat/src/Core32/?C=N%3BO%3DD" "Mozilla/5.0 (Linux; Android 7.0;) AppleWebKit/537.36 (KHTML, like Gecko) Mobile Safari/537.36 (compatible; PetalBot;+https://webmaster.petalsearch.com/site/petalbot)" "www.kurtswebnotes.com"
51.222.253.2 - - [09/Nov/2022:17:28:38 -0800] "GET /wp-includes/blocks/social-link/?C=N;O=A HTTP/1.1" 200 380 "-" "Mozilla/5.0 (compatible; AhrefsBot/7.0; +http://ahrefs.com/robot/)" "kurtswebnotes.com"
114.119.136.141 - - [09/Nov/2022:17:33:27 -0800] "GET /wp-includes/sodium_compat/src/Core32/Curve25519/Ge/?C=S%3BO%3DA HTTP/1.1" 200 459 "https://kurtswebnotes.com/wp-includes/sodium_compat/src/Core32/Curve25519/Ge/?C=S%3BO%3DA" "Mozilla/5.0 (Linux; Android 7.0;) AppleWebKit/537.36 (KHTML, like Gecko) Mobile Safari/537.36 (compatible; PetalBot;+https://webmaster.petalsearch.com/site/petalbot)" "kurtswebnotes.com"
51.222.253.1 - - [09/Nov/2022:17:34:50 -0800] "GET /wp-includes/blocks/subhead/?C=S;O=A HTTP/1.1" 200 377 "-" "Mozilla/5.0 (compatible; AhrefsBot/7.0; +http://ahrefs.com/robot/)" "www.kurtswebnotes.com"
114.119.136.138 - - [09/Nov/2022:17:38:35 -0800] "GET /wp-includes/sitemaps/class-wp-sitemaps-registry.php HTTP/1.1" 200 - "https://kurtswebnotes.com/wp-includes/sitemaps/?C=M%3BO%3DA" "Mozilla/5.0 (Linux; Android 7.0;) AppleWebKit/537.36 (KHTML, like Gecko) Mobile Safari/537.36 (compatible; PetalBot;+https://webmaster.petalsearch.com/site/petalbot)" "kurtswebnotes.com"
51.222.253.20 - - [09/Nov/2022:17:41:41 -0800] "GET /wp-includes/blocks/search/?C=D;O=A HTTP/1.1" 200 376 "-" "Mozilla/5.0 (compatible; AhrefsBot/7.0; +http://ahrefs.com/robot/)" "kurtswebnotes.com"
114.119.136.143 - - [09/Nov/2022:17:43:48 -0800] "GET /wp-includes/sitemaps/?C=M%3BO%3DA HTTP/1.1" 200 497 "https://kurtswebnotes.com/wp-includes/sitemaps/?C=M%3BO%3DA" "Mozilla/5.0 (Linux; Android 7.0;) AppleWebKit/537.36 (KHTML, like Gecko) Mobile Safari/537.36 (compatible; PetalBot;+https://webmaster.petalsearch.com/site/petalbot)" "kurtswebnotes.com"
137.226.113.44 - - [09/Nov/2022:17:44:01 -0800] "GET / HTTP/1.1" 200 481 "-" "Mozilla/5.0 zgrab/0.x (compatible; Researchscan/http; +http://researchscan.comsys.rwth-aachen.de)" "www.kurtswebnotes.com"
51.222.253.2 - - [09/Nov/2022:17:48:18 -0800] "GET /wp-includes/blocks/tag-cloud/?C=D;O=A HTTP/1.1" 200 378 "-" "Mozilla/5.0 (compatible; AhrefsBot/7.0; +http://ahrefs.com/robot/)" "kurtswebnotes.com"
114.119.136.143 - - [09/Nov/2022:17:48:54 -0800] "GET /wp-includes/css/dist/ HTTP/1.1" 200 382 "https://www.kurtswebnotes.com/wp-includes/css/dist/block-editor/" "Mozilla/5.0 (Linux; Android 7.0;) AppleWebKit/537.36 (KHTML, like Gecko) Mobile Safari/537.36 (compatible; PetalBot;+https://webmaster.petalsearch.com/site/petalbot)" "www.kurtswebnotes.com"
114.119.140.113 - - [09/Nov/2022:17:52:59 -0800] "GET /robots.txt HTTP/1.1" 200 101 "-" "Mozilla/5.0 (compatible;PetalBot;+https://webmaster.petalsearch.com/site/petalbot)" "www.kurtswebnotes.com"
114.119.136.144 - - [09/Nov/2022:17:54:00 -0800] "GET /wp-includes/sodium_compat/namespaced/Core/ChaCha20/Ctx.php HTTP/1.1" 500 - "https://www.kurtswebnotes.com/wp-includes/sodium_compat/namespaced/Core/ChaCha20/?C=D%3BO%3DA" "Mozilla/5.0 (Linux; Android 7.0;) AppleWebKit/537.36 (KHTML, like Gecko) Mobile Safari/537.36 (compatible; PetalBot;+https://webmaster.petalsearch.com/site/petalbot)" "www.kurtswebnotes.com"
51.222.253.9 - - [09/Nov/2022:17:54:36 -0800] "GET /wp-includes/blocks/tag-cloud/?C=S;O=A HTTP/1.1" 200 379 "-" "Mozilla/5.0 (compatible; AhrefsBot/7.0; +http://ahrefs.com/robot/)" "kurtswebnotes.com"
114.119.136.141 - - [09/Nov/2022:17:59:09 -0800] "GET /wp-includes/blocks/calendar/block.json HTTP/1.1" 200 161 "https://www.kurtswebnotes.com/wp-includes/blocks/calendar/?C=D%3BO%3DA" "Mozilla/5.0 (Linux; Android 7.0;) AppleWebKit/537.36 (KHTML, like Gecko) Mobile Safari/537.36 (compatible; PetalBot;+https://webmaster.petalsearch.com/site/petalbot)" "www.kurtswebnotes.com"
51.222.253.7 - - [09/Nov/2022:18:03:07 -0800] "GET /wp-includes/blocks/freeform/?C=S;O=A HTTP/1.1" 200 377 "-" "Mozilla/5.0 (compatible; AhrefsBot/7.0; +http://ahrefs.com/robot/)" "www.kurtswebnotes.com"
114.119.136.138 - - [09/Nov/2022:18:04:15 -0800] "GET /wp-includes/sodium_compat/namespaced/Core/HSalsa20.php HTTP/1.1" 500 - "https://kurtswebnotes.com/wp-includes/sodium_compat/namespaced/Core/?C=S%3BO%3DA" "Mozilla/5.0 (Linux; Android 7.0;) AppleWebKit/537.36 (KHTML, like Gecko) Mobile Safari/537.36 (compatible; PetalBot;+https://webmaster.petalsearch.com/site/petalbot)" "kurtswebnotes.com"
185.72.199.84 - - [09/Nov/2022:18:07:13 -0800] "GET / HTTP/1.1" 200 1458 "https://kurtswebnotes.com/" "Mozilla/5.0 (Windows NT 10.0; Win64; x64) AppleWebKit/537.36 (KHTML, like Gecko) Chrome/90.0.4430.72 Safari/537.36" "kurtswebnotes.com"
51.222.253.8 - - [09/Nov/2022:18:08:48 -0800] "GET /wp-includes/blocks/gallery/?C=S;O=A HTTP/1.1" 200 379 "-" "Mozilla/5.0 (compatible; AhrefsBot/7.0; +http://ahrefs.com/robot/)" "www.kurtswebnotes.com"
114.119.136.143 - - [09/Nov/2022:18:09:19 -0800] "GET /wp-includes/blocks/rss/?C=S%3BO%3DA HTTP/1.1" 200 374 "https://www.kurtswebnotes.com/wp-includes/blocks/rss/?C=M%3BO%3DA" "Mozilla/5.0 (Linux; Android 7.0;) AppleWebKit/537.36 (KHTML, like Gecko) Mobile Safari/537.36 (compatible; PetalBot;+https://webmaster.petalsearch.com/site/petalbot)" "www.kurtswebnotes.com"
114.119.136.141 - - [09/Nov/2022:18:14:29 -0800] "GET /wp-admin/?C=M%3BO%3DA HTTP/1.1" 200 351 "https://kurtswebnotes.com/wp-admin/?C=N%3BO%3DD" "Mozilla/5.0 (Linux; Android 7.0;) AppleWebKit/537.36 (KHTML, like Gecko) Mobile Safari/537.36 (compatible; PetalBot;+https://webmaster.petalsearch.com/site/petalbot)" "kurtswebnotes.com"
51.222.253.16 - - [09/Nov/2022:18:14:33 -0800] "GET /wp-includes/blocks/freeform/?C=M;O=A HTTP/1.1" 200 377 "-" "Mozilla/5.0 (compatible; AhrefsBot/7.0; +http://ahrefs.com/robot/)" "www.kurtswebnotes.com"
114.119.136.141 - - [09/Nov/2022:18:19:39 -0800] "GET /wp-includes/sodium_compat/src/Core32/XChaCha20.php HTTP/1.1" 500 - "https://kurtswebnotes.com/wp-includes/sodium_compat/src/Core32/" "Mozilla/5.0 (Linux; Android 7.0;) AppleWebKit/537.36 (KHTML, like Gecko) Mobile Safari/537.36 (compatible; PetalBot;+https://webmaster.petalsearch.com/site/petalbot)" "kurtswebnotes.com"
51.222.253.19 - - [09/Nov/2022:18:21:05 -0800] "GET /wp-includes/assets/script-loader-packages.php HTTP/1.1" 200 - "-" "Mozilla/5.0 (compatible; AhrefsBot/7.0; +http://ahrefs.com/robot/)" "kurtswebnotes.com"
114.119.136.138 - - [09/Nov/2022:18:24:53 -0800] "GET /wp-includes/blocks/video/?C=N%3BO%3DD HTTP/1.1" 200 377 "https://kurtswebnotes.com/wp-includes/blocks/video/?C=N%3BO%3DD" "Mozilla/5.0 (Linux; Android 7.0;) AppleWebKit/537.36 (KHTML, like Gecko) Mobile Safari/537.36 (compatible; PetalBot;+https://webmaster.petalsearch.com/site/petalbot)" "kurtswebnotes.com"
51.222.253.3 - - [09/Nov/2022:18:28:22 -0800] "GET /wp-includes/blocks/freeform/?C=D;O=A HTTP/1.1" 200 377 "-" "Mozilla/5.0 (compatible; AhrefsBot/7.0; +http://ahrefs.com/robot/)" "www.kurtswebnotes.com"
114.119.136.141 - - [09/Nov/2022:18:30:04 -0800] "GET /wp-includes/sodium_compat/src/Core32/?C=S%3BO%3DA HTTP/1.1" 200 669 "https://kurtswebnotes.com/wp-includes/sodium_compat/src/Core32/?C=M%3BO%3DA" "Mozilla/5.0 (Linux; Android 7.0;) AppleWebKit/537.36 (KHTML, like Gecko) Mobile Safari/537.36 (compatible; PetalBot;+https://webmaster.petalsearch.com/site/petalbot)" "kurtswebnotes.com"
51.222.253.15 - - [09/Nov/2022:18:31:33 -0800] "GET /?C=M;O=D HTTP/1.1" 200 475 "-" "Mozilla/5.0 (compatible; AhrefsBot/7.0; +http://ahrefs.com/robot/)" "www.kurtswebnotes.com"
51.222.253.4 - - [09/Nov/2022:18:34:49 -0800] "GET /wp-includes/blocks/button/?C=S;O=A HTTP/1.1" 200 377 "-" "Mozilla/5.0 (compatible; AhrefsBot/7.0; +http://ahrefs.com/robot/)" "kurtswebnotes.com"
114.119.136.143 - - [09/Nov/2022:18:35:21 -0800] "GET /wp-includes/assets/?C=S%3BO%3DA HTTP/1.1" 200 390 "https://www.kurtswebnotes.com/wp-includes/assets/?C=M%3BO%3DA" "Mozilla/5.0 (Linux; Android 7.0;) AppleWebKit/537.36 (KHTML, like Gecko) Mobile Safari/537.36 (compatible; PetalBot;+https://webmaster.petalsearch.com/site/petalbot)" "www.kurtswebnotes.com"
51.222.253.3 - - [09/Nov/2022:18:38:10 -0800] "GET /wp-includes/sodium_compat/src/Core/Poly1305/?C=D;O=A HTTP/1.1" 200 396 "-" "Mozilla/5.0 (compatible; AhrefsBot/7.0; +http://ahrefs.com/robot/)" "kurtswebnotes.com"
114.119.136.138 - - [09/Nov/2022:18:40:33 -0800] "GET /wp-includes/blocks/shortcode/?C=S%3BO%3DA HTTP/1.1" 200 379 "https://www.kurtswebnotes.com/wp-includes/blocks/shortcode/?C=D%3BO%3DA" "Mozilla/5.0 (Linux; Android 7.0;) AppleWebKit/537.36 (KHTML, like Gecko) Mobile Safari/537.36 (compatible; PetalBot;+https://webmaster.petalsearch.com/site/petalbot)" "www.kurtswebnotes.com"
40.86.101.165 - - [09/Nov/2022:18:40:59 -0800] "GET /photography/wp-content/uploads/2015/01/bcc2014_054mod-96x96.jpg HTTP/1.1" 404 88 "http://kurtswebnotes.com/photography/wp-content/uploads/2015/01" "Mozilla/5.0 (iPhone; CPU iPhone OS 13_5_1 like Mac OS X) AppleWebKit/605.1.15 (KHTML, like Gecko) Version/13.1.1 Mobile/15E148 Safari/604.1" "kurtswebnotes.com"
51.222.253.3 - - [09/Nov/2022:18:43:19 -0800] "GET /wp-includes/blocks/gallery/?C=M;O=A HTTP/1.1" 200 379 "-" "Mozilla/5.0 (compatible; AhrefsBot/7.0; +http://ahrefs.com/robot/)" "www.kurtswebnotes.com"
51.222.253.15 - - [09/Nov/2022:18:46:22 -0800] "GET /wp-includes/blocks/social-link/?C=M;O=A HTTP/1.1" 200 381 "-" "Mozilla/5.0 (compatible; AhrefsBot/7.0; +http://ahrefs.com/robot/)" "kurtswebnotes.com"
51.222.253.19 - - [09/Nov/2022:18:49:28 -0800] "GET /wp-includes/css/dist/block-editor/?C=S;O=A HTTP/1.1" 200 423 "-" "Mozilla/5.0 (compatible; AhrefsBot/7.0; +http://ahrefs.com/robot/)" "www.kurtswebnotes.com"
