185.174.159.245 - - [23/Oct/2022:17:48:16 -0700] "GET / HTTP/1.1" 200 1458 "https://kurtswebnotes.com/" "Mozilla/5.0 (Windows NT 6.2; Win64; x64) AppleWebKit/537.36 (KHTML, like Gecko) Chrome/90.0.4430.72 Safari/537.36" "kurtswebnotes.com"
114.119.136.143 - - [23/Oct/2022:17:49:37 -0700] "GET /wp-includes/sodium_compat/src/Crypto.php HTTP/1.1" 200 - "https://kurtswebnotes.com/wp-includes/sodium_compat/src/" "Mozilla/5.0 (Linux; Android 7.0;) AppleWebKit/537.36 (KHTML, like Gecko) Mobile Safari/537.36 (compatible; PetalBot;+https://webmaster.petalsearch.com/site/petalbot)" "kurtswebnotes.com"
114.119.133.87 - - [23/Oct/2022:17:50:22 -0700] "GET /robots.txt HTTP/1.1" 200 101 "-" "Mozilla/5.0 (compatible;PetalBot;+https://webmaster.petalsearch.com/site/petalbot)" "kurtswebnotes.com"
114.119.136.141 - - [23/Oct/2022:17:55:20 -0700] "GET /wp-content/themes/ HTTP/1.1" 200 375 "https://www.kurtswebnotes.com/wp-content/?C=D%3BO%3DA" "Mozilla/5.0 (Linux; Android 7.0;) AppleWebKit/537.36 (KHTML, like Gecko) Mobile Safari/537.36 (compatible; PetalBot;+https://webmaster.petalsearch.com/site/petalbot)" "www.kurtswebnotes.com"
114.119.136.138 - - [23/Oct/2022:18:01:04 -0700] "GET /wp-includes/sodium_compat/namespaced/Core/Ed25519.php HTTP/1.1" 500 - "https://www.kurtswebnotes.com/wp-includes/sodium_compat/namespaced/Core/?C=N%3BO%3DD" "Mozilla/5.0 (Linux; Android 7.0;) AppleWebKit/537.36 (KHTML, like Gecko) Mobile Safari/537.36 (compatible; PetalBot;+https://webmaster.petalsearch.com/site/petalbot)" "www.kurtswebnotes.com"
114.119.136.141 - - [23/Oct/2022:18:06:34 -0700] "GET /wp-includes/sodium_compat/namespaced/Core/XChaCha20.php HTTP/1.1" 500 - "https://kurtswebnotes.com/wp-includes/sodium_compat/namespaced/Core/" "Mozilla/5.0 (Linux; Android 7.0;) AppleWebKit/537.36 (KHTML, like Gecko) Mobile Safari/537.36 (compatible; PetalBot;+https://webmaster.petalsearch.com/site/petalbot)" "kurtswebnotes.com"
114.119.136.141 - - [23/Oct/2022:18:12:10 -0700] "GET /wp-includes/sodium_compat/namespaced/Core/Poly1305/ HTTP/1.1" 200 401 "https://kurtswebnotes.com/wp-includes/sodium_compat/namespaced/Core/" "Mozilla/5.0 (Linux; Android 7.0;) AppleWebKit/537.36 (KHTML, like Gecko) Mobile Safari/537.36 (compatible; PetalBot;+https://webmaster.petalsearch.com/site/petalbot)" "kurtswebnotes.com"
114.119.136.144 - - [23/Oct/2022:18:17:52 -0700] "GET /wp-includes/css/?C=N%3BO%3DD HTTP/1.1" 200 359 "https://kurtswebnotes.com/wp-includes/css/" "Mozilla/5.0 (Linux; Android 7.0;) AppleWebKit/537.36 (KHTML, like Gecko) Mobile Safari/537.36 (compatible; PetalBot;+https://webmaster.petalsearch.com/site/petalbot)" "kurtswebnotes.com"
114.119.136.141 - - [23/Oct/2022:18:23:31 -0700] "GET /wp-includes/blocks/subhead/?C=M%3BO%3DA HTTP/1.1" 200 377 "https://kurtswebnotes.com/wp-includes/blocks/subhead/?C=N%3BO%3DD" "Mozilla/5.0 (Linux; Android 7.0;) AppleWebKit/537.36 (KHTML, like Gecko) Mobile Safari/537.36 (compatible; PetalBot;+https://webmaster.petalsearch.com/site/petalbot)" "kurtswebnotes.com"
114.119.136.143 - - [23/Oct/2022:18:28:59 -0700] "GET /wp-includes/sodium_compat/namespaced/Core/Curve25519/Ge/P2.php HTTP/1.1" 500 - "https://www.kurtswebnotes.com/wp-includes/sodium_compat/namespaced/Core/Curve25519/Ge/" "Mozilla/5.0 (Linux; Android 7.0;) AppleWebKit/537.36 (KHTML, like Gecko) Mobile Safari/537.36 (compatible; PetalBot;+https://webmaster.petalsearch.com/site/petalbot)" "www.kurtswebnotes.com"
114.119.136.141 - - [23/Oct/2022:18:34:26 -0700] "GET /wp-includes/sodium_compat/src/Core32/Curve25519/Ge/Precomp.php HTTP/1.1" 200 - "https://www.kurtswebnotes.com/wp-includes/sodium_compat/src/Core32/Curve25519/Ge/?C=S%3BO%3DA" "Mozilla/5.0 (Linux; Android 7.0;) AppleWebKit/537.36 (KHTML, like Gecko) Mobile Safari/537.36 (compatible; PetalBot;+https://webmaster.petalsearch.com/site/petalbot)" "www.kurtswebnotes.com"
114.119.136.143 - - [23/Oct/2022:18:40:20 -0700] "GET /wp-includes/sodium_compat/namespaced/Core/SipHash.php HTTP/1.1" 500 - "https://www.kurtswebnotes.com/wp-includes/sodium_compat/namespaced/Core/?C=N%3BO%3DD" "Mozilla/5.0 (Linux; Android 7.0;) AppleWebKit/537.36 (KHTML, like Gecko) Mobile Safari/537.36 (compatible; PetalBot;+https://webmaster.petalsearch.com/site/petalbot)" "www.kurtswebnotes.com"
114.119.136.141 - - [23/Oct/2022:18:46:07 -0700] "GET /wp-includes/blocks/gallery/?C=N%3BO%3DD HTTP/1.1" 200 379 "https://www.kurtswebnotes.com/wp-includes/blocks/gallery/?C=S%3BO%3DA" "Mozilla/5.0 (Linux; Android 7.0;) AppleWebKit/537.36 (KHTML, like Gecko) Mobile Safari/537.36 (compatible; PetalBot;+https://webmaster.petalsearch.com/site/petalbot)" "www.kurtswebnotes.com"
114.119.136.141 - - [23/Oct/2022:18:51:56 -0700] "GET /wp-includes/sitemaps/class-wp-sitemaps-index.php HTTP/1.1" 200 - "https://kurtswebnotes.com/wp-includes/sitemaps/" "Mozilla/5.0 (Linux; Android 7.0;) AppleWebKit/537.36 (KHTML, like Gecko) Mobile Safari/537.36 (compatible; PetalBot;+https://webmaster.petalsearch.com/site/petalbot)" "kurtswebnotes.com"
114.119.136.144 - - [23/Oct/2022:18:57:23 -0700] "GET /download/ HTTP/1.1" 200 313 "https://kurtswebnotes.com?C=M%3BO%3DA" "Mozilla/5.0 (Linux; Android 7.0;) AppleWebKit/537.36 (KHTML, like Gecko) Mobile Safari/537.36 (compatible; PetalBot;+https://webmaster.petalsearch.com/site/petalbot)" "kurtswebnotes.com"
114.119.136.14 - - [23/Oct/2022:19:03:07 -0700] "GET /wp-includes/sodium_compat/src/Core32/Curve25519/Ge/Cached.php HTTP/1.1" 200 - "https://kurtswebnotes.com/wp-includes/sodium_compat/src/Core32/Curve25519/Ge/" "Mozilla/5.0 (Linux; Android 7.0;) AppleWebKit/537.36 (KHTML, like Gecko) Mobile Safari/537.36 (compatible; PetalBot;+https://webmaster.petalsearch.com/site/petalbot)" "kurtswebnotes.com"
114.119.136.141 - - [23/Oct/2022:19:08:49 -0700] "GET /wp-includes/blocks/audio/?C=S%3BO%3DA HTTP/1.1" 200 377 "https://kurtswebnotes.com/wp-includes/blocks/audio/?C=M%3BO%3DA" "Mozilla/5.0 (Linux; Android 7.0;) AppleWebKit/537.36 (KHTML, like Gecko) Mobile Safari/537.36 (compatible; PetalBot;+https://webmaster.petalsearch.com/site/petalbot)" "kurtswebnotes.com"
167.235.193.170 - - [23/Oct/2022:19:11:27 -0700] "GET /wp-content/plugins/ioptimization/IOptimize.php?rchk HTTP/1.1" 404 88 "www.google.com" "Mozlila/5.0 (Linux; Android 7.0; SM-G892A Bulid/NRD90M; wv) AppleWebKit/537.36 (KHTML, like Gecko) Version/4.0 Chrome/60.0.3112.107 Moblie Safari/537.36" "kurtswebnotes.com"
114.119.136.141 - - [23/Oct/2022:19:14:28 -0700] "GET /wp-includes/sodium_compat/src/Core32/Curve25519/?C=S%3BO%3DA HTTP/1.1" 200 435 "https://www.kurtswebnotes.com/wp-includes/sodium_compat/src/Core32/Curve25519/?C=M%3BO%3DA" "Mozilla/5.0 (Linux; Android 7.0;) AppleWebKit/537.36 (KHTML, like Gecko) Mobile Safari/537.36 (compatible; PetalBot;+https://webmaster.petalsearch.com/site/petalbot)" "www.kurtswebnotes.com"
114.119.136.14 - - [23/Oct/2022:19:25:51 -0700] "GET /wp-includes/sitemaps/class-wp-sitemaps-stylesheet.php HTTP/1.1" 200 - "https://kurtswebnotes.com/wp-includes/sitemaps/" "Mozilla/5.0 (Linux; Android 7.0;) AppleWebKit/537.36 (KHTML, like Gecko) Mobile Safari/537.36 (compatible; PetalBot;+https://webmaster.petalsearch.com/site/petalbot)" "kurtswebnotes.com"
77.88.5.35 - - [23/Oct/2022:19:28:26 -0700] "GET /robots.txt HTTP/1.1" 200 111 "-" "Mozilla/5.0 (compatible; YandexBot/3.0; +http://yandex.com/bots)" "www.kurtswebnotes.com"
93.158.161.72 - - [23/Oct/2022:19:28:30 -0700] "GET /wp-includes/blocks/subhead/?C=N;O=A HTTP/1.1" 200 377 "-" "Mozilla/5.0 (compatible; YandexBot/3.0; +http://yandex.com/bots)" "www.kurtswebnotes.com"
114.119.136.144 - - [23/Oct/2022:19:31:24 -0700] "GET /wp-includes/sodium_compat/src/Core/Base64/UrlSafe.php HTTP/1.1" 200 - "https://www.kurtswebnotes.com/wp-includes/sodium_compat/src/Core/Base64/?C=N%3BO%3DD" "Mozilla/5.0 (Linux; Android 7.0;) AppleWebKit/537.36 (KHTML, like Gecko) Mobile Safari/537.36 (compatible; PetalBot;+https://webmaster.petalsearch.com/site/petalbot)" "www.kurtswebnotes.com"
114.119.136.14 - - [23/Oct/2022:19:36:55 -0700] "GET /wp-includes/blocks/button/?C=N%3BO%3DD HTTP/1.1" 200 377 "https://kurtswebnotes.com/wp-includes/blocks/button/?C=S%3BO%3DA" "Mozilla/5.0 (Linux; Android 7.0;) AppleWebKit/537.36 (KHTML, like Gecko) Mobile Safari/537.36 (compatible; PetalBot;+https://webmaster.petalsearch.com/site/petalbot)" "kurtswebnotes.com"
114.119.136.143 - - [23/Oct/2022:19:42:26 -0700] "GET /public_html/ HTTP/1.1" 200 315 "https://kurtswebnotes.com?C=M%3BO%3DA" "Mozilla/5.0 (Linux; Android 7.0;) AppleWebKit/537.36 (KHTML, like Gecko) Mobile Safari/537.36 (compatible; PetalBot;+https://webmaster.petalsearch.com/site/petalbot)" "kurtswebnotes.com"
114.119.136.14 - - [23/Oct/2022:19:48:04 -0700] "GET /wp-includes/sodium_compat/src/Core32/SecretStream/ HTTP/1.1" 200 397 "https://kurtswebnotes.com/wp-includes/sodium_compat/src/Core32/?C=N%3BO%3DD" "Mozilla/5.0 (Linux; Android 7.0;) AppleWebKit/537.36 (KHTML, like Gecko) Mobile Safari/537.36 (compatible; PetalBot;+https://webmaster.petalsearch.com/site/petalbot)" "kurtswebnotes.com"
114.119.136.138 - - [23/Oct/2022:19:53:47 -0700] "GET /wp-includes/sodium_compat/namespaced/Core/BLAKE2b.php HTTP/1.1" 500 - "https://kurtswebnotes.com/wp-includes/sodium_compat/namespaced/Core/" "Mozilla/5.0 (Linux; Android 7.0;) AppleWebKit/537.36 (KHTML, like Gecko) Mobile Safari/537.36 (compatible; PetalBot;+https://webmaster.petalsearch.com/site/petalbot)" "kurtswebnotes.com"
114.119.136.138 - - [23/Oct/2022:19:59:25 -0700] "GET /wp-includes/blocks/social-links/?C=S%3BO%3DA HTTP/1.1" 200 380 "https://www.kurtswebnotes.com/wp-includes/blocks/social-links/?C=M%3BO%3DA" "Mozilla/5.0 (Linux; Android 7.0;) AppleWebKit/537.36 (KHTML, like Gecko) Mobile Safari/537.36 (compatible; PetalBot;+https://webmaster.petalsearch.com/site/petalbot)" "www.kurtswebnotes.com"
51.222.253.15 - - [23/Oct/2022:20:02:28 -0700] "GET /wp-includes/blocks/html/?C=S;O=D HTTP/1.1" 200 371 "-" "Mozilla/5.0 (compatible; AhrefsBot/7.0; +http://ahrefs.com/robot/)" "kurtswebnotes.com"
51.222.253.8 - - [23/Oct/2022:20:04:54 -0700] "GET /wp-includes/sodium_compat/namespaced/Core/ HTTP/1.1" 200 591 "-" "Mozilla/5.0 (compatible; AhrefsBot/7.0; +http://ahrefs.com/robot/)" "www.kurtswebnotes.com"
114.119.136.14 - - [23/Oct/2022:20:04:55 -0700] "GET /wp-includes/blocks/text-columns/?C=D%3BO%3DA HTTP/1.1" 200 382 "https://kurtswebnotes.com/wp-includes/blocks/text-columns/?C=N%3BO%3DD" "Mozilla/5.0 (Linux; Android 7.0;) AppleWebKit/537.36 (KHTML, like Gecko) Mobile Safari/537.36 (compatible; PetalBot;+https://webmaster.petalsearch.com/site/petalbot)" "kurtswebnotes.com"
114.119.136.138 - - [23/Oct/2022:20:10:34 -0700] "GET /wp-includes/blocks/video/block.json HTTP/1.1" 200 366 "https://kurtswebnotes.com/wp-includes/blocks/video/" "Mozilla/5.0 (Linux; Android 7.0;) AppleWebKit/537.36 (KHTML, like Gecko) Mobile Safari/537.36 (compatible; PetalBot;+https://webmaster.petalsearch.com/site/petalbot)" "kurtswebnotes.com"
114.119.136.14 - - [23/Oct/2022:20:16:19 -0700] "GET /wp-includes/blocks/preformatted/?C=M%3BO%3DA HTTP/1.1" 200 382 "https://kurtswebnotes.com/wp-includes/blocks/preformatted/?C=S%3BO%3DA" "Mozilla/5.0 (Linux; Android 7.0;) AppleWebKit/537.36 (KHTML, like Gecko) Mobile Safari/537.36 (compatible; PetalBot;+https://webmaster.petalsearch.com/site/petalbot)" "kurtswebnotes.com"
114.119.136.141 - - [23/Oct/2022:20:21:56 -0700] "GET /wp-admin/?C=S%3BO%3DA HTTP/1.1" 200 351 "https://www.kurtswebnotes.com/wp-admin/?C=M%3BO%3DA" "Mozilla/5.0 (Linux; Android 7.0;) AppleWebKit/537.36 (KHTML, like Gecko) Mobile Safari/537.36 (compatible; PetalBot;+https://webmaster.petalsearch.com/site/petalbot)" "www.kurtswebnotes.com"
114.119.136.144 - - [23/Oct/2022:20:27:34 -0700] "GET /wp-includes/sodium_compat/src/Core32/Poly1305/State.php HTTP/1.1" 500 - "https://kurtswebnotes.com/wp-includes/sodium_compat/src/Core32/Poly1305/?C=D%3BO%3DA" "Mozilla/5.0 (Linux; Android 7.0;) AppleWebKit/537.36 (KHTML, like Gecko) Mobile Safari/537.36 (compatible; PetalBot;+https://webmaster.petalsearch.com/site/petalbot)" "kurtswebnotes.com"
114.119.136.138 - - [23/Oct/2022:20:33:05 -0700] "GET /wp-includes/sodium_compat/namespaced/Core/Curve25519/Ge/Cached.php HTTP/1.1" 500 - "https://www.kurtswebnotes.com/wp-includes/sodium_compat/namespaced/Core/Curve25519/Ge/" "Mozilla/5.0 (Linux; Android 7.0;) AppleWebKit/537.36 (KHTML, like Gecko) Mobile Safari/537.36 (compatible; PetalBot;+https://webmaster.petalsearch.com/site/petalbot)" "www.kurtswebnotes.com"
114.119.136.138 - - [23/Oct/2022:20:38:35 -0700] "GET /wp-includes/sodium_compat/src/Core/?C=M%3BO%3DA HTTP/1.1" 200 645 "https://kurtswebnotes.com/wp-includes/sodium_compat/src/Core/" "Mozilla/5.0 (Linux; Android 7.0;) AppleWebKit/537.36 (KHTML, like Gecko) Mobile Safari/537.36 (compatible; PetalBot;+https://webmaster.petalsearch.com/site/petalbot)" "kurtswebnotes.com"
64.124.8.59 - - [23/Oct/2022:20:44:22 -0700] "GET /robots.txt HTTP/1.1" 200 101 "-" "Mozilla/5.0 (X11; Linux x86_64) AppleWebKit/537.36 (KHTML, like Gecko) Chrome/61.0.3163.79 Safari/537.36" "kurtswebnotes.com"
64.124.8.59 - - [23/Oct/2022:20:44:22 -0700] "GET /sitemap.xml HTTP/1.1" 200 170 "-" "Mozilla/5.0 (X11; Linux x86_64) AppleWebKit/537.36 (KHTML, like Gecko) Chrome/61.0.3163.79 Safari/537.36" "kurtswebnotes.com"
114.119.136.14 - - [23/Oct/2022:20:49:45 -0700] "GET /wp-includes/blocks/search/?C=M%3BO%3DA HTTP/1.1" 200 376 "https://kurtswebnotes.com/wp-includes/blocks/search/" "Mozilla/5.0 (Linux; Android 7.0;) AppleWebKit/537.36 (KHTML, like Gecko) Mobile Safari/537.36 (compatible; PetalBot;+https://webmaster.petalsearch.com/site/petalbot)" "kurtswebnotes.com"
64.124.8.59 - - [23/Oct/2022:20:51:05 -0700] "GET /wp-includes/block-patterns/three-buttons.php HTTP/1.1" 500 - "-" "Mozilla/5.0 (X11; Linux x86_64) AppleWebKit/537.36 (KHTML, like Gecko) Chrome/61.0.3163.79 Safari/537.36" "kurtswebnotes.com"
51.222.253.9 - - [23/Oct/2022:20:54:25 -0700] "GET /robots.txt HTTP/1.1" 200 101 "-" "Mozilla/5.0 (compatible; AhrefsBot/7.0; +http://ahrefs.com/robot/)" "kurtswebnotes.com"
51.222.253.1 - - [23/Oct/2022:20:54:26 -0700] "GET /wp-includes/blocks/social-links/?C=D;O=D HTTP/1.1" 200 379 "-" "Mozilla/5.0 (compatible; AhrefsBot/7.0; +http://ahrefs.com/robot/)" "kurtswebnotes.com"
114.119.136.138 - - [23/Oct/2022:20:55:22 -0700] "GET /wp-includes/sodium_compat/?C=S%3BO%3DA HTTP/1.1" 200 493 "https://www.kurtswebnotes.com/wp-includes/sodium_compat/?C=M%3BO%3DA" "Mozilla/5.0 (Linux; Android 7.0;) AppleWebKit/537.36 (KHTML, like Gecko) Mobile Safari/537.36 (compatible; PetalBot;+https://webmaster.petalsearch.com/site/petalbot)" "www.kurtswebnotes.com"
64.124.8.59 - - [23/Oct/2022:20:59:22 -0700] "GET /wp-includes/css/dist/ HTTP/1.1" 200 382 "-" "Mozilla/5.0 (X11; Linux x86_64) AppleWebKit/537.36 (KHTML, like Gecko) Chrome/61.0.3163.79 Safari/537.36" "kurtswebnotes.com"
51.222.253.16 - - [23/Oct/2022:21:00:46 -0700] "GET /wp-includes/PHPMailer/PHPMailer.php HTTP/1.1" 200 - "-" "Mozilla/5.0 (compatible; AhrefsBot/7.0; +http://ahrefs.com/robot/)" "kurtswebnotes.com"
64.124.8.59 - - [23/Oct/2022:21:01:00 -0700] "GET /wp-includes/PHPMailer/PHPMailer.php HTTP/1.1" 200 - "-" "Mozilla/5.0 (X11; Linux x86_64) AppleWebKit/537.36 (KHTML, like Gecko) Chrome/61.0.3163.79 Safari/537.36" "kurtswebnotes.com"
114.119.136.143 - - [23/Oct/2022:21:01:04 -0700] "GET /wp-includes/blocks/text-columns/?C=N%3BO%3DD HTTP/1.1" 200 382 "https://kurtswebnotes.com/wp-includes/blocks/text-columns/?C=D%3BO%3DA" "Mozilla/5.0 (Linux; Android 7.0;) AppleWebKit/537.36 (KHTML, like Gecko) Mobile Safari/537.36 (compatible; PetalBot;+https://webmaster.petalsearch.com/site/petalbot)" "kurtswebnotes.com"
45.169.70.9 - - [23/Oct/2022:21:02:00 -0700] "GET /blog/2016/01/13/my-first-instagram-image/ HTTP/1.1" 404 73 "https://kurtswebnotes.com/blog/2016/01/13/my-first-instagram-image/" "Mozilla/5.0 (Windows NT 10.0; Win64; x64) AppleWebKit/537.36 (KHTML, like Gecko) Chrome/90.0.4430.86 Safari/537.36" "kurtswebnotes.com"
45.169.70.9 - - [23/Oct/2022:21:02:05 -0700] "GET / HTTP/1.1" 200 1458 "https://kurtswebnotes.com/" "Mozilla/5.0 (Windows NT 10.0; Win64; x64) AppleWebKit/537.36 (KHTML, like Gecko) Chrome/90.0.4430.86 Safari/537.36" "kurtswebnotes.com"
51.222.253.9 - - [23/Oct/2022:21:03:20 -0700] "GET /wp-includes/sodium_compat/src/Core/ HTTP/1.1" 200 645 "-" "Mozilla/5.0 (compatible; AhrefsBot/7.0; +http://ahrefs.com/robot/)" "kurtswebnotes.com"
64.124.8.59 - - [23/Oct/2022:21:03:29 -0700] "GET /wp-admin/ HTTP/1.1" 200 351 "-" "Mozilla/5.0 (X11; Linux x86_64) AppleWebKit/537.36 (KHTML, like Gecko) Chrome/61.0.3163.79 Safari/537.36" "kurtswebnotes.com"
51.222.253.5 - - [23/Oct/2022:21:04:03 -0700] "GET /wp-includes/sodium_compat/ HTTP/1.1" 200 493 "-" "Mozilla/5.0 (compatible; AhrefsBot/7.0; +http://ahrefs.com/robot/)" "kurtswebnotes.com"
118.184.177.47 - - [23/Oct/2022:21:04:26 -0700] "GET / HTTP/1.1" 200 481 "-" "Sogou web spider/4.0(+http://www.sogou.com/docs/help/webmasters.htm#07)" "www.kurtswebnotes.com"
114.119.136.141 - - [23/Oct/2022:21:06:37 -0700] "GET /wp-includes/blocks/calendar/ HTTP/1.1" 200 377 "https://kurtswebnotes.com/wp-includes/blocks/?C=M%3BO%3DA" "Mozilla/5.0 (Linux; Android 7.0;) AppleWebKit/537.36 (KHTML, like Gecko) Mobile Safari/537.36 (compatible; PetalBot;+https://webmaster.petalsearch.com/site/petalbot)" "kurtswebnotes.com"
114.119.136.14 - - [23/Oct/2022:21:12:08 -0700] "GET /wp-includes/sodium_compat/namespaced/Core/Poly1305/?C=N%3BO%3DD HTTP/1.1" 200 401 "https://www.kurtswebnotes.com/wp-includes/sodium_compat/namespaced/Core/Poly1305/?C=S%3BO%3DA" "Mozilla/5.0 (Linux; Android 7.0;) AppleWebKit/537.36 (KHTML, like Gecko) Mobile Safari/537.36 (compatible; PetalBot;+https://webmaster.petalsearch.com/site/petalbot)" "www.kurtswebnotes.com"
64.124.8.59 - - [23/Oct/2022:21:13:07 -0700] "GET /public_html/ HTTP/1.1" 200 315 "-" "Mozilla/5.0 (X11; Linux x86_64) AppleWebKit/537.36 (KHTML, like Gecko) Chrome/61.0.3163.79 Safari/537.36" "kurtswebnotes.com"
64.124.8.59 - - [23/Oct/2022:21:14:25 -0700] "GET /wp-includes/block-patterns/two-images.php HTTP/1.1" 500 - "-" "Mozilla/5.0 (X11; Linux x86_64) AppleWebKit/537.36 (KHTML, like Gecko) Chrome/61.0.3163.79 Safari/537.36" "kurtswebnotes.com"
64.124.8.59 - - [23/Oct/2022:21:15:03 -0700] "GET /wp-includes/block-patterns/large-header-button.php HTTP/1.1" 500 - "-" "Mozilla/5.0 (X11; Linux x86_64) AppleWebKit/537.36 (KHTML, like Gecko) Chrome/61.0.3163.79 Safari/537.36" "kurtswebnotes.com"
64.124.8.59 - - [23/Oct/2022:21:15:54 -0700] "GET /wp-includes/sitemaps/class-wp-sitemaps-stylesheet.php HTTP/1.1" 200 - "-" "Mozilla/5.0 (X11; Linux x86_64) AppleWebKit/537.36 (KHTML, like Gecko) Chrome/61.0.3163.79 Safari/537.36" "kurtswebnotes.com"
114.119.136.143 - - [23/Oct/2022:21:17:41 -0700] "GET /wp-includes/sodium_compat/lib/?C=D%3BO%3DA HTTP/1.1" 200 460 "https://www.kurtswebnotes.com/wp-includes/sodium_compat/lib/?C=M%3BO%3DA" "Mozilla/5.0 (Linux; Android 7.0;) AppleWebKit/537.36 (KHTML, like Gecko) Mobile Safari/537.36 (compatible; PetalBot;+https://webmaster.petalsearch.com/site/petalbot)" "www.kurtswebnotes.com"
114.119.136.143 - - [23/Oct/2022:21:23:09 -0700] "GET /wp-includes/sodium_compat/src/Core/SecretStream/ HTTP/1.1" 200 395 "https://kurtswebnotes.com/wp-includes/sodium_compat/src/Core/" "Mozilla/5.0 (Linux; Android 7.0;) AppleWebKit/537.36 (KHTML, like Gecko) Mobile Safari/537.36 (compatible; PetalBot;+https://webmaster.petalsearch.com/site/petalbot)" "kurtswebnotes.com"
64.124.8.59 - - [23/Oct/2022:21:24:02 -0700] "GET /wp-includes/sitemaps/class-wp-sitemaps-provider.php HTTP/1.1" 200 - "-" "Mozilla/5.0 (X11; Linux x86_64) AppleWebKit/537.36 (KHTML, like Gecko) Chrome/61.0.3163.79 Safari/537.36" "kurtswebnotes.com"
64.124.8.59 - - [23/Oct/2022:21:29:44 -0700] "GET /wp-includes/block-patterns/text-two-columns.php HTTP/1.1" 500 - "-" "Mozilla/5.0 (X11; Linux x86_64) AppleWebKit/537.36 (KHTML, like Gecko) Chrome/61.0.3163.79 Safari/537.36" "kurtswebnotes.com"
64.124.8.59 - - [23/Oct/2022:21:30:38 -0700] "GET /wp-includes/block-patterns/text-two-columns-with-images.php HTTP/1.1" 500 - "-" "Mozilla/5.0 (X11; Linux x86_64) AppleWebKit/537.36 (KHTML, like Gecko) Chrome/61.0.3163.79 Safari/537.36" "kurtswebnotes.com"
114.119.136.141 - - [23/Oct/2022:21:34:16 -0700] "GET /wp-includes/sodium_compat/namespaced/Core/?C=N%3BO%3DD HTTP/1.1" 200 591 "https://kurtswebnotes.com/wp-includes/sodium_compat/namespaced/Core/" "Mozilla/5.0 (Linux; Android 7.0;) AppleWebKit/537.36 (KHTML, like Gecko) Mobile Safari/537.36 (compatible; PetalBot;+https://webmaster.petalsearch.com/site/petalbot)" "kurtswebnotes.com"
64.124.8.59 - - [23/Oct/2022:21:36:25 -0700] "GET /wp-includes/PHPMailer/Exception.php HTTP/1.1" 200 - "-" "Mozilla/5.0 (X11; Linux x86_64) AppleWebKit/537.36 (KHTML, like Gecko) Chrome/61.0.3163.79 Safari/537.36" "kurtswebnotes.com"
114.119.136.143 - - [23/Oct/2022:21:39:52 -0700] "GET /wp-includes/sodium_compat/namespaced/Core/Curve25519/ HTTP/1.1" 200 436 "https://kurtswebnotes.com/wp-includes/sodium_compat/namespaced/Core/Curve25519/Ge/?C=M%3BO%3DA" "Mozilla/5.0 (Linux; Android 7.0;) AppleWebKit/537.36 (KHTML, like Gecko) Mobile Safari/537.36 (compatible; PetalBot;+https://webmaster.petalsearch.com/site/petalbot)" "kurtswebnotes.com"
64.124.8.59 - - [23/Oct/2022:21:42:52 -0700] "GET /download/ HTTP/1.1" 200 313 "-" "Mozilla/5.0 (X11; Linux x86_64) AppleWebKit/537.36 (KHTML, like Gecko) Chrome/61.0.3163.79 Safari/537.36" "kurtswebnotes.com"
64.124.8.59 - - [23/Oct/2022:21:43:02 -0700] "GET /wp-includes/block-patterns/text-three-columns-buttons.php HTTP/1.1" 500 - "-" "Mozilla/5.0 (X11; Linux x86_64) AppleWebKit/537.36 (KHTML, like Gecko) Chrome/61.0.3163.79 Safari/537.36" "kurtswebnotes.com"
114.119.136.144 - - [23/Oct/2022:21:45:32 -0700] "GET /?C=N%3BO%3DD HTTP/1.1" 200 481 "http://www.kurtswebnotes.com?C=M%3BO%3DA" "Mozilla/5.0 (Linux; Android 7.0;) AppleWebKit/537.36 (KHTML, like Gecko) Mobile Safari/537.36 (compatible; PetalBot;+https://webmaster.petalsearch.com/site/petalbot)" "www.kurtswebnotes.com"
64.124.8.59 - - [23/Oct/2022:21:48:35 -0700] "GET /wp-content/ HTTP/1.1" 200 354 "-" "Mozilla/5.0 (X11; Linux x86_64) AppleWebKit/537.36 (KHTML, like Gecko) Chrome/61.0.3163.79 Safari/537.36" "kurtswebnotes.com"
114.119.136.138 - - [23/Oct/2022:21:50:59 -0700] "GET /?C=S%3BO%3DA HTTP/1.1" 200 481 "https://kurtswebnotes.com?C=M%3BO%3DA" "Mozilla/5.0 (Linux; Android 7.0;) AppleWebKit/537.36 (KHTML, like Gecko) Mobile Safari/537.36 (compatible; PetalBot;+https://webmaster.petalsearch.com/site/petalbot)" "kurtswebnotes.com"
114.119.136.138 - - [23/Oct/2022:21:56:35 -0700] "GET /wp-includes/blocks/rss/block.json HTTP/1.1" 200 279 "https://kurtswebnotes.com/wp-includes/blocks/rss/" "Mozilla/5.0 (Linux; Android 7.0;) AppleWebKit/537.36 (KHTML, like Gecko) Mobile Safari/537.36 (compatible; PetalBot;+https://webmaster.petalsearch.com/site/petalbot)" "kurtswebnotes.com"
114.119.136.141 - - [23/Oct/2022:22:02:08 -0700] "GET /wp-includes/sitemaps/?C=N%3BO%3DD HTTP/1.1" 200 497 "https://kurtswebnotes.com/wp-includes/sitemaps/" "Mozilla/5.0 (Linux; Android 7.0;) AppleWebKit/537.36 (KHTML, like Gecko) Mobile Safari/537.36 (compatible; PetalBot;+https://webmaster.petalsearch.com/site/petalbot)" "kurtswebnotes.com"
114.119.136.144 - - [23/Oct/2022:22:07:44 -0700] "GET /wp-includes/?C=M%3BO%3DA HTTP/1.1" 200 459 "https://www.kurtswebnotes.com/wp-includes/?C=D%3BO%3DA" "Mozilla/5.0 (Linux; Android 7.0;) AppleWebKit/537.36 (KHTML, like Gecko) Mobile Safari/537.36 (compatible; PetalBot;+https://webmaster.petalsearch.com/site/petalbot)" "www.kurtswebnotes.com"
65.108.6.34 - - [23/Oct/2022:22:11:50 -0700] "GET /robots.txt HTTP/1.1" 200 101 "http://kurtswebnotes.com/robots.txt" "Mozilla/5.0 (compatible; SEOkicks; +https://www.seokicks.de/robot.html)" "kurtswebnotes.com"
65.108.6.34 - - [23/Oct/2022:22:11:51 -0700] "GET / HTTP/1.1" 200 481 "http://kurtswebnotes.com/" "Mozilla/5.0 (compatible; SEOkicks; +https://www.seokicks.de/robot.html)" "kurtswebnotes.com"
65.108.6.34 - - [23/Oct/2022:22:11:53 -0700] "GET /?C=N;O=D HTTP/1.1" 200 478 "https://kurtswebnotes.com/" "Mozilla/5.0 (compatible; SEOkicks; +https://www.seokicks.de/robot.html)" "kurtswebnotes.com"
65.108.6.34 - - [23/Oct/2022:22:11:54 -0700] "GET /?C=M;O=A HTTP/1.1" 200 478 "https://kurtswebnotes.com/" "Mozilla/5.0 (compatible; SEOkicks; +https://www.seokicks.de/robot.html)" "kurtswebnotes.com"
65.108.6.34 - - [23/Oct/2022:22:11:56 -0700] "GET /?C=S;O=A HTTP/1.1" 200 477 "https://kurtswebnotes.com/" "Mozilla/5.0 (compatible; SEOkicks; +https://www.seokicks.de/robot.html)" "kurtswebnotes.com"
65.108.6.34 - - [23/Oct/2022:22:11:57 -0700] "GET /?C=D;O=A HTTP/1.1" 200 481 "https://kurtswebnotes.com/" "Mozilla/5.0 (compatible; SEOkicks; +https://www.seokicks.de/robot.html)" "kurtswebnotes.com"
65.108.6.34 - - [23/Oct/2022:22:11:58 -0700] "GET /download/ HTTP/1.1" 200 313 "https://kurtswebnotes.com/" "Mozilla/5.0 (compatible; SEOkicks; +https://www.seokicks.de/robot.html)" "kurtswebnotes.com"
65.108.6.34 - - [23/Oct/2022:22:12:00 -0700] "GET /public_html/ HTTP/1.1" 200 315 "https://kurtswebnotes.com/" "Mozilla/5.0 (compatible; SEOkicks; +https://www.seokicks.de/robot.html)" "kurtswebnotes.com"
65.108.6.34 - - [23/Oct/2022:22:12:01 -0700] "GET /sitemap.xml HTTP/1.1" 200 170 "https://kurtswebnotes.com/" "Mozilla/5.0 (compatible; SEOkicks; +https://www.seokicks.de/robot.html)" "kurtswebnotes.com"
65.108.6.34 - - [23/Oct/2022:22:12:03 -0700] "GET /wp-content/ HTTP/1.1" 200 354 "https://kurtswebnotes.com/" "Mozilla/5.0 (compatible; SEOkicks; +https://www.seokicks.de/robot.html)" "kurtswebnotes.com"
65.108.6.34 - - [23/Oct/2022:22:12:05 -0700] "GET /?C=N;O=A HTTP/1.1" 200 481 "https://kurtswebnotes.com/?C=N;O=D" "Mozilla/5.0 (compatible; SEOkicks; +https://www.seokicks.de/robot.html)" "kurtswebnotes.com"
114.119.136.144 - - [23/Oct/2022:22:13:25 -0700] "GET /wp-includes/blocks/columns/block.json HTTP/1.1" 200 229 "https://www.kurtswebnotes.com/wp-includes/blocks/columns/" "Mozilla/5.0 (Linux; Android 7.0;) AppleWebKit/537.36 (KHTML, like Gecko) Mobile Safari/537.36 (compatible; PetalBot;+https://webmaster.petalsearch.com/site/petalbot)" "www.kurtswebnotes.com"
114.119.136.143 - - [23/Oct/2022:22:18:56 -0700] "GET /wp-includes/sodium_compat/namespaced/Core/Curve25519/?C=S%3BO%3DA HTTP/1.1" 200 436 "https://www.kurtswebnotes.com/wp-includes/sodium_compat/namespaced/Core/Curve25519/" "Mozilla/5.0 (Linux; Android 7.0;) AppleWebKit/537.36 (KHTML, like Gecko) Mobile Safari/537.36 (compatible; PetalBot;+https://webmaster.petalsearch.com/site/petalbot)" "www.kurtswebnotes.com"
114.119.136.141 - - [23/Oct/2022:22:24:36 -0700] "GET /wp-includes/blocks/list/?C=S%3BO%3DA HTTP/1.1" 200 375 "https://www.kurtswebnotes.com/wp-includes/blocks/list/?C=D%3BO%3DA" "Mozilla/5.0 (Linux; Android 7.0;) AppleWebKit/537.36 (KHTML, like Gecko) Mobile Safari/537.36 (compatible; PetalBot;+https://webmaster.petalsearch.com/site/petalbot)" "www.kurtswebnotes.com"
44.228.64.221 - - [23/Oct/2022:22:26:59 -0700] "GET / HTTP/1.1" 200 481 "-" "Python/3.8 aiohttp/3.8.3" "kurtswebnotes.com"
114.119.136.143 - - [23/Oct/2022:22:30:03 -0700] "GET /wp-includes/blocks/paragraph/ HTTP/1.1" 200 380 "https://kurtswebnotes.com/wp-includes/blocks/?C=M%3BO%3DA" "Mozilla/5.0 (Linux; Android 7.0;) AppleWebKit/537.36 (KHTML, like Gecko) Mobile Safari/537.36 (compatible; PetalBot;+https://webmaster.petalsearch.com/site/petalbot)" "kurtswebnotes.com"
114.119.136.14 - - [23/Oct/2022:22:46:52 -0700] "GET /wp-includes/blocks/embed/?C=M%3BO%3DA HTTP/1.1" 200 377 "https://www.kurtswebnotes.com/wp-includes/blocks/embed/" "Mozilla/5.0 (Linux; Android 7.0;) AppleWebKit/537.36 (KHTML, like Gecko) Mobile Safari/537.36 (compatible; PetalBot;+https://webmaster.petalsearch.com/site/petalbot)" "www.kurtswebnotes.com"
51.222.253.4 - - [23/Oct/2022:22:48:23 -0700] "GET /wp-includes/sodium_compat/src/ HTTP/1.1" 200 504 "-" "Mozilla/5.0 (compatible; AhrefsBot/7.0; +http://ahrefs.com/robot/)" "kurtswebnotes.com"
65.108.6.34 - - [23/Oct/2022:22:49:47 -0700] "GET /?C=M;O=D HTTP/1.1" 200 475 "https://kurtswebnotes.com/?C=M;O=A" "Mozilla/5.0 (compatible; SEOkicks; +https://www.seokicks.de/robot.html)" "kurtswebnotes.com"
65.108.6.34 - - [23/Oct/2022:22:49:48 -0700] "GET /?C=S;O=D HTTP/1.1" 200 476 "https://kurtswebnotes.com/?C=S;O=A" "Mozilla/5.0 (compatible; SEOkicks; +https://www.seokicks.de/robot.html)" "kurtswebnotes.com"
65.108.6.34 - - [23/Oct/2022:22:49:49 -0700] "GET /?C=D;O=D HTTP/1.1" 200 478 "https://kurtswebnotes.com/?C=D;O=A" "Mozilla/5.0 (compatible; SEOkicks; +https://www.seokicks.de/robot.html)" "kurtswebnotes.com"
65.108.6.34 - - [23/Oct/2022:22:49:51 -0700] "GET /download/?C=N;O=D HTTP/1.1" 200 311 "https://kurtswebnotes.com/download/" "Mozilla/5.0 (compatible; SEOkicks; +https://www.seokicks.de/robot.html)" "kurtswebnotes.com"
65.108.6.34 - - [23/Oct/2022:22:49:52 -0700] "GET /download/?C=M;O=A HTTP/1.1" 200 313 "https://kurtswebnotes.com/download/" "Mozilla/5.0 (compatible; SEOkicks; +https://www.seokicks.de/robot.html)" "kurtswebnotes.com"
65.108.6.34 - - [23/Oct/2022:22:49:54 -0700] "GET /download/?C=S;O=A HTTP/1.1" 200 313 "https://kurtswebnotes.com/download/" "Mozilla/5.0 (compatible; SEOkicks; +https://www.seokicks.de/robot.html)" "kurtswebnotes.com"
65.108.6.34 - - [23/Oct/2022:22:49:55 -0700] "GET /download/?C=D;O=A HTTP/1.1" 200 313 "https://kurtswebnotes.com/download/" "Mozilla/5.0 (compatible; SEOkicks; +https://www.seokicks.de/robot.html)" "kurtswebnotes.com"
65.108.6.34 - - [23/Oct/2022:22:49:56 -0700] "GET /public_html/?C=N;O=D HTTP/1.1" 200 313 "https://kurtswebnotes.com/public_html/" "Mozilla/5.0 (compatible; SEOkicks; +https://www.seokicks.de/robot.html)" "kurtswebnotes.com"
65.108.6.34 - - [23/Oct/2022:22:49:58 -0700] "GET /public_html/?C=M;O=A HTTP/1.1" 200 315 "https://kurtswebnotes.com/public_html/" "Mozilla/5.0 (compatible; SEOkicks; +https://www.seokicks.de/robot.html)" "kurtswebnotes.com"
65.108.6.34 - - [23/Oct/2022:22:49:59 -0700] "GET /public_html/?C=S;O=A HTTP/1.1" 200 315 "https://kurtswebnotes.com/public_html/" "Mozilla/5.0 (compatible; SEOkicks; +https://www.seokicks.de/robot.html)" "kurtswebnotes.com"
65.108.6.34 - - [23/Oct/2022:22:50:01 -0700] "GET /public_html/?C=D;O=A HTTP/1.1" 200 315 "https://kurtswebnotes.com/public_html/" "Mozilla/5.0 (compatible; SEOkicks; +https://www.seokicks.de/robot.html)" "kurtswebnotes.com"
114.119.136.14 - - [23/Oct/2022:22:52:23 -0700] "GET /wp-includes/blocks/html/?C=S%3BO%3DA HTTP/1.1" 200 373 "https://kurtswebnotes.com/wp-includes/blocks/html/?C=N%3BO%3DD" "Mozilla/5.0 (Linux; Android 7.0;) AppleWebKit/537.36 (KHTML, like Gecko) Mobile Safari/537.36 (compatible; PetalBot;+https://webmaster.petalsearch.com/site/petalbot)" "kurtswebnotes.com"
35.87.133.73 - - [23/Oct/2022:22:52:23 -0700] "GET / HTTP/1.1" 200 481 "-" "Mozilla/5.0 (X11; Linux x86_64) AppleWebKit/537.36 (KHTML, like Gecko) Chrome/83.0.4103.97 Safari/537.36" "kurtswebnotes.com"
35.93.19.54 - - [23/Oct/2022:22:52:25 -0700] "GET / HTTP/1.1" 200 481 "-" "Mozilla/5.0 (X11; Linux x86_64) AppleWebKit/537.36 (KHTML, like Gecko) Chrome/83.0.4103.97 Safari/537.36" "kurtswebnotes.com"
34.220.51.243 - - [23/Oct/2022:22:52:36 -0700] "GET /favicon.ico HTTP/1.1" 404 88 "-" "Mozilla/5.0 (X11; Linux x86_64) AppleWebKit/537.36 (KHTML, like Gecko) Chrome/83.0.4103.97 Safari/537.36" "kurtswebnotes.com"
34.220.51.243 - - [23/Oct/2022:22:52:38 -0700] "GET / HTTP/1.1" 200 481 "-" "Mozilla/5.0 (X11; Linux x86_64) AppleWebKit/537.36 (KHTML, like Gecko) Chrome/83.0.4103.97 Safari/537.36" "kurtswebnotes.com"
35.165.59.34 - - [23/Oct/2022:22:52:56 -0700] "GET /favicon.ico HTTP/1.1" 404 88 "http://kurtswebnotes.com/favicon.ico" "Mozilla/5.0 (X11; Linux x86_64) AppleWebKit/537.36 (KHTML, like Gecko) Chrome/83.0.4103.97 Safari/537.36" "kurtswebnotes.com"
35.165.59.34 - - [23/Oct/2022:22:52:58 -0700] "GET / HTTP/1.1" 200 481 "http://kurtswebnotes.com" "Mozilla/5.0 (X11; Linux x86_64) AppleWebKit/537.36 (KHTML, like Gecko) Chrome/83.0.4103.97 Safari/537.36" "kurtswebnotes.com"
114.119.136.143 - - [23/Oct/2022:22:57:59 -0700] "GET /wp-includes/blocks/column/?C=M%3BO%3DA HTTP/1.1" 200 376 "https://www.kurtswebnotes.com/wp-includes/blocks/column/" "Mozilla/5.0 (Linux; Android 7.0;) AppleWebKit/537.36 (KHTML, like Gecko) Mobile Safari/537.36 (compatible; PetalBot;+https://webmaster.petalsearch.com/site/petalbot)" "www.kurtswebnotes.com"
114.119.136.141 - - [23/Oct/2022:23:03:49 -0700] "GET /wp-includes/blocks/group/?C=M%3BO%3DA HTTP/1.1" 200 377 "https://kurtswebnotes.com/wp-includes/blocks/group/?C=D%3BO%3DA" "Mozilla/5.0 (Linux; Android 7.0;) AppleWebKit/537.36 (KHTML, like Gecko) Mobile Safari/537.36 (compatible; PetalBot;+https://webmaster.petalsearch.com/site/petalbot)" "kurtswebnotes.com"
114.119.136.138 - - [23/Oct/2022:23:09:20 -0700] "GET /wp-includes/sodium_compat/src/Core32/ HTTP/1.1" 200 669 "https://www.kurtswebnotes.com/wp-includes/sodium_compat/src/Core32/Curve25519/?C=M%3BO%3DA" "Mozilla/5.0 (Linux; Android 7.0;) AppleWebKit/537.36 (KHTML, like Gecko) Mobile Safari/537.36 (compatible; PetalBot;+https://webmaster.petalsearch.com/site/petalbot)" "www.kurtswebnotes.com"
114.119.136.144 - - [23/Oct/2022:23:14:48 -0700] "GET /wp-includes/css/dist/block-editor/?C=D%3BO%3DA HTTP/1.1" 200 424 "https://kurtswebnotes.com/wp-includes/css/dist/block-editor/" "Mozilla/5.0 (Linux; Android 7.0;) AppleWebKit/537.36 (KHTML, like Gecko) Mobile Safari/537.36 (compatible; PetalBot;+https://webmaster.petalsearch.com/site/petalbot)" "kurtswebnotes.com"
65.108.6.34 - - [23/Oct/2022:23:19:22 -0700] "GET /wp-content/?C=N;O=D HTTP/1.1" 200 352 "https://kurtswebnotes.com/wp-content/" "Mozilla/5.0 (compatible; SEOkicks; +https://www.seokicks.de/robot.html)" "kurtswebnotes.com"
65.108.6.34 - - [23/Oct/2022:23:19:23 -0700] "GET /wp-content/?C=M;O=A HTTP/1.1" 200 354 "https://kurtswebnotes.com/wp-content/" "Mozilla/5.0 (compatible; SEOkicks; +https://www.seokicks.de/robot.html)" "kurtswebnotes.com"
65.108.6.34 - - [23/Oct/2022:23:19:25 -0700] "GET /wp-content/?C=S;O=A HTTP/1.1" 200 354 "https://kurtswebnotes.com/wp-content/" "Mozilla/5.0 (compatible; SEOkicks; +https://www.seokicks.de/robot.html)" "kurtswebnotes.com"
65.108.6.34 - - [23/Oct/2022:23:19:27 -0700] "GET /wp-content/?C=D;O=A HTTP/1.1" 200 354 "https://kurtswebnotes.com/wp-content/" "Mozilla/5.0 (compatible; SEOkicks; +https://www.seokicks.de/robot.html)" "kurtswebnotes.com"
65.108.6.34 - - [23/Oct/2022:23:19:28 -0700] "GET /wp-content/themes/ HTTP/1.1" 200 375 "https://kurtswebnotes.com/wp-content/" "Mozilla/5.0 (compatible; SEOkicks; +https://www.seokicks.de/robot.html)" "kurtswebnotes.com"
65.108.6.34 - - [23/Oct/2022:23:19:29 -0700] "GET /download/?C=N;O=A HTTP/1.1" 200 313 "https://kurtswebnotes.com/download/?C=N;O=D" "Mozilla/5.0 (compatible; SEOkicks; +https://www.seokicks.de/robot.html)" "kurtswebnotes.com"
65.108.6.34 - - [23/Oct/2022:23:19:31 -0700] "GET /download/?C=M;O=D HTTP/1.1" 200 311 "https://kurtswebnotes.com/download/?C=M;O=A" "Mozilla/5.0 (compatible; SEOkicks; +https://www.seokicks.de/robot.html)" "kurtswebnotes.com"
65.108.6.34 - - [23/Oct/2022:23:19:32 -0700] "GET /download/?C=S;O=D HTTP/1.1" 200 311 "https://kurtswebnotes.com/download/?C=S;O=A" "Mozilla/5.0 (compatible; SEOkicks; +https://www.seokicks.de/robot.html)" "kurtswebnotes.com"
65.108.6.34 - - [23/Oct/2022:23:19:34 -0700] "GET /download/?C=D;O=D HTTP/1.1" 200 311 "https://kurtswebnotes.com/download/?C=D;O=A" "Mozilla/5.0 (compatible; SEOkicks; +https://www.seokicks.de/robot.html)" "kurtswebnotes.com"
65.108.6.34 - - [23/Oct/2022:23:19:35 -0700] "GET /public_html/?C=N;O=A HTTP/1.1" 200 315 "https://kurtswebnotes.com/public_html/?C=N;O=D" "Mozilla/5.0 (compatible; SEOkicks; +https://www.seokicks.de/robot.html)" "kurtswebnotes.com"
65.108.6.34 - - [23/Oct/2022:23:19:36 -0700] "GET /public_html/?C=M;O=D HTTP/1.1" 200 313 "https://kurtswebnotes.com/public_html/?C=M;O=A" "Mozilla/5.0 (compatible; SEOkicks; +https://www.seokicks.de/robot.html)" "kurtswebnotes.com"
194.38.20.161 - - [23/Oct/2022:23:32:05 -0700] "GET /wp-content/themes/anthology/style.css HTTP/1.1" 404 73 "-" "ALittle Client" "kurtswebnotes.com"
65.108.6.34 - - [23/Oct/2022:23:46:23 -0700] "GET /public_html/?C=S;O=D HTTP/1.1" 200 313 "https://kurtswebnotes.com/public_html/?C=S;O=A" "Mozilla/5.0 (compatible; SEOkicks; +https://www.seokicks.de/robot.html)" "kurtswebnotes.com"
65.108.6.34 - - [23/Oct/2022:23:46:25 -0700] "GET /public_html/?C=D;O=D HTTP/1.1" 200 313 "https://kurtswebnotes.com/public_html/?C=D;O=A" "Mozilla/5.0 (compatible; SEOkicks; +https://www.seokicks.de/robot.html)" "kurtswebnotes.com"
65.108.6.34 - - [23/Oct/2022:23:46:26 -0700] "GET /wp-content/?C=N;O=A HTTP/1.1" 200 354 "https://kurtswebnotes.com/wp-content/?C=N;O=D" "Mozilla/5.0 (compatible; SEOkicks; +https://www.seokicks.de/robot.html)" "kurtswebnotes.com"
65.108.6.34 - - [23/Oct/2022:23:46:27 -0700] "GET /wp-content/?C=M;O=D HTTP/1.1" 200 352 "https://kurtswebnotes.com/wp-content/?C=M;O=A" "Mozilla/5.0 (compatible; SEOkicks; +https://www.seokicks.de/robot.html)" "kurtswebnotes.com"
65.108.6.34 - - [23/Oct/2022:23:46:29 -0700] "GET /wp-content/?C=S;O=D HTTP/1.1" 200 352 "https://kurtswebnotes.com/wp-content/?C=S;O=A" "Mozilla/5.0 (compatible; SEOkicks; +https://www.seokicks.de/robot.html)" "kurtswebnotes.com"
65.108.6.34 - - [23/Oct/2022:23:46:30 -0700] "GET /wp-content/?C=D;O=D HTTP/1.1" 200 352 "https://kurtswebnotes.com/wp-content/?C=D;O=A" "Mozilla/5.0 (compatible; SEOkicks; +https://www.seokicks.de/robot.html)" "kurtswebnotes.com"
65.108.6.34 - - [23/Oct/2022:23:46:32 -0700] "GET /wp-content/themes/?C=N;O=D HTTP/1.1" 200 371 "https://kurtswebnotes.com/wp-content/themes/" "Mozilla/5.0 (compatible; SEOkicks; +https://www.seokicks.de/robot.html)" "kurtswebnotes.com"
65.108.6.34 - - [23/Oct/2022:23:46:33 -0700] "GET /wp-content/themes/?C=M;O=A HTTP/1.1" 200 375 "https://kurtswebnotes.com/wp-content/themes/" "Mozilla/5.0 (compatible; SEOkicks; +https://www.seokicks.de/robot.html)" "kurtswebnotes.com"
65.108.6.34 - - [23/Oct/2022:23:46:34 -0700] "GET /wp-content/themes/?C=S;O=A HTTP/1.1" 200 375 "https://kurtswebnotes.com/wp-content/themes/" "Mozilla/5.0 (compatible; SEOkicks; +https://www.seokicks.de/robot.html)" "kurtswebnotes.com"
65.108.6.34 - - [23/Oct/2022:23:46:36 -0700] "GET /wp-content/themes/?C=D;O=A HTTP/1.1" 200 375 "https://kurtswebnotes.com/wp-content/themes/" "Mozilla/5.0 (compatible; SEOkicks; +https://www.seokicks.de/robot.html)" "kurtswebnotes.com"
65.108.6.34 - - [23/Oct/2022:23:46:37 -0700] "GET /wp-content/themes/twentytwenty/ HTTP/1.1" 500 - "https://kurtswebnotes.com/wp-content/themes/" "Mozilla/5.0 (compatible; SEOkicks; +https://www.seokicks.de/robot.html)" "kurtswebnotes.com"
114.119.136.14 - - [23/Oct/2022:23:58:54 -0700] "GET /wp-includes/sodium_compat/src/PHP52/SplFixedArray.php HTTP/1.1" 200 - "https://kurtswebnotes.com/wp-includes/sodium_compat/src/PHP52/?C=D%3BO%3DA" "Mozilla/5.0 (Linux; Android 7.0;) AppleWebKit/537.36 (KHTML, like Gecko) Mobile Safari/537.36 (compatible; PetalBot;+https://webmaster.petalsearch.com/site/petalbot)" "kurtswebnotes.com"
114.119.136.141 - - [24/Oct/2022:00:04:26 -0700] "GET /wp-content/ HTTP/1.1" 200 354 "http://www.kurtswebnotes.com?C=M%3BO%3DA" "Mozilla/5.0 (Linux; Android 7.0;) AppleWebKit/537.36 (KHTML, like Gecko) Mobile Safari/537.36 (compatible; PetalBot;+https://webmaster.petalsearch.com/site/petalbot)" "www.kurtswebnotes.com"
65.108.6.34 - - [24/Oct/2022:00:11:08 -0700] "GET /wp-content/themes/twentytwentyone/ HTTP/1.1" 500 - "https://kurtswebnotes.com/wp-content/themes/" "Mozilla/5.0 (compatible; SEOkicks; +https://www.seokicks.de/robot.html)" "kurtswebnotes.com"
65.108.6.34 - - [24/Oct/2022:00:11:13 -0700] "GET /wp-content/themes/?C=N;O=A HTTP/1.1" 200 375 "https://kurtswebnotes.com/wp-content/themes/?C=N;O=D" "Mozilla/5.0 (compatible; SEOkicks; +https://www.seokicks.de/robot.html)" "kurtswebnotes.com"
65.108.6.34 - - [24/Oct/2022:00:11:14 -0700] "GET /wp-content/themes/?C=M;O=D HTTP/1.1" 200 371 "https://kurtswebnotes.com/wp-content/themes/?C=M;O=A" "Mozilla/5.0 (compatible; SEOkicks; +https://www.seokicks.de/robot.html)" "kurtswebnotes.com"
65.108.6.34 - - [24/Oct/2022:00:11:16 -0700] "GET /wp-content/themes/?C=S;O=D HTTP/1.1" 200 371 "https://kurtswebnotes.com/wp-content/themes/?C=S;O=A" "Mozilla/5.0 (compatible; SEOkicks; +https://www.seokicks.de/robot.html)" "kurtswebnotes.com"
65.108.6.34 - - [24/Oct/2022:00:11:17 -0700] "GET /wp-content/themes/?C=D;O=D HTTP/1.1" 200 371 "https://kurtswebnotes.com/wp-content/themes/?C=D;O=A" "Mozilla/5.0 (compatible; SEOkicks; +https://www.seokicks.de/robot.html)" "kurtswebnotes.com"
195.191.219.131 - - [24/Oct/2022:00:11:28 -0700] "GET /robots.txt HTTP/1.1" 200 111 "-" "Mozilla/5.0 (compatible; MJ12bot/v1.4.8; http://mj12bot.com/)" "kurtswebnotes.com"
195.191.219.131 - - [24/Oct/2022:00:11:33 -0700] "GET / HTTP/1.1" 200 481 "-" "Mozilla/5.0 (compatible; MJ12bot/v1.4.8; http://mj12bot.com/)" "kurtswebnotes.com"
195.191.219.131 - - [24/Oct/2022:00:11:38 -0700] "GET /robots.txt HTTP/1.1" 200 111 "-" "Mozilla/5.0 (compatible; MJ12bot/v1.4.8; http://mj12bot.com/)" "www.kurtswebnotes.com"
195.191.219.131 - - [24/Oct/2022:00:11:43 -0700] "GET / HTTP/1.1" 200 481 "-" "Mozilla/5.0 (compatible; MJ12bot/v1.4.8; http://mj12bot.com/)" "www.kurtswebnotes.com"
114.119.136.144 - - [24/Oct/2022:00:14:43 -0700] "GET /wp-includes/blocks/archives/block.json HTTP/1.1" 200 209 "https://kurtswebnotes.com/wp-includes/blocks/archives/?C=D%3BO%3DA" "Mozilla/5.0 (Linux; Android 7.0;) AppleWebKit/537.36 (KHTML, like Gecko) Mobile Safari/537.36 (compatible; PetalBot;+https://webmaster.petalsearch.com/site/petalbot)" "kurtswebnotes.com"
114.119.153.118 - - [24/Oct/2022:00:25:49 -0700] "GET /robots.txt HTTP/1.1" 200 101 "-" "Mozilla/5.0 (compatible;PetalBot;+https://webmaster.petalsearch.com/site/petalbot)" "kurtswebnotes.com"
51.222.253.7 - - [24/Oct/2022:00:42:06 -0700] "GET / HTTP/1.1" 200 481 "-" "Mozilla/5.0 (compatible; AhrefsBot/7.0; +http://ahrefs.com/robot/)" "kurtswebnotes.com"
93.158.161.40 - - [24/Oct/2022:00:42:58 -0700] "GET /robots.txt HTTP/1.1" 200 111 "-" "Mozilla/5.0 (compatible; YandexBot/3.0; +http://yandex.com/bots)" "www.kurtswebnotes.com"
93.158.161.50 - - [24/Oct/2022:00:43:02 -0700] "GET /wp-includes/blocks/button/ HTTP/1.1" 200 377 "-" "Mozilla/5.0 (compatible; YandexBot/3.0; +http://yandex.com/bots)" "www.kurtswebnotes.com"
114.119.136.138 - - [24/Oct/2022:00:47:03 -0700] "GET /wp-includes/blocks/latest-comments/?C=D%3BO%3DA HTTP/1.1" 200 383 "https://kurtswebnotes.com/wp-includes/blocks/latest-comments/?C=N%3BO%3DD" "Mozilla/5.0 (Linux; Android 7.0;) AppleWebKit/537.36 (KHTML, like Gecko) Mobile Safari/537.36 (compatible; PetalBot;+https://webmaster.petalsearch.com/site/petalbot)" "kurtswebnotes.com"
34.75.54.139 - - [24/Oct/2022:00:52:38 -0700] "GET /robots.txt HTTP/1.1" 200 101 "-" "ZoominfoBot (zoominfobot at zoominfo dot com)" "kurtswebnotes.com"
34.75.54.139 - - [24/Oct/2022:00:52:39 -0700] "GET /robots.txt HTTP/1.1" 200 101 "-" "ZoominfoBot (zoominfobot at zoominfo dot com)" "kurtswebnotes.com"
34.75.54.139 - - [24/Oct/2022:00:52:39 -0700] "GET / HTTP/1.1" 200 481 "-" "ZoominfoBot (zoominfobot at zoominfo dot com)" "kurtswebnotes.com"
114.119.136.138 - - [24/Oct/2022:00:53:19 -0700] "GET /wp-includes/sodium_compat/src/Core/BLAKE2b.php HTTP/1.1" 500 - "https://www.kurtswebnotes.com/wp-includes/sodium_compat/src/Core/?C=S%3BO%3DA" "Mozilla/5.0 (Linux; Android 7.0;) AppleWebKit/537.36 (KHTML, like Gecko) Mobile Safari/537.36 (compatible; PetalBot;+https://webmaster.petalsearch.com/site/petalbot)" "www.kurtswebnotes.com"
114.119.136.14 - - [24/Oct/2022:00:58:56 -0700] "GET /wp-includes/css/dist/block-editor/style-rtl.css HTTP/1.1" 200 14094 "https://www.kurtswebnotes.com/wp-includes/css/dist/block-editor/?C=D%3BO%3DA" "Mozilla/5.0 (Linux; Android 7.0;) AppleWebKit/537.36 (KHTML, like Gecko) Mobile Safari/537.36 (compatible; PetalBot;+https://webmaster.petalsearch.com/site/petalbot)" "www.kurtswebnotes.com"
114.119.136.143 - - [24/Oct/2022:01:04:40 -0700] "GET /wp-includes/sodium_compat/src/Core32/Poly1305/State.php HTTP/1.1" 500 - "https://www.kurtswebnotes.com/wp-includes/sodium_compat/src/Core32/Poly1305/?C=M%3BO%3DA" "Mozilla/5.0 (Linux; Android 7.0;) AppleWebKit/537.36 (KHTML, like Gecko) Mobile Safari/537.36 (compatible; PetalBot;+https://webmaster.petalsearch.com/site/petalbot)" "www.kurtswebnotes.com"
51.222.253.18 - - [24/Oct/2022:01:29:37 -0700] "GET /wp-includes/blocks/search/?C=D;O=D HTTP/1.1" 200 375 "-" "Mozilla/5.0 (compatible; AhrefsBot/7.0; +http://ahrefs.com/robot/)" "kurtswebnotes.com"
114.119.136.141 - - [24/Oct/2022:01:33:11 -0700] "GET /wp-includes/blocks/code/?C=M%3BO%3DA HTTP/1.1" 200 376 "https://www.kurtswebnotes.com/wp-includes/blocks/code/" "Mozilla/5.0 (Linux; Android 7.0;) AppleWebKit/537.36 (KHTML, like Gecko) Mobile Safari/537.36 (compatible; PetalBot;+https://webmaster.petalsearch.com/site/petalbot)" "www.kurtswebnotes.com"
114.119.136.14 - - [24/Oct/2022:01:38:51 -0700] "GET /wp-includes/blocks/file/?C=M%3BO%3DA HTTP/1.1" 200 376 "https://kurtswebnotes.com/wp-includes/blocks/file/?C=N%3BO%3DD" "Mozilla/5.0 (Linux; Android 7.0;) AppleWebKit/537.36 (KHTML, like Gecko) Mobile Safari/537.36 (compatible; PetalBot;+https://webmaster.petalsearch.com/site/petalbot)" "kurtswebnotes.com"
51.222.253.17 - - [24/Oct/2022:02:08:42 -0700] "GET /wp-includes/blocks/code/?C=S;O=D HTTP/1.1" 200 373 "-" "Mozilla/5.0 (compatible; AhrefsBot/7.0; +http://ahrefs.com/robot/)" "kurtswebnotes.com"
44.228.64.221 - - [24/Oct/2022:02:09:39 -0700] "GET /blog/2012/03/ HTTP/1.1" 404 88 "-" "Python/3.8 aiohttp/3.8.3" "kurtswebnotes.com"
123.183.224.80 - - [24/Oct/2022:02:17:25 -0700] "GET / HTTP/1.1" 200 481 "-" "Sogou web spider/4.0(+http://www.sogou.com/docs/help/webmasters.htm#07)" "www.kurtswebnotes.com"
114.119.136.144 - - [24/Oct/2022:02:19:11 -0700] "GET /wp-includes/blocks/code/?C=N%3BO%3DD HTTP/1.1" 200 376 "https://www.kurtswebnotes.com/wp-includes/blocks/code/" "Mozilla/5.0 (Linux; Android 7.0;) AppleWebKit/537.36 (KHTML, like Gecko) Mobile Safari/537.36 (compatible; PetalBot;+https://webmaster.petalsearch.com/site/petalbot)" "www.kurtswebnotes.com"
114.119.136.143 - - [24/Oct/2022:02:28:50 -0700] "GET /wp-includes/sodium_compat/src/Core32/Int64.php HTTP/1.1" 200 - "https://www.kurtswebnotes.com/wp-includes/sodium_compat/src/Core32/" "Mozilla/5.0 (Linux; Android 7.0;) AppleWebKit/537.36 (KHTML, like Gecko) Mobile Safari/537.36 (compatible; PetalBot;+https://webmaster.petalsearch.com/site/petalbot)" "www.kurtswebnotes.com"
198.58.102.117 - - [24/Oct/2022:02:29:57 -0700] "GET /blog HTTP/1.1" 404 88 "http://kurtswebnotes.com/blog" "Superfeedr bot/2.0 http://superfeedr.com - Checking HTML reverse link." "kurtswebnotes.com"
34.75.54.139 - - [24/Oct/2022:02:36:25 -0700] "GET /robots.txt HTTP/1.1" 200 101 "-" "ZoominfoBot (zoominfobot at zoominfo dot com)" "www.kurtswebnotes.com"
34.75.54.139 - - [24/Oct/2022:02:36:25 -0700] "GET /robots.txt HTTP/1.1" 200 101 "-" "ZoominfoBot (zoominfobot at zoominfo dot com)" "www.kurtswebnotes.com"
34.75.54.139 - - [24/Oct/2022:02:36:25 -0700] "GET / HTTP/1.1" 200 481 "-" "ZoominfoBot (zoominfobot at zoominfo dot com)" "www.kurtswebnotes.com"
114.119.136.138 - - [24/Oct/2022:02:47:16 -0700] "GET /wp-includes/blocks/code/ HTTP/1.1" 200 376 "https://kurtswebnotes.com/wp-includes/blocks/?C=M%3BO%3DA" "Mozilla/5.0 (Linux; Android 7.0;) AppleWebKit/537.36 (KHTML, like Gecko) Mobile Safari/537.36 (compatible; PetalBot;+https://webmaster.petalsearch.com/site/petalbot)" "kurtswebnotes.com"
114.119.136.14 - - [24/Oct/2022:02:52:58 -0700] "GET /wp-includes/blocks/audio/?C=M%3BO%3DA HTTP/1.1" 200 377 "https://www.kurtswebnotes.com/wp-includes/blocks/audio/?C=S%3BO%3DA" "Mozilla/5.0 (Linux; Android 7.0;) AppleWebKit/537.36 (KHTML, like Gecko) Mobile Safari/537.36 (compatible; PetalBot;+https://webmaster.petalsearch.com/site/petalbot)" "www.kurtswebnotes.com"
51.222.253.7 - - [24/Oct/2022:02:56:48 -0700] "GET /wp-includes/blocks/search/?C=M;O=D HTTP/1.1" 200 375 "-" "Mozilla/5.0 (compatible; AhrefsBot/7.0; +http://ahrefs.com/robot/)" "kurtswebnotes.com"
114.119.136.14 - - [24/Oct/2022:02:58:38 -0700] "GET /wp-includes/blocks/archives/?C=M%3BO%3DA HTTP/1.1" 200 378 "https://www.kurtswebnotes.com/wp-includes/blocks/archives/?C=N%3BO%3DD" "Mozilla/5.0 (Linux; Android 7.0;) AppleWebKit/537.36 (KHTML, like Gecko) Mobile Safari/537.36 (compatible; PetalBot;+https://webmaster.petalsearch.com/site/petalbot)" "www.kurtswebnotes.com"
64.124.8.31 - - [24/Oct/2022:02:58:40 -0700] "GET /robots.txt HTTP/1.1" 200 101 "-" "Mozilla/5.0 (X11; Linux x86_64) AppleWebKit/537.36 (KHTML, like Gecko) Chrome/61.0.3163.79 Safari/537.36" "kurtswebnotes.com"
64.124.8.31 - - [24/Oct/2022:02:58:40 -0700] "GET /wp-includes/block-supports/custom-classname.php HTTP/1.1" 500 - "-" "Mozilla/5.0 (X11; Linux x86_64) AppleWebKit/537.36 (KHTML, like Gecko) Chrome/61.0.3163.79 Safari/537.36" "kurtswebnotes.com"
114.119.136.138 - - [24/Oct/2022:03:04:13 -0700] "GET /wp-includes/css/dist/block-editor/?C=S%3BO%3DA HTTP/1.1" 200 424 "https://kurtswebnotes.com/wp-includes/css/dist/block-editor/" "Mozilla/5.0 (Linux; Android 7.0;) AppleWebKit/537.36 (KHTML, like Gecko) Mobile Safari/537.36 (compatible; PetalBot;+https://webmaster.petalsearch.com/site/petalbot)" "kurtswebnotes.com"
64.124.8.31 - - [24/Oct/2022:03:05:30 -0700] "GET /wp-includes/block-supports/generated-classname.php HTTP/1.1" 500 - "-" "Mozilla/5.0 (X11; Linux x86_64) AppleWebKit/537.36 (KHTML, like Gecko) Chrome/61.0.3163.79 Safari/537.36" "kurtswebnotes.com"
64.124.8.31 - - [24/Oct/2022:03:08:47 -0700] "GET /wp-content/themes/ HTTP/1.1" 200 375 "-" "Mozilla/5.0 (X11; Linux x86_64) AppleWebKit/537.36 (KHTML, like Gecko) Chrome/61.0.3163.79 Safari/537.36" "kurtswebnotes.com"
