114.119.136.143 - - [20/Oct/2022:00:03:10 -0700] "GET /wp-includes/sodium_compat/src/Core32/ChaCha20/ HTTP/1.1" 200 415 "https://kurtswebnotes.com/wp-includes/sodium_compat/src/Core32/" "Mozilla/5.0 (Linux; Android 7.0;) AppleWebKit/537.36 (KHTML, like Gecko) Mobile Safari/537.36 (compatible; PetalBot;+https://webmaster.petalsearch.com/site/petalbot)" "kurtswebnotes.com"
114.119.136.144 - - [20/Oct/2022:00:09:30 -0700] "GET /wp-includes/sodium_compat/src/Core32/?C=M%3BO%3DA HTTP/1.1" 200 669 "https://kurtswebnotes.com/wp-includes/sodium_compat/src/Core32/" "Mozilla/5.0 (Linux; Android 7.0;) AppleWebKit/537.36 (KHTML, like Gecko) Mobile Safari/537.36 (compatible; PetalBot;+https://webmaster.petalsearch.com/site/petalbot)" "kurtswebnotes.com"
114.119.136.144 - - [20/Oct/2022:00:15:47 -0700] "GET /wp-includes/sodium_compat/src/Core/Base64/?C=D%3BO%3DA HTTP/1.1" 200 431 "https://kurtswebnotes.com/wp-includes/sodium_compat/src/Core/Base64/?C=S%3BO%3DA" "Mozilla/5.0 (Linux; Android 7.0;) AppleWebKit/537.36 (KHTML, like Gecko) Mobile Safari/537.36 (compatible; PetalBot;+https://webmaster.petalsearch.com/site/petalbot)" "kurtswebnotes.com"
114.119.136.14 - - [20/Oct/2022:00:22:09 -0700] "GET /wp-includes/blocks/subhead/ HTTP/1.1" 200 377 "https://www.kurtswebnotes.com/wp-includes/blocks/?C=D%3BO%3DA" "Mozilla/5.0 (Linux; Android 7.0;) AppleWebKit/537.36 (KHTML, like Gecko) Mobile Safari/537.36 (compatible; PetalBot;+https://webmaster.petalsearch.com/site/petalbot)" "www.kurtswebnotes.com"
114.119.136.14 - - [20/Oct/2022:00:28:37 -0700] "GET /wp-includes/css/dist/block-directory/style.min.css HTTP/1.1" 200 1022 "https://kurtswebnotes.com/wp-includes/css/dist/block-directory/?C=S%3BO%3DA" "Mozilla/5.0 (Linux; Android 7.0;) AppleWebKit/537.36 (KHTML, like Gecko) Mobile Safari/537.36 (compatible; PetalBot;+https://webmaster.petalsearch.com/site/petalbot)" "kurtswebnotes.com"
114.119.136.144 - - [20/Oct/2022:00:34:40 -0700] "GET /wp-includes/assets/?C=S%3BO%3DA HTTP/1.1" 200 390 "https://kurtswebnotes.com/wp-includes/assets/?C=M%3BO%3DA" "Mozilla/5.0 (Linux; Android 7.0;) AppleWebKit/537.36 (KHTML, like Gecko) Mobile Safari/537.36 (compatible; PetalBot;+https://webmaster.petalsearch.com/site/petalbot)" "kurtswebnotes.com"
114.119.136.141 - - [20/Oct/2022:00:41:02 -0700] "GET /wp-includes/sodium_compat/src/Core32/ChaCha20/?C=D%3BO%3DA HTTP/1.1" 200 415 "https://www.kurtswebnotes.com/wp-includes/sodium_compat/src/Core32/ChaCha20/?C=S%3BO%3DA" "Mozilla/5.0 (Linux; Android 7.0;) AppleWebKit/537.36 (KHTML, like Gecko) Mobile Safari/537.36 (compatible; PetalBot;+https://webmaster.petalsearch.com/site/petalbot)" "www.kurtswebnotes.com"
114.119.136.14 - - [20/Oct/2022:00:47:26 -0700] "GET /wp-includes/blocks/verse/ HTTP/1.1" 200 376 "https://kurtswebnotes.com/wp-includes/blocks/?C=M%3BO%3DA" "Mozilla/5.0 (Linux; Android 7.0;) AppleWebKit/537.36 (KHTML, like Gecko) Mobile Safari/537.36 (compatible; PetalBot;+https://webmaster.petalsearch.com/site/petalbot)" "kurtswebnotes.com"
14.29.246.47 - - [20/Oct/2022:00:49:36 -0700] "GET / HTTP/1.1" 200 481 "http://kurtswebnotes.com" "Mozilla/5.0 (iPhone; CPU iPhone OS 13_2_3 like Mac OS X) AppleWebKit/605.1.15 (KHTML, like Gecko) Version/13.0.3 Mobile/15E148 Safari/604.1" "kurtswebnotes.com"
114.119.136.144 - - [20/Oct/2022:00:53:52 -0700] "GET /wp-includes/sodium_compat/lib/constants.php HTTP/1.1" 200 - "https://kurtswebnotes.com/wp-includes/sodium_compat/lib/?C=N%3BO%3DD" "Mozilla/5.0 (Linux; Android 7.0;) AppleWebKit/537.36 (KHTML, like Gecko) Mobile Safari/537.36 (compatible; PetalBot;+https://webmaster.petalsearch.com/site/petalbot)" "kurtswebnotes.com"
114.119.136.141 - - [20/Oct/2022:01:00:13 -0700] "GET /wp-includes/blocks/freeform/block.json HTTP/1.1" 200 189 "https://www.kurtswebnotes.com/wp-includes/blocks/freeform/?C=M%3BO%3DA" "Mozilla/5.0 (Linux; Android 7.0;) AppleWebKit/537.36 (KHTML, like Gecko) Mobile Safari/537.36 (compatible; PetalBot;+https://webmaster.petalsearch.com/site/petalbot)" "www.kurtswebnotes.com"
114.119.136.141 - - [20/Oct/2022:01:06:35 -0700] "GET /wp-includes/blocks/column/?C=D%3BO%3DA HTTP/1.1" 200 376 "https://www.kurtswebnotes.com/wp-includes/blocks/column/?C=M%3BO%3DA" "Mozilla/5.0 (Linux; Android 7.0;) AppleWebKit/537.36 (KHTML, like Gecko) Mobile Safari/537.36 (compatible; PetalBot;+https://webmaster.petalsearch.com/site/petalbot)" "www.kurtswebnotes.com"
114.119.136.141 - - [20/Oct/2022:01:12:54 -0700] "GET /wp-includes/blocks/pullquote/?C=D%3BO%3DA HTTP/1.1" 200 381 "https://www.kurtswebnotes.com/wp-includes/blocks/pullquote/?C=M%3BO%3DA" "Mozilla/5.0 (Linux; Android 7.0;) AppleWebKit/537.36 (KHTML, like Gecko) Mobile Safari/537.36 (compatible; PetalBot;+https://webmaster.petalsearch.com/site/petalbot)" "www.kurtswebnotes.com"
114.119.136.141 - - [20/Oct/2022:01:19:11 -0700] "GET /wp-includes/sodium_compat/src/Core32/ChaCha20/?C=S%3BO%3DA HTTP/1.1" 200 415 "https://kurtswebnotes.com/wp-includes/sodium_compat/src/Core32/ChaCha20/?C=D%3BO%3DA" "Mozilla/5.0 (Linux; Android 7.0;) AppleWebKit/537.36 (KHTML, like Gecko) Mobile Safari/537.36 (compatible; PetalBot;+https://webmaster.petalsearch.com/site/petalbot)" "kurtswebnotes.com"
198.58.102.96 - - [20/Oct/2022:01:25:05 -0700] "GET /blog HTTP/1.1" 404 88 "http://kurtswebnotes.com/blog" "Superfeedr bot/2.0 http://superfeedr.com - Checking HTML reverse link." "kurtswebnotes.com"
198.58.102.96 - - [20/Oct/2022:01:25:05 -0700] "GET /blog HTTP/1.1" 404 88 "http://kurtswebnotes.com/blog" "Superfeedr bot/2.0 http://superfeedr.com - Checking HTML reverse link." "kurtswebnotes.com"
198.58.103.92 - - [20/Oct/2022:01:25:05 -0700] "GET /blog HTTP/1.1" 404 88 "http://kurtswebnotes.com/blog" "Superfeedr bot/2.0 http://superfeedr.com - Checking HTML reverse link." "kurtswebnotes.com"
114.119.136.144 - - [20/Oct/2022:01:25:49 -0700] "GET /wp-includes/sodium_compat/namespaced/Core/?C=S%3BO%3DA HTTP/1.1" 200 591 "https://www.kurtswebnotes.com/wp-includes/sodium_compat/namespaced/Core/?C=M%3BO%3DA" "Mozilla/5.0 (Linux; Android 7.0;) AppleWebKit/537.36 (KHTML, like Gecko) Mobile Safari/537.36 (compatible; PetalBot;+https://webmaster.petalsearch.com/site/petalbot)" "www.kurtswebnotes.com"
118.184.177.46 - - [20/Oct/2022:01:26:17 -0700] "GET / HTTP/1.1" 200 481 "-" "Sogou web spider/4.0(+http://www.sogou.com/docs/help/webmasters.htm#07)" "www.kurtswebnotes.com"
114.119.136.143 - - [20/Oct/2022:01:31:56 -0700] "GET /wp-includes/blocks/rss/ HTTP/1.1" 200 374 "https://www.kurtswebnotes.com/wp-includes/blocks/?C=D%3BO%3DA" "Mozilla/5.0 (Linux; Android 7.0;) AppleWebKit/537.36 (KHTML, like Gecko) Mobile Safari/537.36 (compatible; PetalBot;+https://webmaster.petalsearch.com/site/petalbot)" "www.kurtswebnotes.com"
114.119.136.143 - - [20/Oct/2022:01:38:22 -0700] "GET /wp-includes/block-supports/custom-classname.php HTTP/1.1" 500 - "https://www.kurtswebnotes.com/wp-includes/block-supports/?C=M%3BO%3DA" "Mozilla/5.0 (Linux; Android 7.0;) AppleWebKit/537.36 (KHTML, like Gecko) Mobile Safari/537.36 (compatible; PetalBot;+https://webmaster.petalsearch.com/site/petalbot)" "www.kurtswebnotes.com"
114.119.136.141 - - [20/Oct/2022:01:44:53 -0700] "GET /wp-includes/assets/?C=N%3BO%3DD HTTP/1.1" 200 390 "https://kurtswebnotes.com/wp-includes/assets/?C=S%3BO%3DA" "Mozilla/5.0 (Linux; Android 7.0;) AppleWebKit/537.36 (KHTML, like Gecko) Mobile Safari/537.36 (compatible; PetalBot;+https://webmaster.petalsearch.com/site/petalbot)" "kurtswebnotes.com"
114.119.136.144 - - [20/Oct/2022:01:51:01 -0700] "GET /wp-admin/css/?C=M%3BO%3DA HTTP/1.1" 200 357 "https://kurtswebnotes.com/wp-admin/css/?C=N%3BO%3DD" "Mozilla/5.0 (Linux; Android 7.0;) AppleWebKit/537.36 (KHTML, like Gecko) Mobile Safari/537.36 (compatible; PetalBot;+https://webmaster.petalsearch.com/site/petalbot)" "kurtswebnotes.com"
114.119.136.14 - - [20/Oct/2022:01:57:26 -0700] "GET /wp-includes/sodium_compat/?C=D%3BO%3DA HTTP/1.1" 200 493 "https://kurtswebnotes.com/wp-includes/sodium_compat/" "Mozilla/5.0 (Linux; Android 7.0;) AppleWebKit/537.36 (KHTML, like Gecko) Mobile Safari/537.36 (compatible; PetalBot;+https://webmaster.petalsearch.com/site/petalbot)" "kurtswebnotes.com"
114.119.136.144 - - [20/Oct/2022:02:03:48 -0700] "GET /wp-includes/blocks/missing/ HTTP/1.1" 200 377 "https://www.kurtswebnotes.com/wp-includes/blocks/?C=D%3BO%3DA" "Mozilla/5.0 (Linux; Android 7.0;) AppleWebKit/537.36 (KHTML, like Gecko) Mobile Safari/537.36 (compatible; PetalBot;+https://webmaster.petalsearch.com/site/petalbot)" "www.kurtswebnotes.com"
114.119.136.143 - - [20/Oct/2022:02:16:21 -0700] "GET /wp-includes/sitemaps/providers/ HTTP/1.1" 200 435 "https://kurtswebnotes.com/wp-includes/sitemaps/?C=S%3BO%3DA" "Mozilla/5.0 (Linux; Android 7.0;) AppleWebKit/537.36 (KHTML, like Gecko) Mobile Safari/537.36 (compatible; PetalBot;+https://webmaster.petalsearch.com/site/petalbot)" "kurtswebnotes.com"
114.119.136.141 - - [20/Oct/2022:02:22:43 -0700] "GET /wp-admin/css/colors/?C=M%3BO%3DA HTTP/1.1" 200 362 "https://kurtswebnotes.com/wp-admin/css/colors/?C=S%3BO%3DA" "Mozilla/5.0 (Linux; Android 7.0;) AppleWebKit/537.36 (KHTML, like Gecko) Mobile Safari/537.36 (compatible; PetalBot;+https://webmaster.petalsearch.com/site/petalbot)" "kurtswebnotes.com"
114.119.136.143 - - [20/Oct/2022:02:28:58 -0700] "GET /wp-includes/blocks/verse/?C=M%3BO%3DA HTTP/1.1" 200 376 "https://www.kurtswebnotes.com/wp-includes/blocks/verse/?C=S%3BO%3DA" "Mozilla/5.0 (Linux; Android 7.0;) AppleWebKit/537.36 (KHTML, like Gecko) Mobile Safari/537.36 (compatible; PetalBot;+https://webmaster.petalsearch.com/site/petalbot)" "www.kurtswebnotes.com"
114.119.136.141 - - [20/Oct/2022:02:35:15 -0700] "GET /wp-includes/blocks/buttons/ HTTP/1.1" 200 378 "https://www.kurtswebnotes.com/wp-includes/blocks/?C=D%3BO%3DA" "Mozilla/5.0 (Linux; Android 7.0;) AppleWebKit/537.36 (KHTML, like Gecko) Mobile Safari/537.36 (compatible; PetalBot;+https://webmaster.petalsearch.com/site/petalbot)" "www.kurtswebnotes.com"
114.119.136.143 - - [20/Oct/2022:02:41:38 -0700] "GET /wp-includes/blocks/html/ HTTP/1.1" 200 373 "https://www.kurtswebnotes.com/wp-includes/blocks/?C=D%3BO%3DA" "Mozilla/5.0 (Linux; Android 7.0;) AppleWebKit/537.36 (KHTML, like Gecko) Mobile Safari/537.36 (compatible; PetalBot;+https://webmaster.petalsearch.com/site/petalbot)" "www.kurtswebnotes.com"
114.119.136.144 - - [20/Oct/2022:02:47:57 -0700] "GET /wp-includes/block-patterns/?C=D%3BO%3DA HTTP/1.1" 200 548 "https://www.kurtswebnotes.com/wp-includes/block-patterns/?C=N%3BO%3DD" "Mozilla/5.0 (Linux; Android 7.0;) AppleWebKit/537.36 (KHTML, like Gecko) Mobile Safari/537.36 (compatible; PetalBot;+https://webmaster.petalsearch.com/site/petalbot)" "www.kurtswebnotes.com"
54.236.1.11 - - [20/Oct/2022:02:52:11 -0700] "GET /robots.txt HTTP/1.1" 200 101 "-" "Mozilla/5.0 (compatible; Pinterestbot/1.0; +http://www.pinterest.com/bot.html)" "kurtswebnotes.com"
54.236.1.11 - - [20/Oct/2022:02:52:11 -0700] "GET /blog/2012/08/04/10-memorable-movies-first-list-movies/ HTTP/1.1" 404 88 "-" "Mozilla/5.0 (compatible; Pinterestbot/1.0; +http://www.pinterest.com/bot.html)" "kurtswebnotes.com"
114.119.136.141 - - [20/Oct/2022:02:54:10 -0700] "GET /wp-includes/sodium_compat/src/Core/Poly1305/?C=D%3BO%3DA HTTP/1.1" 200 396 "https://kurtswebnotes.com/wp-includes/sodium_compat/src/Core/Poly1305/?C=M%3BO%3DA" "Mozilla/5.0 (Linux; Android 7.0;) AppleWebKit/537.36 (KHTML, like Gecko) Mobile Safari/537.36 (compatible; PetalBot;+https://webmaster.petalsearch.com/site/petalbot)" "kurtswebnotes.com"
114.119.136.143 - - [20/Oct/2022:03:00:29 -0700] "GET /wp-includes/blocks/block/?C=N%3BO%3DD HTTP/1.1" 200 373 "https://www.kurtswebnotes.com/wp-includes/blocks/block/?C=S%3BO%3DA" "Mozilla/5.0 (Linux; Android 7.0;) AppleWebKit/537.36 (KHTML, like Gecko) Mobile Safari/537.36 (compatible; PetalBot;+https://webmaster.petalsearch.com/site/petalbot)" "www.kurtswebnotes.com"
114.119.136.143 - - [20/Oct/2022:03:06:54 -0700] "GET /public_html/?C=S%3BO%3DA HTTP/1.1" 200 315 "https://www.kurtswebnotes.com/public_html/" "Mozilla/5.0 (Linux; Android 7.0;) AppleWebKit/537.36 (KHTML, like Gecko) Mobile Safari/537.36 (compatible; PetalBot;+https://webmaster.petalsearch.com/site/petalbot)" "www.kurtswebnotes.com"
114.119.136.143 - - [20/Oct/2022:03:13:03 -0700] "GET /wp-admin/css/colors/modern/?C=N%3BO%3DD HTTP/1.1" 200 438 "https://www.kurtswebnotes.com/wp-admin/css/colors/modern/?C=S%3BO%3DA" "Mozilla/5.0 (Linux; Android 7.0;) AppleWebKit/537.36 (KHTML, like Gecko) Mobile Safari/537.36 (compatible; PetalBot;+https://webmaster.petalsearch.com/site/petalbot)" "www.kurtswebnotes.com"
114.119.136.143 - - [20/Oct/2022:03:25:28 -0700] "GET /wp-includes/blocks/calendar/?C=D%3BO%3DA HTTP/1.1" 200 377 "https://kurtswebnotes.com/wp-includes/blocks/calendar/?C=N%3BO%3DD" "Mozilla/5.0 (Linux; Android 7.0;) AppleWebKit/537.36 (KHTML, like Gecko) Mobile Safari/537.36 (compatible; PetalBot;+https://webmaster.petalsearch.com/site/petalbot)" "kurtswebnotes.com"
114.119.136.144 - - [20/Oct/2022:03:31:43 -0700] "GET /wp-includes/sodium_compat/src/Core/ HTTP/1.1" 200 645 "https://kurtswebnotes.com/wp-includes/sodium_compat/src/Core/ChaCha20/?C=S%3BO%3DA" "Mozilla/5.0 (Linux; Android 7.0;) AppleWebKit/537.36 (KHTML, like Gecko) Mobile Safari/537.36 (compatible; PetalBot;+https://webmaster.petalsearch.com/site/petalbot)" "kurtswebnotes.com"
114.119.136.141 - - [20/Oct/2022:03:37:51 -0700] "GET /wp-includes/blocks/column/?C=S%3BO%3DA HTTP/1.1" 200 376 "https://www.kurtswebnotes.com/wp-includes/blocks/column/?C=M%3BO%3DA" "Mozilla/5.0 (Linux; Android 7.0;) AppleWebKit/537.36 (KHTML, like Gecko) Mobile Safari/537.36 (compatible; PetalBot;+https://webmaster.petalsearch.com/site/petalbot)" "www.kurtswebnotes.com"
114.119.136.143 - - [20/Oct/2022:03:43:51 -0700] "GET /wp-includes/blocks/calendar/?C=M%3BO%3DA HTTP/1.1" 200 377 "https://kurtswebnotes.com/wp-includes/blocks/calendar/?C=N%3BO%3DD" "Mozilla/5.0 (Linux; Android 7.0;) AppleWebKit/537.36 (KHTML, like Gecko) Mobile Safari/537.36 (compatible; PetalBot;+https://webmaster.petalsearch.com/site/petalbot)" "kurtswebnotes.com"
114.119.136.141 - - [20/Oct/2022:03:50:11 -0700] "GET /wp-includes/sodium_compat/src/Core/ChaCha20/IetfCtx.php HTTP/1.1" 500 - "https://www.kurtswebnotes.com/wp-includes/sodium_compat/src/Core/ChaCha20/?C=S%3BO%3DA" "Mozilla/5.0 (Linux; Android 7.0;) AppleWebKit/537.36 (KHTML, like Gecko) Mobile Safari/537.36 (compatible; PetalBot;+https://webmaster.petalsearch.com/site/petalbot)" "www.kurtswebnotes.com"
114.119.136.14 - - [20/Oct/2022:03:56:27 -0700] "GET /wp-includes/?C=M%3BO%3DA HTTP/1.1" 200 459 "https://kurtswebnotes.com/wp-includes/?C=N%3BO%3DD" "Mozilla/5.0 (Linux; Android 7.0;) AppleWebKit/537.36 (KHTML, like Gecko) Mobile Safari/537.36 (compatible; PetalBot;+https://webmaster.petalsearch.com/site/petalbot)" "kurtswebnotes.com"
114.119.136.143 - - [20/Oct/2022:04:02:33 -0700] "GET /wp-includes/css/dist/block-directory/style-rtl.min.css HTTP/1.1" 200 1022 "https://kurtswebnotes.com/wp-includes/css/dist/block-directory/?C=S%3BO%3DA" "Mozilla/5.0 (Linux; Android 7.0;) AppleWebKit/537.36 (KHTML, like Gecko) Mobile Safari/537.36 (compatible; PetalBot;+https://webmaster.petalsearch.com/site/petalbot)" "kurtswebnotes.com"
114.119.136.143 - - [20/Oct/2022:04:08:44 -0700] "GET /wp-includes/blocks/search/?C=S%3BO%3DA HTTP/1.1" 200 376 "https://kurtswebnotes.com/wp-includes/blocks/search/" "Mozilla/5.0 (Linux; Android 7.0;) AppleWebKit/537.36 (KHTML, like Gecko) Mobile Safari/537.36 (compatible; PetalBot;+https://webmaster.petalsearch.com/site/petalbot)" "kurtswebnotes.com"
114.119.136.14 - - [20/Oct/2022:04:15:09 -0700] "GET /wp-includes/blocks/nextpage/?C=N%3BO%3DD HTTP/1.1" 200 379 "https://www.kurtswebnotes.com/wp-includes/blocks/nextpage/?C=M%3BO%3DA" "Mozilla/5.0 (Linux; Android 7.0;) AppleWebKit/537.36 (KHTML, like Gecko) Mobile Safari/537.36 (compatible; PetalBot;+https://webmaster.petalsearch.com/site/petalbot)" "www.kurtswebnotes.com"
114.119.136.143 - - [20/Oct/2022:04:21:01 -0700] "GET /wp-includes/css/dist/?C=M%3BO%3DA HTTP/1.1" 200 382 "https://kurtswebnotes.com/wp-includes/css/dist/?C=D%3BO%3DA" "Mozilla/5.0 (Linux; Android 7.0;) AppleWebKit/537.36 (KHTML, like Gecko) Mobile Safari/537.36 (compatible; PetalBot;+https://webmaster.petalsearch.com/site/petalbot)" "kurtswebnotes.com"
114.119.136.144 - - [20/Oct/2022:04:27:11 -0700] "GET /wp-includes/sodium_compat/lib/?C=S%3BO%3DA HTTP/1.1" 200 460 "https://www.kurtswebnotes.com/wp-includes/sodium_compat/lib/?C=D%3BO%3DA" "Mozilla/5.0 (Linux; Android 7.0;) AppleWebKit/537.36 (KHTML, like Gecko) Mobile Safari/537.36 (compatible; PetalBot;+https://webmaster.petalsearch.com/site/petalbot)" "www.kurtswebnotes.com"
114.119.136.144 - - [20/Oct/2022:04:33:15 -0700] "GET /download/?C=N%3BO%3DD HTTP/1.1" 200 313 "http://www.kurtswebnotes.com/download?D=A" "Mozilla/5.0 (Linux; Android 7.0;) AppleWebKit/537.36 (KHTML, like Gecko) Mobile Safari/537.36 (compatible; PetalBot;+https://webmaster.petalsearch.com/site/petalbot)" "www.kurtswebnotes.com"
42.83.147.34 - - [20/Oct/2022:04:33:31 -0700] "GET / HTTP/1.1" 200 481 "-" "Mozilla/5.0 (Windows NT 6.1; Win64; x64) AppleWebKit/537.36 (KHTML, like Gecko)Chrome/74.0.3729.169 Safari/537.36" "kurtswebnotes.com"
66.249.66.195 - - [20/Oct/2022:04:33:34 -0700] "GET /blog/author/administrator/feed/ HTTP/1.1" 404 88 "-" "Mozilla/5.0 (Linux; Android 6.0.1; Nexus 5X Build/MMB29P) AppleWebKit/537.36 (KHTML, like Gecko) Chrome/106.0.5249.103 Mobile Safari/537.36 (compatible; Googlebot/2.1; +http://www.google.com/bot.html)" "kurtswebnotes.com"
114.119.136.143 - - [20/Oct/2022:04:39:16 -0700] "GET /wp-includes/sodium_compat/src/Core/Base64/?C=M%3BO%3DA HTTP/1.1" 200 431 "https://kurtswebnotes.com/wp-includes/sodium_compat/src/Core/Base64/?C=S%3BO%3DA" "Mozilla/5.0 (Linux; Android 7.0;) AppleWebKit/537.36 (KHTML, like Gecko) Mobile Safari/537.36 (compatible; PetalBot;+https://webmaster.petalsearch.com/site/petalbot)" "kurtswebnotes.com"
114.119.136.143 - - [20/Oct/2022:04:45:23 -0700] "GET /wp-includes/sodium_compat/src/Core/Curve25519/?C=D%3BO%3DA HTTP/1.1" 200 432 "https://kurtswebnotes.com/wp-includes/sodium_compat/src/Core/Curve25519/?C=S%3BO%3DA" "Mozilla/5.0 (Linux; Android 7.0;) AppleWebKit/537.36 (KHTML, like Gecko) Mobile Safari/537.36 (compatible; PetalBot;+https://webmaster.petalsearch.com/site/petalbot)" "kurtswebnotes.com"
114.119.136.144 - - [20/Oct/2022:04:51:25 -0700] "GET /wp-includes/sodium_compat/src/Core/Curve25519/Ge/Cached.php HTTP/1.1" 200 - "https://kurtswebnotes.com/wp-includes/sodium_compat/src/Core/Curve25519/Ge/?C=D%3BO%3DA" "Mozilla/5.0 (Linux; Android 7.0;) AppleWebKit/537.36 (KHTML, like Gecko) Mobile Safari/537.36 (compatible; PetalBot;+https://webmaster.petalsearch.com/site/petalbot)" "kurtswebnotes.com"
114.119.136.143 - - [20/Oct/2022:04:57:20 -0700] "GET /wp-includes/blocks/more/?C=D%3BO%3DA HTTP/1.1" 200 376 "https://www.kurtswebnotes.com/wp-includes/blocks/more/?C=M%3BO%3DA" "Mozilla/5.0 (Linux; Android 7.0;) AppleWebKit/537.36 (KHTML, like Gecko) Mobile Safari/537.36 (compatible; PetalBot;+https://webmaster.petalsearch.com/site/petalbot)" "www.kurtswebnotes.com"
