114.119.136.143 - - [19/Oct/2022:05:05:22 -0700] "GET /wp-includes/sodium_compat/lib/sodium_compat.php HTTP/1.1" 200 - "https://www.kurtswebnotes.com/wp-includes/sodium_compat/lib/?C=D%3BO%3DA" "Mozilla/5.0 (Linux; Android 7.0;) AppleWebKit/537.36 (KHTML, like Gecko) Mobile Safari/537.36 (compatible; PetalBot;+https://webmaster.petalsearch.com/site/petalbot)" "www.kurtswebnotes.com"
123.183.224.80 - - [19/Oct/2022:05:09:47 -0700] "GET / HTTP/1.1" 200 481 "-" "Sogou web spider/4.0(+http://www.sogou.com/docs/help/webmasters.htm#07)" "www.kurtswebnotes.com"
51.75.95.101 - - [19/Oct/2022:05:10:11 -0700] "GET / HTTP/1.1" 200 481 "http://www.kurtswebnotes.com" "Mozilla/5.0 (Windows NT 10.0; Win64; x64; rv:106.0) Gecko/20100101 Firefox/106.0" "www.kurtswebnotes.com"
51.75.95.101 - - [19/Oct/2022:05:10:12 -0700] "GET /ads.txt HTTP/1.1" 404 88 "http://kurtswebnotes.com/ads.txt" "Mozilla/5.0 (Windows NT 10.0; Win64; x64; rv:106.0) Gecko/20100101 Firefox/106.0" "kurtswebnotes.com"
114.119.136.14 - - [19/Oct/2022:05:12:11 -0700] "GET /wp-includes/sodium_compat/src/Core32/ChaCha20/?C=S%3BO%3DA HTTP/1.1" 200 415 "https://www.kurtswebnotes.com/wp-includes/sodium_compat/src/Core32/ChaCha20/" "Mozilla/5.0 (Linux; Android 7.0;) AppleWebKit/537.36 (KHTML, like Gecko) Mobile Safari/537.36 (compatible; PetalBot;+https://webmaster.petalsearch.com/site/petalbot)" "www.kurtswebnotes.com"
54.198.46.51 - - [19/Oct/2022:05:13:41 -0700] "GET /robots.txt HTTP/1.1" 200 101 "https://www.google.com/" "Mozilla/5.0 (Windows NT 10.0; Win64; x64) AppleWebKit/537.36 (KHTML, like Gecko) Chrome/79.0.3945.136 Safari/537.36" "kurtswebnotes.com"
54.198.46.51 - - [19/Oct/2022:05:13:41 -0700] "GET /photography/feed HTTP/1.1" 404 88 "-" "Rome Client (http://tinyurl.com/64t5n) Ver: UNKNOWN" "kurtswebnotes.com"
114.119.136.14 - - [19/Oct/2022:05:19:26 -0700] "GET /wp-includes/blocks/image/?C=N%3BO%3DD HTTP/1.1" 200 378 "https://www.kurtswebnotes.com/wp-includes/blocks/image/" "Mozilla/5.0 (Linux; Android 7.0;) AppleWebKit/537.36 (KHTML, like Gecko) Mobile Safari/537.36 (compatible; PetalBot;+https://webmaster.petalsearch.com/site/petalbot)" "www.kurtswebnotes.com"
114.119.136.143 - - [19/Oct/2022:05:26:03 -0700] "GET /wp-includes/blocks/rss/?C=M%3BO%3DA HTTP/1.1" 200 374 "https://kurtswebnotes.com/wp-includes/blocks/rss/" "Mozilla/5.0 (Linux; Android 7.0;) AppleWebKit/537.36 (KHTML, like Gecko) Mobile Safari/537.36 (compatible; PetalBot;+https://webmaster.petalsearch.com/site/petalbot)" "kurtswebnotes.com"
54.198.46.51 - - [19/Oct/2022:05:30:50 -0700] "GET /robots.txt HTTP/1.1" 200 101 "https://www.google.com/" "Mozilla/5.0 (Windows NT 10.0; Win64; x64) AppleWebKit/537.36 (KHTML, like Gecko) Chrome/79.0.3945.136 Safari/537.36" "kurtswebnotes.com"
54.198.46.51 - - [19/Oct/2022:05:30:50 -0700] "GET /blog/feed HTTP/1.1" 404 88 "-" "Rome Client (http://tinyurl.com/64t5n) Ver: UNKNOWN" "kurtswebnotes.com"
114.119.136.144 - - [19/Oct/2022:05:33:15 -0700] "GET /wp-includes/blocks/list/block.json HTTP/1.1" 200 333 "https://www.kurtswebnotes.com/wp-includes/blocks/list/?C=N%3BO%3DD" "Mozilla/5.0 (Linux; Android 7.0;) AppleWebKit/537.36 (KHTML, like Gecko) Mobile Safari/537.36 (compatible; PetalBot;+https://webmaster.petalsearch.com/site/petalbot)" "www.kurtswebnotes.com"
185.174.159.245 - - [19/Oct/2022:05:35:26 -0700] "GET / HTTP/1.1" 200 1458 "https://kurtswebnotes.com/" "Mozilla/5.0 (Windows NT 10.0) AppleWebKit/537.36 (KHTML, like Gecko) Chrome/90.0.4430.93 Safari/537.36" "kurtswebnotes.com"
114.119.136.143 - - [19/Oct/2022:05:40:25 -0700] "GET /wp-admin/css/colors/modern/colors.css HTTP/1.1" 200 3459 "https://www.kurtswebnotes.com/wp-admin/css/colors/modern/?C=S%3BO%3DA" "Mozilla/5.0 (Linux; Android 7.0;) AppleWebKit/537.36 (KHTML, like Gecko) Mobile Safari/537.36 (compatible; PetalBot;+https://webmaster.petalsearch.com/site/petalbot)" "www.kurtswebnotes.com"
114.119.136.144 - - [19/Oct/2022:05:47:16 -0700] "GET /wp-includes/css/dist/ HTTP/1.1" 200 382 "https://www.kurtswebnotes.com/wp-includes/css/?C=M%3BO%3DA" "Mozilla/5.0 (Linux; Android 7.0;) AppleWebKit/537.36 (KHTML, like Gecko) Mobile Safari/537.36 (compatible; PetalBot;+https://webmaster.petalsearch.com/site/petalbot)" "www.kurtswebnotes.com"
176.124.220.43 - - [19/Oct/2022:06:04:52 -0700] "GET /blog/2016/01/13/my-first-instagram-image/ HTTP/1.1" 404 73 "https://kurtswebnotes.com/blog/2016/01/13/my-first-instagram-image/" "Mozilla/5.0 (Windows NT 10.0; Win64; x64) AppleWebKit/537.36 (KHTML, like Gecko) Chrome/90.0.4430.86 Safari/537.36" "kurtswebnotes.com"
176.124.220.43 - - [19/Oct/2022:06:04:52 -0700] "GET / HTTP/1.1" 200 1458 "https://kurtswebnotes.com/" "Mozilla/5.0 (Windows NT 10.0; Win64; x64) AppleWebKit/537.36 (KHTML, like Gecko) Chrome/90.0.4430.86 Safari/537.36" "kurtswebnotes.com"
114.119.136.144 - - [19/Oct/2022:06:07:46 -0700] "GET /wp-includes/sodium_compat/src/Core/Util.php HTTP/1.1" 200 - "https://kurtswebnotes.com/wp-includes/sodium_compat/src/Core/?C=M%3BO%3DA" "Mozilla/5.0 (Linux; Android 7.0;) AppleWebKit/537.36 (KHTML, like Gecko) Mobile Safari/537.36 (compatible; PetalBot;+https://webmaster.petalsearch.com/site/petalbot)" "kurtswebnotes.com"
185.191.171.44 - - [19/Oct/2022:06:11:42 -0700] "GET /robots.txt HTTP/1.1" 200 101 "-" "Mozilla/5.0 (compatible; SemrushBot/7~bl; +http://www.semrush.com/bot.html)" "www.kurtswebnotes.com"
185.191.171.15 - - [19/Oct/2022:06:11:42 -0700] "GET /wp-includes/sodium_compat/src/Core/Curve25519/Ge/P1p1.php HTTP/1.1" 200 - "-" "Mozilla/5.0 (compatible; SemrushBot/7~bl; +http://www.semrush.com/bot.html)" "www.kurtswebnotes.com"
114.119.136.143 - - [19/Oct/2022:06:14:41 -0700] "GET /wp-includes/blocks/image/?C=D%3BO%3DA HTTP/1.1" 200 378 "https://kurtswebnotes.com/wp-includes/blocks/image/" "Mozilla/5.0 (Linux; Android 7.0;) AppleWebKit/537.36 (KHTML, like Gecko) Mobile Safari/537.36 (compatible; PetalBot;+https://webmaster.petalsearch.com/site/petalbot)" "kurtswebnotes.com"
114.119.136.143 - - [19/Oct/2022:06:21:22 -0700] "GET /wp-includes/sitemaps/class-wp-sitemaps-provider.php HTTP/1.1" 200 - "https://www.kurtswebnotes.com/wp-includes/sitemaps/?C=D%3BO%3DA" "Mozilla/5.0 (Linux; Android 7.0;) AppleWebKit/537.36 (KHTML, like Gecko) Mobile Safari/537.36 (compatible; PetalBot;+https://webmaster.petalsearch.com/site/petalbot)" "www.kurtswebnotes.com"
114.119.136.14 - - [19/Oct/2022:06:28:13 -0700] "GET /wp-includes/blocks/button/block.json HTTP/1.1" 200 367 "https://www.kurtswebnotes.com/wp-includes/blocks/button/" "Mozilla/5.0 (Linux; Android 7.0;) AppleWebKit/537.36 (KHTML, like Gecko) Mobile Safari/537.36 (compatible; PetalBot;+https://webmaster.petalsearch.com/site/petalbot)" "www.kurtswebnotes.com"
114.119.136.143 - - [19/Oct/2022:06:35:03 -0700] "GET /wp-includes/blocks/button/?C=D%3BO%3DA HTTP/1.1" 200 377 "https://kurtswebnotes.com/wp-includes/blocks/button/?C=N%3BO%3DD" "Mozilla/5.0 (Linux; Android 7.0;) AppleWebKit/537.36 (KHTML, like Gecko) Mobile Safari/537.36 (compatible; PetalBot;+https://webmaster.petalsearch.com/site/petalbot)" "kurtswebnotes.com"
114.119.136.143 - - [19/Oct/2022:06:41:42 -0700] "GET /wp-includes/sodium_compat/namespaced/Core/ChaCha20/Ctx.php HTTP/1.1" 500 - "https://www.kurtswebnotes.com/wp-includes/sodium_compat/namespaced/Core/ChaCha20/" "Mozilla/5.0 (Linux; Android 7.0;) AppleWebKit/537.36 (KHTML, like Gecko) Mobile Safari/537.36 (compatible; PetalBot;+https://webmaster.petalsearch.com/site/petalbot)" "www.kurtswebnotes.com"
5.254.230.157 - - [19/Oct/2022:06:45:03 -0700] "GET /blog/2016/01/13/my-first-instagram-image/ HTTP/1.1" 404 73 "https://kurtswebnotes.com/blog/2016/01/13/my-first-instagram-image/" "Mozilla/5.0 (Windows NT 6.1; ) AppleWebKit/537.36 (KHTML, like Gecko) Chrome/90.0.4430.72 Safari/537.36" "kurtswebnotes.com"
5.254.230.157 - - [19/Oct/2022:06:45:04 -0700] "GET / HTTP/1.1" 200 1458 "https://kurtswebnotes.com/" "Mozilla/5.0 (Windows NT 6.1; ) AppleWebKit/537.36 (KHTML, like Gecko) Chrome/90.0.4430.72 Safari/537.36" "kurtswebnotes.com"
114.119.136.144 - - [19/Oct/2022:06:48:34 -0700] "GET /wp-admin/css/colors/?C=S%3BO%3DA HTTP/1.1" 200 362 "https://www.kurtswebnotes.com/wp-admin/css/colors/?C=N%3BO%3DD" "Mozilla/5.0 (Linux; Android 7.0;) AppleWebKit/537.36 (KHTML, like Gecko) Mobile Safari/537.36 (compatible; PetalBot;+https://webmaster.petalsearch.com/site/petalbot)" "www.kurtswebnotes.com"
114.119.136.14 - - [19/Oct/2022:06:55:28 -0700] "GET /wp-includes/blocks/media-text/?C=S%3BO%3DA HTTP/1.1" 200 381 "https://kurtswebnotes.com/wp-includes/blocks/media-text/?C=N%3BO%3DD" "Mozilla/5.0 (Linux; Android 7.0;) AppleWebKit/537.36 (KHTML, like Gecko) Mobile Safari/537.36 (compatible; PetalBot;+https://webmaster.petalsearch.com/site/petalbot)" "kurtswebnotes.com"
114.119.136.141 - - [19/Oct/2022:07:02:17 -0700] "GET /wp-includes/blocks/nextpage/ HTTP/1.1" 200 379 "https://www.kurtswebnotes.com/wp-includes/blocks/?C=D%3BO%3DA" "Mozilla/5.0 (Linux; Android 7.0;) AppleWebKit/537.36 (KHTML, like Gecko) Mobile Safari/537.36 (compatible; PetalBot;+https://webmaster.petalsearch.com/site/petalbot)" "www.kurtswebnotes.com"
114.119.136.144 - - [19/Oct/2022:07:08:56 -0700] "GET /wp-includes/blocks/gallery/?C=N%3BO%3DD HTTP/1.1" 200 379 "https://kurtswebnotes.com/wp-includes/blocks/gallery/?C=S%3BO%3DA" "Mozilla/5.0 (Linux; Android 7.0;) AppleWebKit/537.36 (KHTML, like Gecko) Mobile Safari/537.36 (compatible; PetalBot;+https://webmaster.petalsearch.com/site/petalbot)" "kurtswebnotes.com"
114.119.136.14 - - [19/Oct/2022:07:15:46 -0700] "GET /wp-includes/blocks/categories/?C=M%3BO%3DA HTTP/1.1" 200 379 "https://kurtswebnotes.com/wp-includes/blocks/categories/" "Mozilla/5.0 (Linux; Android 7.0;) AppleWebKit/537.36 (KHTML, like Gecko) Mobile Safari/537.36 (compatible; PetalBot;+https://webmaster.petalsearch.com/site/petalbot)" "kurtswebnotes.com"
114.119.136.143 - - [19/Oct/2022:07:22:27 -0700] "GET /wp-includes/sodium_compat/src/Core/ChaCha20.php HTTP/1.1" 500 - "https://www.kurtswebnotes.com/wp-includes/sodium_compat/src/Core/?C=N%3BO%3DD" "Mozilla/5.0 (Linux; Android 7.0;) AppleWebKit/537.36 (KHTML, like Gecko) Mobile Safari/537.36 (compatible; PetalBot;+https://webmaster.petalsearch.com/site/petalbot)" "www.kurtswebnotes.com"
114.119.136.14 - - [19/Oct/2022:07:28:52 -0700] "GET /wp-includes/sodium_compat/src/Core/Curve25519/?C=S%3BO%3DA HTTP/1.1" 200 432 "https://kurtswebnotes.com/wp-includes/sodium_compat/src/Core/Curve25519/?C=D%3BO%3DA" "Mozilla/5.0 (Linux; Android 7.0;) AppleWebKit/537.36 (KHTML, like Gecko) Mobile Safari/537.36 (compatible; PetalBot;+https://webmaster.petalsearch.com/site/petalbot)" "kurtswebnotes.com"
114.119.136.141 - - [19/Oct/2022:07:36:02 -0700] "GET /wp-includes/sodium_compat/src/Core/Base64/ HTTP/1.1" 200 431 "https://www.kurtswebnotes.com/wp-includes/sodium_compat/src/Core/?C=N%3BO%3DD" "Mozilla/5.0 (Linux; Android 7.0;) AppleWebKit/537.36 (KHTML, like Gecko) Mobile Safari/537.36 (compatible; PetalBot;+https://webmaster.petalsearch.com/site/petalbot)" "www.kurtswebnotes.com"
114.119.136.144 - - [19/Oct/2022:07:42:30 -0700] "GET /wp-includes/sodium_compat/src/Core/?C=D%3BO%3DA HTTP/1.1" 200 645 "https://kurtswebnotes.com/wp-includes/sodium_compat/src/Core/?C=M%3BO%3DA" "Mozilla/5.0 (Linux; Android 7.0;) AppleWebKit/537.36 (KHTML, like Gecko) Mobile Safari/537.36 (compatible; PetalBot;+https://webmaster.petalsearch.com/site/petalbot)" "kurtswebnotes.com"
114.119.136.143 - - [19/Oct/2022:07:49:26 -0700] "GET /wp-includes/sodium_compat/src/Core/BLAKE2b.php HTTP/1.1" 500 - "https://kurtswebnotes.com/wp-includes/sodium_compat/src/Core/?C=M%3BO%3DA" "Mozilla/5.0 (Linux; Android 7.0;) AppleWebKit/537.36 (KHTML, like Gecko) Mobile Safari/537.36 (compatible; PetalBot;+https://webmaster.petalsearch.com/site/petalbot)" "kurtswebnotes.com"
185.166.87.134 - - [19/Oct/2022:07:49:57 -0700] "GET / HTTP/1.1" 200 1458 "https://kurtswebnotes.com/" "Mozilla/5.0 (Windows NT 10.0; WOW64) AppleWebKit/537.36 (KHTML, like Gecko) Chrome/90.0.4430.93 Safari/537.36" "kurtswebnotes.com"
185.166.87.134 - - [19/Oct/2022:07:49:58 -0700] "GET / HTTP/1.1" 200 1458 "https://kurtswebnotes.com/" "Mozilla/5.0 (Windows NT 10.0; Win64; x64) AppleWebKit/537.36 (KHTML, like Gecko) Chrome/90.0.4430.93 Safari/537.36" "kurtswebnotes.com"
185.166.87.134 - - [19/Oct/2022:07:49:58 -0700] "GET / HTTP/1.1" 200 1458 "https://kurtswebnotes.com/" "Mozilla/5.0 (Windows NT 6.1; WOW64) AppleWebKit/537.36 (KHTML, like Gecko) Chrome/90.0.4430.72 Safari/537.36" "kurtswebnotes.com"
185.166.87.134 - - [19/Oct/2022:07:49:59 -0700] "GET / HTTP/1.1" 200 1458 "https://kurtswebnotes.com/" "Mozilla/5.0 (Windows NT 6.3; Win64; x64) AppleWebKit/537.36 (KHTML, like Gecko) Chrome/90.0.4430.72 Safari/537.36" "kurtswebnotes.com"
185.166.87.134 - - [19/Oct/2022:07:50:00 -0700] "GET / HTTP/1.1" 200 1458 "https://kurtswebnotes.com/" "Mozilla/5.0 (Windows NT 10.0) AppleWebKit/537.36 (KHTML, like Gecko) Chrome/90.0.4430.85 Safari/537.36" "kurtswebnotes.com"
185.166.87.134 - - [19/Oct/2022:07:50:05 -0700] "GET / HTTP/1.1" 200 1458 "https://kurtswebnotes.com/" "Mozilla/5.0 (Windows NT 6.2; Win64; x64) AppleWebKit/537.36 (KHTML, like Gecko) Chrome/90.0.4430.72 Safari/537.36" "kurtswebnotes.com"
185.166.87.134 - - [19/Oct/2022:07:50:06 -0700] "GET / HTTP/1.1" 200 1458 "https://kurtswebnotes.com/" "Mozilla/5.0 (Windows NT 6.1) AppleWebKit/537.36 (KHTML, like Gecko) Chrome/90.0.4430.72 Safari/537.36" "kurtswebnotes.com"
52.147.34.150 - - [19/Oct/2022:07:51:47 -0700] "GET / HTTP/1.1" 200 481 "http://kurtswebnotes.com" "Mozilla/5.0 (Windows NT 5.1) AppleWebKit/537.36 (KHTML, like Gecko) Chrome/35.0.2309.372 Safari/537.36" "kurtswebnotes.com"
114.119.136.14 - - [19/Oct/2022:07:56:07 -0700] "GET /wp-includes/sodium_compat/namespaced/Core/Curve25519/Ge/P1p1.php HTTP/1.1" 500 - "https://www.kurtswebnotes.com/wp-includes/sodium_compat/namespaced/Core/Curve25519/Ge/" "Mozilla/5.0 (Linux; Android 7.0;) AppleWebKit/537.36 (KHTML, like Gecko) Mobile Safari/537.36 (compatible; PetalBot;+https://webmaster.petalsearch.com/site/petalbot)" "www.kurtswebnotes.com"
114.119.136.143 - - [19/Oct/2022:08:02:53 -0700] "GET /wp-includes/css/?C=M%3BO%3DA HTTP/1.1" 200 359 "https://kurtswebnotes.com/wp-includes/css/?C=S%3BO%3DA" "Mozilla/5.0 (Linux; Android 7.0;) AppleWebKit/537.36 (KHTML, like Gecko) Mobile Safari/537.36 (compatible; PetalBot;+https://webmaster.petalsearch.com/site/petalbot)" "kurtswebnotes.com"
114.119.136.141 - - [19/Oct/2022:08:09:39 -0700] "GET /wp-includes/block-supports/custom-classname.php HTTP/1.1" 500 - "https://kurtswebnotes.com/wp-includes/block-supports/" "Mozilla/5.0 (Linux; Android 7.0;) AppleWebKit/537.36 (KHTML, like Gecko) Mobile Safari/537.36 (compatible; PetalBot;+https://webmaster.petalsearch.com/site/petalbot)" "kurtswebnotes.com"
114.119.136.141 - - [19/Oct/2022:08:16:38 -0700] "GET /wp-includes/sodium_compat/namespaced/Core/Curve25519/Ge/?C=S%3BO%3DA HTTP/1.1" 200 460 "https://www.kurtswebnotes.com/wp-includes/sodium_compat/namespaced/Core/Curve25519/Ge/" "Mozilla/5.0 (Linux; Android 7.0;) AppleWebKit/537.36 (KHTML, like Gecko) Mobile Safari/537.36 (compatible; PetalBot;+https://webmaster.petalsearch.com/site/petalbot)" "www.kurtswebnotes.com"
114.119.136.143 - - [19/Oct/2022:08:23:22 -0700] "GET /wp-includes/blocks/missing/?C=M%3BO%3DA HTTP/1.1" 200 377 "https://www.kurtswebnotes.com/wp-includes/blocks/missing/?C=D%3BO%3DA" "Mozilla/5.0 (Linux; Android 7.0;) AppleWebKit/537.36 (KHTML, like Gecko) Mobile Safari/537.36 (compatible; PetalBot;+https://webmaster.petalsearch.com/site/petalbot)" "www.kurtswebnotes.com"
114.119.136.141 - - [19/Oct/2022:08:30:01 -0700] "GET /wp-includes/blocks/missing/ HTTP/1.1" 200 377 "https://kurtswebnotes.com/wp-includes/blocks/?C=M%3BO%3DA" "Mozilla/5.0 (Linux; Android 7.0;) AppleWebKit/537.36 (KHTML, like Gecko) Mobile Safari/537.36 (compatible; PetalBot;+https://webmaster.petalsearch.com/site/petalbot)" "kurtswebnotes.com"
114.119.136.144 - - [19/Oct/2022:08:36:50 -0700] "GET /wp-includes/sodium_compat/src/Core32/Poly1305/ HTTP/1.1" 200 398 "https://www.kurtswebnotes.com/wp-includes/sodium_compat/src/Core32/?C=S%3BO%3DA" "Mozilla/5.0 (Linux; Android 7.0;) AppleWebKit/537.36 (KHTML, like Gecko) Mobile Safari/537.36 (compatible; PetalBot;+https://webmaster.petalsearch.com/site/petalbot)" "www.kurtswebnotes.com"
114.119.136.141 - - [19/Oct/2022:08:43:25 -0700] "GET /wp-includes/sodium_compat/src/Core32/BLAKE2b.php HTTP/1.1" 500 - "https://www.kurtswebnotes.com/wp-includes/sodium_compat/src/Core32/?C=S%3BO%3DA" "Mozilla/5.0 (Linux; Android 7.0;) AppleWebKit/537.36 (KHTML, like Gecko) Mobile Safari/537.36 (compatible; PetalBot;+https://webmaster.petalsearch.com/site/petalbot)" "www.kurtswebnotes.com"
114.119.136.143 - - [19/Oct/2022:08:50:10 -0700] "GET /wp-includes/sodium_compat/namespaced/Core/Curve25519/ HTTP/1.1" 200 436 "https://www.kurtswebnotes.com/wp-includes/sodium_compat/namespaced/Core/?C=M%3BO%3DA" "Mozilla/5.0 (Linux; Android 7.0;) AppleWebKit/537.36 (KHTML, like Gecko) Mobile Safari/537.36 (compatible; PetalBot;+https://webmaster.petalsearch.com/site/petalbot)" "www.kurtswebnotes.com"
185.191.171.3 - - [19/Oct/2022:08:54:36 -0700] "GET /robots.txt HTTP/1.1" 200 101 "-" "Mozilla/5.0 (compatible; SemrushBot/7~bl; +http://www.semrush.com/bot.html)" "www.kurtswebnotes.com"
185.191.171.7 - - [19/Oct/2022:08:54:36 -0700] "GET /wp-includes/sodium_compat/src/Core/Curve25519/Ge/?C=D%3BO%3DA HTTP/1.1" 200 457 "-" "Mozilla/5.0 (compatible; SemrushBot/7~bl; +http://www.semrush.com/bot.html)" "www.kurtswebnotes.com"
114.119.136.141 - - [19/Oct/2022:08:56:59 -0700] "GET /download/?C=D%3BO%3DA HTTP/1.1" 200 313 "https://kurtswebnotes.com/download/" "Mozilla/5.0 (Linux; Android 7.0;) AppleWebKit/537.36 (KHTML, like Gecko) Mobile Safari/537.36 (compatible; PetalBot;+https://webmaster.petalsearch.com/site/petalbot)" "kurtswebnotes.com"
114.119.136.143 - - [19/Oct/2022:09:03:38 -0700] "GET /wp-includes/blocks/calendar/block.json HTTP/1.1" 200 161 "https://kurtswebnotes.com/wp-includes/blocks/calendar/?C=N%3BO%3DD" "Mozilla/5.0 (Linux; Android 7.0;) AppleWebKit/537.36 (KHTML, like Gecko) Mobile Safari/537.36 (compatible; PetalBot;+https://webmaster.petalsearch.com/site/petalbot)" "kurtswebnotes.com"
114.119.136.143 - - [19/Oct/2022:09:10:20 -0700] "GET /wp-includes/blocks/verse/ HTTP/1.1" 200 376 "https://www.kurtswebnotes.com/wp-includes/blocks/?C=D%3BO%3DA" "Mozilla/5.0 (Linux; Android 7.0;) AppleWebKit/537.36 (KHTML, like Gecko) Mobile Safari/537.36 (compatible; PetalBot;+https://webmaster.petalsearch.com/site/petalbot)" "www.kurtswebnotes.com"
114.119.136.143 - - [19/Oct/2022:09:16:57 -0700] "GET /wp-includes/sodium_compat/src/Core32/Salsa20.php HTTP/1.1" 500 - "https://www.kurtswebnotes.com/wp-includes/sodium_compat/src/Core32/?C=S%3BO%3DA" "Mozilla/5.0 (Linux; Android 7.0;) AppleWebKit/537.36 (KHTML, like Gecko) Mobile Safari/537.36 (compatible; PetalBot;+https://webmaster.petalsearch.com/site/petalbot)" "www.kurtswebnotes.com"
58.250.125.138 - - [19/Oct/2022:09:18:04 -0700] "GET / HTTP/1.1" 200 481 "-" "Sogou web spider/4.0(+http://www.sogou.com/docs/help/webmasters.htm#07)" "www.kurtswebnotes.com"
114.119.136.14 - - [19/Oct/2022:09:23:49 -0700] "GET /wp-includes/sodium_compat/src/Core/HChaCha20.php HTTP/1.1" 500 - "https://kurtswebnotes.com/wp-includes/sodium_compat/src/Core/?C=N%3BO%3DD" "Mozilla/5.0 (Linux; Android 7.0;) AppleWebKit/537.36 (KHTML, like Gecko) Mobile Safari/537.36 (compatible; PetalBot;+https://webmaster.petalsearch.com/site/petalbot)" "kurtswebnotes.com"
185.191.171.16 - - [19/Oct/2022:09:43:38 -0700] "GET /wp-includes/sodium_compat/src/Core32/Curve25519/Ge/Precomp.php HTTP/1.1" 200 - "-" "Mozilla/5.0 (compatible; SemrushBot/7~bl; +http://www.semrush.com/bot.html)" "www.kurtswebnotes.com"
51.81.32.179 - - [19/Oct/2022:09:45:46 -0700] "GET / HTTP/1.1" 200 481 "-" "Mozilla/5.0 (Windows NT 10.0) AppleWebKit/537.36 (KHTML, like Gecko) Chrome/40.0.2214.93 Safari/537.36" "kurtswebnotes.com"
42.236.10.116 - - [19/Oct/2022:10:08:14 -0700] "GET / HTTP/1.1" 200 481 "https://kurtswebnotes.com/" "Mozilla/5.0 (Windows NT 6.1; WOW64) AppleWebKit/537.36 (KHTML, like Gecko) Chrome/50.0.2661.102 Safari/537.36; 360Spider" "kurtswebnotes.com"
42.236.10.107 - - [19/Oct/2022:10:08:37 -0700] "GET / HTTP/1.1" 200 481 "https://kurtswebnotes.com/" "Mozilla/5.0 (Windows NT 6.1; WOW64) AppleWebKit/537.36 (KHTML, like Gecko) Chrome/50.0.2661.102 Safari/537.36; 360Spider" "kurtswebnotes.com"
51.222.253.1 - - [19/Oct/2022:10:10:04 -0700] "GET /robots.txt HTTP/1.1" 200 101 "-" "Mozilla/5.0 (compatible; AhrefsBot/7.0; +http://ahrefs.com/robot/)" "www.kurtswebnotes.com"
51.222.253.12 - - [19/Oct/2022:10:10:05 -0700] "GET /wp-includes/sodium_compat/namespaced/Core/Util.php HTTP/1.1" 500 - "-" "Mozilla/5.0 (compatible; AhrefsBot/7.0; +http://ahrefs.com/robot/)" "www.kurtswebnotes.com"
114.119.136.14 - - [19/Oct/2022:10:20:22 -0700] "GET /wp-includes/blocks/social-link/ HTTP/1.1" 200 380 "https://www.kurtswebnotes.com/wp-includes/blocks/?C=D%3BO%3DA" "Mozilla/5.0 (Linux; Android 7.0;) AppleWebKit/537.36 (KHTML, like Gecko) Mobile Safari/537.36 (compatible; PetalBot;+https://webmaster.petalsearch.com/site/petalbot)" "www.kurtswebnotes.com"
42.236.10.108 - - [19/Oct/2022:10:20:32 -0700] "GET / HTTP/1.1" 200 481 "https://www.kurtswebnotes.com/" "Mozilla/5.0 (Windows NT 6.1; WOW64) AppleWebKit/537.36 (KHTML, like Gecko) Chrome/50.0.2661.102 Safari/537.36; 360Spider" "www.kurtswebnotes.com"
114.119.136.14 - - [19/Oct/2022:10:27:11 -0700] "GET /wp-includes/sodium_compat/src/Core/Ed25519.php HTTP/1.1" 500 - "https://kurtswebnotes.com/wp-includes/sodium_compat/src/Core/?C=N%3BO%3DD" "Mozilla/5.0 (Linux; Android 7.0;) AppleWebKit/537.36 (KHTML, like Gecko) Mobile Safari/537.36 (compatible; PetalBot;+https://webmaster.petalsearch.com/site/petalbot)" "kurtswebnotes.com"
114.119.136.141 - - [19/Oct/2022:10:34:00 -0700] "GET /wp-includes/css/dist/block-editor/?C=N%3BO%3DD HTTP/1.1" 200 424 "https://www.kurtswebnotes.com/wp-includes/css/dist/block-editor/?C=S%3BO%3DA" "Mozilla/5.0 (Linux; Android 7.0;) AppleWebKit/537.36 (KHTML, like Gecko) Mobile Safari/537.36 (compatible; PetalBot;+https://webmaster.petalsearch.com/site/petalbot)" "www.kurtswebnotes.com"
114.119.143.185 - - [19/Oct/2022:10:39:34 -0700] "GET /robots.txt HTTP/1.1" 200 101 "-" "Mozilla/5.0 (compatible;PetalBot;+https://webmaster.petalsearch.com/site/petalbot)" "kurtswebnotes.com"
185.191.171.16 - - [19/Oct/2022:10:40:40 -0700] "GET /robots.txt HTTP/1.1" 200 101 "-" "Mozilla/5.0 (compatible; SemrushBot/7~bl; +http://www.semrush.com/bot.html)" "www.kurtswebnotes.com"
185.191.171.44 - - [19/Oct/2022:10:40:44 -0700] "GET /wp-includes/sodium_compat/src/Core32/Curve25519/Ge/P3.php HTTP/1.1" 200 - "-" "Mozilla/5.0 (compatible; SemrushBot/7~bl; +http://www.semrush.com/bot.html)" "www.kurtswebnotes.com"
54.36.148.153 - - [19/Oct/2022:10:44:23 -0700] "GET /robots.txt HTTP/1.1" 200 101 "-" "Mozilla/5.0 (compatible; AhrefsBot/7.0; +http://ahrefs.com/robot/)" "kurtswebnotes.com"
51.222.253.2 - - [19/Oct/2022:10:44:24 -0700] "GET /wp-includes/blocks/?C=N;O=D HTTP/1.1" 200 807 "-" "Mozilla/5.0 (compatible; AhrefsBot/7.0; +http://ahrefs.com/robot/)" "kurtswebnotes.com"
185.191.171.16 - - [19/Oct/2022:10:46:20 -0700] "GET /wp-includes/sodium_compat/src/Core32/Curve25519/Ge/?C=M%3BO%3DA HTTP/1.1" 200 459 "-" "Mozilla/5.0 (compatible; SemrushBot/7~bl; +http://www.semrush.com/bot.html)" "www.kurtswebnotes.com"
114.119.136.143 - - [19/Oct/2022:10:53:20 -0700] "GET /wp-includes/sodium_compat/namespaced/Core/Salsa20.php HTTP/1.1" 500 - "https://www.kurtswebnotes.com/wp-includes/sodium_compat/namespaced/Core/?C=M%3BO%3DA" "Mozilla/5.0 (Linux; Android 7.0;) AppleWebKit/537.36 (KHTML, like Gecko) Mobile Safari/537.36 (compatible; PetalBot;+https://webmaster.petalsearch.com/site/petalbot)" "www.kurtswebnotes.com"
114.119.136.144 - - [19/Oct/2022:11:09:40 -0700] "GET /wp-includes/sitemaps/providers/class-wp-sitemaps-users.php HTTP/1.1" 500 - "https://kurtswebnotes.com/wp-includes/sitemaps/providers/?C=M%3BO%3DA" "Mozilla/5.0 (Linux; Android 7.0;) AppleWebKit/537.36 (KHTML, like Gecko) Mobile Safari/537.36 (compatible; PetalBot;+https://webmaster.petalsearch.com/site/petalbot)" "kurtswebnotes.com"
1.192.195.5 - - [19/Oct/2022:11:15:19 -0700] "GET / HTTP/1.1" 200 481 "https://kurtswebnotes.com/" "Mozilla/5.0(compatible;MSIE9.0;WindowsNT6.1;Trident/5.0)" "kurtswebnotes.com"
114.119.136.14 - - [19/Oct/2022:11:16:18 -0700] "GET /wp-includes/sodium_compat/src/Core/ChaCha20/?C=S%3BO%3DA HTTP/1.1" 200 412 "https://kurtswebnotes.com/wp-includes/sodium_compat/src/Core/ChaCha20/" "Mozilla/5.0 (Linux; Android 7.0;) AppleWebKit/537.36 (KHTML, like Gecko) Mobile Safari/537.36 (compatible; PetalBot;+https://webmaster.petalsearch.com/site/petalbot)" "kurtswebnotes.com"
114.119.136.143 - - [19/Oct/2022:11:22:56 -0700] "GET /wp-includes/blocks/search/?C=S%3BO%3DA HTTP/1.1" 200 376 "https://www.kurtswebnotes.com/wp-includes/blocks/search/?C=D%3BO%3DA" "Mozilla/5.0 (Linux; Android 7.0;) AppleWebKit/537.36 (KHTML, like Gecko) Mobile Safari/537.36 (compatible; PetalBot;+https://webmaster.petalsearch.com/site/petalbot)" "www.kurtswebnotes.com"
114.119.136.144 - - [19/Oct/2022:11:29:26 -0700] "GET /wp-includes/sodium_compat/src/Core/HSalsa20.php HTTP/1.1" 500 - "https://kurtswebnotes.com/wp-includes/sodium_compat/src/Core/?C=N%3BO%3DD" "Mozilla/5.0 (Linux; Android 7.0;) AppleWebKit/537.36 (KHTML, like Gecko) Mobile Safari/537.36 (compatible; PetalBot;+https://webmaster.petalsearch.com/site/petalbot)" "kurtswebnotes.com"
51.222.253.15 - - [19/Oct/2022:11:46:01 -0700] "GET /wp-includes/blocks/latest-posts/?C=D;O=A HTTP/1.1" 200 381 "-" "Mozilla/5.0 (compatible; AhrefsBot/7.0; +http://ahrefs.com/robot/)" "www.kurtswebnotes.com"
51.222.253.16 - - [19/Oct/2022:12:42:50 -0700] "GET /wp-includes/blocks/shortcode/?C=N;O=D HTTP/1.1" 200 376 "-" "Mozilla/5.0 (compatible; AhrefsBot/7.0; +http://ahrefs.com/robot/)" "kurtswebnotes.com"
34.74.249.138 - - [19/Oct/2022:13:19:24 -0700] "GET /robots.txt HTTP/1.1" 200 101 "-" "ZoominfoBot (zoominfobot at zoominfo dot com)" "kurtswebnotes.com"
34.74.249.138 - - [19/Oct/2022:13:19:24 -0700] "GET /robots.txt HTTP/1.1" 200 101 "-" "ZoominfoBot (zoominfobot at zoominfo dot com)" "kurtswebnotes.com"
34.74.249.138 - - [19/Oct/2022:13:19:25 -0700] "GET / HTTP/1.1" 200 481 "-" "ZoominfoBot (zoominfobot at zoominfo dot com)" "kurtswebnotes.com"
51.222.253.10 - - [19/Oct/2022:13:35:12 -0700] "GET / HTTP/1.1" 200 481 "-" "Mozilla/5.0 (compatible; AhrefsBot/7.0; +http://ahrefs.com/robot/)" "kurtswebnotes.com"
51.222.253.20 - - [19/Oct/2022:14:17:53 -0700] "GET /wp-includes/sodium_compat/namespaced/Core/X25519.php HTTP/1.1" 500 - "-" "Mozilla/5.0 (compatible; AhrefsBot/7.0; +http://ahrefs.com/robot/)" "www.kurtswebnotes.com"
51.222.253.15 - - [19/Oct/2022:15:02:03 -0700] "GET /wp-includes/blocks/button/?C=N;O=D HTTP/1.1" 200 375 "-" "Mozilla/5.0 (compatible; AhrefsBot/7.0; +http://ahrefs.com/robot/)" "kurtswebnotes.com"
62.113.118.20 - - [19/Oct/2022:15:06:34 -0700] "GET /blog/2016/01/13/my-first-instagram-image/ HTTP/1.1" 404 73 "https://kurtswebnotes.com/blog/2016/01/13/my-first-instagram-image/" "Mozilla/5.0 (Windows NT 10.0; WOW64) AppleWebKit/537.36 (KHTML, like Gecko) Chrome/90.0.4430.85 Safari/537.36" "kurtswebnotes.com"
62.113.118.20 - - [19/Oct/2022:15:06:34 -0700] "GET / HTTP/1.1" 200 1458 "https://kurtswebnotes.com/" "Mozilla/5.0 (Windows NT 10.0; WOW64) AppleWebKit/537.36 (KHTML, like Gecko) Chrome/90.0.4430.85 Safari/537.36" "kurtswebnotes.com"
114.119.136.14 - - [19/Oct/2022:15:28:27 -0700] "GET /wp-includes/blocks/shortcode/?C=S%3BO%3DA HTTP/1.1" 200 379 "https://www.kurtswebnotes.com/wp-includes/blocks/shortcode/" "Mozilla/5.0 (Linux; Android 7.0;) AppleWebKit/537.36 (KHTML, like Gecko) Mobile Safari/537.36 (compatible; PetalBot;+https://webmaster.petalsearch.com/site/petalbot)" "www.kurtswebnotes.com"
114.119.136.143 - - [19/Oct/2022:15:34:35 -0700] "GET /wp-includes/blocks/calendar/ HTTP/1.1" 200 377 "https://www.kurtswebnotes.com/wp-includes/blocks/?C=D%3BO%3DA" "Mozilla/5.0 (Linux; Android 7.0;) AppleWebKit/537.36 (KHTML, like Gecko) Mobile Safari/537.36 (compatible; PetalBot;+https://webmaster.petalsearch.com/site/petalbot)" "www.kurtswebnotes.com"
114.119.136.14 - - [19/Oct/2022:15:40:44 -0700] "GET /wp-includes/sodium_compat/src/?C=D%3BO%3DA HTTP/1.1" 200 504 "https://kurtswebnotes.com/wp-includes/sodium_compat/src/?C=M%3BO%3DA" "Mozilla/5.0 (Linux; Android 7.0;) AppleWebKit/537.36 (KHTML, like Gecko) Mobile Safari/537.36 (compatible; PetalBot;+https://webmaster.petalsearch.com/site/petalbot)" "kurtswebnotes.com"
114.119.136.141 - - [19/Oct/2022:15:48:54 -0700] "GET /wp-includes/block-supports/align.php HTTP/1.1" 500 - "https://www.kurtswebnotes.com/wp-includes/block-supports/?C=N%3BO%3DD" "Mozilla/5.0 (Linux; Android 7.0;) AppleWebKit/537.36 (KHTML, like Gecko) Mobile Safari/537.36 (compatible; PetalBot;+https://webmaster.petalsearch.com/site/petalbot)" "www.kurtswebnotes.com"
114.119.136.144 - - [19/Oct/2022:15:55:05 -0700] "GET /wp-includes/sodium_compat/src/Core32/Curve25519/Ge/P3.php HTTP/1.1" 200 - "https://kurtswebnotes.com/wp-includes/sodium_compat/src/Core32/Curve25519/Ge/?C=S%3BO%3DA" "Mozilla/5.0 (Linux; Android 7.0;) AppleWebKit/537.36 (KHTML, like Gecko) Mobile Safari/537.36 (compatible; PetalBot;+https://webmaster.petalsearch.com/site/petalbot)" "kurtswebnotes.com"
185.231.244.195 - - [19/Oct/2022:15:59:45 -0700] "GET /blog/2016/01/13/my-first-instagram-image/ HTTP/1.1" 404 73 "https://kurtswebnotes.com/blog/2016/01/13/my-first-instagram-image/" "Mozilla/5.0 (Windows NT 6.3; Win64; x64) AppleWebKit/537.36 (KHTML, like Gecko) Chrome/90.0.4430.85 Safari/537.36 Edg/90.0.818.49" "kurtswebnotes.com"
185.231.244.195 - - [19/Oct/2022:15:59:46 -0700] "GET / HTTP/1.1" 200 1458 "https://kurtswebnotes.com/" "Mozilla/5.0 (Windows NT 6.3; Win64; x64) AppleWebKit/537.36 (KHTML, like Gecko) Chrome/90.0.4430.85 Safari/537.36 Edg/90.0.818.49" "kurtswebnotes.com"
51.222.253.11 - - [19/Oct/2022:15:59:48 -0700] "GET /wp-includes/blocks/code/ HTTP/1.1" 200 376 "-" "Mozilla/5.0 (compatible; AhrefsBot/7.0; +http://ahrefs.com/robot/)" "kurtswebnotes.com"
176.124.202.128 - - [19/Oct/2022:16:00:17 -0700] "GET /blog/2016/01/13/my-first-instagram-image/ HTTP/1.1" 404 73 "https://kurtswebnotes.com/blog/2016/01/13/my-first-instagram-image/" "Mozilla/5.0 (Windows NT 10.0) AppleWebKit/537.36 (KHTML, like Gecko) Chrome/90.0.4430.72 Safari/537.36" "kurtswebnotes.com"
176.124.202.128 - - [19/Oct/2022:16:00:17 -0700] "GET / HTTP/1.1" 200 1458 "https://kurtswebnotes.com/" "Mozilla/5.0 (Windows NT 10.0) AppleWebKit/537.36 (KHTML, like Gecko) Chrome/90.0.4430.72 Safari/537.36" "kurtswebnotes.com"
114.119.136.14 - - [19/Oct/2022:16:01:16 -0700] "GET /wp-includes/css/dist/block-directory/style-rtl.css HTTP/1.1" 200 1740 "https://www.kurtswebnotes.com/wp-includes/css/dist/block-directory/?C=N%3BO%3DD" "Mozilla/5.0 (Linux; Android 7.0;) AppleWebKit/537.36 (KHTML, like Gecko) Mobile Safari/537.36 (compatible; PetalBot;+https://webmaster.petalsearch.com/site/petalbot)" "www.kurtswebnotes.com"
114.119.136.14 - - [19/Oct/2022:16:07:24 -0700] "GET /wp-includes/sodium_compat/namespaced/Core/Poly1305/?C=D%3BO%3DA HTTP/1.1" 200 401 "https://www.kurtswebnotes.com/wp-includes/sodium_compat/namespaced/Core/Poly1305/?C=N%3BO%3DD" "Mozilla/5.0 (Linux; Android 7.0;) AppleWebKit/537.36 (KHTML, like Gecko) Mobile Safari/537.36 (compatible; PetalBot;+https://webmaster.petalsearch.com/site/petalbot)" "www.kurtswebnotes.com"
114.119.136.144 - - [19/Oct/2022:16:13:35 -0700] "GET /wp-includes/blocks/search/block.json HTTP/1.1" 200 295 "https://www.kurtswebnotes.com/wp-includes/blocks/search/?C=D%3BO%3DA" "Mozilla/5.0 (Linux; Android 7.0;) AppleWebKit/537.36 (KHTML, like Gecko) Mobile Safari/537.36 (compatible; PetalBot;+https://webmaster.petalsearch.com/site/petalbot)" "www.kurtswebnotes.com"
114.119.136.14 - - [19/Oct/2022:16:19:43 -0700] "GET /wp-includes/block-supports/?C=M%3BO%3DA HTTP/1.1" 200 462 "https://www.kurtswebnotes.com/wp-includes/block-supports/?C=N%3BO%3DD" "Mozilla/5.0 (Linux; Android 7.0;) AppleWebKit/537.36 (KHTML, like Gecko) Mobile Safari/537.36 (compatible; PetalBot;+https://webmaster.petalsearch.com/site/petalbot)" "www.kurtswebnotes.com"
114.119.136.141 - - [19/Oct/2022:16:25:59 -0700] "GET /wp-includes/sodium_compat/src/Core32/Util.php HTTP/1.1" 500 - "https://www.kurtswebnotes.com/wp-includes/sodium_compat/src/Core32/?C=S%3BO%3DA" "Mozilla/5.0 (Linux; Android 7.0;) AppleWebKit/537.36 (KHTML, like Gecko) Mobile Safari/537.36 (compatible; PetalBot;+https://webmaster.petalsearch.com/site/petalbot)" "www.kurtswebnotes.com"
114.119.136.141 - - [19/Oct/2022:16:32:14 -0700] "GET /wp-includes/blocks/button/?C=S%3BO%3DA HTTP/1.1" 200 377 "https://www.kurtswebnotes.com/wp-includes/blocks/button/?C=N%3BO%3DD" "Mozilla/5.0 (Linux; Android 7.0;) AppleWebKit/537.36 (KHTML, like Gecko) Mobile Safari/537.36 (compatible; PetalBot;+https://webmaster.petalsearch.com/site/petalbot)" "www.kurtswebnotes.com"
35.217.51.61 - - [19/Oct/2022:16:33:58 -0700] "GET / HTTP/1.1" 200 481 "-" "Mozilla/5.0 (Windows NT 10.0; Win64; x64) AppleWebKit/537.36 (KHTML, like Gecko; compatible; BW/1.1; bit.ly/3eZNDnO; 6bae780f9b) Chrome/84.0.4147.105 Safari/537.36" "kurtswebnotes.com"
35.217.51.61 - - [19/Oct/2022:16:34:00 -0700] "GET /robots.txt HTTP/1.1" 200 101 "-" "Mozilla/5.0 (Windows NT 10.0; Win64; x64) AppleWebKit/537.36 (KHTML, like Gecko; compatible; BW/1.1; bit.ly/3eZNDnO; 6bae780f9b) Chrome/84.0.4147.105 Safari/537.36" "kurtswebnotes.com"
35.217.51.61 - - [19/Oct/2022:16:34:00 -0700] "GET /public_html/ HTTP/1.1" 200 315 "-" "Mozilla/5.0 (Windows NT 10.0; Win64; x64) AppleWebKit/537.36 (KHTML, like Gecko; compatible; BW/1.1; bit.ly/3eZNDnO; 6bae780f9b) Chrome/84.0.4147.105 Safari/537.36" "kurtswebnotes.com"
35.217.51.61 - - [19/Oct/2022:16:34:00 -0700] "GET /wp-includes/ HTTP/1.1" 200 459 "-" "Mozilla/5.0 (Windows NT 10.0; Win64; x64) AppleWebKit/537.36 (KHTML, like Gecko; compatible; BW/1.1; bit.ly/3eZNDnO; 6bae780f9b) Chrome/84.0.4147.105 Safari/537.36" "kurtswebnotes.com"
35.217.51.61 - - [19/Oct/2022:16:34:01 -0700] "GET /ads.txt HTTP/1.1" 404 88 "-" "Mozilla/5.0 (Windows NT 10.0; Win64; x64) AppleWebKit/537.36 (KHTML, like Gecko; compatible; BW/1.1; bit.ly/3eZNDnO; 6bae780f9b) Chrome/84.0.4147.105 Safari/537.36" "kurtswebnotes.com"
35.217.51.61 - - [19/Oct/2022:16:34:01 -0700] "GET /app-ads.txt HTTP/1.1" 404 88 "-" "Mozilla/5.0 (Windows NT 10.0; Win64; x64) AppleWebKit/537.36 (KHTML, like Gecko; compatible; BW/1.1; bit.ly/3eZNDnO; 6bae780f9b) Chrome/84.0.4147.105 Safari/537.36" "kurtswebnotes.com"
114.119.136.14 - - [19/Oct/2022:16:38:27 -0700] "GET /wp-includes/sodium_compat/src/Core32/SecretStream/?C=M%3BO%3DA HTTP/1.1" 200 397 "https://www.kurtswebnotes.com/wp-includes/sodium_compat/src/Core32/SecretStream/?C=N%3BO%3DD" "Mozilla/5.0 (Linux; Android 7.0;) AppleWebKit/537.36 (KHTML, like Gecko) Mobile Safari/537.36 (compatible; PetalBot;+https://webmaster.petalsearch.com/site/petalbot)" "www.kurtswebnotes.com"
51.222.253.12 - - [19/Oct/2022:16:43:15 -0700] "GET / HTTP/1.1" 200 481 "-" "Mozilla/5.0 (compatible; AhrefsBot/7.0; +http://ahrefs.com/robot/)" "www.kurtswebnotes.com"
171.237.73.2 - - [19/Oct/2022:16:43:19 -0700] "GET /blog/2016/01/13/my-first-instagram-image/ HTTP/1.1" 404 73 "https://kurtswebnotes.com/blog/2016/01/13/my-first-instagram-image/" "Mozilla/5.0 (Windows NT 6.2; Win64; x64) AppleWebKit/537.36 (KHTML, like Gecko) Chrome/90.0.4430.93 Safari/537.36" "kurtswebnotes.com"
171.237.73.2 - - [19/Oct/2022:16:43:20 -0700] "GET / HTTP/1.1" 200 1458 "https://kurtswebnotes.com/" "Mozilla/5.0 (Windows NT 6.2; Win64; x64) AppleWebKit/537.36 (KHTML, like Gecko) Chrome/90.0.4430.93 Safari/537.36" "kurtswebnotes.com"
114.119.136.14 - - [19/Oct/2022:16:44:39 -0700] "GET /wp-includes/block-supports/?C=N%3BO%3DD HTTP/1.1" 200 462 "https://kurtswebnotes.com/wp-includes/block-supports/" "Mozilla/5.0 (Linux; Android 7.0;) AppleWebKit/537.36 (KHTML, like Gecko) Mobile Safari/537.36 (compatible; PetalBot;+https://webmaster.petalsearch.com/site/petalbot)" "kurtswebnotes.com"
114.119.136.143 - - [19/Oct/2022:16:50:56 -0700] "GET /wp-includes/blocks/embed/?C=M%3BO%3DA HTTP/1.1" 200 377 "https://kurtswebnotes.com/wp-includes/blocks/embed/?C=D%3BO%3DA" "Mozilla/5.0 (Linux; Android 7.0;) AppleWebKit/537.36 (KHTML, like Gecko) Mobile Safari/537.36 (compatible; PetalBot;+https://webmaster.petalsearch.com/site/petalbot)" "kurtswebnotes.com"
114.119.136.141 - - [19/Oct/2022:16:57:20 -0700] "GET /wp-includes/sodium_compat/LICENSE HTTP/1.1" 200 918 "https://kurtswebnotes.com/wp-includes/sodium_compat/" "Mozilla/5.0 (Linux; Android 7.0;) AppleWebKit/537.36 (KHTML, like Gecko) Mobile Safari/537.36 (compatible; PetalBot;+https://webmaster.petalsearch.com/site/petalbot)" "kurtswebnotes.com"
114.119.140.64 - - [19/Oct/2022:16:57:58 -0700] "GET /robots.txt HTTP/1.1" 200 101 "-" "Mozilla/5.0 (compatible;PetalBot;+https://webmaster.petalsearch.com/site/petalbot)" "www.kurtswebnotes.com"
114.119.136.144 - - [19/Oct/2022:17:03:23 -0700] "GET /wp-includes/sodium_compat/namespaced/Core/HChaCha20.php HTTP/1.1" 500 - "https://www.kurtswebnotes.com/wp-includes/sodium_compat/namespaced/Core/?C=M%3BO%3DA" "Mozilla/5.0 (Linux; Android 7.0;) AppleWebKit/537.36 (KHTML, like Gecko) Mobile Safari/537.36 (compatible; PetalBot;+https://webmaster.petalsearch.com/site/petalbot)" "www.kurtswebnotes.com"
114.119.136.14 - - [19/Oct/2022:17:09:41 -0700] "GET /wp-includes/blocks/table/?C=S%3BO%3DA HTTP/1.1" 200 376 "https://www.kurtswebnotes.com/wp-includes/blocks/table/?C=M%3BO%3DA" "Mozilla/5.0 (Linux; Android 7.0;) AppleWebKit/537.36 (KHTML, like Gecko) Mobile Safari/537.36 (compatible; PetalBot;+https://webmaster.petalsearch.com/site/petalbot)" "www.kurtswebnotes.com"
114.119.136.144 - - [19/Oct/2022:17:15:55 -0700] "GET /wp-includes/css/dist/block-editor/style.css HTTP/1.1" 200 14136 "https://kurtswebnotes.com/wp-includes/css/dist/block-editor/?C=S%3BO%3DA" "Mozilla/5.0 (Linux; Android 7.0;) AppleWebKit/537.36 (KHTML, like Gecko) Mobile Safari/537.36 (compatible; PetalBot;+https://webmaster.petalsearch.com/site/petalbot)" "kurtswebnotes.com"
51.222.253.9 - - [19/Oct/2022:17:16:42 -0700] "GET /wp-includes/blocks/missing/?C=N;O=D HTTP/1.1" 200 375 "-" "Mozilla/5.0 (compatible; AhrefsBot/7.0; +http://ahrefs.com/robot/)" "www.kurtswebnotes.com"
114.119.136.143 - - [19/Oct/2022:17:22:11 -0700] "GET /wp-includes/ HTTP/1.1" 200 459 "https://kurtswebnotes.com?C=N%3BO%3DD" "Mozilla/5.0 (Linux; Android 7.0;) AppleWebKit/537.36 (KHTML, like Gecko) Mobile Safari/537.36 (compatible; PetalBot;+https://webmaster.petalsearch.com/site/petalbot)" "kurtswebnotes.com"
51.222.253.20 - - [19/Oct/2022:17:25:55 -0700] "GET /wp-includes/sodium_compat/namespaced/Core/Xsalsa20.php HTTP/1.1" 500 - "-" "Mozilla/5.0 (compatible; AhrefsBot/7.0; +http://ahrefs.com/robot/)" "www.kurtswebnotes.com"
137.226.113.44 - - [19/Oct/2022:17:26:44 -0700] "GET / HTTP/1.1" 200 481 "-" "Mozilla/5.0 zgrab/0.x (compatible; Researchscan/http; +http://researchscan.comsys.rwth-aachen.de)" "www.kurtswebnotes.com"
114.119.136.141 - - [19/Oct/2022:17:28:16 -0700] "GET /wp-content/themes/?C=M%3BO%3DA HTTP/1.1" 200 375 "https://www.kurtswebnotes.com/wp-content/themes/?C=N%3BO%3DD" "Mozilla/5.0 (Linux; Android 7.0;) AppleWebKit/537.36 (KHTML, like Gecko) Mobile Safari/537.36 (compatible; PetalBot;+https://webmaster.petalsearch.com/site/petalbot)" "www.kurtswebnotes.com"
51.222.253.19 - - [19/Oct/2022:17:30:24 -0700] "GET /wp-includes/sodium_compat/namespaced/Core/XChaCha20.php HTTP/1.1" 500 - "-" "Mozilla/5.0 (compatible; AhrefsBot/7.0; +http://ahrefs.com/robot/)" "www.kurtswebnotes.com"
114.119.136.143 - - [19/Oct/2022:17:34:23 -0700] "GET /wp-includes/sodium_compat/namespaced/Core/Curve25519/?C=M%3BO%3DA HTTP/1.1" 200 436 "https://kurtswebnotes.com/wp-includes/sodium_compat/namespaced/Core/Curve25519/?C=D%3BO%3DA" "Mozilla/5.0 (Linux; Android 7.0;) AppleWebKit/537.36 (KHTML, like Gecko) Mobile Safari/537.36 (compatible; PetalBot;+https://webmaster.petalsearch.com/site/petalbot)" "kurtswebnotes.com"
51.222.253.5 - - [19/Oct/2022:17:38:51 -0700] "GET /wp-includes/blocks/columns/?C=M;O=A HTTP/1.1" 200 377 "-" "Mozilla/5.0 (compatible; AhrefsBot/7.0; +http://ahrefs.com/robot/)" "www.kurtswebnotes.com"
114.119.136.14 - - [19/Oct/2022:17:40:34 -0700] "GET /wp-includes/sodium_compat/src/Core/Poly1305/?C=S%3BO%3DA HTTP/1.1" 200 396 "https://www.kurtswebnotes.com/wp-includes/sodium_compat/src/Core/Poly1305/?C=M%3BO%3DA" "Mozilla/5.0 (Linux; Android 7.0;) AppleWebKit/537.36 (KHTML, like Gecko) Mobile Safari/537.36 (compatible; PetalBot;+https://webmaster.petalsearch.com/site/petalbot)" "www.kurtswebnotes.com"
161.117.10.46 - - [19/Oct/2022:17:43:23 -0700] "GET /blog/2016/01/13/my-first-instagram-image/ HTTP/1.1" 404 73 "https://kurtswebnotes.com/blog/2016/01/13/my-first-instagram-image/" "Mozilla/5.0 (Windows NT 6.3) AppleWebKit/537.36 (KHTML, like Gecko) Chrome/90.0.4430.72 Safari/537.36" "kurtswebnotes.com"
161.117.10.46 - - [19/Oct/2022:17:43:24 -0700] "GET / HTTP/1.1" 200 1458 "https://kurtswebnotes.com/" "Mozilla/5.0 (Windows NT 6.3) AppleWebKit/537.36 (KHTML, like Gecko) Chrome/90.0.4430.72 Safari/537.36" "kurtswebnotes.com"
114.119.136.14 - - [19/Oct/2022:17:46:51 -0700] "GET /wp-includes/sodium_compat/src/Core/SecretStream/?C=S%3BO%3DA HTTP/1.1" 200 395 "https://kurtswebnotes.com/wp-includes/sodium_compat/src/Core/SecretStream/" "Mozilla/5.0 (Linux; Android 7.0;) AppleWebKit/537.36 (KHTML, like Gecko) Mobile Safari/537.36 (compatible; PetalBot;+https://webmaster.petalsearch.com/site/petalbot)" "kurtswebnotes.com"
114.119.136.144 - - [19/Oct/2022:17:53:02 -0700] "GET /wp-includes/sodium_compat/namespaced/Core/ChaCha20/?C=M%3BO%3DA HTTP/1.1" 200 417 "https://kurtswebnotes.com/wp-includes/sodium_compat/namespaced/Core/ChaCha20/" "Mozilla/5.0 (Linux; Android 7.0;) AppleWebKit/537.36 (KHTML, like Gecko) Mobile Safari/537.36 (compatible; PetalBot;+https://webmaster.petalsearch.com/site/petalbot)" "kurtswebnotes.com"
51.222.253.3 - - [19/Oct/2022:17:56:40 -0700] "GET /wp-includes/blocks/group/?C=D;O=D HTTP/1.1" 200 375 "-" "Mozilla/5.0 (compatible; AhrefsBot/7.0; +http://ahrefs.com/robot/)" "kurtswebnotes.com"
114.119.136.144 - - [19/Oct/2022:17:59:11 -0700] "GET /wp-includes/css/dist/block-editor/?C=M%3BO%3DA HTTP/1.1" 200 424 "https://kurtswebnotes.com/wp-includes/css/dist/block-editor/?C=S%3BO%3DA" "Mozilla/5.0 (Linux; Android 7.0;) AppleWebKit/537.36 (KHTML, like Gecko) Mobile Safari/537.36 (compatible; PetalBot;+https://webmaster.petalsearch.com/site/petalbot)" "kurtswebnotes.com"
114.119.136.14 - - [19/Oct/2022:18:05:30 -0700] "GET /wp-includes/blocks/subhead/?C=N%3BO%3DD HTTP/1.1" 200 377 "https://kurtswebnotes.com/wp-includes/blocks/subhead/" "Mozilla/5.0 (Linux; Android 7.0;) AppleWebKit/537.36 (KHTML, like Gecko) Mobile Safari/537.36 (compatible; PetalBot;+https://webmaster.petalsearch.com/site/petalbot)" "kurtswebnotes.com"
114.119.136.14 - - [19/Oct/2022:18:11:28 -0700] "GET /wp-includes/blocks/gallery/?C=D%3BO%3DA HTTP/1.1" 200 379 "https://www.kurtswebnotes.com/wp-includes/blocks/gallery/?C=N%3BO%3DD" "Mozilla/5.0 (Linux; Android 7.0;) AppleWebKit/537.36 (KHTML, like Gecko) Mobile Safari/537.36 (compatible; PetalBot;+https://webmaster.petalsearch.com/site/petalbot)" "www.kurtswebnotes.com"
51.222.253.7 - - [19/Oct/2022:18:13:24 -0700] "GET /wp-includes/blocks/image/?C=S;O=D HTTP/1.1" 200 376 "-" "Mozilla/5.0 (compatible; AhrefsBot/7.0; +http://ahrefs.com/robot/)" "kurtswebnotes.com"
114.119.136.14 - - [19/Oct/2022:18:17:34 -0700] "GET /wp-includes/blocks/video/?C=N%3BO%3DD HTTP/1.1" 200 377 "https://www.kurtswebnotes.com/wp-includes/blocks/video/?C=D%3BO%3DA" "Mozilla/5.0 (Linux; Android 7.0;) AppleWebKit/537.36 (KHTML, like Gecko) Mobile Safari/537.36 (compatible; PetalBot;+https://webmaster.petalsearch.com/site/petalbot)" "www.kurtswebnotes.com"
114.119.136.143 - - [19/Oct/2022:18:23:51 -0700] "GET /wp-includes/blocks/quote/?C=N%3BO%3DD HTTP/1.1" 200 378 "https://kurtswebnotes.com/wp-includes/blocks/quote/?C=D%3BO%3DA" "Mozilla/5.0 (Linux; Android 7.0;) AppleWebKit/537.36 (KHTML, like Gecko) Mobile Safari/537.36 (compatible; PetalBot;+https://webmaster.petalsearch.com/site/petalbot)" "kurtswebnotes.com"
114.119.136.14 - - [19/Oct/2022:18:29:59 -0700] "GET /wp-includes/blocks/latest-comments/?C=M%3BO%3DA HTTP/1.1" 200 383 "https://www.kurtswebnotes.com/wp-includes/blocks/latest-comments/?C=D%3BO%3DA" "Mozilla/5.0 (Linux; Android 7.0;) AppleWebKit/537.36 (KHTML, like Gecko) Mobile Safari/537.36 (compatible; PetalBot;+https://webmaster.petalsearch.com/site/petalbot)" "www.kurtswebnotes.com"
51.222.253.1 - - [19/Oct/2022:18:31:50 -0700] "GET /wp-includes/blocks/search/?C=S;O=D HTTP/1.1" 200 375 "-" "Mozilla/5.0 (compatible; AhrefsBot/7.0; +http://ahrefs.com/robot/)" "kurtswebnotes.com"
114.119.136.144 - - [19/Oct/2022:18:36:08 -0700] "GET /wp-includes/sodium_compat/namespaced/Core/ChaCha20/?C=N%3BO%3DD HTTP/1.1" 200 417 "https://kurtswebnotes.com/wp-includes/sodium_compat/namespaced/Core/ChaCha20/" "Mozilla/5.0 (Linux; Android 7.0;) AppleWebKit/537.36 (KHTML, like Gecko) Mobile Safari/537.36 (compatible; PetalBot;+https://webmaster.petalsearch.com/site/petalbot)" "kurtswebnotes.com"
114.119.136.143 - - [19/Oct/2022:18:42:35 -0700] "GET /wp-includes/blocks/calendar/?C=M%3BO%3DA HTTP/1.1" 200 377 "https://www.kurtswebnotes.com/wp-includes/blocks/calendar/?C=D%3BO%3DA" "Mozilla/5.0 (Linux; Android 7.0;) AppleWebKit/537.36 (KHTML, like Gecko) Mobile Safari/537.36 (compatible; PetalBot;+https://webmaster.petalsearch.com/site/petalbot)" "www.kurtswebnotes.com"
114.119.136.143 - - [19/Oct/2022:18:48:30 -0700] "GET /wp-includes/blocks/pullquote/ HTTP/1.1" 200 381 "https://kurtswebnotes.com/wp-includes/blocks/?C=M%3BO%3DA" "Mozilla/5.0 (Linux; Android 7.0;) AppleWebKit/537.36 (KHTML, like Gecko) Mobile Safari/537.36 (compatible; PetalBot;+https://webmaster.petalsearch.com/site/petalbot)" "kurtswebnotes.com"
114.119.136.143 - - [19/Oct/2022:18:54:41 -0700] "GET /wp-includes/sodium_compat/src/Core/Curve25519/ HTTP/1.1" 200 432 "https://kurtswebnotes.com/wp-includes/sodium_compat/src/Core/?C=N%3BO%3DD" "Mozilla/5.0 (Linux; Android 7.0;) AppleWebKit/537.36 (KHTML, like Gecko) Mobile Safari/537.36 (compatible; PetalBot;+https://webmaster.petalsearch.com/site/petalbot)" "kurtswebnotes.com"
114.119.136.14 - - [19/Oct/2022:19:00:58 -0700] "GET /wp-admin/?C=D%3BO%3DA HTTP/1.1" 200 351 "https://kurtswebnotes.com/wp-admin/?C=N%3BO%3DD" "Mozilla/5.0 (Linux; Android 7.0;) AppleWebKit/537.36 (KHTML, like Gecko) Mobile Safari/537.36 (compatible; PetalBot;+https://webmaster.petalsearch.com/site/petalbot)" "kurtswebnotes.com"
135.181.73.59 - - [19/Oct/2022:19:03:49 -0700] "GET /robots.txt HTTP/1.1" 200 111 "-" "Mozilla/5.0 (compatible; MJ12bot/v1.4.8; http://mj12bot.com/)" "kurtswebnotes.com"
135.181.73.59 - - [19/Oct/2022:19:03:55 -0700] "GET /wp-includes/sodium_compat/autoload.php HTTP/1.1" 200 - "-" "Mozilla/5.0 (compatible; MJ12bot/v1.4.8; http://mj12bot.com/)" "kurtswebnotes.com"
114.119.136.143 - - [19/Oct/2022:19:07:04 -0700] "GET /wp-includes/blocks/button/?C=D%3BO%3DA HTTP/1.1" 200 377 "https://www.kurtswebnotes.com/wp-includes/blocks/button/?C=N%3BO%3DD" "Mozilla/5.0 (Linux; Android 7.0;) AppleWebKit/537.36 (KHTML, like Gecko) Mobile Safari/537.36 (compatible; PetalBot;+https://webmaster.petalsearch.com/site/petalbot)" "www.kurtswebnotes.com"
114.119.136.141 - - [19/Oct/2022:19:13:13 -0700] "GET /wp-content/themes/?C=D%3BO%3DA HTTP/1.1" 200 375 "https://www.kurtswebnotes.com/wp-content/themes/?C=N%3BO%3DD" "Mozilla/5.0 (Linux; Android 7.0;) AppleWebKit/537.36 (KHTML, like Gecko) Mobile Safari/537.36 (compatible; PetalBot;+https://webmaster.petalsearch.com/site/petalbot)" "www.kurtswebnotes.com"
114.119.136.144 - - [19/Oct/2022:19:19:24 -0700] "GET /wp-includes/blocks/archives/?C=D%3BO%3DA HTTP/1.1" 200 378 "https://www.kurtswebnotes.com/wp-includes/blocks/archives/" "Mozilla/5.0 (Linux; Android 7.0;) AppleWebKit/537.36 (KHTML, like Gecko) Mobile Safari/537.36 (compatible; PetalBot;+https://webmaster.petalsearch.com/site/petalbot)" "www.kurtswebnotes.com"
51.222.253.19 - - [19/Oct/2022:19:21:24 -0700] "GET /?C=N;O=A HTTP/1.1" 200 481 "-" "Mozilla/5.0 (compatible; AhrefsBot/7.0; +http://ahrefs.com/robot/)" "kurtswebnotes.com"
114.119.136.14 - - [19/Oct/2022:19:25:35 -0700] "GET /wp-includes/blocks/quote/block.json HTTP/1.1" 200 222 "https://www.kurtswebnotes.com/wp-includes/blocks/quote/?C=S%3BO%3DA" "Mozilla/5.0 (Linux; Android 7.0;) AppleWebKit/537.36 (KHTML, like Gecko) Mobile Safari/537.36 (compatible; PetalBot;+https://webmaster.petalsearch.com/site/petalbot)" "www.kurtswebnotes.com"
114.119.136.144 - - [19/Oct/2022:19:31:43 -0700] "GET /wp-admin/?C=D%3BO%3DA HTTP/1.1" 200 351 "https://www.kurtswebnotes.com/wp-admin/?C=S%3BO%3DA" "Mozilla/5.0 (Linux; Android 7.0;) AppleWebKit/537.36 (KHTML, like Gecko) Mobile Safari/537.36 (compatible; PetalBot;+https://webmaster.petalsearch.com/site/petalbot)" "www.kurtswebnotes.com"
51.222.253.14 - - [19/Oct/2022:19:32:02 -0700] "GET /wp-includes/blocks/column/?C=D;O=D HTTP/1.1" 200 374 "-" "Mozilla/5.0 (compatible; AhrefsBot/7.0; +http://ahrefs.com/robot/)" "kurtswebnotes.com"
51.222.253.9 - - [19/Oct/2022:19:35:39 -0700] "GET /wp-includes/blocks/buttons/?C=M;O=D HTTP/1.1" 200 376 "-" "Mozilla/5.0 (compatible; AhrefsBot/7.0; +http://ahrefs.com/robot/)" "kurtswebnotes.com"
