114.119.136.138 - - [17/Oct/2022:14:58:00 -0700] "GET /wp-includes/blocks/paragraph/ HTTP/1.1" 200 380 "https://www.kurtswebnotes.com/wp-includes/blocks/?C=M%3BO%3DA" "Mozilla/5.0 (Linux; Android 7.0;) AppleWebKit/537.36 (KHTML, like Gecko) Mobile Safari/537.36 (compatible; PetalBot;+https://webmaster.petalsearch.com/site/petalbot)" "www.kurtswebnotes.com"
51.222.253.1 - - [17/Oct/2022:14:58:49 -0700] "GET /wp-includes/sitemaps/class-wp-sitemaps-stylesheet.php HTTP/1.1" 200 - "-" "Mozilla/5.0 (compatible; AhrefsBot/7.0; +http://ahrefs.com/robot/)" "kurtswebnotes.com"
114.119.136.141 - - [17/Oct/2022:15:03:56 -0700] "GET /wp-includes/blocks/shortcode/?C=N%3BO%3DD HTTP/1.1" 200 379 "https://www.kurtswebnotes.com/wp-includes/blocks/shortcode/?C=M%3BO%3DA" "Mozilla/5.0 (Linux; Android 7.0;) AppleWebKit/537.36 (KHTML, like Gecko) Mobile Safari/537.36 (compatible; PetalBot;+https://webmaster.petalsearch.com/site/petalbot)" "www.kurtswebnotes.com"
51.222.253.8 - - [17/Oct/2022:15:05:53 -0700] "GET /wp-includes/blocks/preformatted/ HTTP/1.1" 200 382 "-" "Mozilla/5.0 (compatible; AhrefsBot/7.0; +http://ahrefs.com/robot/)" "www.kurtswebnotes.com"
51.222.253.11 - - [17/Oct/2022:15:09:45 -0700] "GET /wp-includes/blocks/missing/?C=S;O=D HTTP/1.1" 200 375 "-" "Mozilla/5.0 (compatible; AhrefsBot/7.0; +http://ahrefs.com/robot/)" "kurtswebnotes.com"
114.119.136.144 - - [17/Oct/2022:15:09:49 -0700] "GET /wp-includes/assets/script-loader-packages.php HTTP/1.1" 200 - "https://www.kurtswebnotes.com/wp-includes/assets/?C=M%3BO%3DA" "Mozilla/5.0 (Linux; Android 7.0;) AppleWebKit/537.36 (KHTML, like Gecko) Mobile Safari/537.36 (compatible; PetalBot;+https://webmaster.petalsearch.com/site/petalbot)" "www.kurtswebnotes.com"
51.222.253.16 - - [17/Oct/2022:15:13:01 -0700] "GET /wp-includes/sitemaps/class-wp-sitemaps-index.php HTTP/1.1" 200 - "-" "Mozilla/5.0 (compatible; AhrefsBot/7.0; +http://ahrefs.com/robot/)" "kurtswebnotes.com"
114.119.136.14 - - [17/Oct/2022:15:15:39 -0700] "GET /?C=N%3BO%3DD HTTP/1.1" 200 481 "https://www.kurtswebnotes.com/?C=S%3BO%3DA" "Mozilla/5.0 (Linux; Android 7.0;) AppleWebKit/537.36 (KHTML, like Gecko) Mobile Safari/537.36 (compatible; PetalBot;+https://webmaster.petalsearch.com/site/petalbot)" "www.kurtswebnotes.com"
51.222.253.1 - - [17/Oct/2022:15:19:47 -0700] "GET /wp-includes/blocks/text-columns/?C=S;O=D HTTP/1.1" 200 380 "-" "Mozilla/5.0 (compatible; AhrefsBot/7.0; +http://ahrefs.com/robot/)" "kurtswebnotes.com"
114.119.136.144 - - [17/Oct/2022:15:21:31 -0700] "GET /wp-includes/blocks/file/?C=S%3BO%3DA HTTP/1.1" 200 376 "https://www.kurtswebnotes.com/wp-includes/blocks/file/" "Mozilla/5.0 (Linux; Android 7.0;) AppleWebKit/537.36 (KHTML, like Gecko) Mobile Safari/537.36 (compatible; PetalBot;+https://webmaster.petalsearch.com/site/petalbot)" "www.kurtswebnotes.com"
51.222.253.6 - - [17/Oct/2022:15:25:58 -0700] "GET /wp-includes/sodium_compat/src/Core/Base64/?C=M;O=D HTTP/1.1" 200 429 "-" "Mozilla/5.0 (compatible; AhrefsBot/7.0; +http://ahrefs.com/robot/)" "www.kurtswebnotes.com"
114.119.136.144 - - [17/Oct/2022:15:27:18 -0700] "GET /robots.txt HTTP/1.1" 200 101 "https://www.kurtswebnotes.com/?C=S%3BO%3DA" "Mozilla/5.0 (Linux; Android 7.0;) AppleWebKit/537.36 (KHTML, like Gecko) Mobile Safari/537.36 (compatible; PetalBot;+https://webmaster.petalsearch.com/site/petalbot)" "www.kurtswebnotes.com"
51.222.253.20 - - [17/Oct/2022:15:32:28 -0700] "GET /wp-includes/sodium_compat/namespaced/Core/Curve25519/?C=N;O=D HTTP/1.1" 200 433 "-" "Mozilla/5.0 (compatible; AhrefsBot/7.0; +http://ahrefs.com/robot/)" "www.kurtswebnotes.com"
114.119.136.14 - - [17/Oct/2022:15:33:07 -0700] "GET /wp-includes/blocks/categories/ HTTP/1.1" 200 379 "https://kurtswebnotes.com/wp-includes/blocks/?C=D%3BO%3DA" "Mozilla/5.0 (Linux; Android 7.0;) AppleWebKit/537.36 (KHTML, like Gecko) Mobile Safari/537.36 (compatible; PetalBot;+https://webmaster.petalsearch.com/site/petalbot)" "kurtswebnotes.com"
51.222.253.19 - - [17/Oct/2022:15:34:29 -0700] "GET /wp-content/themes/twentytwenty/ HTTP/1.1" 500 - "-" "Mozilla/5.0 (compatible; AhrefsBot/7.0; +http://ahrefs.com/robot/)" "www.kurtswebnotes.com"
51.222.253.18 - - [17/Oct/2022:15:34:55 -0700] "GET /wp-includes/sodium_compat/src/Core/Curve25519/?C=S;O=D HTTP/1.1" 200 432 "-" "Mozilla/5.0 (compatible; AhrefsBot/7.0; +http://ahrefs.com/robot/)" "www.kurtswebnotes.com"
51.222.253.12 - - [17/Oct/2022:15:35:26 -0700] "GET /wp-content/themes/twentytwentyone/ HTTP/1.1" 500 - "-" "Mozilla/5.0 (compatible; AhrefsBot/7.0; +http://ahrefs.com/robot/)" "www.kurtswebnotes.com"
51.222.253.2 - - [17/Oct/2022:15:35:37 -0700] "GET /wp-includes/css/dist/block-editor/?C=S;O=A HTTP/1.1" 200 423 "-" "Mozilla/5.0 (compatible; AhrefsBot/7.0; +http://ahrefs.com/robot/)" "www.kurtswebnotes.com"
51.222.253.13 - - [17/Oct/2022:15:35:55 -0700] "GET /wp-includes/sodium_compat/autoload-php7.php HTTP/1.1" 200 - "-" "Mozilla/5.0 (compatible; AhrefsBot/7.0; +http://ahrefs.com/robot/)" "kurtswebnotes.com"
51.222.253.1 - - [17/Oct/2022:15:36:17 -0700] "GET /wp-includes/blocks/shortcode/ HTTP/1.1" 200 379 "-" "Mozilla/5.0 (compatible; AhrefsBot/7.0; +http://ahrefs.com/robot/)" "www.kurtswebnotes.com"
51.222.253.9 - - [17/Oct/2022:15:36:52 -0700] "GET /wp-includes/css/dist/block-directory/?C=M;O=D HTTP/1.1" 200 421 "-" "Mozilla/5.0 (compatible; AhrefsBot/7.0; +http://ahrefs.com/robot/)" "www.kurtswebnotes.com"
51.222.253.13 - - [17/Oct/2022:15:37:10 -0700] "GET /wp-includes/sodium_compat/src/Core32/SecretStream/?C=N;O=D HTTP/1.1" 200 395 "-" "Mozilla/5.0 (compatible; AhrefsBot/7.0; +http://ahrefs.com/robot/)" "www.kurtswebnotes.com"
51.222.253.3 - - [17/Oct/2022:15:37:27 -0700] "GET /wp-includes/sodium_compat/src/Core/Poly1305/?C=D;O=A HTTP/1.1" 200 396 "-" "Mozilla/5.0 (compatible; AhrefsBot/7.0; +http://ahrefs.com/robot/)" "kurtswebnotes.com"
51.222.253.20 - - [17/Oct/2022:15:37:33 -0700] "GET /wp-includes/blocks/more/?C=M;O=A HTTP/1.1" 200 376 "-" "Mozilla/5.0 (compatible; AhrefsBot/7.0; +http://ahrefs.com/robot/)" "kurtswebnotes.com"
51.222.253.12 - - [17/Oct/2022:15:37:42 -0700] "GET /wp-includes/blocks/latest-posts/?C=S;O=D HTTP/1.1" 200 379 "-" "Mozilla/5.0 (compatible; AhrefsBot/7.0; +http://ahrefs.com/robot/)" "kurtswebnotes.com"
51.222.253.20 - - [17/Oct/2022:15:37:51 -0700] "GET /wp-includes/blocks/shortcode/?C=N;O=D HTTP/1.1" 200 376 "-" "Mozilla/5.0 (compatible; AhrefsBot/7.0; +http://ahrefs.com/robot/)" "www.kurtswebnotes.com"
51.222.253.9 - - [17/Oct/2022:15:38:26 -0700] "GET /wp-includes/blocks/paragraph/ HTTP/1.1" 200 380 "-" "Mozilla/5.0 (compatible; AhrefsBot/7.0; +http://ahrefs.com/robot/)" "www.kurtswebnotes.com"
51.222.253.12 - - [17/Oct/2022:15:38:34 -0700] "GET /wp-includes/css/dist/block-editor/?C=M;O=A HTTP/1.1" 200 424 "-" "Mozilla/5.0 (compatible; AhrefsBot/7.0; +http://ahrefs.com/robot/)" "www.kurtswebnotes.com"
51.222.253.19 - - [17/Oct/2022:15:38:36 -0700] "GET /wp-includes/blocks/missing/ HTTP/1.1" 200 377 "-" "Mozilla/5.0 (compatible; AhrefsBot/7.0; +http://ahrefs.com/robot/)" "www.kurtswebnotes.com"
51.222.253.20 - - [17/Oct/2022:15:38:38 -0700] "GET /wp-includes/css/dist/ HTTP/1.1" 200 382 "-" "Mozilla/5.0 (compatible; AhrefsBot/7.0; +http://ahrefs.com/robot/)" "www.kurtswebnotes.com"
51.222.253.11 - - [17/Oct/2022:15:38:41 -0700] "GET /wp-includes/blocks/text-columns/?C=D;O=D HTTP/1.1" 200 380 "-" "Mozilla/5.0 (compatible; AhrefsBot/7.0; +http://ahrefs.com/robot/)" "kurtswebnotes.com"
51.222.253.4 - - [17/Oct/2022:15:38:44 -0700] "GET /wp-includes/blocks/column/?C=S;O=A HTTP/1.1" 200 376 "-" "Mozilla/5.0 (compatible; AhrefsBot/7.0; +http://ahrefs.com/robot/)" "kurtswebnotes.com"
51.222.253.17 - - [17/Oct/2022:15:38:47 -0700] "GET /wp-includes/block-supports/?C=S;O=D HTTP/1.1" 200 460 "-" "Mozilla/5.0 (compatible; AhrefsBot/7.0; +http://ahrefs.com/robot/)" "www.kurtswebnotes.com"
51.222.253.7 - - [17/Oct/2022:15:38:52 -0700] "GET /wp-includes/blocks/pullquote/?C=D;O=A HTTP/1.1" 200 381 "-" "Mozilla/5.0 (compatible; AhrefsBot/7.0; +http://ahrefs.com/robot/)" "kurtswebnotes.com"
114.119.136.138 - - [17/Oct/2022:15:38:56 -0700] "GET /wp-admin/css/colors/modern/colors.min.css HTTP/1.1" 200 3122 "https://kurtswebnotes.com/wp-admin/css/colors/modern/?C=N%3BO%3DD" "Mozilla/5.0 (Linux; Android 7.0;) AppleWebKit/537.36 (KHTML, like Gecko) Mobile Safari/537.36 (compatible; PetalBot;+https://webmaster.petalsearch.com/site/petalbot)" "kurtswebnotes.com"
51.222.253.18 - - [17/Oct/2022:15:39:09 -0700] "GET /wp-includes/blocks/pullquote/?C=M;O=A HTTP/1.1" 200 381 "-" "Mozilla/5.0 (compatible; AhrefsBot/7.0; +http://ahrefs.com/robot/)" "kurtswebnotes.com"
51.222.253.12 - - [17/Oct/2022:15:39:16 -0700] "GET /wp-includes/PHPMailer/?C=D;O=D HTTP/1.1" 200 414 "-" "Mozilla/5.0 (compatible; AhrefsBot/7.0; +http://ahrefs.com/robot/)" "www.kurtswebnotes.com"
51.222.253.2 - - [17/Oct/2022:15:39:19 -0700] "GET /wp-includes/blocks/?C=S;O=A HTTP/1.1" 200 804 "-" "Mozilla/5.0 (compatible; AhrefsBot/7.0; +http://ahrefs.com/robot/)" "kurtswebnotes.com"
51.222.253.19 - - [17/Oct/2022:15:39:25 -0700] "GET /wp-includes/blocks/pullquote/?C=S;O=A HTTP/1.1" 200 381 "-" "Mozilla/5.0 (compatible; AhrefsBot/7.0; +http://ahrefs.com/robot/)" "kurtswebnotes.com"
51.222.253.15 - - [17/Oct/2022:15:39:31 -0700] "GET /wp-includes/blocks/column/?C=M;O=A HTTP/1.1" 200 376 "-" "Mozilla/5.0 (compatible; AhrefsBot/7.0; +http://ahrefs.com/robot/)" "kurtswebnotes.com"
51.222.253.7 - - [17/Oct/2022:15:39:39 -0700] "GET /wp-includes/blocks/column/?C=D;O=A HTTP/1.1" 200 376 "-" "Mozilla/5.0 (compatible; AhrefsBot/7.0; +http://ahrefs.com/robot/)" "kurtswebnotes.com"
51.222.253.4 - - [17/Oct/2022:15:39:42 -0700] "GET /wp-includes/blocks/more/?C=D;O=A HTTP/1.1" 200 376 "-" "Mozilla/5.0 (compatible; AhrefsBot/7.0; +http://ahrefs.com/robot/)" "kurtswebnotes.com"
114.119.136.14 - - [17/Oct/2022:15:44:47 -0700] "GET /wp-includes/sodium_compat/namespaced/Core/Curve25519/?C=D%3BO%3DA HTTP/1.1" 200 436 "https://kurtswebnotes.com/wp-includes/sodium_compat/namespaced/Core/Curve25519/?C=N%3BO%3DD" "Mozilla/5.0 (Linux; Android 7.0;) AppleWebKit/537.36 (KHTML, like Gecko) Mobile Safari/537.36 (compatible; PetalBot;+https://webmaster.petalsearch.com/site/petalbot)" "kurtswebnotes.com"
114.119.136.141 - - [17/Oct/2022:15:50:37 -0700] "GET /wp-includes/blocks/gallery/?C=N%3BO%3DD HTTP/1.1" 200 379 "https://www.kurtswebnotes.com/wp-includes/blocks/gallery/" "Mozilla/5.0 (Linux; Android 7.0;) AppleWebKit/537.36 (KHTML, like Gecko) Mobile Safari/537.36 (compatible; PetalBot;+https://webmaster.petalsearch.com/site/petalbot)" "www.kurtswebnotes.com"
51.222.253.14 - - [17/Oct/2022:15:50:53 -0700] "GET /wp-includes/blocks/image/?C=S;O=A HTTP/1.1" 200 378 "-" "Mozilla/5.0 (compatible; AhrefsBot/7.0; +http://ahrefs.com/robot/)" "kurtswebnotes.com"
51.222.253.5 - - [17/Oct/2022:15:55:44 -0700] "GET /wp-includes/blocks/image/?C=D;O=A HTTP/1.1" 200 378 "-" "Mozilla/5.0 (compatible; AhrefsBot/7.0; +http://ahrefs.com/robot/)" "kurtswebnotes.com"
114.119.136.138 - - [17/Oct/2022:15:56:37 -0700] "GET /wp-includes/sodium_compat/src/PHP52/SplFixedArray.php HTTP/1.1" 200 - "https://kurtswebnotes.com/wp-includes/sodium_compat/src/PHP52/" "Mozilla/5.0 (Linux; Android 7.0;) AppleWebKit/537.36 (KHTML, like Gecko) Mobile Safari/537.36 (compatible; PetalBot;+https://webmaster.petalsearch.com/site/petalbot)" "kurtswebnotes.com"
51.222.253.15 - - [17/Oct/2022:16:00:41 -0700] "GET /wp-admin/css/colors/modern/?C=S;O=D HTTP/1.1" 200 438 "-" "Mozilla/5.0 (compatible; AhrefsBot/7.0; +http://ahrefs.com/robot/)" "www.kurtswebnotes.com"
114.119.136.138 - - [17/Oct/2022:16:02:20 -0700] "GET /wp-includes/blocks/embed/?C=D%3BO%3DA HTTP/1.1" 200 377 "https://kurtswebnotes.com/wp-includes/blocks/embed/" "Mozilla/5.0 (Linux; Android 7.0;) AppleWebKit/537.36 (KHTML, like Gecko) Mobile Safari/537.36 (compatible; PetalBot;+https://webmaster.petalsearch.com/site/petalbot)" "kurtswebnotes.com"
51.222.253.9 - - [17/Oct/2022:16:03:25 -0700] "GET /public_html/?C=D;O=A HTTP/1.1" 200 315 "-" "Mozilla/5.0 (compatible; AhrefsBot/7.0; +http://ahrefs.com/robot/)" "www.kurtswebnotes.com"
51.222.253.2 - - [17/Oct/2022:16:05:46 -0700] "GET /public_html/?C=M;O=A HTTP/1.1" 200 315 "-" "Mozilla/5.0 (compatible; AhrefsBot/7.0; +http://ahrefs.com/robot/)" "www.kurtswebnotes.com"
51.222.253.2 - - [17/Oct/2022:16:08:03 -0700] "GET /public_html/?C=S;O=A HTTP/1.1" 200 315 "-" "Mozilla/5.0 (compatible; AhrefsBot/7.0; +http://ahrefs.com/robot/)" "www.kurtswebnotes.com"
114.119.136.143 - - [17/Oct/2022:16:08:09 -0700] "GET /wp-includes/block-supports/ HTTP/1.1" 200 462 "https://kurtswebnotes.com/wp-includes/?C=M%3BO%3DA" "Mozilla/5.0 (Linux; Android 7.0;) AppleWebKit/537.36 (KHTML, like Gecko) Mobile Safari/537.36 (compatible; PetalBot;+https://webmaster.petalsearch.com/site/petalbot)" "kurtswebnotes.com"
51.222.253.3 - - [17/Oct/2022:16:09:14 -0700] "GET /wp-includes/sodium_compat/src/Core/Poly1305/?C=N;O=D HTTP/1.1" 200 394 "-" "Mozilla/5.0 (compatible; AhrefsBot/7.0; +http://ahrefs.com/robot/)" "www.kurtswebnotes.com"
51.222.253.18 - - [17/Oct/2022:16:10:32 -0700] "GET /wp-includes/blocks/calendar/?C=N;O=D HTTP/1.1" 200 375 "-" "Mozilla/5.0 (compatible; AhrefsBot/7.0; +http://ahrefs.com/robot/)" "www.kurtswebnotes.com"
51.222.253.5 - - [17/Oct/2022:16:11:46 -0700] "GET /wp-includes/sodium_compat/src/Core/ChaCha20/?C=N;O=D HTTP/1.1" 200 409 "-" "Mozilla/5.0 (compatible; AhrefsBot/7.0; +http://ahrefs.com/robot/)" "www.kurtswebnotes.com"
51.222.253.14 - - [17/Oct/2022:16:12:57 -0700] "GET /wp-includes/blocks/html/?C=N;O=D HTTP/1.1" 200 371 "-" "Mozilla/5.0 (compatible; AhrefsBot/7.0; +http://ahrefs.com/robot/)" "www.kurtswebnotes.com"
114.119.136.14 - - [17/Oct/2022:16:14:07 -0700] "GET /wp-includes/blocks/video/?C=S%3BO%3DA HTTP/1.1" 200 377 "https://kurtswebnotes.com/wp-includes/blocks/video/" "Mozilla/5.0 (Linux; Android 7.0;) AppleWebKit/537.36 (KHTML, like Gecko) Mobile Safari/537.36 (compatible; PetalBot;+https://webmaster.petalsearch.com/site/petalbot)" "kurtswebnotes.com"
51.222.253.5 - - [17/Oct/2022:16:14:19 -0700] "GET /wp-includes/?C=D;O=D HTTP/1.1" 200 463 "-" "Mozilla/5.0 (compatible; AhrefsBot/7.0; +http://ahrefs.com/robot/)" "www.kurtswebnotes.com"
51.222.253.1 - - [17/Oct/2022:16:15:36 -0700] "GET /wp-includes/sodium_compat/src/Core/ChaCha20/Ctx.php HTTP/1.1" 500 - "-" "Mozilla/5.0 (compatible; AhrefsBot/7.0; +http://ahrefs.com/robot/)" "www.kurtswebnotes.com"
51.222.253.18 - - [17/Oct/2022:16:17:59 -0700] "GET /wp-includes/sodium_compat/src/Core/ChaCha20/IetfCtx.php HTTP/1.1" 500 - "-" "Mozilla/5.0 (compatible; AhrefsBot/7.0; +http://ahrefs.com/robot/)" "www.kurtswebnotes.com"
114.119.136.143 - - [17/Oct/2022:16:19:58 -0700] "GET /wp-includes/blocks/social-links/block.json HTTP/1.1" 200 305 "https://kurtswebnotes.com/wp-includes/blocks/social-links/?C=N%3BO%3DD" "Mozilla/5.0 (Linux; Android 7.0;) AppleWebKit/537.36 (KHTML, like Gecko) Mobile Safari/537.36 (compatible; PetalBot;+https://webmaster.petalsearch.com/site/petalbot)" "kurtswebnotes.com"
51.222.253.15 - - [17/Oct/2022:16:22:58 -0700] "GET /wp-includes/sodium_compat/src/Core32/Curve25519/Ge/?C=M;O=D HTTP/1.1" 200 455 "-" "Mozilla/5.0 (compatible; AhrefsBot/7.0; +http://ahrefs.com/robot/)" "www.kurtswebnotes.com"
51.222.253.4 - - [17/Oct/2022:16:31:42 -0700] "GET /robots.txt HTTP/1.1" 200 101 "-" "Mozilla/5.0 (compatible; AhrefsBot/7.0; +http://ahrefs.com/robot/)" "www.kurtswebnotes.com"
51.222.253.6 - - [17/Oct/2022:16:31:43 -0700] "GET /wp-includes/blocks/calendar/ HTTP/1.1" 200 377 "-" "Mozilla/5.0 (compatible; AhrefsBot/7.0; +http://ahrefs.com/robot/)" "www.kurtswebnotes.com"
114.119.136.138 - - [17/Oct/2022:16:31:56 -0700] "GET /wp-includes/blocks/more/?C=N%3BO%3DD HTTP/1.1" 200 376 "https://kurtswebnotes.com/wp-includes/blocks/more/?C=S%3BO%3DA" "Mozilla/5.0 (Linux; Android 7.0;) AppleWebKit/537.36 (KHTML, like Gecko) Mobile Safari/537.36 (compatible; PetalBot;+https://webmaster.petalsearch.com/site/petalbot)" "kurtswebnotes.com"
51.222.253.20 - - [17/Oct/2022:16:35:24 -0700] "GET /wp-includes/sodium_compat/src/Core/ChaCha20/?C=M;O=D HTTP/1.1" 200 411 "-" "Mozilla/5.0 (compatible; AhrefsBot/7.0; +http://ahrefs.com/robot/)" "kurtswebnotes.com"
51.222.253.1 - - [17/Oct/2022:16:35:45 -0700] "GET /wp-includes/blocks/spacer/?C=M;O=A HTTP/1.1" 200 376 "-" "Mozilla/5.0 (compatible; AhrefsBot/7.0; +http://ahrefs.com/robot/)" "kurtswebnotes.com"
51.222.253.9 - - [17/Oct/2022:16:36:01 -0700] "GET /wp-includes/sodium_compat/src/Core/Curve25519/Ge/Precomp.php HTTP/1.1" 200 - "-" "Mozilla/5.0 (compatible; AhrefsBot/7.0; +http://ahrefs.com/robot/)" "www.kurtswebnotes.com"
51.222.253.15 - - [17/Oct/2022:16:36:13 -0700] "GET /wp-includes/blocks/spacer/?C=S;O=A HTTP/1.1" 200 376 "-" "Mozilla/5.0 (compatible; AhrefsBot/7.0; +http://ahrefs.com/robot/)" "kurtswebnotes.com"
51.222.253.5 - - [17/Oct/2022:16:36:25 -0700] "GET /wp-admin/css/colors/modern/?C=M;O=D HTTP/1.1" 200 442 "-" "Mozilla/5.0 (compatible; AhrefsBot/7.0; +http://ahrefs.com/robot/)" "www.kurtswebnotes.com"
51.222.253.10 - - [17/Oct/2022:16:36:38 -0700] "GET /wp-includes/blocks/spacer/?C=D;O=A HTTP/1.1" 200 376 "-" "Mozilla/5.0 (compatible; AhrefsBot/7.0; +http://ahrefs.com/robot/)" "kurtswebnotes.com"
51.222.253.2 - - [17/Oct/2022:16:36:51 -0700] "GET /wp-includes/sodium_compat/src/Core/Curve25519/Ge/P2.php HTTP/1.1" 200 - "-" "Mozilla/5.0 (compatible; AhrefsBot/7.0; +http://ahrefs.com/robot/)" "www.kurtswebnotes.com"
51.222.253.3 - - [17/Oct/2022:16:36:55 -0700] "GET /wp-includes/sodium_compat/src/Core/Curve25519/Ge/P1p1.php HTTP/1.1" 200 - "-" "Mozilla/5.0 (compatible; AhrefsBot/7.0; +http://ahrefs.com/robot/)" "www.kurtswebnotes.com"
51.222.253.6 - - [17/Oct/2022:16:36:56 -0700] "GET /wp-includes/css/dist/?C=N;O=D HTTP/1.1" 200 381 "-" "Mozilla/5.0 (compatible; AhrefsBot/7.0; +http://ahrefs.com/robot/)" "www.kurtswebnotes.com"
51.222.253.2 - - [17/Oct/2022:16:36:57 -0700] "GET /wp-includes/blocks/social-links/?C=M;O=A HTTP/1.1" 200 380 "-" "Mozilla/5.0 (compatible; AhrefsBot/7.0; +http://ahrefs.com/robot/)" "kurtswebnotes.com"
51.222.253.15 - - [17/Oct/2022:16:36:58 -0700] "GET /wp-admin/css/?C=N;O=A HTTP/1.1" 200 357 "-" "Mozilla/5.0 (compatible; AhrefsBot/7.0; +http://ahrefs.com/robot/)" "www.kurtswebnotes.com"
51.222.253.3 - - [17/Oct/2022:16:36:59 -0700] "GET /wp-includes/blocks/social-links/?C=D;O=A HTTP/1.1" 200 380 "-" "Mozilla/5.0 (compatible; AhrefsBot/7.0; +http://ahrefs.com/robot/)" "kurtswebnotes.com"
51.222.253.12 - - [17/Oct/2022:16:37:00 -0700] "GET /wp-includes/sodium_compat/src/Core32/Poly1305/?C=N;O=A HTTP/1.1" 200 398 "-" "Mozilla/5.0 (compatible; AhrefsBot/7.0; +http://ahrefs.com/robot/)" "kurtswebnotes.com"
51.222.253.14 - - [17/Oct/2022:16:37:02 -0700] "GET /wp-includes/blocks/embed/?C=D;O=D HTTP/1.1" 200 375 "-" "Mozilla/5.0 (compatible; AhrefsBot/7.0; +http://ahrefs.com/robot/)" "kurtswebnotes.com"
51.222.253.20 - - [17/Oct/2022:16:37:06 -0700] "GET /wp-includes/?C=M;O=A HTTP/1.1" 200 462 "-" "Mozilla/5.0 (compatible; AhrefsBot/7.0; +http://ahrefs.com/robot/)" "www.kurtswebnotes.com"
51.222.253.1 - - [17/Oct/2022:16:37:19 -0700] "GET /wp-includes/blocks/embed/?C=S;O=D HTTP/1.1" 200 375 "-" "Mozilla/5.0 (compatible; AhrefsBot/7.0; +http://ahrefs.com/robot/)" "kurtswebnotes.com"
51.222.253.18 - - [17/Oct/2022:16:37:23 -0700] "GET /wp-includes/blocks/social-links/?C=S;O=A HTTP/1.1" 200 380 "-" "Mozilla/5.0 (compatible; AhrefsBot/7.0; +http://ahrefs.com/robot/)" "kurtswebnotes.com"
51.222.253.6 - - [17/Oct/2022:16:37:33 -0700] "GET /wp-includes/blocks/text-columns/?C=M;O=D HTTP/1.1" 200 380 "-" "Mozilla/5.0 (compatible; AhrefsBot/7.0; +http://ahrefs.com/robot/)" "kurtswebnotes.com"
51.222.253.14 - - [17/Oct/2022:16:37:46 -0700] "GET /wp-includes/blocks/html/?C=M;O=A HTTP/1.1" 200 373 "-" "Mozilla/5.0 (compatible; AhrefsBot/7.0; +http://ahrefs.com/robot/)" "kurtswebnotes.com"
114.119.136.144 - - [17/Oct/2022:16:37:57 -0700] "GET /wp-includes/blocks/block/?C=S%3BO%3DA HTTP/1.1" 200 373 "https://www.kurtswebnotes.com/wp-includes/blocks/block/?C=M%3BO%3DA" "Mozilla/5.0 (Linux; Android 7.0;) AppleWebKit/537.36 (KHTML, like Gecko) Mobile Safari/537.36 (compatible; PetalBot;+https://webmaster.petalsearch.com/site/petalbot)" "www.kurtswebnotes.com"
51.222.253.2 - - [17/Oct/2022:16:38:08 -0700] "GET /wp-includes/blocks/html/?C=S;O=A HTTP/1.1" 200 373 "-" "Mozilla/5.0 (compatible; AhrefsBot/7.0; +http://ahrefs.com/robot/)" "kurtswebnotes.com"
51.222.253.9 - - [17/Oct/2022:16:38:30 -0700] "GET /wp-includes/sodium_compat/src/Core/Curve25519/Ge/Cached.php HTTP/1.1" 200 - "-" "Mozilla/5.0 (compatible; AhrefsBot/7.0; +http://ahrefs.com/robot/)" "www.kurtswebnotes.com"
51.222.253.12 - - [17/Oct/2022:16:39:00 -0700] "GET /wp-includes/blocks/html/?C=D;O=A HTTP/1.1" 200 373 "-" "Mozilla/5.0 (compatible; AhrefsBot/7.0; +http://ahrefs.com/robot/)" "kurtswebnotes.com"
51.222.253.5 - - [17/Oct/2022:16:39:08 -0700] "GET /wp-includes/blocks/buttons/?C=S;O=D HTTP/1.1" 200 376 "-" "Mozilla/5.0 (compatible; AhrefsBot/7.0; +http://ahrefs.com/robot/)" "kurtswebnotes.com"
51.222.253.13 - - [17/Oct/2022:16:39:29 -0700] "GET /wp-includes/blocks/button/?C=D;O=A HTTP/1.1" 200 377 "-" "Mozilla/5.0 (compatible; AhrefsBot/7.0; +http://ahrefs.com/robot/)" "kurtswebnotes.com"
51.222.253.6 - - [17/Oct/2022:16:39:35 -0700] "GET /wp-includes/blocks/button/?C=M;O=A HTTP/1.1" 200 377 "-" "Mozilla/5.0 (compatible; AhrefsBot/7.0; +http://ahrefs.com/robot/)" "kurtswebnotes.com"
114.119.136.141 - - [17/Oct/2022:16:43:48 -0700] "GET /wp-includes/blocks/buttons/block.json HTTP/1.1" 200 220 "https://www.kurtswebnotes.com/wp-includes/blocks/buttons/?C=D%3BO%3DA" "Mozilla/5.0 (Linux; Android 7.0;) AppleWebKit/537.36 (KHTML, like Gecko) Mobile Safari/537.36 (compatible; PetalBot;+https://webmaster.petalsearch.com/site/petalbot)" "www.kurtswebnotes.com"
51.222.253.1 - - [17/Oct/2022:16:47:24 -0700] "GET /wp-includes/css/dist/block-editor/?C=S;O=D HTTP/1.1" 200 423 "-" "Mozilla/5.0 (compatible; AhrefsBot/7.0; +http://ahrefs.com/robot/)" "www.kurtswebnotes.com"
114.119.136.14 - - [17/Oct/2022:16:49:43 -0700] "GET /wp-includes/?C=M%3BO%3DA HTTP/1.1" 200 459 "https://www.kurtswebnotes.com/wp-includes/?C=D%3BO%3DA" "Mozilla/5.0 (Linux; Android 7.0;) AppleWebKit/537.36 (KHTML, like Gecko) Mobile Safari/537.36 (compatible; PetalBot;+https://webmaster.petalsearch.com/site/petalbot)" "www.kurtswebnotes.com"
185.191.171.3 - - [17/Oct/2022:16:53:51 -0700] "GET /robots.txt HTTP/1.1" 200 101 "-" "Mozilla/5.0 (compatible; SemrushBot/7~bl; +http://www.semrush.com/bot.html)" "kurtswebnotes.com"
185.191.171.3 - - [17/Oct/2022:16:53:51 -0700] "GET /wp-includes/sodium_compat/src/Core/?C=D%3BO%3DA HTTP/1.1" 200 645 "-" "Mozilla/5.0 (compatible; SemrushBot/7~bl; +http://www.semrush.com/bot.html)" "kurtswebnotes.com"
114.119.136.141 - - [17/Oct/2022:16:55:40 -0700] "GET /wp-includes/blocks/separator/?C=M%3BO%3DA HTTP/1.1" 200 378 "https://www.kurtswebnotes.com/wp-includes/blocks/separator/?C=D%3BO%3DA" "Mozilla/5.0 (Linux; Android 7.0;) AppleWebKit/537.36 (KHTML, like Gecko) Mobile Safari/537.36 (compatible; PetalBot;+https://webmaster.petalsearch.com/site/petalbot)" "www.kurtswebnotes.com"
114.119.136.138 - - [17/Oct/2022:17:01:29 -0700] "GET /wp-includes/sodium_compat/src/Core32/Poly1305/State.php HTTP/1.1" 500 - "https://www.kurtswebnotes.com/wp-includes/sodium_compat/src/Core32/Poly1305/" "Mozilla/5.0 (Linux; Android 7.0;) AppleWebKit/537.36 (KHTML, like Gecko) Mobile Safari/537.36 (compatible; PetalBot;+https://webmaster.petalsearch.com/site/petalbot)" "www.kurtswebnotes.com"
114.119.136.138 - - [17/Oct/2022:17:07:19 -0700] "GET /wp-includes/sodium_compat/namespaced/Core/Poly1305/ HTTP/1.1" 200 401 "https://kurtswebnotes.com/wp-includes/sodium_compat/namespaced/Core/" "Mozilla/5.0 (Linux; Android 7.0;) AppleWebKit/537.36 (KHTML, like Gecko) Mobile Safari/537.36 (compatible; PetalBot;+https://webmaster.petalsearch.com/site/petalbot)" "kurtswebnotes.com"
51.222.253.13 - - [17/Oct/2022:17:09:46 -0700] "GET /wp-includes/blocks/pullquote/?C=N;O=A HTTP/1.1" 200 381 "-" "Mozilla/5.0 (compatible; AhrefsBot/7.0; +http://ahrefs.com/robot/)" "kurtswebnotes.com"
114.119.136.14 - - [17/Oct/2022:17:13:05 -0700] "GET /wp-includes/blocks/subhead/block.json HTTP/1.1" 200 200 "https://www.kurtswebnotes.com/wp-includes/blocks/subhead/?C=N%3BO%3DD" "Mozilla/5.0 (Linux; Android 7.0;) AppleWebKit/537.36 (KHTML, like Gecko) Mobile Safari/537.36 (compatible; PetalBot;+https://webmaster.petalsearch.com/site/petalbot)" "www.kurtswebnotes.com"
114.119.136.143 - - [17/Oct/2022:17:19:00 -0700] "GET /wp-content/themes/?C=D%3BO%3DA HTTP/1.1" 200 375 "https://kurtswebnotes.com/wp-content/themes/?C=M%3BO%3DA" "Mozilla/5.0 (Linux; Android 7.0;) AppleWebKit/537.36 (KHTML, like Gecko) Mobile Safari/537.36 (compatible; PetalBot;+https://webmaster.petalsearch.com/site/petalbot)" "kurtswebnotes.com"
51.222.253.4 - - [17/Oct/2022:17:23:36 -0700] "GET /wp-includes/blocks/image/?C=N;O=A HTTP/1.1" 200 378 "-" "Mozilla/5.0 (compatible; AhrefsBot/7.0; +http://ahrefs.com/robot/)" "kurtswebnotes.com"
114.119.136.138 - - [17/Oct/2022:17:24:50 -0700] "GET /wp-includes/sodium_compat/src/Core/SecretStream/ HTTP/1.1" 200 395 "https://kurtswebnotes.com/wp-includes/sodium_compat/src/Core/?C=M%3BO%3DA" "Mozilla/5.0 (Linux; Android 7.0;) AppleWebKit/537.36 (KHTML, like Gecko) Mobile Safari/537.36 (compatible; PetalBot;+https://webmaster.petalsearch.com/site/petalbot)" "kurtswebnotes.com"
114.119.136.141 - - [17/Oct/2022:17:30:38 -0700] "GET /wp-includes/blocks/image/ HTTP/1.1" 200 378 "https://www.kurtswebnotes.com/wp-includes/blocks/?C=M%3BO%3DA" "Mozilla/5.0 (Linux; Android 7.0;) AppleWebKit/537.36 (KHTML, like Gecko) Mobile Safari/537.36 (compatible; PetalBot;+https://webmaster.petalsearch.com/site/petalbot)" "www.kurtswebnotes.com"
51.222.253.15 - - [17/Oct/2022:17:34:24 -0700] "GET /wp-includes/css/dist/block-editor/ HTTP/1.1" 200 424 "-" "Mozilla/5.0 (compatible; AhrefsBot/7.0; +http://ahrefs.com/robot/)" "www.kurtswebnotes.com"
114.119.136.14 - - [17/Oct/2022:17:36:30 -0700] "GET /wp-includes/sodium_compat/?C=N%3BO%3DD HTTP/1.1" 200 493 "https://kurtswebnotes.com/wp-includes/sodium_compat/?C=S%3BO%3DA" "Mozilla/5.0 (Linux; Android 7.0;) AppleWebKit/537.36 (KHTML, like Gecko) Mobile Safari/537.36 (compatible; PetalBot;+https://webmaster.petalsearch.com/site/petalbot)" "kurtswebnotes.com"
51.222.253.7 - - [17/Oct/2022:17:40:58 -0700] "GET /wp-includes/sodium_compat/namespaced/Core/Curve25519/ HTTP/1.1" 200 436 "-" "Mozilla/5.0 (compatible; AhrefsBot/7.0; +http://ahrefs.com/robot/)" "kurtswebnotes.com"
114.119.136.141 - - [17/Oct/2022:17:42:21 -0700] "GET /wp-includes/blocks/calendar/?C=S%3BO%3DA HTTP/1.1" 200 377 "https://www.kurtswebnotes.com/wp-includes/blocks/calendar/" "Mozilla/5.0 (Linux; Android 7.0;) AppleWebKit/537.36 (KHTML, like Gecko) Mobile Safari/537.36 (compatible; PetalBot;+https://webmaster.petalsearch.com/site/petalbot)" "www.kurtswebnotes.com"
1.192.192.6 - - [17/Oct/2022:17:46:38 -0700] "GET / HTTP/1.1" 200 481 "https://kurtswebnotes.com/" "Mozilla/5.0(compatible;MSIE9.0;WindowsNT6.1;Trident/5.0)" "kurtswebnotes.com"
114.119.136.138 - - [17/Oct/2022:17:48:06 -0700] "GET /wp-includes/blocks/more/?C=M%3BO%3DA HTTP/1.1" 200 376 "https://www.kurtswebnotes.com/wp-includes/blocks/more/?C=S%3BO%3DA" "Mozilla/5.0 (Linux; Android 7.0;) AppleWebKit/537.36 (KHTML, like Gecko) Mobile Safari/537.36 (compatible; PetalBot;+https://webmaster.petalsearch.com/site/petalbot)" "www.kurtswebnotes.com"
51.222.253.16 - - [17/Oct/2022:17:48:07 -0700] "GET /wp-includes/blocks/more/?C=N;O=A HTTP/1.1" 200 376 "-" "Mozilla/5.0 (compatible; AhrefsBot/7.0; +http://ahrefs.com/robot/)" "kurtswebnotes.com"
114.119.136.144 - - [17/Oct/2022:17:54:07 -0700] "GET /wp-includes/blocks/quote/?C=S%3BO%3DA HTTP/1.1" 200 378 "https://www.kurtswebnotes.com/wp-includes/blocks/quote/?C=D%3BO%3DA" "Mozilla/5.0 (Linux; Android 7.0;) AppleWebKit/537.36 (KHTML, like Gecko) Mobile Safari/537.36 (compatible; PetalBot;+https://webmaster.petalsearch.com/site/petalbot)" "www.kurtswebnotes.com"
51.222.253.14 - - [17/Oct/2022:17:56:19 -0700] "GET /wp-includes/blocks/spacer/?C=N;O=A HTTP/1.1" 200 376 "-" "Mozilla/5.0 (compatible; AhrefsBot/7.0; +http://ahrefs.com/robot/)" "kurtswebnotes.com"
34.148.172.173 - - [17/Oct/2022:17:58:27 -0700] "GET /robots.txt HTTP/1.1" 200 101 "-" "ZoominfoBot (zoominfobot at zoominfo dot com)" "kurtswebnotes.com"
34.148.172.173 - - [17/Oct/2022:17:58:28 -0700] "GET /robots.txt HTTP/1.1" 200 101 "-" "ZoominfoBot (zoominfobot at zoominfo dot com)" "kurtswebnotes.com"
34.148.172.173 - - [17/Oct/2022:17:58:28 -0700] "GET / HTTP/1.1" 200 481 "-" "ZoominfoBot (zoominfobot at zoominfo dot com)" "kurtswebnotes.com"
114.119.136.143 - - [17/Oct/2022:17:59:44 -0700] "GET /wp-includes/blocks/list/?C=N%3BO%3DD HTTP/1.1" 200 375 "https://www.kurtswebnotes.com/wp-includes/blocks/list/?C=D%3BO%3DA" "Mozilla/5.0 (Linux; Android 7.0;) AppleWebKit/537.36 (KHTML, like Gecko) Mobile Safari/537.36 (compatible; PetalBot;+https://webmaster.petalsearch.com/site/petalbot)" "www.kurtswebnotes.com"
114.119.136.138 - - [17/Oct/2022:18:05:31 -0700] "GET /wp-includes/blocks/archives/?C=S%3BO%3DA HTTP/1.1" 200 378 "https://kurtswebnotes.com/wp-includes/blocks/archives/" "Mozilla/5.0 (Linux; Android 7.0;) AppleWebKit/537.36 (KHTML, like Gecko) Mobile Safari/537.36 (compatible; PetalBot;+https://webmaster.petalsearch.com/site/petalbot)" "kurtswebnotes.com"
51.222.253.6 - - [17/Oct/2022:18:08:24 -0700] "GET /wp-includes/blocks/html/?C=N;O=A HTTP/1.1" 200 373 "-" "Mozilla/5.0 (compatible; AhrefsBot/7.0; +http://ahrefs.com/robot/)" "kurtswebnotes.com"
114.119.136.144 - - [17/Oct/2022:18:11:16 -0700] "GET /wp-includes/sodium_compat/src/Core32/Int64.php HTTP/1.1" 200 - "https://www.kurtswebnotes.com/wp-includes/sodium_compat/src/Core32/?C=N%3BO%3DD" "Mozilla/5.0 (Linux; Android 7.0;) AppleWebKit/537.36 (KHTML, like Gecko) Mobile Safari/537.36 (compatible; PetalBot;+https://webmaster.petalsearch.com/site/petalbot)" "www.kurtswebnotes.com"
51.222.253.13 - - [17/Oct/2022:18:14:00 -0700] "GET /wp-includes/blocks/social-links/?C=N;O=A HTTP/1.1" 200 380 "-" "Mozilla/5.0 (compatible; AhrefsBot/7.0; +http://ahrefs.com/robot/)" "kurtswebnotes.com"
114.119.136.143 - - [17/Oct/2022:18:17:15 -0700] "GET /wp-includes/sodium_compat/src/Core/ChaCha20/Ctx.php HTTP/1.1" 500 - "https://kurtswebnotes.com/wp-includes/sodium_compat/src/Core/ChaCha20/?C=M%3BO%3DA" "Mozilla/5.0 (Linux; Android 7.0;) AppleWebKit/537.36 (KHTML, like Gecko) Mobile Safari/537.36 (compatible; PetalBot;+https://webmaster.petalsearch.com/site/petalbot)" "kurtswebnotes.com"
51.222.253.5 - - [17/Oct/2022:18:19:24 -0700] "GET /wp-includes/blocks/audio/?C=N;O=A HTTP/1.1" 200 377 "-" "Mozilla/5.0 (compatible; AhrefsBot/7.0; +http://ahrefs.com/robot/)" "kurtswebnotes.com"
114.119.136.141 - - [17/Oct/2022:18:23:13 -0700] "GET /wp-includes/blocks/columns/?C=D%3BO%3DA HTTP/1.1" 200 377 "https://www.kurtswebnotes.com/wp-includes/blocks/columns/?C=N%3BO%3DD" "Mozilla/5.0 (Linux; Android 7.0;) AppleWebKit/537.36 (KHTML, like Gecko) Mobile Safari/537.36 (compatible; PetalBot;+https://webmaster.petalsearch.com/site/petalbot)" "www.kurtswebnotes.com"
51.222.253.8 - - [17/Oct/2022:18:25:06 -0700] "GET /wp-includes/block-supports/ HTTP/1.1" 200 462 "-" "Mozilla/5.0 (compatible; AhrefsBot/7.0; +http://ahrefs.com/robot/)" "www.kurtswebnotes.com"
35.93.62.145 - - [17/Oct/2022:18:26:19 -0700] "GET / HTTP/1.1" 200 481 "-" "Mozilla/5.0 (X11; Linux x86_64) AppleWebKit/537.36 (KHTML, like Gecko) Chrome/83.0.4103.97 Safari/537.36" "kurtswebnotes.com"
35.86.113.113 - - [17/Oct/2022:18:26:48 -0700] "GET / HTTP/1.1" 200 481 "http://kurtswebnotes.com" "Mozilla/5.0 (X11; Linux x86_64) AppleWebKit/537.36 (KHTML, like Gecko) Chrome/83.0.4103.97 Safari/537.36" "kurtswebnotes.com"
54.245.41.61 - - [17/Oct/2022:18:27:02 -0700] "GET / HTTP/1.1" 200 481 "-" "Mozilla/5.0 (X11; Linux x86_64) AppleWebKit/537.36 (KHTML, like Gecko) Chrome/83.0.4103.97 Safari/537.36" "kurtswebnotes.com"
34.216.227.8 - - [17/Oct/2022:18:27:36 -0700] "GET /favicon.ico HTTP/1.1" 404 88 "-" "Mozilla/5.0 (X11; Linux x86_64) AppleWebKit/537.36 (KHTML, like Gecko) Chrome/83.0.4103.97 Safari/537.36" "kurtswebnotes.com"
34.216.227.8 - - [17/Oct/2022:18:27:38 -0700] "GET / HTTP/1.1" 200 481 "-" "Mozilla/5.0 (X11; Linux x86_64) AppleWebKit/537.36 (KHTML, like Gecko) Chrome/83.0.4103.97 Safari/537.36" "kurtswebnotes.com"
54.212.230.52 - - [17/Oct/2022:18:27:58 -0700] "GET / HTTP/1.1" 200 481 "-" "Mozilla/5.0 (X11; Linux x86_64) AppleWebKit/537.36 (KHTML, like Gecko) Chrome/83.0.4103.97 Safari/537.36" "kurtswebnotes.com"
52.24.63.127 - - [17/Oct/2022:18:28:49 -0700] "GET /favicon.ico HTTP/1.1" 404 88 "-" "Mozilla/5.0 (X11; Linux x86_64) AppleWebKit/537.36 (KHTML, like Gecko) Chrome/83.0.4103.97 Safari/537.36" "kurtswebnotes.com"
52.24.63.127 - - [17/Oct/2022:18:28:53 -0700] "GET / HTTP/1.1" 200 481 "-" "Mozilla/5.0 (X11; Linux x86_64) AppleWebKit/537.36 (KHTML, like Gecko) Chrome/83.0.4103.97 Safari/537.36" "kurtswebnotes.com"
114.119.136.143 - - [17/Oct/2022:18:28:57 -0700] "GET /wp-includes/sodium_compat/src/Core/?C=D%3BO%3DA HTTP/1.1" 200 645 "https://www.kurtswebnotes.com/wp-includes/sodium_compat/src/Core/?C=M%3BO%3DA" "Mozilla/5.0 (Linux; Android 7.0;) AppleWebKit/537.36 (KHTML, like Gecko) Mobile Safari/537.36 (compatible; PetalBot;+https://webmaster.petalsearch.com/site/petalbot)" "www.kurtswebnotes.com"
114.119.136.143 - - [17/Oct/2022:18:34:54 -0700] "GET /wp-includes/blocks/group/?C=M%3BO%3DA HTTP/1.1" 200 377 "https://kurtswebnotes.com/wp-includes/blocks/group/?C=N%3BO%3DD" "Mozilla/5.0 (Linux; Android 7.0;) AppleWebKit/537.36 (KHTML, like Gecko) Mobile Safari/537.36 (compatible; PetalBot;+https://webmaster.petalsearch.com/site/petalbot)" "kurtswebnotes.com"
62.28.83.126 - - [17/Oct/2022:18:40:04 -0700] "GET /blog/images/izanami.php HTTP/1.1" 404 73 "kurtswebnotes.com" "Mozilla/5.0 (Windows NT 6.1; WOW64) AppleWebKit/537.36 (KHTML, like Gecko) Chrome/50.0.2661.75 Safari/537.36" "kurtswebnotes.com"
62.28.83.126 - - [17/Oct/2022:18:40:25 -0700] "GET /blog/wp-content/plugins/ioptimization/IOptimize.php?rchk=1 HTTP/1.1" 404 73 "kurtswebnotes.com" "Mozilla/5.0 (Windows NT 6.1; WOW64) AppleWebKit/537.36 (KHTML, like Gecko) Chrome/50.0.2661.75 Safari/537.36" "kurtswebnotes.com"
114.119.136.144 - - [17/Oct/2022:18:40:47 -0700] "GET /wp-includes/sodium_compat/src/Core32/Curve25519/?C=D%3BO%3DA HTTP/1.1" 200 435 "https://www.kurtswebnotes.com/wp-includes/sodium_compat/src/Core32/Curve25519/" "Mozilla/5.0 (Linux; Android 7.0;) AppleWebKit/537.36 (KHTML, like Gecko) Mobile Safari/537.36 (compatible; PetalBot;+https://webmaster.petalsearch.com/site/petalbot)" "www.kurtswebnotes.com"
157.90.182.25 - - [17/Oct/2022:18:42:06 -0700] "GET /robots.txt HTTP/1.1" 200 101 "-" "Mozilla/5.0 (compatible; BLEXBot/1.0; +http://webmeup-crawler.com/)" "kurtswebnotes.com"
157.90.182.25 - - [17/Oct/2022:18:42:06 -0700] "GET /robots.txt HTTP/1.1" 200 101 "-" "Mozilla/5.0 (compatible; BLEXBot/1.0; +http://webmeup-crawler.com/)" "kurtswebnotes.com"
157.90.182.25 - - [17/Oct/2022:18:42:06 -0700] "GET /wp-includes/css/dist/block-directory/?C=M;O=A HTTP/1.1" 200 421 "-" "Mozilla/5.0 (compatible; BLEXBot/1.0; +http://webmeup-crawler.com/)" "kurtswebnotes.com"
157.90.182.25 - - [17/Oct/2022:18:42:07 -0700] "GET /sitemap.txt HTTP/1.1" 404 88 "-" "Mozilla/5.0 (compatible; BLEXBot/1.0; +http://webmeup-crawler.com/)" "kurtswebnotes.com"
157.90.182.25 - - [17/Oct/2022:18:42:08 -0700] "GET /sitemap.txt HTTP/1.1" 404 88 "-" "Mozilla/5.0 (compatible; BLEXBot/1.0; +http://webmeup-crawler.com/)" "kurtswebnotes.com"
157.90.182.25 - - [17/Oct/2022:18:42:11 -0700] "GET /wp-admin/css/colors/?C=D;O=D HTTP/1.1" 200 360 "-" "Mozilla/5.0 (compatible; BLEXBot/1.0; +http://webmeup-crawler.com/)" "kurtswebnotes.com"
157.90.182.25 - - [17/Oct/2022:18:42:12 -0700] "GET /wp-admin/css/colors/?C=M;O=D HTTP/1.1" 200 360 "-" "Mozilla/5.0 (compatible; BLEXBot/1.0; +http://webmeup-crawler.com/)" "kurtswebnotes.com"
157.90.182.25 - - [17/Oct/2022:18:42:13 -0700] "GET /wp-includes/css/dist/block-directory/?C=N;O=D HTTP/1.1" 200 423 "-" "Mozilla/5.0 (compatible; BLEXBot/1.0; +http://webmeup-crawler.com/)" "kurtswebnotes.com"
157.90.182.25 - - [17/Oct/2022:18:42:15 -0700] "GET /wp-admin/css/colors/?C=N;O=A HTTP/1.1" 200 362 "-" "Mozilla/5.0 (compatible; BLEXBot/1.0; +http://webmeup-crawler.com/)" "kurtswebnotes.com"
157.90.182.25 - - [17/Oct/2022:18:42:17 -0700] "GET /wp-admin/css/colors/?C=S;O=D HTTP/1.1" 200 360 "-" "Mozilla/5.0 (compatible; BLEXBot/1.0; +http://webmeup-crawler.com/)" "kurtswebnotes.com"
157.90.182.25 - - [17/Oct/2022:18:42:21 -0700] "GET /wp-includes/css/dist/block-directory/?C=S;O=A HTTP/1.1" 200 424 "-" "Mozilla/5.0 (compatible; BLEXBot/1.0; +http://webmeup-crawler.com/)" "kurtswebnotes.com"
157.90.182.25 - - [17/Oct/2022:18:42:22 -0700] "GET /wp-admin/css/colors/modern/?C=D;O=A HTTP/1.1" 200 438 "-" "Mozilla/5.0 (compatible; BLEXBot/1.0; +http://webmeup-crawler.com/)" "kurtswebnotes.com"
157.90.182.25 - - [17/Oct/2022:18:42:25 -0700] "GET /wp-admin/css/colors/modern/?C=M;O=A HTTP/1.1" 200 441 "-" "Mozilla/5.0 (compatible; BLEXBot/1.0; +http://webmeup-crawler.com/)" "kurtswebnotes.com"
157.90.182.25 - - [17/Oct/2022:18:42:25 -0700] "GET /wp-includes/css/dist/block-editor/?C=D;O=A HTTP/1.1" 200 424 "-" "Mozilla/5.0 (compatible; BLEXBot/1.0; +http://webmeup-crawler.com/)" "kurtswebnotes.com"
157.90.182.25 - - [17/Oct/2022:18:42:27 -0700] "GET /wp-admin/css/colors/modern/?C=N;O=D HTTP/1.1" 200 440 "-" "Mozilla/5.0 (compatible; BLEXBot/1.0; +http://webmeup-crawler.com/)" "kurtswebnotes.com"
157.90.182.25 - - [17/Oct/2022:18:42:30 -0700] "GET /wp-includes/css/dist/block-editor/?C=M;O=A HTTP/1.1" 200 424 "-" "Mozilla/5.0 (compatible; BLEXBot/1.0; +http://webmeup-crawler.com/)" "kurtswebnotes.com"
157.90.182.25 - - [17/Oct/2022:18:42:31 -0700] "GET /wp-admin/css/colors/modern/?C=S;O=A HTTP/1.1" 200 441 "-" "Mozilla/5.0 (compatible; BLEXBot/1.0; +http://webmeup-crawler.com/)" "kurtswebnotes.com"
157.90.182.25 - - [17/Oct/2022:18:42:33 -0700] "GET /wp-content/themes/twentytwenty/ HTTP/1.1" 500 - "-" "Mozilla/5.0 (compatible; BLEXBot/1.0; +http://webmeup-crawler.com/)" "kurtswebnotes.com"
157.90.182.25 - - [17/Oct/2022:18:42:36 -0700] "GET /wp-content/themes/twentytwentyone/ HTTP/1.1" 500 - "-" "Mozilla/5.0 (compatible; BLEXBot/1.0; +http://webmeup-crawler.com/)" "kurtswebnotes.com"
157.90.182.25 - - [17/Oct/2022:18:42:36 -0700] "GET /wp-includes/css/dist/block-editor/?C=N;O=D HTTP/1.1" 200 426 "-" "Mozilla/5.0 (compatible; BLEXBot/1.0; +http://webmeup-crawler.com/)" "kurtswebnotes.com"
157.90.182.25 - - [17/Oct/2022:18:42:40 -0700] "GET /wp-includes/block-patterns/heading-paragraph.php HTTP/1.1" 500 - "-" "Mozilla/5.0 (compatible; BLEXBot/1.0; +http://webmeup-crawler.com/)" "kurtswebnotes.com"
157.90.182.25 - - [17/Oct/2022:18:42:41 -0700] "GET /wp-includes/css/dist/block-editor/?C=S;O=A HTTP/1.1" 200 423 "-" "Mozilla/5.0 (compatible; BLEXBot/1.0; +http://webmeup-crawler.com/)" "kurtswebnotes.com"
157.90.182.25 - - [17/Oct/2022:18:42:46 -0700] "GET /wp-includes/block-patterns/large-header-button.php HTTP/1.1" 500 - "-" "Mozilla/5.0 (compatible; BLEXBot/1.0; +http://webmeup-crawler.com/)" "kurtswebnotes.com"
157.90.182.25 - - [17/Oct/2022:18:42:47 -0700] "GET /wp-includes/sitemaps/providers/?C=D;O=D HTTP/1.1" 200 433 "-" "Mozilla/5.0 (compatible; BLEXBot/1.0; +http://webmeup-crawler.com/)" "kurtswebnotes.com"
157.90.182.25 - - [17/Oct/2022:18:42:48 -0700] "GET /wp-includes/block-patterns/large-header.php HTTP/1.1" 500 - "-" "Mozilla/5.0 (compatible; BLEXBot/1.0; +http://webmeup-crawler.com/)" "kurtswebnotes.com"
157.90.182.25 - - [17/Oct/2022:18:42:51 -0700] "GET /wp-includes/sitemaps/providers/?C=M;O=D HTTP/1.1" 200 433 "-" "Mozilla/5.0 (compatible; BLEXBot/1.0; +http://webmeup-crawler.com/)" "kurtswebnotes.com"
157.90.182.25 - - [17/Oct/2022:18:42:51 -0700] "GET /wp-includes/block-patterns/quote.php HTTP/1.1" 500 - "-" "Mozilla/5.0 (compatible; BLEXBot/1.0; +http://webmeup-crawler.com/)" "kurtswebnotes.com"
157.90.182.25 - - [17/Oct/2022:18:42:55 -0700] "GET /wp-includes/block-patterns/text-three-columns-buttons.php HTTP/1.1" 500 - "-" "Mozilla/5.0 (compatible; BLEXBot/1.0; +http://webmeup-crawler.com/)" "kurtswebnotes.com"
157.90.182.25 - - [17/Oct/2022:18:42:56 -0700] "GET /wp-includes/sitemaps/providers/?C=N;O=A HTTP/1.1" 200 435 "-" "Mozilla/5.0 (compatible; BLEXBot/1.0; +http://webmeup-crawler.com/)" "kurtswebnotes.com"
157.90.182.25 - - [17/Oct/2022:18:43:00 -0700] "GET /wp-includes/block-patterns/text-two-columns-with-images.php HTTP/1.1" 500 - "-" "Mozilla/5.0 (compatible; BLEXBot/1.0; +http://webmeup-crawler.com/)" "kurtswebnotes.com"
157.90.182.25 - - [17/Oct/2022:18:43:01 -0700] "GET /wp-includes/sitemaps/providers/?C=S;O=D HTTP/1.1" 200 434 "-" "Mozilla/5.0 (compatible; BLEXBot/1.0; +http://webmeup-crawler.com/)" "kurtswebnotes.com"
157.90.182.25 - - [17/Oct/2022:18:43:04 -0700] "GET /wp-includes/sitemaps/providers/class-wp-sitemaps-posts.php HTTP/1.1" 500 - "-" "Mozilla/5.0 (compatible; BLEXBot/1.0; +http://webmeup-crawler.com/)" "kurtswebnotes.com"
157.90.182.25 - - [17/Oct/2022:18:43:09 -0700] "GET /wp-includes/block-patterns/text-two-columns.php HTTP/1.1" 500 - "-" "Mozilla/5.0 (compatible; BLEXBot/1.0; +http://webmeup-crawler.com/)" "kurtswebnotes.com"
157.90.182.25 - - [17/Oct/2022:18:43:10 -0700] "GET /wp-includes/sitemaps/providers/class-wp-sitemaps-taxonomies.php HTTP/1.1" 500 - "-" "Mozilla/5.0 (compatible; BLEXBot/1.0; +http://webmeup-crawler.com/)" "kurtswebnotes.com"
157.90.182.25 - - [17/Oct/2022:18:43:13 -0700] "GET /wp-includes/block-patterns/three-buttons.php HTTP/1.1" 500 - "-" "Mozilla/5.0 (compatible; BLEXBot/1.0; +http://webmeup-crawler.com/)" "kurtswebnotes.com"
157.90.182.25 - - [17/Oct/2022:18:43:13 -0700] "GET /wp-includes/sitemaps/providers/class-wp-sitemaps-users.php HTTP/1.1" 500 - "-" "Mozilla/5.0 (compatible; BLEXBot/1.0; +http://webmeup-crawler.com/)" "kurtswebnotes.com"
157.90.182.25 - - [17/Oct/2022:18:43:16 -0700] "GET /wp-includes/block-patterns/two-buttons.php HTTP/1.1" 500 - "-" "Mozilla/5.0 (compatible; BLEXBot/1.0; +http://webmeup-crawler.com/)" "kurtswebnotes.com"
157.90.182.25 - - [17/Oct/2022:18:43:17 -0700] "GET /wp-includes/sodium_compat/lib/?C=D;O=D HTTP/1.1" 200 455 "-" "Mozilla/5.0 (compatible; BLEXBot/1.0; +http://webmeup-crawler.com/)" "kurtswebnotes.com"
157.90.182.25 - - [17/Oct/2022:18:43:20 -0700] "GET /wp-includes/block-patterns/two-images.php HTTP/1.1" 500 - "-" "Mozilla/5.0 (compatible; BLEXBot/1.0; +http://webmeup-crawler.com/)" "kurtswebnotes.com"
157.90.182.25 - - [17/Oct/2022:18:43:23 -0700] "GET /wp-includes/sodium_compat/lib/?C=M;O=D HTTP/1.1" 200 453 "-" "Mozilla/5.0 (compatible; BLEXBot/1.0; +http://webmeup-crawler.com/)" "kurtswebnotes.com"
157.90.182.25 - - [17/Oct/2022:18:43:26 -0700] "GET /wp-includes/sodium_compat/lib/?C=N;O=A HTTP/1.1" 200 460 "-" "Mozilla/5.0 (compatible; BLEXBot/1.0; +http://webmeup-crawler.com/)" "kurtswebnotes.com"
157.90.182.25 - - [17/Oct/2022:18:43:30 -0700] "GET /wp-includes/sodium_compat/lib/?C=S;O=D HTTP/1.1" 200 457 "-" "Mozilla/5.0 (compatible; BLEXBot/1.0; +http://webmeup-crawler.com/)" "kurtswebnotes.com"
157.90.182.25 - - [17/Oct/2022:18:43:39 -0700] "GET /wp-includes/sodium_compat/namespaced/?C=D;O=D HTTP/1.1" 200 439 "-" "Mozilla/5.0 (compatible; BLEXBot/1.0; +http://webmeup-crawler.com/)" "kurtswebnotes.com"
157.90.182.25 - - [17/Oct/2022:18:43:43 -0700] "GET /wp-includes/sodium_compat/namespaced/?C=M;O=D HTTP/1.1" 200 436 "-" "Mozilla/5.0 (compatible; BLEXBot/1.0; +http://webmeup-crawler.com/)" "kurtswebnotes.com"
157.90.182.25 - - [17/Oct/2022:18:43:51 -0700] "GET /wp-includes/block-supports/align.php HTTP/1.1" 500 - "-" "Mozilla/5.0 (compatible; BLEXBot/1.0; +http://webmeup-crawler.com/)" "kurtswebnotes.com"
157.90.182.25 - - [17/Oct/2022:18:43:53 -0700] "GET /wp-includes/block-supports/colors.php HTTP/1.1" 500 - "-" "Mozilla/5.0 (compatible; BLEXBot/1.0; +http://webmeup-crawler.com/)" "kurtswebnotes.com"
157.90.182.25 - - [17/Oct/2022:18:44:18 -0700] "GET /wp-includes/sodium_compat/namespaced/?C=N;O=A HTTP/1.1" 200 440 "-" "Mozilla/5.0 (compatible; BLEXBot/1.0; +http://webmeup-crawler.com/)" "kurtswebnotes.com"
157.90.182.25 - - [17/Oct/2022:18:44:21 -0700] "GET /wp-includes/sodium_compat/namespaced/?C=S;O=D HTTP/1.1" 200 438 "-" "Mozilla/5.0 (compatible; BLEXBot/1.0; +http://webmeup-crawler.com/)" "kurtswebnotes.com"
157.90.182.25 - - [17/Oct/2022:18:44:25 -0700] "GET /wp-includes/block-supports/custom-classname.php HTTP/1.1" 500 - "-" "Mozilla/5.0 (compatible; BLEXBot/1.0; +http://webmeup-crawler.com/)" "kurtswebnotes.com"
157.90.182.25 - - [17/Oct/2022:18:44:26 -0700] "GET /wp-includes/sodium_compat/namespaced/Compat.php HTTP/1.1" 500 - "-" "Mozilla/5.0 (compatible; BLEXBot/1.0; +http://webmeup-crawler.com/)" "kurtswebnotes.com"
157.90.182.25 - - [17/Oct/2022:18:44:29 -0700] "GET /wp-includes/block-supports/generated-classname.php HTTP/1.1" 500 - "-" "Mozilla/5.0 (compatible; BLEXBot/1.0; +http://webmeup-crawler.com/)" "kurtswebnotes.com"
157.90.182.25 - - [17/Oct/2022:18:44:31 -0700] "GET /wp-includes/block-supports/typography.php HTTP/1.1" 500 - "-" "Mozilla/5.0 (compatible; BLEXBot/1.0; +http://webmeup-crawler.com/)" "kurtswebnotes.com"
157.90.182.25 - - [17/Oct/2022:18:44:31 -0700] "GET /wp-includes/sodium_compat/namespaced/Core/?C=D;O=A HTTP/1.1" 200 591 "-" "Mozilla/5.0 (compatible; BLEXBot/1.0; +http://webmeup-crawler.com/)" "kurtswebnotes.com"
157.90.182.25 - - [17/Oct/2022:18:44:33 -0700] "GET /wp-includes/blocks/archives/?C=D;O=D HTTP/1.1" 200 376 "-" "Mozilla/5.0 (compatible; BLEXBot/1.0; +http://webmeup-crawler.com/)" "kurtswebnotes.com"
157.90.182.25 - - [17/Oct/2022:18:44:34 -0700] "GET /wp-includes/blocks/archives/?C=M;O=D HTTP/1.1" 200 376 "-" "Mozilla/5.0 (compatible; BLEXBot/1.0; +http://webmeup-crawler.com/)" "kurtswebnotes.com"
157.90.182.25 - - [17/Oct/2022:18:44:35 -0700] "GET /wp-includes/sodium_compat/namespaced/Core/?C=M;O=A HTTP/1.1" 200 597 "-" "Mozilla/5.0 (compatible; BLEXBot/1.0; +http://webmeup-crawler.com/)" "kurtswebnotes.com"
157.90.182.25 - - [17/Oct/2022:18:44:36 -0700] "GET /wp-includes/blocks/archives/?C=N;O=A HTTP/1.1" 200 378 "-" "Mozilla/5.0 (compatible; BLEXBot/1.0; +http://webmeup-crawler.com/)" "kurtswebnotes.com"
157.90.182.25 - - [17/Oct/2022:18:44:39 -0700] "GET /wp-includes/sodium_compat/namespaced/Core/?C=N;O=D HTTP/1.1" 200 595 "-" "Mozilla/5.0 (compatible; BLEXBot/1.0; +http://webmeup-crawler.com/)" "kurtswebnotes.com"
157.90.182.25 - - [17/Oct/2022:18:44:40 -0700] "GET /wp-includes/blocks/archives/?C=S;O=D HTTP/1.1" 200 376 "-" "Mozilla/5.0 (compatible; BLEXBot/1.0; +http://webmeup-crawler.com/)" "kurtswebnotes.com"
157.90.182.25 - - [17/Oct/2022:18:44:42 -0700] "GET /wp-includes/blocks/audio/?C=D;O=D HTTP/1.1" 200 375 "-" "Mozilla/5.0 (compatible; BLEXBot/1.0; +http://webmeup-crawler.com/)" "kurtswebnotes.com"
157.90.182.25 - - [17/Oct/2022:18:44:43 -0700] "GET /wp-includes/sodium_compat/namespaced/Core/?C=S;O=A HTTP/1.1" 200 585 "-" "Mozilla/5.0 (compatible; BLEXBot/1.0; +http://webmeup-crawler.com/)" "kurtswebnotes.com"
157.90.182.25 - - [17/Oct/2022:18:44:44 -0700] "GET /wp-includes/blocks/audio/?C=M;O=D HTTP/1.1" 200 375 "-" "Mozilla/5.0 (compatible; BLEXBot/1.0; +http://webmeup-crawler.com/)" "kurtswebnotes.com"
157.90.182.25 - - [17/Oct/2022:18:44:46 -0700] "GET /wp-includes/blocks/audio/?C=N;O=A HTTP/1.1" 200 377 "-" "Mozilla/5.0 (compatible; BLEXBot/1.0; +http://webmeup-crawler.com/)" "kurtswebnotes.com"
157.90.182.25 - - [17/Oct/2022:18:44:46 -0700] "GET /wp-includes/sodium_compat/namespaced/Core/BLAKE2b.php HTTP/1.1" 500 - "-" "Mozilla/5.0 (compatible; BLEXBot/1.0; +http://webmeup-crawler.com/)" "kurtswebnotes.com"
157.90.182.25 - - [17/Oct/2022:18:44:48 -0700] "GET /wp-includes/blocks/audio/?C=S;O=D HTTP/1.1" 200 375 "-" "Mozilla/5.0 (compatible; BLEXBot/1.0; +http://webmeup-crawler.com/)" "kurtswebnotes.com"
157.90.182.25 - - [17/Oct/2022:18:44:50 -0700] "GET /wp-includes/blocks/block/?C=D;O=D HTTP/1.1" 200 371 "-" "Mozilla/5.0 (compatible; BLEXBot/1.0; +http://webmeup-crawler.com/)" "kurtswebnotes.com"
157.90.182.25 - - [17/Oct/2022:18:44:50 -0700] "GET /wp-includes/sodium_compat/namespaced/Core/ChaCha20.php HTTP/1.1" 500 - "-" "Mozilla/5.0 (compatible; BLEXBot/1.0; +http://webmeup-crawler.com/)" "kurtswebnotes.com"
157.90.182.25 - - [17/Oct/2022:18:44:55 -0700] "GET /wp-includes/blocks/block/?C=M;O=D HTTP/1.1" 200 371 "-" "Mozilla/5.0 (compatible; BLEXBot/1.0; +http://webmeup-crawler.com/)" "kurtswebnotes.com"
157.90.182.25 - - [17/Oct/2022:18:44:55 -0700] "GET /wp-includes/sodium_compat/namespaced/Core/ChaCha20/ HTTP/1.1" 200 417 "-" "Mozilla/5.0 (compatible; BLEXBot/1.0; +http://webmeup-crawler.com/)" "kurtswebnotes.com"
157.90.182.25 - - [17/Oct/2022:18:44:57 -0700] "GET /wp-includes/blocks/block/?C=N;O=A HTTP/1.1" 200 373 "-" "Mozilla/5.0 (compatible; BLEXBot/1.0; +http://webmeup-crawler.com/)" "kurtswebnotes.com"
157.90.182.25 - - [17/Oct/2022:18:44:58 -0700] "GET /wp-includes/sodium_compat/namespaced/Core/Curve25519.php HTTP/1.1" 500 - "-" "Mozilla/5.0 (compatible; BLEXBot/1.0; +http://webmeup-crawler.com/)" "kurtswebnotes.com"
157.90.182.25 - - [17/Oct/2022:18:44:59 -0700] "GET /wp-includes/blocks/block/?C=S;O=D HTTP/1.1" 200 371 "-" "Mozilla/5.0 (compatible; BLEXBot/1.0; +http://webmeup-crawler.com/)" "kurtswebnotes.com"
157.90.182.25 - - [17/Oct/2022:18:45:01 -0700] "GET /wp-includes/blocks/button/?C=D;O=D HTTP/1.1" 200 375 "-" "Mozilla/5.0 (compatible; BLEXBot/1.0; +http://webmeup-crawler.com/)" "kurtswebnotes.com"
157.90.182.25 - - [17/Oct/2022:18:45:02 -0700] "GET /wp-includes/sodium_compat/namespaced/Core/Curve25519/ HTTP/1.1" 200 436 "-" "Mozilla/5.0 (compatible; BLEXBot/1.0; +http://webmeup-crawler.com/)" "kurtswebnotes.com"
