178.17.168.164 - - [17/Oct/2022:05:10:33 -0700] "GET /blog/2016/01/13/my-first-instagram-image/ HTTP/1.1" 404 73 "https://kurtswebnotes.com/blog/2016/01/13/my-first-instagram-image/" "Mozilla/5.0 (Windows NT 10.0) AppleWebKit/537.36 (KHTML, like Gecko) Chrome/90.0.4430.85 Safari/537.36 Edg/90.0.818.46" "kurtswebnotes.com"
178.17.168.164 - - [17/Oct/2022:05:10:34 -0700] "GET / HTTP/1.1" 200 1458 "https://kurtswebnotes.com/" "Mozilla/5.0 (Windows NT 10.0) AppleWebKit/537.36 (KHTML, like Gecko) Chrome/90.0.4430.85 Safari/537.36 Edg/90.0.818.46" "kurtswebnotes.com"
109.248.129.99 - - [17/Oct/2022:05:43:34 -0700] "GET /blog/2016/01/13/my-first-instagram-image/ HTTP/1.1" 404 73 "https://kurtswebnotes.com/blog/2016/01/13/my-first-instagram-image/" "Mozilla/5.0 (Windows NT 10.0; WOW64) AppleWebKit/537.36 (KHTML, like Gecko) Chrome/90.0.4430.85 Safari/537.36" "kurtswebnotes.com"
109.248.129.99 - - [17/Oct/2022:05:43:35 -0700] "GET / HTTP/1.1" 200 1458 "https://kurtswebnotes.com/" "Mozilla/5.0 (Windows NT 10.0; WOW64) AppleWebKit/537.36 (KHTML, like Gecko) Chrome/90.0.4430.85 Safari/537.36" "kurtswebnotes.com"
35.243.130.240 - - [17/Oct/2022:06:04:38 -0700] "GET /robots.txt HTTP/1.1" 200 101 "-" "ZoominfoBot (zoominfobot at zoominfo dot com)" "www.kurtswebnotes.com"
35.243.130.240 - - [17/Oct/2022:06:04:38 -0700] "GET /robots.txt HTTP/1.1" 200 101 "-" "ZoominfoBot (zoominfobot at zoominfo dot com)" "www.kurtswebnotes.com"
35.243.130.240 - - [17/Oct/2022:06:04:38 -0700] "GET / HTTP/1.1" 200 481 "-" "ZoominfoBot (zoominfobot at zoominfo dot com)" "www.kurtswebnotes.com"
114.119.136.138 - - [17/Oct/2022:06:19:06 -0700] "GET /wp-includes/blocks/code/block.json HTTP/1.1" 200 175 "https://kurtswebnotes.com/wp-includes/blocks/code/" "Mozilla/5.0 (Linux; Android 7.0;) AppleWebKit/537.36 (KHTML, like Gecko) Mobile Safari/537.36 (compatible; PetalBot;+https://webmaster.petalsearch.com/site/petalbot)" "kurtswebnotes.com"
114.119.136.14 - - [17/Oct/2022:06:34:55 -0700] "GET /wp-includes/blocks/spacer/block.json HTTP/1.1" 200 176 "https://www.kurtswebnotes.com/wp-includes/blocks/spacer/?C=N%3BO%3DD" "Mozilla/5.0 (Linux; Android 7.0;) AppleWebKit/537.36 (KHTML, like Gecko) Mobile Safari/537.36 (compatible; PetalBot;+https://webmaster.petalsearch.com/site/petalbot)" "www.kurtswebnotes.com"
114.119.136.143 - - [17/Oct/2022:06:40:22 -0700] "GET /wp-includes/blocks/nextpage/?C=S%3BO%3DA HTTP/1.1" 200 379 "https://kurtswebnotes.com/wp-includes/blocks/nextpage/?C=N%3BO%3DD" "Mozilla/5.0 (Linux; Android 7.0;) AppleWebKit/537.36 (KHTML, like Gecko) Mobile Safari/537.36 (compatible; PetalBot;+https://webmaster.petalsearch.com/site/petalbot)" "kurtswebnotes.com"
114.119.136.143 - - [17/Oct/2022:06:45:45 -0700] "GET /wp-includes/blocks/latest-comments/?C=D%3BO%3DA HTTP/1.1" 200 383 "https://kurtswebnotes.com/wp-includes/blocks/latest-comments/" "Mozilla/5.0 (Linux; Android 7.0;) AppleWebKit/537.36 (KHTML, like Gecko) Mobile Safari/537.36 (compatible; PetalBot;+https://webmaster.petalsearch.com/site/petalbot)" "kurtswebnotes.com"
114.119.136.14 - - [17/Oct/2022:06:51:13 -0700] "GET /wp-includes/assets/ HTTP/1.1" 200 390 "https://www.kurtswebnotes.com/wp-includes/?C=D%3BO%3DA" "Mozilla/5.0 (Linux; Android 7.0;) AppleWebKit/537.36 (KHTML, like Gecko) Mobile Safari/537.36 (compatible; PetalBot;+https://webmaster.petalsearch.com/site/petalbot)" "www.kurtswebnotes.com"
114.119.136.143 - - [17/Oct/2022:06:56:45 -0700] "GET /wp-content/?C=D%3BO%3DA HTTP/1.1" 200 354 "https://kurtswebnotes.com/wp-content/?C=N%3BO%3DD" "Mozilla/5.0 (Linux; Android 7.0;) AppleWebKit/537.36 (KHTML, like Gecko) Mobile Safari/537.36 (compatible; PetalBot;+https://webmaster.petalsearch.com/site/petalbot)" "kurtswebnotes.com"
114.119.136.138 - - [17/Oct/2022:07:02:06 -0700] "GET /wp-includes/blocks/latest-comments/?C=S%3BO%3DA HTTP/1.1" 200 383 "https://www.kurtswebnotes.com/wp-includes/blocks/latest-comments/?C=N%3BO%3DD" "Mozilla/5.0 (Linux; Android 7.0;) AppleWebKit/537.36 (KHTML, like Gecko) Mobile Safari/537.36 (compatible; PetalBot;+https://webmaster.petalsearch.com/site/petalbot)" "www.kurtswebnotes.com"
176.124.223.175 - - [17/Oct/2022:07:03:35 -0700] "GET /blog/2016/01/13/my-first-instagram-image/ HTTP/1.1" 404 73 "https://kurtswebnotes.com/blog/2016/01/13/my-first-instagram-image/" "Mozilla/5.0 (Windows NT 6.1) AppleWebKit/537.36 (KHTML, like Gecko) Chrome/90.0.4430.93 Safari/537.36" "kurtswebnotes.com"
176.124.223.175 - - [17/Oct/2022:07:03:36 -0700] "GET / HTTP/1.1" 200 1458 "https://kurtswebnotes.com/" "Mozilla/5.0 (Windows NT 6.1) AppleWebKit/537.36 (KHTML, like Gecko) Chrome/90.0.4430.93 Safari/537.36" "kurtswebnotes.com"
114.119.136.143 - - [17/Oct/2022:07:07:37 -0700] "GET /wp-content/ HTTP/1.1" 200 354 "https://www.kurtswebnotes.com/?C=S%3BO%3DA" "Mozilla/5.0 (Linux; Android 7.0;) AppleWebKit/537.36 (KHTML, like Gecko) Mobile Safari/537.36 (compatible; PetalBot;+https://webmaster.petalsearch.com/site/petalbot)" "www.kurtswebnotes.com"
114.119.136.141 - - [17/Oct/2022:07:13:06 -0700] "GET /wp-includes/blocks/pullquote/block.json HTTP/1.1" 200 278 "https://kurtswebnotes.com/wp-includes/blocks/pullquote/?C=N%3BO%3DD" "Mozilla/5.0 (Linux; Android 7.0;) AppleWebKit/537.36 (KHTML, like Gecko) Mobile Safari/537.36 (compatible; PetalBot;+https://webmaster.petalsearch.com/site/petalbot)" "kurtswebnotes.com"
114.119.136.143 - - [17/Oct/2022:07:18:34 -0700] "GET /wp-includes/sodium_compat/src/Core32/Curve25519/Ge/P2.php HTTP/1.1" 200 - "https://kurtswebnotes.com/wp-includes/sodium_compat/src/Core32/Curve25519/Ge/" "Mozilla/5.0 (Linux; Android 7.0;) AppleWebKit/537.36 (KHTML, like Gecko) Mobile Safari/537.36 (compatible; PetalBot;+https://webmaster.petalsearch.com/site/petalbot)" "kurtswebnotes.com"
114.119.136.14 - - [17/Oct/2022:07:24:05 -0700] "GET /wp-admin/css/?C=D%3BO%3DA HTTP/1.1" 200 357 "https://www.kurtswebnotes.com/wp-admin/css/?C=M%3BO%3DA" "Mozilla/5.0 (Linux; Android 7.0;) AppleWebKit/537.36 (KHTML, like Gecko) Mobile Safari/537.36 (compatible; PetalBot;+https://webmaster.petalsearch.com/site/petalbot)" "www.kurtswebnotes.com"
114.119.136.14 - - [17/Oct/2022:07:29:32 -0700] "GET /wp-includes/blocks/table/?C=D%3BO%3DA HTTP/1.1" 200 376 "https://kurtswebnotes.com/wp-includes/blocks/table/?C=S%3BO%3DA" "Mozilla/5.0 (Linux; Android 7.0;) AppleWebKit/537.36 (KHTML, like Gecko) Mobile Safari/537.36 (compatible; PetalBot;+https://webmaster.petalsearch.com/site/petalbot)" "kurtswebnotes.com"
114.119.136.141 - - [17/Oct/2022:07:35:01 -0700] "GET /wp-includes/blocks/quote/?C=D%3BO%3DA HTTP/1.1" 200 378 "https://kurtswebnotes.com/wp-includes/blocks/quote/?C=M%3BO%3DA" "Mozilla/5.0 (Linux; Android 7.0;) AppleWebKit/537.36 (KHTML, like Gecko) Mobile Safari/537.36 (compatible; PetalBot;+https://webmaster.petalsearch.com/site/petalbot)" "kurtswebnotes.com"
20.168.15.72 - - [17/Oct/2022:07:38:29 -0700] "GET / HTTP/1.1" 200 1458 "-" "Mozilla/5.0 (Windows NT 6.1; Win64; x64) AppleWebKit/537.36 (KHTML, like Gecko) Chrome/85.0.4183.102 Safari/537.36" "kurtswebnotes.com"
20.168.15.72 - - [17/Oct/2022:07:38:29 -0700] "GET /xmlrpc.php?rsd HTTP/1.1" 404 73 "-" "Mozilla/5.0 (Windows NT 6.1; Win64; x64) AppleWebKit/537.36 (KHTML, like Gecko) Chrome/85.0.4183.102 Safari/537.36" "kurtswebnotes.com"
20.168.15.72 - - [17/Oct/2022:07:38:30 -0700] "GET / HTTP/1.1" 200 1458 "-" "Mozilla/5.0 (Windows NT 6.1; Win64; x64) AppleWebKit/537.36 (KHTML, like Gecko) Chrome/85.0.4183.102 Safari/537.36" "kurtswebnotes.com"
20.168.15.72 - - [17/Oct/2022:07:38:30 -0700] "GET /blog/wp-includes/wlwmanifest.xml HTTP/1.1" 404 73 "-" "Mozilla/5.0 (Windows NT 6.1; Win64; x64) AppleWebKit/537.36 (KHTML, like Gecko) Chrome/85.0.4183.102 Safari/537.36" "kurtswebnotes.com"
20.168.15.72 - - [17/Oct/2022:07:38:31 -0700] "GET /web/wp-includes/wlwmanifest.xml HTTP/1.1" 404 73 "-" "Mozilla/5.0 (Windows NT 6.1; Win64; x64) AppleWebKit/537.36 (KHTML, like Gecko) Chrome/85.0.4183.102 Safari/537.36" "kurtswebnotes.com"
20.168.15.72 - - [17/Oct/2022:07:38:31 -0700] "GET /wordpress/wp-includes/wlwmanifest.xml HTTP/1.1" 404 73 "-" "Mozilla/5.0 (Windows NT 6.1; Win64; x64) AppleWebKit/537.36 (KHTML, like Gecko) Chrome/85.0.4183.102 Safari/537.36" "kurtswebnotes.com"
20.168.15.72 - - [17/Oct/2022:07:38:31 -0700] "GET /website/wp-includes/wlwmanifest.xml HTTP/1.1" 404 73 "-" "Mozilla/5.0 (Windows NT 6.1; Win64; x64) AppleWebKit/537.36 (KHTML, like Gecko) Chrome/85.0.4183.102 Safari/537.36" "kurtswebnotes.com"
20.168.15.72 - - [17/Oct/2022:07:38:32 -0700] "GET /wp/wp-includes/wlwmanifest.xml HTTP/1.1" 404 73 "-" "Mozilla/5.0 (Windows NT 6.1; Win64; x64) AppleWebKit/537.36 (KHTML, like Gecko) Chrome/85.0.4183.102 Safari/537.36" "kurtswebnotes.com"
20.168.15.72 - - [17/Oct/2022:07:38:32 -0700] "GET /news/wp-includes/wlwmanifest.xml HTTP/1.1" 404 73 "-" "Mozilla/5.0 (Windows NT 6.1; Win64; x64) AppleWebKit/537.36 (KHTML, like Gecko) Chrome/85.0.4183.102 Safari/537.36" "kurtswebnotes.com"
20.168.15.72 - - [17/Oct/2022:07:38:32 -0700] "GET /2018/wp-includes/wlwmanifest.xml HTTP/1.1" 404 73 "-" "Mozilla/5.0 (Windows NT 6.1; Win64; x64) AppleWebKit/537.36 (KHTML, like Gecko) Chrome/85.0.4183.102 Safari/537.36" "kurtswebnotes.com"
20.168.15.72 - - [17/Oct/2022:07:38:32 -0700] "GET /2019/wp-includes/wlwmanifest.xml HTTP/1.1" 404 73 "-" "Mozilla/5.0 (Windows NT 6.1; Win64; x64) AppleWebKit/537.36 (KHTML, like Gecko) Chrome/85.0.4183.102 Safari/537.36" "kurtswebnotes.com"
20.168.15.72 - - [17/Oct/2022:07:38:33 -0700] "GET /shop/wp-includes/wlwmanifest.xml HTTP/1.1" 404 73 "-" "Mozilla/5.0 (Windows NT 6.1; Win64; x64) AppleWebKit/537.36 (KHTML, like Gecko) Chrome/85.0.4183.102 Safari/537.36" "kurtswebnotes.com"
20.168.15.72 - - [17/Oct/2022:07:38:33 -0700] "GET /wp1/wp-includes/wlwmanifest.xml HTTP/1.1" 404 73 "-" "Mozilla/5.0 (Windows NT 6.1; Win64; x64) AppleWebKit/537.36 (KHTML, like Gecko) Chrome/85.0.4183.102 Safari/537.36" "kurtswebnotes.com"
20.168.15.72 - - [17/Oct/2022:07:38:33 -0700] "GET /test/wp-includes/wlwmanifest.xml HTTP/1.1" 404 73 "-" "Mozilla/5.0 (Windows NT 6.1; Win64; x64) AppleWebKit/537.36 (KHTML, like Gecko) Chrome/85.0.4183.102 Safari/537.36" "kurtswebnotes.com"
20.168.15.72 - - [17/Oct/2022:07:38:34 -0700] "GET /media/wp-includes/wlwmanifest.xml HTTP/1.1" 404 73 "-" "Mozilla/5.0 (Windows NT 6.1; Win64; x64) AppleWebKit/537.36 (KHTML, like Gecko) Chrome/85.0.4183.102 Safari/537.36" "kurtswebnotes.com"
20.168.15.72 - - [17/Oct/2022:07:38:34 -0700] "GET /wp2/wp-includes/wlwmanifest.xml HTTP/1.1" 404 73 "-" "Mozilla/5.0 (Windows NT 6.1; Win64; x64) AppleWebKit/537.36 (KHTML, like Gecko) Chrome/85.0.4183.102 Safari/537.36" "kurtswebnotes.com"
20.168.15.72 - - [17/Oct/2022:07:38:34 -0700] "GET /site/wp-includes/wlwmanifest.xml HTTP/1.1" 404 73 "-" "Mozilla/5.0 (Windows NT 6.1; Win64; x64) AppleWebKit/537.36 (KHTML, like Gecko) Chrome/85.0.4183.102 Safari/537.36" "kurtswebnotes.com"
20.168.15.72 - - [17/Oct/2022:07:38:35 -0700] "GET /cms/wp-includes/wlwmanifest.xml HTTP/1.1" 404 73 "-" "Mozilla/5.0 (Windows NT 6.1; Win64; x64) AppleWebKit/537.36 (KHTML, like Gecko) Chrome/85.0.4183.102 Safari/537.36" "kurtswebnotes.com"
20.168.15.72 - - [17/Oct/2022:07:38:35 -0700] "GET /sito/wp-includes/wlwmanifest.xml HTTP/1.1" 404 73 "-" "Mozilla/5.0 (Windows NT 6.1; Win64; x64) AppleWebKit/537.36 (KHTML, like Gecko) Chrome/85.0.4183.102 Safari/537.36" "kurtswebnotes.com"
114.119.136.143 - - [17/Oct/2022:07:40:31 -0700] "GET /wp-includes/blocks/categories/?C=D%3BO%3DA HTTP/1.1" 200 379 "https://www.kurtswebnotes.com/wp-includes/blocks/categories/" "Mozilla/5.0 (Linux; Android 7.0;) AppleWebKit/537.36 (KHTML, like Gecko) Mobile Safari/537.36 (compatible; PetalBot;+https://webmaster.petalsearch.com/site/petalbot)" "www.kurtswebnotes.com"
114.119.136.143 - - [17/Oct/2022:07:45:59 -0700] "GET /wp-includes/block-patterns/text-two-columns-with-images.php HTTP/1.1" 500 - "https://kurtswebnotes.com/wp-includes/block-patterns/?C=D%3BO%3DA" "Mozilla/5.0 (Linux; Android 7.0;) AppleWebKit/537.36 (KHTML, like Gecko) Mobile Safari/537.36 (compatible; PetalBot;+https://webmaster.petalsearch.com/site/petalbot)" "kurtswebnotes.com"
114.119.136.144 - - [17/Oct/2022:07:51:24 -0700] "GET /wp-includes/blocks/code/?C=M%3BO%3DA HTTP/1.1" 200 376 "https://www.kurtswebnotes.com/wp-includes/blocks/code/" "Mozilla/5.0 (Linux; Android 7.0;) AppleWebKit/537.36 (KHTML, like Gecko) Mobile Safari/537.36 (compatible; PetalBot;+https://webmaster.petalsearch.com/site/petalbot)" "www.kurtswebnotes.com"
5.39.4.40 - - [17/Oct/2022:07:56:45 -0700] "GET /wp-content/plugins/ioptimization/IOptimize.php?rchk=1 HTTP/1.1" 404 73 "kurtswebnotes.com" "Mozilla/5.0 (Windows NT 6.1; WOW64) AppleWebKit/537.36 (KHTML, like Gecko) Chrome/50.0.2661.75 Safari/537.36" "kurtswebnotes.com"
114.119.136.144 - - [17/Oct/2022:07:56:52 -0700] "GET /wp-includes/blocks/ HTTP/1.1" 200 804 "https://www.kurtswebnotes.com/wp-includes/blocks/audio/?C=D%3BO%3DA" "Mozilla/5.0 (Linux; Android 7.0;) AppleWebKit/537.36 (KHTML, like Gecko) Mobile Safari/537.36 (compatible; PetalBot;+https://webmaster.petalsearch.com/site/petalbot)" "www.kurtswebnotes.com"
114.119.136.144 - - [17/Oct/2022:08:02:20 -0700] "GET /wp-includes/blocks/pullquote/?C=M%3BO%3DA HTTP/1.1" 200 381 "https://www.kurtswebnotes.com/wp-includes/blocks/pullquote/?C=S%3BO%3DA" "Mozilla/5.0 (Linux; Android 7.0;) AppleWebKit/537.36 (KHTML, like Gecko) Mobile Safari/537.36 (compatible; PetalBot;+https://webmaster.petalsearch.com/site/petalbot)" "www.kurtswebnotes.com"
23.254.86.148 - - [17/Oct/2022:08:05:37 -0700] "GET /blog/2016/01/13/my-first-instagram-image/ HTTP/1.1" 404 88 "http://kurtswebnotes.com/blog/2016/01/13/my-first-instagram-image/" "Mozilla/5.0 (Windows NT 10.0; Win64; x64) AppleWebKit/537.36 (KHTML, like Gecko) Chrome/103.0.0.0 Safari/537.36 Edg/103.0.1264.71" "kurtswebnotes.com"
23.254.86.148 - - [17/Oct/2022:08:05:38 -0700] "GET / HTTP/1.1" 200 481 "https://kurtswebnotes.com" "Mozilla/5.0 (Windows NT 10.0; Win64; x64) AppleWebKit/537.36 (KHTML, like Gecko) Chrome/103.0.0.0 Safari/537.36 Edg/103.0.1264.71" "kurtswebnotes.com"
23.254.86.148 - - [17/Oct/2022:08:05:39 -0700] "GET /?C=M;O=A HTTP/1.1" 200 478 "https://kurtswebnotes.com" "Mozilla/5.0 (Windows NT 10.0; Win64; x64) AppleWebKit/537.36 (KHTML, like Gecko) Chrome/103.0.0.0 Safari/537.36 Edg/103.0.1264.71" "kurtswebnotes.com"
114.119.136.138 - - [17/Oct/2022:08:07:50 -0700] "GET /wp-includes/blocks/video/?C=D%3BO%3DA HTTP/1.1" 200 377 "https://www.kurtswebnotes.com/wp-includes/blocks/video/" "Mozilla/5.0 (Linux; Android 7.0;) AppleWebKit/537.36 (KHTML, like Gecko) Mobile Safari/537.36 (compatible; PetalBot;+https://webmaster.petalsearch.com/site/petalbot)" "www.kurtswebnotes.com"
114.119.136.144 - - [17/Oct/2022:08:13:17 -0700] "GET /wp-includes/block-supports/?C=S%3BO%3DA HTTP/1.1" 200 462 "https://www.kurtswebnotes.com/wp-includes/block-supports/?C=N%3BO%3DD" "Mozilla/5.0 (Linux; Android 7.0;) AppleWebKit/537.36 (KHTML, like Gecko) Mobile Safari/537.36 (compatible; PetalBot;+https://webmaster.petalsearch.com/site/petalbot)" "www.kurtswebnotes.com"
114.119.136.141 - - [17/Oct/2022:08:18:52 -0700] "GET /wp-includes/sodium_compat/ HTTP/1.1" 200 493 "https://kurtswebnotes.com/wp-includes/sodium_compat/namespaced/" "Mozilla/5.0 (Linux; Android 7.0;) AppleWebKit/537.36 (KHTML, like Gecko) Mobile Safari/537.36 (compatible; PetalBot;+https://webmaster.petalsearch.com/site/petalbot)" "kurtswebnotes.com"
114.119.136.14 - - [17/Oct/2022:08:24:19 -0700] "GET /wp-includes/blocks/?C=S%3BO%3DA HTTP/1.1" 200 804 "https://kurtswebnotes.com/wp-includes/blocks/?C=D%3BO%3DA" "Mozilla/5.0 (Linux; Android 7.0;) AppleWebKit/537.36 (KHTML, like Gecko) Mobile Safari/537.36 (compatible; PetalBot;+https://webmaster.petalsearch.com/site/petalbot)" "kurtswebnotes.com"
114.119.136.138 - - [17/Oct/2022:08:29:47 -0700] "GET /wp-includes/sodium_compat/src/Core/?C=M%3BO%3DA HTTP/1.1" 200 645 "https://kurtswebnotes.com/wp-includes/sodium_compat/src/Core/?C=D%3BO%3DA" "Mozilla/5.0 (Linux; Android 7.0;) AppleWebKit/537.36 (KHTML, like Gecko) Mobile Safari/537.36 (compatible; PetalBot;+https://webmaster.petalsearch.com/site/petalbot)" "kurtswebnotes.com"
114.119.136.143 - - [17/Oct/2022:08:35:19 -0700] "GET /wp-includes/blocks/group/ HTTP/1.1" 200 377 "https://www.kurtswebnotes.com/wp-includes/blocks/?C=N%3BO%3DD" "Mozilla/5.0 (Linux; Android 7.0;) AppleWebKit/537.36 (KHTML, like Gecko) Mobile Safari/537.36 (compatible; PetalBot;+https://webmaster.petalsearch.com/site/petalbot)" "www.kurtswebnotes.com"
114.119.136.141 - - [17/Oct/2022:08:40:44 -0700] "GET /wp-includes/blocks/image/ HTTP/1.1" 200 378 "https://kurtswebnotes.com/wp-includes/blocks/?C=D%3BO%3DA" "Mozilla/5.0 (Linux; Android 7.0;) AppleWebKit/537.36 (KHTML, like Gecko) Mobile Safari/537.36 (compatible; PetalBot;+https://webmaster.petalsearch.com/site/petalbot)" "kurtswebnotes.com"
114.119.136.144 - - [17/Oct/2022:08:46:13 -0700] "GET /wp-includes/sodium_compat/src/Core32/SipHash.php HTTP/1.1" 500 - "https://kurtswebnotes.com/wp-includes/sodium_compat/src/Core32/?C=D%3BO%3DA" "Mozilla/5.0 (Linux; Android 7.0;) AppleWebKit/537.36 (KHTML, like Gecko) Mobile Safari/537.36 (compatible; PetalBot;+https://webmaster.petalsearch.com/site/petalbot)" "kurtswebnotes.com"
87.249.43.162 - - [17/Oct/2022:08:48:54 -0700] "GET /wp-commentin.php HTTP/1.1" 404 73 "-" "Mozilla/5.0 (Windows NT 10.0; Win64; x64; rv:89.0) Gecko/20100101 Firefox/89.0" "kurtswebnotes.com"
114.119.136.143 - - [17/Oct/2022:08:51:43 -0700] "GET /wp-includes/sodium_compat/src/Crypto32.php HTTP/1.1" 200 - "https://kurtswebnotes.com/wp-includes/sodium_compat/src/" "Mozilla/5.0 (Linux; Android 7.0;) AppleWebKit/537.36 (KHTML, like Gecko) Mobile Safari/537.36 (compatible; PetalBot;+https://webmaster.petalsearch.com/site/petalbot)" "kurtswebnotes.com"
114.119.136.138 - - [17/Oct/2022:08:57:14 -0700] "GET /wp-includes/blocks/preformatted/?C=N%3BO%3DD HTTP/1.1" 200 382 "https://www.kurtswebnotes.com/wp-includes/blocks/preformatted/?C=M%3BO%3DA" "Mozilla/5.0 (Linux; Android 7.0;) AppleWebKit/537.36 (KHTML, like Gecko) Mobile Safari/537.36 (compatible; PetalBot;+https://webmaster.petalsearch.com/site/petalbot)" "www.kurtswebnotes.com"
114.119.136.144 - - [17/Oct/2022:09:02:49 -0700] "GET /wp-includes/sodium_compat/namespaced/Crypto.php HTTP/1.1" 500 - "https://www.kurtswebnotes.com/wp-includes/sodium_compat/namespaced/?C=D%3BO%3DA" "Mozilla/5.0 (Linux; Android 7.0;) AppleWebKit/537.36 (KHTML, like Gecko) Mobile Safari/537.36 (compatible; PetalBot;+https://webmaster.petalsearch.com/site/petalbot)" "www.kurtswebnotes.com"
114.119.136.143 - - [17/Oct/2022:09:08:23 -0700] "GET /wp-includes/sodium_compat/src/Core/Curve25519/Ge/?C=N%3BO%3DD HTTP/1.1" 200 457 "https://kurtswebnotes.com/wp-includes/sodium_compat/src/Core/Curve25519/Ge/?C=S%3BO%3DA" "Mozilla/5.0 (Linux; Android 7.0;) AppleWebKit/537.36 (KHTML, like Gecko) Mobile Safari/537.36 (compatible; PetalBot;+https://webmaster.petalsearch.com/site/petalbot)" "kurtswebnotes.com"
114.119.136.138 - - [17/Oct/2022:09:13:56 -0700] "GET /wp-includes/sodium_compat/src/Core32/ HTTP/1.1" 200 669 "https://kurtswebnotes.com/wp-includes/sodium_compat/src/Core32/SecretStream/" "Mozilla/5.0 (Linux; Android 7.0;) AppleWebKit/537.36 (KHTML, like Gecko) Mobile Safari/537.36 (compatible; PetalBot;+https://webmaster.petalsearch.com/site/petalbot)" "kurtswebnotes.com"
185.191.171.7 - - [17/Oct/2022:09:19:32 -0700] "GET /robots.txt HTTP/1.1" 200 101 "-" "Mozilla/5.0 (compatible; SemrushBot/7~bl; +http://www.semrush.com/bot.html)" "kurtswebnotes.com"
185.191.171.25 - - [17/Oct/2022:09:19:33 -0700] "GET /wp-includes/assets/?C=S%3BO%3DA HTTP/1.1" 200 390 "-" "Mozilla/5.0 (compatible; SemrushBot/7~bl; +http://www.semrush.com/bot.html)" "kurtswebnotes.com"
114.119.136.141 - - [17/Oct/2022:09:19:36 -0700] "GET /wp-includes/sodium_compat/?C=S%3BO%3DA HTTP/1.1" 200 493 "https://kurtswebnotes.com/wp-includes/sodium_compat/?C=N%3BO%3DD" "Mozilla/5.0 (Linux; Android 7.0;) AppleWebKit/537.36 (KHTML, like Gecko) Mobile Safari/537.36 (compatible; PetalBot;+https://webmaster.petalsearch.com/site/petalbot)" "kurtswebnotes.com"
114.119.136.138 - - [17/Oct/2022:09:25:10 -0700] "GET /wp-includes/blocks/heading/ HTTP/1.1" 200 377 "https://kurtswebnotes.com/wp-includes/blocks/?C=D%3BO%3DA" "Mozilla/5.0 (Linux; Android 7.0;) AppleWebKit/537.36 (KHTML, like Gecko) Mobile Safari/537.36 (compatible; PetalBot;+https://webmaster.petalsearch.com/site/petalbot)" "kurtswebnotes.com"
114.119.136.14 - - [17/Oct/2022:09:30:44 -0700] "GET /wp-includes/blocks/column/block.json HTTP/1.1" 200 197 "https://www.kurtswebnotes.com/wp-includes/blocks/column/?C=D%3BO%3DA" "Mozilla/5.0 (Linux; Android 7.0;) AppleWebKit/537.36 (KHTML, like Gecko) Mobile Safari/537.36 (compatible; PetalBot;+https://webmaster.petalsearch.com/site/petalbot)" "www.kurtswebnotes.com"
114.119.136.144 - - [17/Oct/2022:09:36:15 -0700] "GET /download/ HTTP/1.1" 200 313 "https://kurtswebnotes.com/?C=N%3BO%3DD" "Mozilla/5.0 (Linux; Android 7.0;) AppleWebKit/537.36 (KHTML, like Gecko) Mobile Safari/537.36 (compatible; PetalBot;+https://webmaster.petalsearch.com/site/petalbot)" "kurtswebnotes.com"
114.119.136.144 - - [17/Oct/2022:09:41:48 -0700] "GET /wp-includes/blocks/table/block.json HTTP/1.1" 200 429 "https://www.kurtswebnotes.com/wp-includes/blocks/table/" "Mozilla/5.0 (Linux; Android 7.0;) AppleWebKit/537.36 (KHTML, like Gecko) Mobile Safari/537.36 (compatible; PetalBot;+https://webmaster.petalsearch.com/site/petalbot)" "www.kurtswebnotes.com"
51.222.253.7 - - [17/Oct/2022:09:43:22 -0700] "GET /robots.txt HTTP/1.1" 200 101 "-" "Mozilla/5.0 (compatible; AhrefsBot/7.0; +http://ahrefs.com/robot/)" "kurtswebnotes.com"
51.222.253.20 - - [17/Oct/2022:09:43:23 -0700] "GET / HTTP/1.1" 200 481 "-" "Mozilla/5.0 (compatible; AhrefsBot/7.0; +http://ahrefs.com/robot/)" "kurtswebnotes.com"
114.119.136.138 - - [17/Oct/2022:09:47:24 -0700] "GET /wp-includes/blocks/missing/?C=M%3BO%3DA HTTP/1.1" 200 377 "https://kurtswebnotes.com/wp-includes/blocks/missing/?C=N%3BO%3DD" "Mozilla/5.0 (Linux; Android 7.0;) AppleWebKit/537.36 (KHTML, like Gecko) Mobile Safari/537.36 (compatible; PetalBot;+https://webmaster.petalsearch.com/site/petalbot)" "kurtswebnotes.com"
114.119.136.141 - - [17/Oct/2022:09:53:02 -0700] "GET /wp-includes/blocks/group/ HTTP/1.1" 200 377 "https://kurtswebnotes.com/wp-includes/blocks/?C=D%3BO%3DA" "Mozilla/5.0 (Linux; Android 7.0;) AppleWebKit/537.36 (KHTML, like Gecko) Mobile Safari/537.36 (compatible; PetalBot;+https://webmaster.petalsearch.com/site/petalbot)" "kurtswebnotes.com"
114.119.136.143 - - [17/Oct/2022:09:58:35 -0700] "GET /wp-includes/sodium_compat/namespaced/Core/?C=M%3BO%3DA HTTP/1.1" 200 591 "https://kurtswebnotes.com/wp-includes/sodium_compat/namespaced/Core/?C=S%3BO%3DA" "Mozilla/5.0 (Linux; Android 7.0;) AppleWebKit/537.36 (KHTML, like Gecko) Mobile Safari/537.36 (compatible; PetalBot;+https://webmaster.petalsearch.com/site/petalbot)" "kurtswebnotes.com"
114.119.136.138 - - [17/Oct/2022:10:04:16 -0700] "GET /wp-includes/blocks/paragraph/block.json HTTP/1.1" 200 335 "https://www.kurtswebnotes.com/wp-includes/blocks/paragraph/?C=N%3BO%3DD" "Mozilla/5.0 (Linux; Android 7.0;) AppleWebKit/537.36 (KHTML, like Gecko) Mobile Safari/537.36 (compatible; PetalBot;+https://webmaster.petalsearch.com/site/petalbot)" "www.kurtswebnotes.com"
114.119.136.144 - - [17/Oct/2022:10:09:48 -0700] "GET /wp-includes/css/dist/block-editor/style-rtl.min.css HTTP/1.1" 200 12123 "https://www.kurtswebnotes.com/wp-includes/css/dist/block-editor/?C=N%3BO%3DD" "Mozilla/5.0 (Linux; Android 7.0;) AppleWebKit/537.36 (KHTML, like Gecko) Mobile Safari/537.36 (compatible; PetalBot;+https://webmaster.petalsearch.com/site/petalbot)" "www.kurtswebnotes.com"
114.119.136.144 - - [17/Oct/2022:10:15:26 -0700] "GET /wp-includes/sodium_compat/src/Core32/HChaCha20.php HTTP/1.1" 500 - "https://kurtswebnotes.com/wp-includes/sodium_compat/src/Core32/?C=D%3BO%3DA" "Mozilla/5.0 (Linux; Android 7.0;) AppleWebKit/537.36 (KHTML, like Gecko) Mobile Safari/537.36 (compatible; PetalBot;+https://webmaster.petalsearch.com/site/petalbot)" "kurtswebnotes.com"
114.119.136.143 - - [17/Oct/2022:10:21:08 -0700] "GET /wp-includes/sodium_compat/src/Core32/Curve25519/Ge/?C=S%3BO%3DA HTTP/1.1" 200 459 "https://kurtswebnotes.com/wp-includes/sodium_compat/src/Core32/Curve25519/Ge/" "Mozilla/5.0 (Linux; Android 7.0;) AppleWebKit/537.36 (KHTML, like Gecko) Mobile Safari/537.36 (compatible; PetalBot;+https://webmaster.petalsearch.com/site/petalbot)" "kurtswebnotes.com"
167.235.153.8 - - [17/Oct/2022:10:24:26 -0700] "GET /wp-content/plugins/ioptimization/IOptimize.php?rchk HTTP/1.1" 404 88 "www.google.com" "Mozlila/5.0 (Linux; Android 7.0; SM-G892A Bulid/NRD90M; wv) AppleWebKit/537.36 (KHTML, like Gecko) Version/4.0 Chrome/60.0.3112.107 Moblie Safari/537.36" "kurtswebnotes.com"
114.119.136.141 - - [17/Oct/2022:10:26:48 -0700] "GET /wp-includes/sodium_compat/namespaced/Core/Poly1305/State.php HTTP/1.1" 500 - "https://kurtswebnotes.com/wp-includes/sodium_compat/namespaced/Core/Poly1305/?C=S%3BO%3DA" "Mozilla/5.0 (Linux; Android 7.0;) AppleWebKit/537.36 (KHTML, like Gecko) Mobile Safari/537.36 (compatible; PetalBot;+https://webmaster.petalsearch.com/site/petalbot)" "kurtswebnotes.com"
114.119.136.14 - - [17/Oct/2022:10:32:26 -0700] "GET /wp-includes/sodium_compat/lib/sodium_compat.php HTTP/1.1" 200 - "https://kurtswebnotes.com/wp-includes/sodium_compat/lib/?C=M%3BO%3DA" "Mozilla/5.0 (Linux; Android 7.0;) AppleWebKit/537.36 (KHTML, like Gecko) Mobile Safari/537.36 (compatible; PetalBot;+https://webmaster.petalsearch.com/site/petalbot)" "kurtswebnotes.com"
107.152.217.4 - - [17/Oct/2022:10:34:53 -0700] "GET /blog/2016/01/13/my-first-instagram-image/ HTTP/1.1" 404 73 "https://kurtswebnotes.com/blog/2016/01/13/my-first-instagram-image/" "Mozilla/5.0 (Windows NT 10.0; Win64; x64) AppleWebKit/537.36 (KHTML, like Gecko) Chrome/90.0.4430.86 Safari/537.36" "kurtswebnotes.com"
107.152.217.4 - - [17/Oct/2022:10:34:56 -0700] "GET / HTTP/1.1" 200 1458 "https://kurtswebnotes.com/" "Mozilla/5.0 (Windows NT 10.0; Win64; x64) AppleWebKit/537.36 (KHTML, like Gecko) Chrome/90.0.4430.86 Safari/537.36" "kurtswebnotes.com"
114.119.136.14 - - [17/Oct/2022:10:37:59 -0700] "GET /wp-includes/css/dist/block-directory/style-rtl.css HTTP/1.1" 200 1740 "https://kurtswebnotes.com/wp-includes/css/dist/block-directory/?C=S%3BO%3DA" "Mozilla/5.0 (Linux; Android 7.0;) AppleWebKit/537.36 (KHTML, like Gecko) Mobile Safari/537.36 (compatible; PetalBot;+https://webmaster.petalsearch.com/site/petalbot)" "kurtswebnotes.com"
51.222.253.1 - - [17/Oct/2022:10:38:41 -0700] "GET / HTTP/1.1" 200 481 "-" "Mozilla/5.0 (compatible; AhrefsBot/7.0; +http://ahrefs.com/robot/)" "www.kurtswebnotes.com"
136.243.228.181 - - [17/Oct/2022:10:43:26 -0700] "GET / HTTP/1.1" 200 481 "-" "Mozilla/5.0 (compatible; DataForSeoBot/1.0; +https://dataforseo.com/dataforseo-bot)" "kurtswebnotes.com"
114.119.136.138 - - [17/Oct/2022:10:43:38 -0700] "GET /wp-includes/block-patterns/three-buttons.php HTTP/1.1" 500 - "https://kurtswebnotes.com/wp-includes/block-patterns/?C=D%3BO%3DA" "Mozilla/5.0 (Linux; Android 7.0;) AppleWebKit/537.36 (KHTML, like Gecko) Mobile Safari/537.36 (compatible; PetalBot;+https://webmaster.petalsearch.com/site/petalbot)" "kurtswebnotes.com"
114.119.136.138 - - [17/Oct/2022:10:49:18 -0700] "GET /wp-includes/sodium_compat/src/Core32/Curve25519.php HTTP/1.1" 500 - "https://kurtswebnotes.com/wp-includes/sodium_compat/src/Core32/?C=D%3BO%3DA" "Mozilla/5.0 (Linux; Android 7.0;) AppleWebKit/537.36 (KHTML, like Gecko) Mobile Safari/537.36 (compatible; PetalBot;+https://webmaster.petalsearch.com/site/petalbot)" "kurtswebnotes.com"
114.119.136.144 - - [17/Oct/2022:10:54:54 -0700] "GET /wp-includes/sitemaps/?C=D%3BO%3DA HTTP/1.1" 200 497 "https://www.kurtswebnotes.com/wp-includes/sitemaps/" "Mozilla/5.0 (Linux; Android 7.0;) AppleWebKit/537.36 (KHTML, like Gecko) Mobile Safari/537.36 (compatible; PetalBot;+https://webmaster.petalsearch.com/site/petalbot)" "www.kurtswebnotes.com"
195.191.219.132 - - [17/Oct/2022:10:56:36 -0700] "GET /robots.txt HTTP/1.1" 200 111 "-" "Mozilla/5.0 (compatible; MJ12bot/v1.4.8; http://mj12bot.com/)" "kurtswebnotes.com"
195.191.219.132 - - [17/Oct/2022:10:56:39 -0700] "GET / HTTP/1.1" 200 481 "-" "Mozilla/5.0 (compatible; MJ12bot/v1.4.8; http://mj12bot.com/)" "kurtswebnotes.com"
195.191.219.132 - - [17/Oct/2022:10:56:44 -0700] "GET /robots.txt HTTP/1.1" 200 111 "-" "Mozilla/5.0 (compatible; MJ12bot/v1.4.8; http://mj12bot.com/)" "www.kurtswebnotes.com"
195.191.219.132 - - [17/Oct/2022:10:56:48 -0700] "GET / HTTP/1.1" 200 481 "-" "Mozilla/5.0 (compatible; MJ12bot/v1.4.8; http://mj12bot.com/)" "www.kurtswebnotes.com"
114.119.136.138 - - [17/Oct/2022:11:00:27 -0700] "GET /wp-includes/?C=N%3BO%3DD HTTP/1.1" 200 459 "https://kurtswebnotes.com/wp-includes/?C=M%3BO%3DA" "Mozilla/5.0 (Linux; Android 7.0;) AppleWebKit/537.36 (KHTML, like Gecko) Mobile Safari/537.36 (compatible; PetalBot;+https://webmaster.petalsearch.com/site/petalbot)" "kurtswebnotes.com"
114.119.136.143 - - [17/Oct/2022:11:06:04 -0700] "GET /wp-includes/sodium_compat/src/Core32/Curve25519/Ge/Precomp.php HTTP/1.1" 200 - "https://kurtswebnotes.com/wp-includes/sodium_compat/src/Core32/Curve25519/Ge/" "Mozilla/5.0 (Linux; Android 7.0;) AppleWebKit/537.36 (KHTML, like Gecko) Mobile Safari/537.36 (compatible; PetalBot;+https://webmaster.petalsearch.com/site/petalbot)" "kurtswebnotes.com"
114.119.136.138 - - [17/Oct/2022:11:11:41 -0700] "GET /wp-includes/blocks/pullquote/?C=D%3BO%3DA HTTP/1.1" 200 381 "https://kurtswebnotes.com/wp-includes/blocks/pullquote/?C=N%3BO%3DD" "Mozilla/5.0 (Linux; Android 7.0;) AppleWebKit/537.36 (KHTML, like Gecko) Mobile Safari/537.36 (compatible; PetalBot;+https://webmaster.petalsearch.com/site/petalbot)" "kurtswebnotes.com"
51.222.253.9 - - [17/Oct/2022:11:15:04 -0700] "GET /wp-includes/blocks/social-link/?C=S;O=A HTTP/1.1" 200 381 "-" "Mozilla/5.0 (compatible; AhrefsBot/7.0; +http://ahrefs.com/robot/)" "www.kurtswebnotes.com"
114.119.136.144 - - [17/Oct/2022:11:17:15 -0700] "GET /wp-includes/blocks/media-text/?C=N%3BO%3DD HTTP/1.1" 200 381 "https://kurtswebnotes.com/wp-includes/blocks/media-text/?C=M%3BO%3DA" "Mozilla/5.0 (Linux; Android 7.0;) AppleWebKit/537.36 (KHTML, like Gecko) Mobile Safari/537.36 (compatible; PetalBot;+https://webmaster.petalsearch.com/site/petalbot)" "kurtswebnotes.com"
114.119.136.14 - - [17/Oct/2022:11:22:52 -0700] "GET /wp-includes/sodium_compat/namespaced/Crypto.php HTTP/1.1" 500 - "https://kurtswebnotes.com/wp-includes/sodium_compat/namespaced/" "Mozilla/5.0 (Linux; Android 7.0;) AppleWebKit/537.36 (KHTML, like Gecko) Mobile Safari/537.36 (compatible; PetalBot;+https://webmaster.petalsearch.com/site/petalbot)" "kurtswebnotes.com"
114.119.136.141 - - [17/Oct/2022:11:28:31 -0700] "GET /wp-includes/block-patterns/ HTTP/1.1" 200 548 "https://www.kurtswebnotes.com/wp-includes/?C=D%3BO%3DA" "Mozilla/5.0 (Linux; Android 7.0;) AppleWebKit/537.36 (KHTML, like Gecko) Mobile Safari/537.36 (compatible; PetalBot;+https://webmaster.petalsearch.com/site/petalbot)" "www.kurtswebnotes.com"
51.222.253.17 - - [17/Oct/2022:11:31:15 -0700] "GET /wp-includes/blocks/social-link/?C=M;O=A HTTP/1.1" 200 381 "-" "Mozilla/5.0 (compatible; AhrefsBot/7.0; +http://ahrefs.com/robot/)" "www.kurtswebnotes.com"
114.119.136.138 - - [17/Oct/2022:11:34:09 -0700] "GET /wp-includes/blocks/video/?C=M%3BO%3DA HTTP/1.1" 200 377 "https://www.kurtswebnotes.com/wp-includes/blocks/video/" "Mozilla/5.0 (Linux; Android 7.0;) AppleWebKit/537.36 (KHTML, like Gecko) Mobile Safari/537.36 (compatible; PetalBot;+https://webmaster.petalsearch.com/site/petalbot)" "www.kurtswebnotes.com"
51.222.253.10 - - [17/Oct/2022:11:38:02 -0700] "GET /wp-admin/css/?C=N;O=D HTTP/1.1" 200 355 "-" "Mozilla/5.0 (compatible; AhrefsBot/7.0; +http://ahrefs.com/robot/)" "www.kurtswebnotes.com"
114.119.136.144 - - [17/Oct/2022:11:39:47 -0700] "GET /wp-content/?C=S%3BO%3DA HTTP/1.1" 200 354 "https://kurtswebnotes.com/wp-content/?C=N%3BO%3DD" "Mozilla/5.0 (Linux; Android 7.0;) AppleWebKit/537.36 (KHTML, like Gecko) Mobile Safari/537.36 (compatible; PetalBot;+https://webmaster.petalsearch.com/site/petalbot)" "kurtswebnotes.com"
114.119.136.14 - - [17/Oct/2022:11:45:31 -0700] "GET /wp-includes/blocks/code/?C=N%3BO%3DD HTTP/1.1" 200 376 "https://www.kurtswebnotes.com/wp-includes/blocks/code/" "Mozilla/5.0 (Linux; Android 7.0;) AppleWebKit/537.36 (KHTML, like Gecko) Mobile Safari/537.36 (compatible; PetalBot;+https://webmaster.petalsearch.com/site/petalbot)" "www.kurtswebnotes.com"
51.222.253.3 - - [17/Oct/2022:11:47:22 -0700] "GET /wp-includes/blocks/paragraph/?C=D;O=D HTTP/1.1" 200 378 "-" "Mozilla/5.0 (compatible; AhrefsBot/7.0; +http://ahrefs.com/robot/)" "kurtswebnotes.com"
114.119.136.14 - - [17/Oct/2022:11:51:13 -0700] "GET /wp-includes/blocks/paragraph/ HTTP/1.1" 200 380 "https://kurtswebnotes.com/wp-includes/blocks/?C=D%3BO%3DA" "Mozilla/5.0 (Linux; Android 7.0;) AppleWebKit/537.36 (KHTML, like Gecko) Mobile Safari/537.36 (compatible; PetalBot;+https://webmaster.petalsearch.com/site/petalbot)" "kurtswebnotes.com"
51.222.253.1 - - [17/Oct/2022:11:57:41 -0700] "GET /wp-includes/sodium_compat/src/Core/ChaCha20/?C=D;O=D HTTP/1.1" 200 409 "-" "Mozilla/5.0 (compatible; AhrefsBot/7.0; +http://ahrefs.com/robot/)" "kurtswebnotes.com"
51.222.253.16 - - [17/Oct/2022:12:03:02 -0700] "GET /wp-includes/blocks/html/?C=D;O=D HTTP/1.1" 200 371 "-" "Mozilla/5.0 (compatible; AhrefsBot/7.0; +http://ahrefs.com/robot/)" "www.kurtswebnotes.com"
185.174.159.245 - - [17/Oct/2022:12:04:58 -0700] "GET / HTTP/1.1" 200 1458 "https://kurtswebnotes.com/" "Mozilla/5.0 (Windows NT 10.0; Win64; x64) AppleWebKit/537.36 (KHTML, like Gecko) Chrome/90.0.4430.72 Safari/537.36" "kurtswebnotes.com"
51.222.253.18 - - [17/Oct/2022:12:08:22 -0700] "GET /wp-includes/blocks/latest-posts/?C=D;O=D HTTP/1.1" 200 379 "-" "Mozilla/5.0 (compatible; AhrefsBot/7.0; +http://ahrefs.com/robot/)" "kurtswebnotes.com"
51.222.253.9 - - [17/Oct/2022:12:13:47 -0700] "GET /download/?C=D;O=A HTTP/1.1" 200 313 "-" "Mozilla/5.0 (compatible; AhrefsBot/7.0; +http://ahrefs.com/robot/)" "kurtswebnotes.com"
185.191.171.1 - - [17/Oct/2022:12:15:35 -0700] "GET /robots.txt HTTP/1.1" 200 101 "-" "Mozilla/5.0 (compatible; SemrushBot/7~bl; +http://www.semrush.com/bot.html)" "kurtswebnotes.com"
185.191.171.35 - - [17/Oct/2022:12:15:35 -0700] "GET /wp-includes/blocks/audio/ HTTP/1.1" 200 377 "-" "Mozilla/5.0 (compatible; SemrushBot/7~bl; +http://www.semrush.com/bot.html)" "kurtswebnotes.com"
165.140.84.100 - - [17/Oct/2022:12:18:03 -0700] "GET / HTTP/1.1" 200 481 "-" "Mozilla/5.0 (Windows NT 10.0; Win64; x64) AppleWebKit/537.36 (KHTML, like Gecko) Chrome/103.0.5060.53 Safari/537.36 Edg/103.0.1264.37" "kurtswebnotes.com"
51.222.253.10 - - [17/Oct/2022:12:18:36 -0700] "GET /wp-includes/sitemaps/?C=N;O=D HTTP/1.1" 200 491 "-" "Mozilla/5.0 (compatible; AhrefsBot/7.0; +http://ahrefs.com/robot/)" "www.kurtswebnotes.com"
51.222.253.16 - - [17/Oct/2022:12:20:58 -0700] "GET /wp-includes/sodium_compat/src/Core/Curve25519/Ge/?C=D;O=D HTTP/1.1" 200 452 "-" "Mozilla/5.0 (compatible; AhrefsBot/7.0; +http://ahrefs.com/robot/)" "www.kurtswebnotes.com"
51.222.253.1 - - [17/Oct/2022:12:22:53 -0700] "GET /wp-includes/sodium_compat/namespaced/Core/Curve25519/Ge/?C=D;O=D HTTP/1.1" 200 456 "-" "Mozilla/5.0 (compatible; AhrefsBot/7.0; +http://ahrefs.com/robot/)" "www.kurtswebnotes.com"
51.222.253.15 - - [17/Oct/2022:12:23:42 -0700] "GET /wp-includes/sodium_compat/src/?C=D;O=D HTTP/1.1" 200 498 "-" "Mozilla/5.0 (compatible; AhrefsBot/7.0; +http://ahrefs.com/robot/)" "kurtswebnotes.com"
51.222.253.18 - - [17/Oct/2022:12:24:58 -0700] "GET /wp-includes/sitemaps/class-wp-sitemaps-registry.php HTTP/1.1" 200 - "-" "Mozilla/5.0 (compatible; AhrefsBot/7.0; +http://ahrefs.com/robot/)" "www.kurtswebnotes.com"
51.222.253.20 - - [17/Oct/2022:12:27:03 -0700] "GET /wp-includes/blocks/preformatted/?C=D;O=D HTTP/1.1" 200 380 "-" "Mozilla/5.0 (compatible; AhrefsBot/7.0; +http://ahrefs.com/robot/)" "kurtswebnotes.com"
51.222.253.16 - - [17/Oct/2022:12:27:42 -0700] "GET /wp-includes/sodium_compat/lib/sodium_compat.php HTTP/1.1" 200 - "-" "Mozilla/5.0 (compatible; AhrefsBot/7.0; +http://ahrefs.com/robot/)" "kurtswebnotes.com"
51.222.253.20 - - [17/Oct/2022:12:30:11 -0700] "GET /wp-includes/blocks/preformatted/?C=M;O=D HTTP/1.1" 200 380 "-" "Mozilla/5.0 (compatible; AhrefsBot/7.0; +http://ahrefs.com/robot/)" "kurtswebnotes.com"
51.222.253.6 - - [17/Oct/2022:12:30:42 -0700] "GET /wp-includes/sodium_compat/src/Core32/SecretStream/?C=N;O=A HTTP/1.1" 200 397 "-" "Mozilla/5.0 (compatible; AhrefsBot/7.0; +http://ahrefs.com/robot/)" "kurtswebnotes.com"
51.222.253.7 - - [17/Oct/2022:12:31:29 -0700] "GET /wp-includes/blocks/preformatted/?C=S;O=D HTTP/1.1" 200 380 "-" "Mozilla/5.0 (compatible; AhrefsBot/7.0; +http://ahrefs.com/robot/)" "kurtswebnotes.com"
51.222.253.3 - - [17/Oct/2022:12:32:48 -0700] "GET /wp-includes/sodium_compat/src/Core/Base64/?C=D;O=D HTTP/1.1" 200 429 "-" "Mozilla/5.0 (compatible; AhrefsBot/7.0; +http://ahrefs.com/robot/)" "kurtswebnotes.com"
51.222.253.17 - - [17/Oct/2022:12:34:40 -0700] "GET /wp-includes/blocks/gallery/?C=D;O=D HTTP/1.1" 200 377 "-" "Mozilla/5.0 (compatible; AhrefsBot/7.0; +http://ahrefs.com/robot/)" "kurtswebnotes.com"
51.222.253.4 - - [17/Oct/2022:12:39:10 -0700] "GET /wp-includes/sodium_compat/autoload.php HTTP/1.1" 200 - "-" "Mozilla/5.0 (compatible; AhrefsBot/7.0; +http://ahrefs.com/robot/)" "www.kurtswebnotes.com"
51.222.253.2 - - [17/Oct/2022:12:40:00 -0700] "GET /wp-includes/sodium_compat/src/Core/Base64/?C=S;O=D HTTP/1.1" 200 429 "-" "Mozilla/5.0 (compatible; AhrefsBot/7.0; +http://ahrefs.com/robot/)" "kurtswebnotes.com"
51.222.253.8 - - [17/Oct/2022:12:40:18 -0700] "GET /wp-admin/css/colors/?C=M;O=D HTTP/1.1" 200 360 "-" "Mozilla/5.0 (compatible; AhrefsBot/7.0; +http://ahrefs.com/robot/)" "www.kurtswebnotes.com"
51.222.253.3 - - [17/Oct/2022:12:40:36 -0700] "GET /wp-admin/css/colors/?C=D;O=D HTTP/1.1" 200 360 "-" "Mozilla/5.0 (compatible; AhrefsBot/7.0; +http://ahrefs.com/robot/)" "www.kurtswebnotes.com"
54.236.1.11 - - [17/Oct/2022:12:53:57 -0700] "GET /robots.txt HTTP/1.1" 200 101 "-" "Mozilla/5.0 (compatible; Pinterestbot/1.0; +http://www.pinterest.com/bot.html)" "kurtswebnotes.com"
54.236.1.11 - - [17/Oct/2022:12:53:57 -0700] "GET /blog/2012/11/24/good-morning-been-mia-from-my-blog/ HTTP/1.1" 404 88 "-" "Mozilla/5.0 (compatible; Pinterestbot/1.0; +http://www.pinterest.com/bot.html)" "kurtswebnotes.com"
185.191.171.2 - - [17/Oct/2022:13:00:07 -0700] "GET /robots.txt HTTP/1.1" 200 101 "-" "Mozilla/5.0 (compatible; SemrushBot/7~bl; +http://www.semrush.com/bot.html)" "www.kurtswebnotes.com"
185.191.171.1 - - [17/Oct/2022:13:00:07 -0700] "GET /wp-includes/sodium_compat/namespaced/Core/ChaCha20/ HTTP/1.1" 200 417 "-" "Mozilla/5.0 (compatible; SemrushBot/7~bl; +http://www.semrush.com/bot.html)" "www.kurtswebnotes.com"
114.119.140.161 - - [17/Oct/2022:13:25:16 -0700] "GET /robots.txt HTTP/1.1" 200 101 "-" "Mozilla/5.0 (compatible;PetalBot;+https://webmaster.petalsearch.com/site/petalbot)" "kurtswebnotes.com"
93.113.111.193 - - [17/Oct/2022:13:41:44 -0700] "GET /wp-login.php HTTP/1.1" 404 88 "http://kurtswebnotes.com/wp-login.php" "Mozilla/5.0 (Windows NT 10.0; Win64; x64; rv:96.0) Gecko/20100101 Firefox/96" "kurtswebnotes.com"
51.222.253.17 - - [17/Oct/2022:14:00:15 -0700] "GET /wp-includes/sodium_compat/src/Core/Curve25519/?C=N;O=D HTTP/1.1" 200 431 "-" "Mozilla/5.0 (compatible; AhrefsBot/7.0; +http://ahrefs.com/robot/)" "www.kurtswebnotes.com"
114.119.136.14 - - [17/Oct/2022:14:17:01 -0700] "GET /wp-admin/?C=N%3BO%3DD HTTP/1.1" 200 351 "https://kurtswebnotes.com/wp-admin/?C=S%3BO%3DA" "Mozilla/5.0 (Linux; Android 7.0;) AppleWebKit/537.36 (KHTML, like Gecko) Mobile Safari/537.36 (compatible; PetalBot;+https://webmaster.petalsearch.com/site/petalbot)" "kurtswebnotes.com"
114.119.136.141 - - [17/Oct/2022:14:32:44 -0700] "GET /wp-includes/blocks/rss/?C=S%3BO%3DA HTTP/1.1" 200 374 "https://www.kurtswebnotes.com/wp-includes/blocks/rss/?C=N%3BO%3DD" "Mozilla/5.0 (Linux; Android 7.0;) AppleWebKit/537.36 (KHTML, like Gecko) Mobile Safari/537.36 (compatible; PetalBot;+https://webmaster.petalsearch.com/site/petalbot)" "www.kurtswebnotes.com"
51.222.253.2 - - [17/Oct/2022:14:37:04 -0700] "GET /wp-includes/sodium_compat/src/Core/Curve25519/Ge/?C=N;O=D HTTP/1.1" 200 452 "-" "Mozilla/5.0 (compatible; AhrefsBot/7.0; +http://ahrefs.com/robot/)" "www.kurtswebnotes.com"
51.222.253.12 - - [17/Oct/2022:14:39:45 -0700] "GET /wp-includes/sitemaps/class-wp-sitemaps-renderer.php HTTP/1.1" 200 - "-" "Mozilla/5.0 (compatible; AhrefsBot/7.0; +http://ahrefs.com/robot/)" "kurtswebnotes.com"
51.222.253.12 - - [17/Oct/2022:14:40:14 -0700] "GET /wp-includes/sodium_compat/autoload.php HTTP/1.1" 200 - "-" "Mozilla/5.0 (compatible; AhrefsBot/7.0; +http://ahrefs.com/robot/)" "kurtswebnotes.com"
51.222.253.12 - - [17/Oct/2022:14:40:26 -0700] "GET /wp-admin/css/colors/?C=N;O=D HTTP/1.1" 200 360 "-" "Mozilla/5.0 (compatible; AhrefsBot/7.0; +http://ahrefs.com/robot/)" "kurtswebnotes.com"
51.222.253.4 - - [17/Oct/2022:14:40:32 -0700] "GET /wp-includes/sitemaps/class-wp-sitemaps-provider.php HTTP/1.1" 200 - "-" "Mozilla/5.0 (compatible; AhrefsBot/7.0; +http://ahrefs.com/robot/)" "kurtswebnotes.com"
51.222.253.3 - - [17/Oct/2022:14:40:35 -0700] "GET /wp-includes/sodium_compat/src/Core32/Curve25519/Ge/?C=N;O=D HTTP/1.1" 200 453 "-" "Mozilla/5.0 (compatible; AhrefsBot/7.0; +http://ahrefs.com/robot/)" "www.kurtswebnotes.com"
51.222.253.16 - - [17/Oct/2022:14:40:38 -0700] "GET /wp-includes/sodium_compat/src/Core/ChaCha20/?C=S;O=D HTTP/1.1" 200 411 "-" "Mozilla/5.0 (compatible; AhrefsBot/7.0; +http://ahrefs.com/robot/)" "kurtswebnotes.com"
51.222.253.14 - - [17/Oct/2022:14:40:40 -0700] "GET /wp-includes/?C=M;O=D HTTP/1.1" 200 464 "-" "Mozilla/5.0 (compatible; AhrefsBot/7.0; +http://ahrefs.com/robot/)" "www.kurtswebnotes.com"
51.222.253.16 - - [17/Oct/2022:14:40:42 -0700] "GET /wp-includes/blocks/nextpage/?C=M;O=D HTTP/1.1" 200 377 "-" "Mozilla/5.0 (compatible; AhrefsBot/7.0; +http://ahrefs.com/robot/)" "kurtswebnotes.com"
51.222.253.18 - - [17/Oct/2022:14:40:43 -0700] "GET /wp-includes/sodium_compat/lib/?C=M;O=D HTTP/1.1" 200 453 "-" "Mozilla/5.0 (compatible; AhrefsBot/7.0; +http://ahrefs.com/robot/)" "www.kurtswebnotes.com"
51.222.253.14 - - [17/Oct/2022:14:40:43 -0700] "GET /wp-includes/sitemaps/class-wp-sitemaps-registry.php HTTP/1.1" 200 - "-" "Mozilla/5.0 (compatible; AhrefsBot/7.0; +http://ahrefs.com/robot/)" "kurtswebnotes.com"
51.222.253.10 - - [17/Oct/2022:14:40:44 -0700] "GET /wp-includes/css/dist/block-directory/ HTTP/1.1" 200 421 "-" "Mozilla/5.0 (compatible; AhrefsBot/7.0; +http://ahrefs.com/robot/)" "kurtswebnotes.com"
51.222.253.7 - - [17/Oct/2022:14:40:45 -0700] "GET /wp-content/themes/?C=S;O=D HTTP/1.1" 200 371 "-" "Mozilla/5.0 (compatible; AhrefsBot/7.0; +http://ahrefs.com/robot/)" "www.kurtswebnotes.com"
51.222.253.15 - - [17/Oct/2022:14:40:46 -0700] "GET /wp-includes/blocks/heading/?C=D;O=D HTTP/1.1" 200 375 "-" "Mozilla/5.0 (compatible; AhrefsBot/7.0; +http://ahrefs.com/robot/)" "kurtswebnotes.com"
51.222.253.1 - - [17/Oct/2022:14:40:48 -0700] "GET /wp-includes/sodium_compat/namespaced/?C=M;O=D HTTP/1.1" 200 436 "-" "Mozilla/5.0 (compatible; AhrefsBot/7.0; +http://ahrefs.com/robot/)" "kurtswebnotes.com"
51.222.253.1 - - [17/Oct/2022:14:40:47 -0700] "GET /wp-includes/sodium_compat/lib/php72compat.php HTTP/1.1" 200 - "-" "Mozilla/5.0 (compatible; AhrefsBot/7.0; +http://ahrefs.com/robot/)" "kurtswebnotes.com"
51.222.253.12 - - [17/Oct/2022:14:40:49 -0700] "GET /wp-content/themes/?C=D;O=D HTTP/1.1" 200 371 "-" "Mozilla/5.0 (compatible; AhrefsBot/7.0; +http://ahrefs.com/robot/)" "www.kurtswebnotes.com"
51.222.253.4 - - [17/Oct/2022:14:40:53 -0700] "GET /wp-includes/sodium_compat/namespaced/?C=S;O=D HTTP/1.1" 200 438 "-" "Mozilla/5.0 (compatible; AhrefsBot/7.0; +http://ahrefs.com/robot/)" "kurtswebnotes.com"
51.222.253.18 - - [17/Oct/2022:14:40:56 -0700] "GET /wp-includes/block-supports/?C=M;O=D HTTP/1.1" 200 460 "-" "Mozilla/5.0 (compatible; AhrefsBot/7.0; +http://ahrefs.com/robot/)" "www.kurtswebnotes.com"
51.222.253.18 - - [17/Oct/2022:14:40:59 -0700] "GET /wp-includes/blocks/latest-comments/?C=S;O=D HTTP/1.1" 200 381 "-" "Mozilla/5.0 (compatible; AhrefsBot/7.0; +http://ahrefs.com/robot/)" "kurtswebnotes.com"
51.222.253.17 - - [17/Oct/2022:14:41:02 -0700] "GET /wp-includes/blocks/latest-comments/?C=M;O=D HTTP/1.1" 200 381 "-" "Mozilla/5.0 (compatible; AhrefsBot/7.0; +http://ahrefs.com/robot/)" "kurtswebnotes.com"
51.222.253.14 - - [17/Oct/2022:14:41:05 -0700] "GET /download/?C=M;O=A HTTP/1.1" 200 313 "-" "Mozilla/5.0 (compatible; AhrefsBot/7.0; +http://ahrefs.com/robot/)" "kurtswebnotes.com"
51.222.253.15 - - [17/Oct/2022:14:41:11 -0700] "GET /wp-includes/block-supports/?C=D;O=D HTTP/1.1" 200 459 "-" "Mozilla/5.0 (compatible; AhrefsBot/7.0; +http://ahrefs.com/robot/)" "www.kurtswebnotes.com"
51.222.253.14 - - [17/Oct/2022:14:41:18 -0700] "GET /wp-includes/sodium_compat/src/Core/Curve25519/?C=M;O=D HTTP/1.1" 200 432 "-" "Mozilla/5.0 (compatible; AhrefsBot/7.0; +http://ahrefs.com/robot/)" "kurtswebnotes.com"
51.222.253.17 - - [17/Oct/2022:14:41:25 -0700] "GET /wp-content/themes/?C=M;O=D HTTP/1.1" 200 371 "-" "Mozilla/5.0 (compatible; AhrefsBot/7.0; +http://ahrefs.com/robot/)" "www.kurtswebnotes.com"
51.222.253.13 - - [17/Oct/2022:14:41:28 -0700] "GET /wp-includes/blocks/image/?C=M;O=A HTTP/1.1" 200 378 "-" "Mozilla/5.0 (compatible; AhrefsBot/7.0; +http://ahrefs.com/robot/)" "kurtswebnotes.com"
51.222.253.17 - - [17/Oct/2022:14:41:34 -0700] "GET /wp-includes/sodium_compat/lib/namespaced.php HTTP/1.1" 200 - "-" "Mozilla/5.0 (compatible; AhrefsBot/7.0; +http://ahrefs.com/robot/)" "kurtswebnotes.com"
51.222.253.9 - - [17/Oct/2022:14:41:39 -0700] "GET /wp-includes/blocks/heading/?C=M;O=D HTTP/1.1" 200 375 "-" "Mozilla/5.0 (compatible; AhrefsBot/7.0; +http://ahrefs.com/robot/)" "kurtswebnotes.com"
51.222.253.8 - - [17/Oct/2022:14:41:41 -0700] "GET /wp-includes/blocks/heading/?C=S;O=D HTTP/1.1" 200 375 "-" "Mozilla/5.0 (compatible; AhrefsBot/7.0; +http://ahrefs.com/robot/)" "kurtswebnotes.com"
51.222.253.6 - - [17/Oct/2022:14:41:47 -0700] "GET /wp-includes/blocks/media-text/?C=S;O=D HTTP/1.1" 200 379 "-" "Mozilla/5.0 (compatible; AhrefsBot/7.0; +http://ahrefs.com/robot/)" "kurtswebnotes.com"
51.222.253.8 - - [17/Oct/2022:14:42:01 -0700] "GET /wp-includes/blocks/block/?C=N;O=D HTTP/1.1" 200 371 "-" "Mozilla/5.0 (compatible; AhrefsBot/7.0; +http://ahrefs.com/robot/)" "www.kurtswebnotes.com"
51.222.253.9 - - [17/Oct/2022:14:42:15 -0700] "GET /wp-includes/blocks/latest-posts/?C=M;O=D HTTP/1.1" 200 379 "-" "Mozilla/5.0 (compatible; AhrefsBot/7.0; +http://ahrefs.com/robot/)" "kurtswebnotes.com"
51.222.253.13 - - [17/Oct/2022:14:42:21 -0700] "GET /wp-includes/blocks/media-text/?C=D;O=D HTTP/1.1" 200 379 "-" "Mozilla/5.0 (compatible; AhrefsBot/7.0; +http://ahrefs.com/robot/)" "kurtswebnotes.com"
51.222.253.15 - - [17/Oct/2022:14:42:33 -0700] "GET /wp-includes/blocks/media-text/?C=M;O=D HTTP/1.1" 200 379 "-" "Mozilla/5.0 (compatible; AhrefsBot/7.0; +http://ahrefs.com/robot/)" "kurtswebnotes.com"
51.222.253.7 - - [17/Oct/2022:14:42:43 -0700] "GET /wp-includes/blocks/heading/?C=N;O=D HTTP/1.1" 200 375 "-" "Mozilla/5.0 (compatible; AhrefsBot/7.0; +http://ahrefs.com/robot/)" "kurtswebnotes.com"
51.222.253.8 - - [17/Oct/2022:14:43:06 -0700] "GET /wp-includes/blocks/media-text/?C=N;O=D HTTP/1.1" 200 379 "-" "Mozilla/5.0 (compatible; AhrefsBot/7.0; +http://ahrefs.com/robot/)" "kurtswebnotes.com"
51.222.253.10 - - [17/Oct/2022:14:43:19 -0700] "GET /wp-includes/sodium_compat/src/Core/Curve25519/?C=S;O=D HTTP/1.1" 200 432 "-" "Mozilla/5.0 (compatible; AhrefsBot/7.0; +http://ahrefs.com/robot/)" "kurtswebnotes.com"
51.222.253.3 - - [17/Oct/2022:14:43:31 -0700] "GET /wp-includes/css/dist/block-directory/?C=S;O=D HTTP/1.1" 200 421 "-" "Mozilla/5.0 (compatible; AhrefsBot/7.0; +http://ahrefs.com/robot/)" "www.kurtswebnotes.com"
51.222.253.11 - - [17/Oct/2022:14:43:46 -0700] "GET /wp-includes/blocks/nextpage/ HTTP/1.1" 200 379 "-" "Mozilla/5.0 (compatible; AhrefsBot/7.0; +http://ahrefs.com/robot/)" "www.kurtswebnotes.com"
51.222.253.2 - - [17/Oct/2022:14:43:51 -0700] "GET /wp-includes/blocks/block/ HTTP/1.1" 200 373 "-" "Mozilla/5.0 (compatible; AhrefsBot/7.0; +http://ahrefs.com/robot/)" "www.kurtswebnotes.com"
51.222.253.11 - - [17/Oct/2022:14:43:54 -0700] "GET /wp-includes/blocks/gallery/?C=N;O=D HTTP/1.1" 200 377 "-" "Mozilla/5.0 (compatible; AhrefsBot/7.0; +http://ahrefs.com/robot/)" "kurtswebnotes.com"
51.222.253.4 - - [17/Oct/2022:14:43:55 -0700] "GET /wp-includes/blocks/latest-comments/?C=D;O=D HTTP/1.1" 200 381 "-" "Mozilla/5.0 (compatible; AhrefsBot/7.0; +http://ahrefs.com/robot/)" "kurtswebnotes.com"
51.222.253.9 - - [17/Oct/2022:14:45:26 -0700] "GET /wp-includes/sodium_compat/src/Core32/Poly1305/?C=N;O=D HTTP/1.1" 200 396 "-" "Mozilla/5.0 (compatible; AhrefsBot/7.0; +http://ahrefs.com/robot/)" "kurtswebnotes.com"
114.119.136.143 - - [17/Oct/2022:14:46:25 -0700] "GET /wp-includes/css/dist/?C=D%3BO%3DA HTTP/1.1" 200 382 "https://www.kurtswebnotes.com/wp-includes/css/dist/?C=S%3BO%3DA" "Mozilla/5.0 (Linux; Android 7.0;) AppleWebKit/537.36 (KHTML, like Gecko) Mobile Safari/537.36 (compatible; PetalBot;+https://webmaster.petalsearch.com/site/petalbot)" "www.kurtswebnotes.com"
114.119.136.14 - - [17/Oct/2022:14:52:14 -0700] "GET /wp-includes/sodium_compat/src/Core/Curve25519/H.php HTTP/1.1" 500 - "https://kurtswebnotes.com/wp-includes/sodium_compat/src/Core/Curve25519/?C=D%3BO%3DA" "Mozilla/5.0 (Linux; Android 7.0;) AppleWebKit/537.36 (KHTML, like Gecko) Mobile Safari/537.36 (compatible; PetalBot;+https://webmaster.petalsearch.com/site/petalbot)" "kurtswebnotes.com"
