114.119.136.14 - - [17/Oct/2022:19:40:04 -0700] "GET /wp-includes/sodium_compat/namespaced/Core/XChaCha20.php HTTP/1.1" 500 - "https://kurtswebnotes.com/wp-includes/sodium_compat/namespaced/Core/" "Mozilla/5.0 (Linux; Android 7.0;) AppleWebKit/537.36 (KHTML, like Gecko) Mobile Safari/537.36 (compatible; PetalBot;+https://webmaster.petalsearch.com/site/petalbot)" "kurtswebnotes.com"
114.119.136.143 - - [17/Oct/2022:19:46:23 -0700] "GET /wp-includes/sodium_compat/src/Core/ChaCha20/?C=S%3BO%3DA HTTP/1.1" 200 412 "https://www.kurtswebnotes.com/wp-includes/sodium_compat/src/Core/ChaCha20/?C=M%3BO%3DA" "Mozilla/5.0 (Linux; Android 7.0;) AppleWebKit/537.36 (KHTML, like Gecko) Mobile Safari/537.36 (compatible; PetalBot;+https://webmaster.petalsearch.com/site/petalbot)" "www.kurtswebnotes.com"
114.119.136.14 - - [17/Oct/2022:19:52:19 -0700] "GET /wp-includes/blocks/column/ HTTP/1.1" 200 376 "https://kurtswebnotes.com/wp-includes/blocks/?C=D%3BO%3DA" "Mozilla/5.0 (Linux; Android 7.0;) AppleWebKit/537.36 (KHTML, like Gecko) Mobile Safari/537.36 (compatible; PetalBot;+https://webmaster.petalsearch.com/site/petalbot)" "kurtswebnotes.com"
114.119.136.144 - - [17/Oct/2022:19:58:08 -0700] "GET /wp-includes/blocks/audio/?C=D%3BO%3DA HTTP/1.1" 200 377 "https://kurtswebnotes.com/wp-includes/blocks/audio/?C=S%3BO%3DA" "Mozilla/5.0 (Linux; Android 7.0;) AppleWebKit/537.36 (KHTML, like Gecko) Mobile Safari/537.36 (compatible; PetalBot;+https://webmaster.petalsearch.com/site/petalbot)" "kurtswebnotes.com"
34.148.172.173 - - [17/Oct/2022:19:59:53 -0700] "GET /robots.txt HTTP/1.1" 200 101 "-" "ZoominfoBot (zoominfobot at zoominfo dot com)" "www.kurtswebnotes.com"
34.148.172.173 - - [17/Oct/2022:19:59:53 -0700] "GET /robots.txt HTTP/1.1" 200 101 "-" "ZoominfoBot (zoominfobot at zoominfo dot com)" "www.kurtswebnotes.com"
34.148.172.173 - - [17/Oct/2022:19:59:54 -0700] "GET / HTTP/1.1" 200 481 "-" "ZoominfoBot (zoominfobot at zoominfo dot com)" "www.kurtswebnotes.com"
114.119.136.14 - - [17/Oct/2022:20:04:08 -0700] "GET /wp-includes/sodium_compat/src/?C=M%3BO%3DA HTTP/1.1" 200 504 "https://www.kurtswebnotes.com/wp-includes/sodium_compat/src/" "Mozilla/5.0 (Linux; Android 7.0;) AppleWebKit/537.36 (KHTML, like Gecko) Mobile Safari/537.36 (compatible; PetalBot;+https://webmaster.petalsearch.com/site/petalbot)" "www.kurtswebnotes.com"
114.119.136.141 - - [17/Oct/2022:20:09:58 -0700] "GET /wp-content/themes/twentytwenty/ HTTP/1.1" 500 - "https://kurtswebnotes.com/wp-content/themes/?C=M%3BO%3DA" "Mozilla/5.0 (Linux; Android 7.0;) AppleWebKit/537.36 (KHTML, like Gecko) Mobile Safari/537.36 (compatible; PetalBot;+https://webmaster.petalsearch.com/site/petalbot)" "kurtswebnotes.com"
51.222.253.8 - - [17/Oct/2022:20:10:40 -0700] "GET /wp-includes/css/dist/block-editor/?C=N;O=D HTTP/1.1" 200 426 "-" "Mozilla/5.0 (compatible; AhrefsBot/7.0; +http://ahrefs.com/robot/)" "www.kurtswebnotes.com"
51.222.253.1 - - [17/Oct/2022:20:12:59 -0700] "GET /wp-admin/css/colors/?C=S;O=D HTTP/1.1" 200 360 "-" "Mozilla/5.0 (compatible; AhrefsBot/7.0; +http://ahrefs.com/robot/)" "www.kurtswebnotes.com"
51.222.253.3 - - [17/Oct/2022:20:15:24 -0700] "GET /wp-includes/blocks/button/?C=N;O=A HTTP/1.1" 200 377 "-" "Mozilla/5.0 (compatible; AhrefsBot/7.0; +http://ahrefs.com/robot/)" "kurtswebnotes.com"
185.191.171.12 - - [17/Oct/2022:20:15:26 -0700] "GET /wp-includes/css/dist/?C=S%3BO%3DA HTTP/1.1" 200 382 "-" "Mozilla/5.0 (compatible; SemrushBot/7~bl; +http://www.semrush.com/bot.html)" "kurtswebnotes.com"
114.119.136.14 - - [17/Oct/2022:20:15:42 -0700] "GET /wp-includes/sodium_compat/namespaced/Core/Curve25519/Ge/?C=N%3BO%3DD HTTP/1.1" 200 460 "https://kurtswebnotes.com/wp-includes/sodium_compat/namespaced/Core/Curve25519/Ge/?C=M%3BO%3DA" "Mozilla/5.0 (Linux; Android 7.0;) AppleWebKit/537.36 (KHTML, like Gecko) Mobile Safari/537.36 (compatible; PetalBot;+https://webmaster.petalsearch.com/site/petalbot)" "kurtswebnotes.com"
197.235.15.239 - - [17/Oct/2022:20:17:36 -0700] "GET /wp-login.php HTTP/1.1" 404 88 "-" "Mozilla/5.0 (Windows NT 6.0; rv:34.0) Gecko/20100101 Firefox/34.0" "kurtswebnotes.com"
197.235.15.239 - - [17/Oct/2022:20:17:37 -0700] "GET /wp-admin/ HTTP/1.1" 200 351 "https://kurtswebnotes.com/wp-login.php" "Mozilla/5.0 (Windows NT 6.0; rv:34.0) Gecko/20100101 Firefox/34.0" "kurtswebnotes.com"
197.235.15.239 - - [17/Oct/2022:20:17:40 -0700] "GET /admin.php HTTP/1.1" 404 88 "-" "Mozilla/5.0 (Windows NT 6.0; rv:34.0) Gecko/20100101 Firefox/34.0" "kurtswebnotes.com"
197.235.15.239 - - [17/Oct/2022:20:17:44 -0700] "GET /admin HTTP/1.1" 404 88 "-" "Mozilla/5.0 (Windows NT 6.0; rv:34.0) Gecko/20100101 Firefox/34.0" "kurtswebnotes.com"
197.235.15.239 - - [17/Oct/2022:20:17:47 -0700] "GET /admin HTTP/1.1" 404 88 "-" "Mozilla/5.0 (Windows NT 6.0; rv:34.0) Gecko/20100101 Firefox/34.0" "kurtswebnotes.com"
197.235.15.239 - - [17/Oct/2022:20:17:50 -0700] "GET /admin/ HTTP/1.1" 404 88 "-" "Mozilla/5.0 (Windows NT 6.0; rv:34.0) Gecko/20100101 Firefox/34.0" "kurtswebnotes.com"
185.246.188.67 - - [17/Oct/2022:20:18:03 -0700] "GET /administrator/ HTTP/1.1" 404 88 "-" "Mozilla/5.0 (Windows NT 6.0; rv:34.0) Gecko/20100101 Firefox/34.0" "kurtswebnotes.com"
185.246.188.67 - - [17/Oct/2022:20:18:05 -0700] "GET /administrator/index.php HTTP/1.1" 404 88 "https://kurtswebnotes.com/administrator/" "Mozilla/5.0 (Windows NT 6.0; rv:34.0) Gecko/20100101 Firefox/34.0" "kurtswebnotes.com"
51.79.204.46 - - [17/Oct/2022:20:18:18 -0700] "GET /wp-login.php HTTP/1.1" 404 88 "-" "Mozilla/5.0 (Windows NT 6.0; rv:34.0) Gecko/20100101 Firefox/34.0" "kurtswebnotes.com"
51.79.204.46 - - [17/Oct/2022:20:18:20 -0700] "GET /wp-admin/ HTTP/1.1" 200 351 "https://kurtswebnotes.com/wp-login.php" "Mozilla/5.0 (Windows NT 6.0; rv:34.0) Gecko/20100101 Firefox/34.0" "kurtswebnotes.com"
185.14.97.176 - - [17/Oct/2022:20:18:28 -0700] "GET /admin.php HTTP/1.1" 404 88 "-" "Mozilla/5.0 (Windows NT 6.0; rv:34.0) Gecko/20100101 Firefox/34.0" "kurtswebnotes.com"
83.137.158.5 - - [17/Oct/2022:20:18:51 -0700] "GET /admin HTTP/1.1" 404 88 "-" "Mozilla/5.0 (Windows NT 6.0; rv:34.0) Gecko/20100101 Firefox/34.0" "kurtswebnotes.com"
185.220.101.52 - - [17/Oct/2022:20:18:59 -0700] "GET /admin HTTP/1.1" 404 88 "-" "Mozilla/5.0 (Windows NT 6.0; rv:34.0) Gecko/20100101 Firefox/34.0" "kurtswebnotes.com"
51.222.253.2 - - [17/Oct/2022:20:20:56 -0700] "GET /wp-includes/assets/?C=N;O=A HTTP/1.1" 200 390 "-" "Mozilla/5.0 (compatible; AhrefsBot/7.0; +http://ahrefs.com/robot/)" "www.kurtswebnotes.com"
114.119.136.143 - - [17/Oct/2022:20:21:38 -0700] "GET /wp-includes/sodium_compat/src/Core32/SecretStream/?C=S%3BO%3DA HTTP/1.1" 200 397 "https://kurtswebnotes.com/wp-includes/sodium_compat/src/Core32/SecretStream/" "Mozilla/5.0 (Linux; Android 7.0;) AppleWebKit/537.36 (KHTML, like Gecko) Mobile Safari/537.36 (compatible; PetalBot;+https://webmaster.petalsearch.com/site/petalbot)" "kurtswebnotes.com"
51.222.253.4 - - [17/Oct/2022:20:27:08 -0700] "GET /wp-includes/blocks/button/?C=S;O=A HTTP/1.1" 200 377 "-" "Mozilla/5.0 (compatible; AhrefsBot/7.0; +http://ahrefs.com/robot/)" "kurtswebnotes.com"
114.119.136.138 - - [17/Oct/2022:20:27:40 -0700] "GET /wp-includes/css/?C=S%3BO%3DA HTTP/1.1" 200 359 "https://kurtswebnotes.com/wp-includes/css/?C=N%3BO%3DD" "Mozilla/5.0 (Linux; Android 7.0;) AppleWebKit/537.36 (KHTML, like Gecko) Mobile Safari/537.36 (compatible; PetalBot;+https://webmaster.petalsearch.com/site/petalbot)" "kurtswebnotes.com"
123.125.109.122 - - [17/Oct/2022:20:27:45 -0700] "GET / HTTP/1.1" 200 481 "-" "Sogou web spider/4.0(+http://www.sogou.com/docs/help/webmasters.htm#07)" "www.kurtswebnotes.com"
65.108.0.169 - - [17/Oct/2022:20:28:43 -0700] "GET /blog/2016/01/13/my-first-instagram-image/ HTTP/1.1" 404 73 "https://kurtswebnotes.com/blog/2016/01/13/my-first-instagram-image/" "Mozilla/5.0 (Windows NT 10.0; Win64; x64) AppleWebKit/537.36 (KHTML, like Gecko) Chrome/90.0.4430.72 Safari/537.36 Edg/90.0.818.42" "kurtswebnotes.com"
65.108.0.169 - - [17/Oct/2022:20:28:44 -0700] "GET / HTTP/1.1" 200 1458 "https://kurtswebnotes.com/" "Mozilla/5.0 (Windows NT 10.0; Win64; x64) AppleWebKit/537.36 (KHTML, like Gecko) Chrome/90.0.4430.72 Safari/537.36 Edg/90.0.818.42" "kurtswebnotes.com"
51.81.33.120 - - [17/Oct/2022:20:38:04 -0700] "GET / HTTP/1.1" 200 481 "-" "Mozilla/5.0 (Windows NT 5.1) AppleWebKit/537.36 (KHTML, like Gecko) Chrome/41.0.2224.3 Safari/537.36" "www.kurtswebnotes.com"
51.222.253.9 - - [17/Oct/2022:20:38:26 -0700] "GET /wp-includes/blocks/missing/?C=N;O=A HTTP/1.1" 200 377 "-" "Mozilla/5.0 (compatible; AhrefsBot/7.0; +http://ahrefs.com/robot/)" "kurtswebnotes.com"
114.119.136.138 - - [17/Oct/2022:20:39:19 -0700] "GET /wp-includes/blocks/social-link/?C=N%3BO%3DD HTTP/1.1" 200 380 "https://www.kurtswebnotes.com/wp-includes/blocks/social-link/?C=M%3BO%3DA" "Mozilla/5.0 (Linux; Android 7.0;) AppleWebKit/537.36 (KHTML, like Gecko) Mobile Safari/537.36 (compatible; PetalBot;+https://webmaster.petalsearch.com/site/petalbot)" "www.kurtswebnotes.com"
185.191.171.13 - - [17/Oct/2022:20:45:33 -0700] "GET /robots.txt HTTP/1.1" 200 101 "-" "Mozilla/5.0 (compatible; SemrushBot/7~bl; +http://www.semrush.com/bot.html)" "kurtswebnotes.com"
185.191.171.10 - - [17/Oct/2022:20:45:35 -0700] "GET /wp-includes/sodium_compat/src/PHP52/SplFixedArray.php HTTP/1.1" 200 - "-" "Mozilla/5.0 (compatible; SemrushBot/7~bl; +http://www.semrush.com/bot.html)" "kurtswebnotes.com"
51.222.253.11 - - [17/Oct/2022:20:49:56 -0700] "GET /wp-includes/blocks/ HTTP/1.1" 200 804 "-" "Mozilla/5.0 (compatible; AhrefsBot/7.0; +http://ahrefs.com/robot/)" "kurtswebnotes.com"
114.119.136.144 - - [17/Oct/2022:21:05:06 -0700] "GET /wp-includes/sodium_compat/namespaced/Core/Curve25519/ HTTP/1.1" 200 436 "https://kurtswebnotes.com/wp-includes/sodium_compat/namespaced/Core/" "Mozilla/5.0 (Linux; Android 7.0;) AppleWebKit/537.36 (KHTML, like Gecko) Mobile Safari/537.36 (compatible; PetalBot;+https://webmaster.petalsearch.com/site/petalbot)" "kurtswebnotes.com"
51.222.253.17 - - [17/Oct/2022:21:10:16 -0700] "GET /wp-includes/sodium_compat/src/Core/Curve25519/Ge/?C=D;O=D HTTP/1.1" 200 452 "-" "Mozilla/5.0 (compatible; AhrefsBot/7.0; +http://ahrefs.com/robot/)" "kurtswebnotes.com"
51.222.253.6 - - [17/Oct/2022:21:24:35 -0700] "GET /wp-includes/blocks/nextpage/?C=S;O=D HTTP/1.1" 200 377 "-" "Mozilla/5.0 (compatible; AhrefsBot/7.0; +http://ahrefs.com/robot/)" "kurtswebnotes.com"
109.206.241.78 - - [17/Oct/2022:21:38:19 -0700] "GET /wp-content/plugins/seoplugins/mar.php HTTP/1.1" 404 88 "www.google.com" "Mozlila/5.0 (Linux; Android 7.0; SM-G892A Bulid/NRD90M; wv) AppleWebKit/537.36 (KHTML, like Gecko) Version/4.0 Chrome/60.0.3112.107 Moblie Safari/537.36" "kurtswebnotes.com"
109.206.241.78 - - [17/Oct/2022:21:38:22 -0700] "GET /wp-content/plugins/seoplugins/mar.php HTTP/1.1" 404 88 "www.google.com" "Mozlila/5.0 (Linux; Android 7.0; SM-G892A Bulid/NRD90M; wv) AppleWebKit/537.36 (KHTML, like Gecko) Version/4.0 Chrome/60.0.3112.107 Moblie Safari/537.36" "kurtswebnotes.com"
109.206.241.78 - - [17/Oct/2022:21:38:35 -0700] "GET /wp-content/themes/seotheme/mar.php HTTP/1.1" 404 88 "www.google.com" "Mozlila/5.0 (Linux; Android 7.0; SM-G892A Bulid/NRD90M; wv) AppleWebKit/537.36 (KHTML, like Gecko) Version/4.0 Chrome/60.0.3112.107 Moblie Safari/537.36" "kurtswebnotes.com"
109.206.241.78 - - [17/Oct/2022:21:38:40 -0700] "GET /wp-content/themes/seotheme/mar.php HTTP/1.1" 404 88 "www.google.com" "Mozlila/5.0 (Linux; Android 7.0; SM-G892A Bulid/NRD90M; wv) AppleWebKit/537.36 (KHTML, like Gecko) Version/4.0 Chrome/60.0.3112.107 Moblie Safari/537.36" "kurtswebnotes.com"
54.36.148.151 - - [17/Oct/2022:21:47:05 -0700] "GET /robots.txt HTTP/1.1" 200 101 "-" "Mozilla/5.0 (compatible; AhrefsBot/7.0; +http://ahrefs.com/robot/)" "kurtswebnotes.com"
51.222.253.10 - - [17/Oct/2022:21:47:06 -0700] "GET /wp-includes/blocks/button/?C=S;O=D HTTP/1.1" 200 375 "-" "Mozilla/5.0 (compatible; AhrefsBot/7.0; +http://ahrefs.com/robot/)" "kurtswebnotes.com"
180.163.220.126 - - [17/Oct/2022:21:54:25 -0700] "GET / HTTP/1.1" 200 481 "https://www.kurtswebnotes.com/" "Mozilla/5.0 (Windows NT 6.1; WOW64) AppleWebKit/537.36 (KHTML, like Gecko) Chrome/50.0.2661.102 Safari/537.36; 360Spider" "www.kurtswebnotes.com"
51.222.253.6 - - [17/Oct/2022:21:55:13 -0700] "GET /wp-includes/sodium_compat/namespaced/Core/BLAKE2b.php HTTP/1.1" 500 - "-" "Mozilla/5.0 (compatible; AhrefsBot/7.0; +http://ahrefs.com/robot/)" "www.kurtswebnotes.com"
51.222.253.2 - - [17/Oct/2022:21:56:33 -0700] "GET /wp-includes/sodium_compat/namespaced/Core/Curve25519/Fe.php HTTP/1.1" 500 - "-" "Mozilla/5.0 (compatible; AhrefsBot/7.0; +http://ahrefs.com/robot/)" "www.kurtswebnotes.com"
51.222.253.6 - - [17/Oct/2022:21:58:34 -0700] "GET /wp-includes/sodium_compat/namespaced/Core/Curve25519/H.php HTTP/1.1" 500 - "-" "Mozilla/5.0 (compatible; AhrefsBot/7.0; +http://ahrefs.com/robot/)" "www.kurtswebnotes.com"
51.222.253.15 - - [17/Oct/2022:22:00:43 -0700] "GET /wp-includes/sodium_compat/namespaced/Core/ChaCha20.php HTTP/1.1" 500 - "-" "Mozilla/5.0 (compatible; AhrefsBot/7.0; +http://ahrefs.com/robot/)" "www.kurtswebnotes.com"
185.166.87.134 - - [17/Oct/2022:22:05:23 -0700] "GET /blog/2016/01/13/my-first-instagram-image/ HTTP/1.1" 404 73 "https://kurtswebnotes.com/blog/2016/01/13/my-first-instagram-image/" "Mozilla/5.0 (Windows NT 6.3; Win64; x64) AppleWebKit/537.36 (KHTML, like Gecko) Chrome/90.0.4430.85 Safari/537.36 Edg/90.0.818.49" "kurtswebnotes.com"
185.166.87.134 - - [17/Oct/2022:22:05:24 -0700] "GET / HTTP/1.1" 200 1458 "https://kurtswebnotes.com/" "Mozilla/5.0 (Windows NT 6.3; Win64; x64) AppleWebKit/537.36 (KHTML, like Gecko) Chrome/90.0.4430.85 Safari/537.36 Edg/90.0.818.49" "kurtswebnotes.com"
42.83.147.34 - - [17/Oct/2022:22:18:22 -0700] "GET / HTTP/1.1" 200 481 "-" "Mozilla/5.0 (Windows NT 6.1; Win64; x64) AppleWebKit/537.36 (KHTML, like Gecko)Chrome/74.0.3729.169 Safari/537.36" "kurtswebnotes.com"
114.119.136.141 - - [17/Oct/2022:22:23:01 -0700] "GET /wp-includes/sodium_compat/src/Core32/ChaCha20/?C=D%3BO%3DA HTTP/1.1" 200 415 "https://kurtswebnotes.com/wp-includes/sodium_compat/src/Core32/ChaCha20/?C=N%3BO%3DD" "Mozilla/5.0 (Linux; Android 7.0;) AppleWebKit/537.36 (KHTML, like Gecko) Mobile Safari/537.36 (compatible; PetalBot;+https://webmaster.petalsearch.com/site/petalbot)" "kurtswebnotes.com"
114.119.136.143 - - [17/Oct/2022:22:30:48 -0700] "GET /wp-includes/sodium_compat/src/?C=M%3BO%3DA HTTP/1.1" 200 504 "https://kurtswebnotes.com/wp-includes/sodium_compat/src/?C=S%3BO%3DA" "Mozilla/5.0 (Linux; Android 7.0;) AppleWebKit/537.36 (KHTML, like Gecko) Mobile Safari/537.36 (compatible; PetalBot;+https://webmaster.petalsearch.com/site/petalbot)" "kurtswebnotes.com"
206.72.206.62 - - [17/Oct/2022:22:33:16 -0700] "GET / HTTP/1.1" 200 1458 "-" "Mozilla/5.0 (Windows; U; Windows NT 5.1; en-US; rv:x.x.x) Gecko/20041107 Firefox/x.x" "www.kurtswebnotes.com"
114.119.136.14 - - [17/Oct/2022:22:36:45 -0700] "GET /wp-includes/sitemaps/class-wp-sitemaps-index.php HTTP/1.1" 200 - "https://www.kurtswebnotes.com/wp-includes/sitemaps/" "Mozilla/5.0 (Linux; Android 7.0;) AppleWebKit/537.36 (KHTML, like Gecko) Mobile Safari/537.36 (compatible; PetalBot;+https://webmaster.petalsearch.com/site/petalbot)" "www.kurtswebnotes.com"
114.119.136.144 - - [17/Oct/2022:22:51:41 -0700] "GET /wp-includes/block-patterns/?C=S%3BO%3DA HTTP/1.1" 200 548 "https://www.kurtswebnotes.com/wp-includes/block-patterns/?C=M%3BO%3DA" "Mozilla/5.0 (Linux; Android 7.0;) AppleWebKit/537.36 (KHTML, like Gecko) Mobile Safari/537.36 (compatible; PetalBot;+https://webmaster.petalsearch.com/site/petalbot)" "www.kurtswebnotes.com"
51.222.253.13 - - [17/Oct/2022:22:53:59 -0700] "GET /wp-includes/PHPMailer/ HTTP/1.1" 200 416 "-" "Mozilla/5.0 (compatible; AhrefsBot/7.0; +http://ahrefs.com/robot/)" "www.kurtswebnotes.com"
51.222.253.7 - - [17/Oct/2022:22:57:29 -0700] "GET /wp-includes/sodium_compat/namespaced/Core/Ed25519.php HTTP/1.1" 500 - "-" "Mozilla/5.0 (compatible; AhrefsBot/7.0; +http://ahrefs.com/robot/)" "www.kurtswebnotes.com"
51.222.253.19 - - [17/Oct/2022:22:58:30 -0700] "GET /wp-includes/sodium_compat/namespaced/Core/HChaCha20.php HTTP/1.1" 500 - "-" "Mozilla/5.0 (compatible; AhrefsBot/7.0; +http://ahrefs.com/robot/)" "www.kurtswebnotes.com"
51.222.253.14 - - [17/Oct/2022:22:59:30 -0700] "GET /wp-includes/sodium_compat/src/PHP52/ HTTP/1.1" 200 397 "-" "Mozilla/5.0 (compatible; AhrefsBot/7.0; +http://ahrefs.com/robot/)" "kurtswebnotes.com"
180.163.220.62 - - [17/Oct/2022:23:01:51 -0700] "GET / HTTP/1.1" 200 481 "https://kurtswebnotes.com/" "Mozilla/5.0 (Windows NT 6.1; WOW64) AppleWebKit/537.36 (KHTML, like Gecko) Chrome/50.0.2661.102 Safari/537.36; 360Spider" "kurtswebnotes.com"
51.222.253.2 - - [17/Oct/2022:23:01:58 -0700] "GET /wp-includes/blocks/social-link/?C=M;O=A HTTP/1.1" 200 381 "-" "Mozilla/5.0 (compatible; AhrefsBot/7.0; +http://ahrefs.com/robot/)" "kurtswebnotes.com"
51.222.253.13 - - [17/Oct/2022:23:02:42 -0700] "GET /wp-includes/sodium_compat/namespaced/Core/HSalsa20.php HTTP/1.1" 500 - "-" "Mozilla/5.0 (compatible; AhrefsBot/7.0; +http://ahrefs.com/robot/)" "www.kurtswebnotes.com"
51.222.253.18 - - [17/Oct/2022:23:03:05 -0700] "GET /wp-includes/blocks/social-link/?C=D;O=A HTTP/1.1" 200 380 "-" "Mozilla/5.0 (compatible; AhrefsBot/7.0; +http://ahrefs.com/robot/)" "kurtswebnotes.com"
51.222.253.19 - - [17/Oct/2022:23:03:28 -0700] "GET /wp-includes/blocks/social-link/?C=S;O=A HTTP/1.1" 200 381 "-" "Mozilla/5.0 (compatible; AhrefsBot/7.0; +http://ahrefs.com/robot/)" "kurtswebnotes.com"
180.163.220.96 - - [17/Oct/2022:23:03:37 -0700] "GET / HTTP/1.1" 200 481 "https://kurtswebnotes.com/" "Mozilla/5.0 (Windows NT 6.1; WOW64) AppleWebKit/537.36 (KHTML, like Gecko) Chrome/50.0.2661.102 Safari/537.36; 360Spider" "kurtswebnotes.com"
51.222.253.5 - - [17/Oct/2022:23:03:40 -0700] "GET /wp-includes/sodium_compat/namespaced/Core/Curve25519.php HTTP/1.1" 500 - "-" "Mozilla/5.0 (compatible; AhrefsBot/7.0; +http://ahrefs.com/robot/)" "www.kurtswebnotes.com"
51.222.253.9 - - [17/Oct/2022:23:03:48 -0700] "GET /wp-includes/sodium_compat/src/Core32/Curve25519/ HTTP/1.1" 200 435 "-" "Mozilla/5.0 (compatible; AhrefsBot/7.0; +http://ahrefs.com/robot/)" "kurtswebnotes.com"
51.222.253.18 - - [17/Oct/2022:23:03:54 -0700] "GET /wp-includes/sodium_compat/namespaced/Core/Poly1305.php HTTP/1.1" 500 - "-" "Mozilla/5.0 (compatible; AhrefsBot/7.0; +http://ahrefs.com/robot/)" "www.kurtswebnotes.com"
51.222.253.11 - - [17/Oct/2022:23:03:58 -0700] "GET /wp-includes/blocks/separator/?C=M;O=D HTTP/1.1" 200 376 "-" "Mozilla/5.0 (compatible; AhrefsBot/7.0; +http://ahrefs.com/robot/)" "kurtswebnotes.com"
51.222.253.16 - - [17/Oct/2022:23:04:04 -0700] "GET /wp-includes/sodium_compat/namespaced/Core/Salsa20.php HTTP/1.1" 500 - "-" "Mozilla/5.0 (compatible; AhrefsBot/7.0; +http://ahrefs.com/robot/)" "www.kurtswebnotes.com"
51.222.253.12 - - [17/Oct/2022:23:04:13 -0700] "GET /wp-includes/sodium_compat/src/Core/Curve25519/H.php HTTP/1.1" 500 - "-" "Mozilla/5.0 (compatible; AhrefsBot/7.0; +http://ahrefs.com/robot/)" "www.kurtswebnotes.com"
51.222.253.6 - - [17/Oct/2022:23:04:21 -0700] "GET /wp-includes/blocks/separator/?C=D;O=D HTTP/1.1" 200 376 "-" "Mozilla/5.0 (compatible; AhrefsBot/7.0; +http://ahrefs.com/robot/)" "kurtswebnotes.com"
51.222.253.19 - - [17/Oct/2022:23:04:34 -0700] "GET /wp-includes/blocks/search/?C=D;O=A HTTP/1.1" 200 376 "-" "Mozilla/5.0 (compatible; AhrefsBot/7.0; +http://ahrefs.com/robot/)" "kurtswebnotes.com"
51.222.253.17 - - [17/Oct/2022:23:04:57 -0700] "GET /wp-includes/sodium_compat/namespaced/Core/SipHash.php HTTP/1.1" 500 - "-" "Mozilla/5.0 (compatible; AhrefsBot/7.0; +http://ahrefs.com/robot/)" "www.kurtswebnotes.com"
51.222.253.8 - - [17/Oct/2022:23:05:10 -0700] "GET /wp-includes/blocks/social-links/?C=S;O=D HTTP/1.1" 200 379 "-" "Mozilla/5.0 (compatible; AhrefsBot/7.0; +http://ahrefs.com/robot/)" "kurtswebnotes.com"
51.222.253.12 - - [17/Oct/2022:23:05:30 -0700] "GET /wp-includes/sodium_compat/src/Core32/Curve25519/?C=D;O=A HTTP/1.1" 200 435 "-" "Mozilla/5.0 (compatible; AhrefsBot/7.0; +http://ahrefs.com/robot/)" "www.kurtswebnotes.com"
51.222.253.16 - - [17/Oct/2022:23:06:06 -0700] "GET /wp-includes/blocks/button/?C=D;O=A HTTP/1.1" 200 377 "-" "Mozilla/5.0 (compatible; AhrefsBot/7.0; +http://ahrefs.com/robot/)" "www.kurtswebnotes.com"
51.222.253.17 - - [17/Oct/2022:23:06:24 -0700] "GET /wp-includes/blocks/pullquote/?C=D;O=D HTTP/1.1" 200 378 "-" "Mozilla/5.0 (compatible; AhrefsBot/7.0; +http://ahrefs.com/robot/)" "kurtswebnotes.com"
51.222.253.7 - - [17/Oct/2022:23:06:34 -0700] "GET /wp-includes/blocks/pullquote/?C=M;O=D HTTP/1.1" 200 378 "-" "Mozilla/5.0 (compatible; AhrefsBot/7.0; +http://ahrefs.com/robot/)" "kurtswebnotes.com"
51.222.253.9 - - [17/Oct/2022:23:06:45 -0700] "GET /wp-includes/blocks/archives/?C=N;O=A HTTP/1.1" 200 378 "-" "Mozilla/5.0 (compatible; AhrefsBot/7.0; +http://ahrefs.com/robot/)" "kurtswebnotes.com"
51.222.253.1 - - [17/Oct/2022:23:06:56 -0700] "GET /wp-includes/blocks/tag-cloud/?C=D;O=A HTTP/1.1" 200 378 "-" "Mozilla/5.0 (compatible; AhrefsBot/7.0; +http://ahrefs.com/robot/)" "kurtswebnotes.com"
51.222.253.16 - - [17/Oct/2022:23:07:01 -0700] "GET /wp-includes/blocks/heading/?C=M;O=A HTTP/1.1" 200 377 "-" "Mozilla/5.0 (compatible; AhrefsBot/7.0; +http://ahrefs.com/robot/)" "www.kurtswebnotes.com"
51.222.253.10 - - [17/Oct/2022:23:07:03 -0700] "GET /wp-includes/blocks/tag-cloud/?C=S;O=A HTTP/1.1" 200 379 "-" "Mozilla/5.0 (compatible; AhrefsBot/7.0; +http://ahrefs.com/robot/)" "kurtswebnotes.com"
51.222.253.10 - - [17/Oct/2022:23:07:05 -0700] "GET /wp-includes/blocks/heading/?C=D;O=A HTTP/1.1" 200 377 "-" "Mozilla/5.0 (compatible; AhrefsBot/7.0; +http://ahrefs.com/robot/)" "www.kurtswebnotes.com"
51.222.253.6 - - [17/Oct/2022:23:07:06 -0700] "GET /wp-includes/sodium_compat/namespaced/Core/Curve25519/?C=D;O=A HTTP/1.1" 200 436 "-" "Mozilla/5.0 (compatible; AhrefsBot/7.0; +http://ahrefs.com/robot/)" "kurtswebnotes.com"
51.222.253.3 - - [17/Oct/2022:23:07:07 -0700] "GET /wp-includes/sodium_compat/namespaced/Core/Curve25519/?C=S;O=A HTTP/1.1" 200 434 "-" "Mozilla/5.0 (compatible; AhrefsBot/7.0; +http://ahrefs.com/robot/)" "kurtswebnotes.com"
51.222.253.17 - - [17/Oct/2022:23:07:08 -0700] "GET /wp-includes/?C=S;O=A HTTP/1.1" 200 459 "-" "Mozilla/5.0 (compatible; AhrefsBot/7.0; +http://ahrefs.com/robot/)" "www.kurtswebnotes.com"
51.222.253.1 - - [17/Oct/2022:23:07:10 -0700] "GET /wp-includes/blocks/heading/?C=S;O=A HTTP/1.1" 200 377 "-" "Mozilla/5.0 (compatible; AhrefsBot/7.0; +http://ahrefs.com/robot/)" "www.kurtswebnotes.com"
114.119.136.141 - - [17/Oct/2022:23:18:30 -0700] "GET /wp-includes/blocks/shortcode/ HTTP/1.1" 200 379 "https://www.kurtswebnotes.com/wp-includes/blocks/?C=M%3BO%3DA" "Mozilla/5.0 (Linux; Android 7.0;) AppleWebKit/537.36 (KHTML, like Gecko) Mobile Safari/537.36 (compatible; PetalBot;+https://webmaster.petalsearch.com/site/petalbot)" "www.kurtswebnotes.com"
51.159.210.188 - - [17/Oct/2022:23:25:35 -0700] "GET / HTTP/1.1" 200 481 "http://kurtswebnotes.com" "Mozilla/5.0 (Macintosh; Intel Mac OS X 10.15; rv:102.0) Gecko/20100101 Firefox/102.0" "kurtswebnotes.com"
51.222.253.3 - - [17/Oct/2022:23:26:40 -0700] "GET /wp-includes/css/dist/?C=S;O=D HTTP/1.1" 200 381 "-" "Mozilla/5.0 (compatible; AhrefsBot/7.0; +http://ahrefs.com/robot/)" "www.kurtswebnotes.com"
114.119.136.143 - - [17/Oct/2022:23:27:28 -0700] "GET /wp-includes/sodium_compat/src/Core32/Curve25519/H.php HTTP/1.1" 500 - "https://kurtswebnotes.com/wp-includes/sodium_compat/src/Core32/Curve25519/" "Mozilla/5.0 (Linux; Android 7.0;) AppleWebKit/537.36 (KHTML, like Gecko) Mobile Safari/537.36 (compatible; PetalBot;+https://webmaster.petalsearch.com/site/petalbot)" "kurtswebnotes.com"
114.119.136.144 - - [17/Oct/2022:23:33:30 -0700] "GET /wp-includes/blocks/group/block.json HTTP/1.1" 200 279 "https://www.kurtswebnotes.com/wp-includes/blocks/group/" "Mozilla/5.0 (Linux; Android 7.0;) AppleWebKit/537.36 (KHTML, like Gecko) Mobile Safari/537.36 (compatible; PetalBot;+https://webmaster.petalsearch.com/site/petalbot)" "www.kurtswebnotes.com"
167.235.153.8 - - [17/Oct/2022:23:41:32 -0700] "GET /wp-includes/class-index-wordpress.php HTTP/1.1" 404 88 "-" "Mozlila/5.0 (Linux; Android 7.0; SM-G892A Bulid/NRD90M; wv) AppleWebKit/537.36 (KHTML, like Gecko) Version/4.0 Chrome/60.0.3112.107 Moblie Safari/537.36" "kurtswebnotes.com"
167.235.153.8 - - [17/Oct/2022:23:41:39 -0700] "GET /wp-admin/js/widgets/wp-login.php HTTP/1.1" 404 88 "-" "Mozlila/5.0 (Linux; Android 7.0; SM-G892A Bulid/NRD90M; wv) AppleWebKit/537.36 (KHTML, like Gecko) Version/4.0 Chrome/60.0.3112.107 Moblie Safari/537.36" "kurtswebnotes.com"
167.235.153.8 - - [17/Oct/2022:23:41:45 -0700] "GET /wp-includes/wp-system-cloud.php HTTP/1.1" 404 88 "-" "Mozlila/5.0 (Linux; Android 7.0; SM-G892A Bulid/NRD90M; wv) AppleWebKit/537.36 (KHTML, like Gecko) Version/4.0 Chrome/60.0.3112.107 Moblie Safari/537.36" "kurtswebnotes.com"
167.235.153.8 - - [17/Oct/2022:23:41:51 -0700] "GET /wp-includes/class-wp-page-icon.php HTTP/1.1" 404 88 "-" "Mozlila/5.0 (Linux; Android 7.0; SM-G892A Bulid/NRD90M; wv) AppleWebKit/537.36 (KHTML, like Gecko) Version/4.0 Chrome/60.0.3112.107 Moblie Safari/537.36" "kurtswebnotes.com"
167.235.153.8 - - [17/Oct/2022:23:41:56 -0700] "GET /wp-includes/class-wordpress-license.php HTTP/1.1" 404 88 "-" "Mozlila/5.0 (Linux; Android 7.0; SM-G892A Bulid/NRD90M; wv) AppleWebKit/537.36 (KHTML, like Gecko) Version/4.0 Chrome/60.0.3112.107 Moblie Safari/537.36" "kurtswebnotes.com"
167.235.153.8 - - [17/Oct/2022:23:42:02 -0700] "GET /wp-content/themes/seotheme/db.php?u HTTP/1.1" 404 88 "-" "Mozlila/5.0 (Linux; Android 7.0; SM-G892A Bulid/NRD90M; wv) AppleWebKit/537.36 (KHTML, like Gecko) Version/4.0 Chrome/60.0.3112.107 Moblie Safari/537.36" "kurtswebnotes.com"
167.235.153.8 - - [17/Oct/2022:23:42:08 -0700] "GET /wp-includes/pomo/umpomone.php HTTP/1.1" 404 88 "-" "Mozlila/5.0 (Linux; Android 7.0; SM-G892A Bulid/NRD90M; wv) AppleWebKit/537.36 (KHTML, like Gecko) Version/4.0 Chrome/60.0.3112.107 Moblie Safari/537.36" "kurtswebnotes.com"
167.235.153.8 - - [17/Oct/2022:23:42:14 -0700] "GET /wp-content/plugins/indeed-membership-pro/classes/PaymentGateways/mollie/vendor/phpunit/phpunit/phpunit.xsd HTTP/1.1" 404 88 "-" "Mozlila/5.0 (Linux; Android 7.0; SM-G892A Bulid/NRD90M; wv) AppleWebKit/537.36 (KHTML, like Gecko) Version/4.0 Chrome/60.0.3112.107 Moblie Safari/537.36" "kurtswebnotes.com"
51.222.253.14 - - [17/Oct/2022:23:52:59 -0700] "GET /wp-includes/css/dist/?C=D;O=D HTTP/1.1" 200 381 "-" "Mozilla/5.0 (compatible; AhrefsBot/7.0; +http://ahrefs.com/robot/)" "www.kurtswebnotes.com"
114.119.136.138 - - [17/Oct/2022:23:57:38 -0700] "GET /wp-includes/block-patterns/two-buttons.php HTTP/1.1" 500 - "https://www.kurtswebnotes.com/wp-includes/block-patterns/?C=M%3BO%3DA" "Mozilla/5.0 (Linux; Android 7.0;) AppleWebKit/537.36 (KHTML, like Gecko) Mobile Safari/537.36 (compatible; PetalBot;+https://webmaster.petalsearch.com/site/petalbot)" "www.kurtswebnotes.com"
114.119.136.138 - - [18/Oct/2022:00:03:46 -0700] "GET /public_html/?C=N%3BO%3DD HTTP/1.1" 200 315 "https://www.kurtswebnotes.com/public_html/?C=S%3BO%3DA" "Mozilla/5.0 (Linux; Android 7.0;) AppleWebKit/537.36 (KHTML, like Gecko) Mobile Safari/537.36 (compatible; PetalBot;+https://webmaster.petalsearch.com/site/petalbot)" "www.kurtswebnotes.com"
114.119.136.143 - - [18/Oct/2022:00:12:16 -0700] "GET /wp-includes/blocks/latest-posts/?C=N%3BO%3DD HTTP/1.1" 200 381 "https://www.kurtswebnotes.com/wp-includes/blocks/latest-posts/?C=M%3BO%3DA" "Mozilla/5.0 (Linux; Android 7.0;) AppleWebKit/537.36 (KHTML, like Gecko) Mobile Safari/537.36 (compatible; PetalBot;+https://webmaster.petalsearch.com/site/petalbot)" "www.kurtswebnotes.com"
51.222.253.12 - - [18/Oct/2022:00:16:10 -0700] "GET /wp-includes/blocks/search/?C=M;O=A HTTP/1.1" 200 377 "-" "Mozilla/5.0 (compatible; AhrefsBot/7.0; +http://ahrefs.com/robot/)" "kurtswebnotes.com"
114.119.136.14 - - [18/Oct/2022:00:24:40 -0700] "GET /wp-includes/blocks/file/block.json HTTP/1.1" 200 310 "https://kurtswebnotes.com/wp-includes/blocks/file/?C=S%3BO%3DA" "Mozilla/5.0 (Linux; Android 7.0;) AppleWebKit/537.36 (KHTML, like Gecko) Mobile Safari/537.36 (compatible; PetalBot;+https://webmaster.petalsearch.com/site/petalbot)" "kurtswebnotes.com"
114.119.136.144 - - [18/Oct/2022:00:30:36 -0700] "GET /wp-includes/blocks/freeform/ HTTP/1.1" 200 377 "https://kurtswebnotes.com/wp-includes/blocks/?C=S%3BO%3DA" "Mozilla/5.0 (Linux; Android 7.0;) AppleWebKit/537.36 (KHTML, like Gecko) Mobile Safari/537.36 (compatible; PetalBot;+https://webmaster.petalsearch.com/site/petalbot)" "kurtswebnotes.com"
114.119.136.14 - - [18/Oct/2022:00:36:32 -0700] "GET /wp-includes/blocks/nextpage/?C=M%3BO%3DA HTTP/1.1" 200 379 "https://www.kurtswebnotes.com/wp-includes/blocks/nextpage/?C=D%3BO%3DA" "Mozilla/5.0 (Linux; Android 7.0;) AppleWebKit/537.36 (KHTML, like Gecko) Mobile Safari/537.36 (compatible; PetalBot;+https://webmaster.petalsearch.com/site/petalbot)" "www.kurtswebnotes.com"
114.119.136.141 - - [18/Oct/2022:00:42:31 -0700] "GET /wp-includes/sodium_compat/src/Core32/X25519.php HTTP/1.1" 500 - "https://kurtswebnotes.com/wp-includes/sodium_compat/src/Core32/?C=D%3BO%3DA" "Mozilla/5.0 (Linux; Android 7.0;) AppleWebKit/537.36 (KHTML, like Gecko) Mobile Safari/537.36 (compatible; PetalBot;+https://webmaster.petalsearch.com/site/petalbot)" "kurtswebnotes.com"
114.119.136.138 - - [18/Oct/2022:00:48:27 -0700] "GET /wp-includes/css/?C=D%3BO%3DA HTTP/1.1" 200 359 "https://kurtswebnotes.com/wp-includes/css/?C=N%3BO%3DD" "Mozilla/5.0 (Linux; Android 7.0;) AppleWebKit/537.36 (KHTML, like Gecko) Mobile Safari/537.36 (compatible; PetalBot;+https://webmaster.petalsearch.com/site/petalbot)" "kurtswebnotes.com"
114.119.136.143 - - [18/Oct/2022:00:54:31 -0700] "GET /download HTTP/1.1" 301 1415 "http://www.kurtswebnotes.com/download/elfyourself?N=A" "Mozilla/5.0 (Linux; Android 7.0;) AppleWebKit/537.36 (KHTML, like Gecko) Mobile Safari/537.36 (compatible; PetalBot;+https://webmaster.petalsearch.com/site/petalbot)" "www.kurtswebnotes.com"
114.119.136.143 - - [18/Oct/2022:00:54:37 -0700] "GET /download/ HTTP/1.1" 200 313 "http://www.kurtswebnotes.com/download/elfyourself?N=A" "Mozilla/5.0 (Linux; Android 7.0;) AppleWebKit/537.36 (KHTML, like Gecko) Mobile Safari/537.36 (compatible; PetalBot;+https://webmaster.petalsearch.com/site/petalbot)" "www.kurtswebnotes.com"
34.139.52.129 - - [18/Oct/2022:00:55:18 -0700] "GET /robots.txt HTTP/1.1" 200 101 "-" "ZoominfoBot (zoominfobot at zoominfo dot com)" "kurtswebnotes.com"
34.139.52.129 - - [18/Oct/2022:00:55:18 -0700] "GET /robots.txt HTTP/1.1" 200 101 "-" "ZoominfoBot (zoominfobot at zoominfo dot com)" "kurtswebnotes.com"
34.139.52.129 - - [18/Oct/2022:00:55:18 -0700] "GET / HTTP/1.1" 200 481 "-" "ZoominfoBot (zoominfobot at zoominfo dot com)" "kurtswebnotes.com"
51.222.253.16 - - [18/Oct/2022:00:55:24 -0700] "GET /wp-includes/blocks/social-link/?C=N;O=A HTTP/1.1" 200 380 "-" "Mozilla/5.0 (compatible; AhrefsBot/7.0; +http://ahrefs.com/robot/)" "kurtswebnotes.com"
114.119.136.141 - - [18/Oct/2022:01:00:25 -0700] "GET /wp-includes/sodium_compat/src/Core/Base64/Original.php HTTP/1.1" 200 - "https://kurtswebnotes.com/wp-includes/sodium_compat/src/Core/Base64/" "Mozilla/5.0 (Linux; Android 7.0;) AppleWebKit/537.36 (KHTML, like Gecko) Mobile Safari/537.36 (compatible; PetalBot;+https://webmaster.petalsearch.com/site/petalbot)" "kurtswebnotes.com"
51.222.253.10 - - [18/Oct/2022:01:04:02 -0700] "GET /wp-includes/blocks/tag-cloud/?C=M;O=A HTTP/1.1" 200 379 "-" "Mozilla/5.0 (compatible; AhrefsBot/7.0; +http://ahrefs.com/robot/)" "kurtswebnotes.com"
188.130.185.41 - - [18/Oct/2022:01:05:02 -0700] "GET /blog/2016/01/13/my-first-instagram-image/ HTTP/1.1" 404 73 "https://kurtswebnotes.com/blog/2016/01/13/my-first-instagram-image/" "Mozilla/5.0 (Windows NT 10.0; Win64; x64) AppleWebKit/537.36 (KHTML, like Gecko) Chrome/90.0.4430.72 Safari/537.36" "kurtswebnotes.com"
188.130.185.41 - - [18/Oct/2022:01:05:02 -0700] "GET / HTTP/1.1" 200 1458 "https://kurtswebnotes.com/" "Mozilla/5.0 (Windows NT 10.0; Win64; x64) AppleWebKit/537.36 (KHTML, like Gecko) Chrome/90.0.4430.72 Safari/537.36" "kurtswebnotes.com"
178.128.28.196 - - [18/Oct/2022:01:05:04 -0700] "GET /wp-includes/ID3/license.txt HTTP/1.1" 404 73 "-" "Mozilla/5.0 (Windows NT 10.0; Win64; x64) AppleWebKit/537.36 (KHTML, like Gecko) Chrome/95.0.4638.69 Safari/537.36" "kurtswebnotes.com"
178.128.28.196 - - [18/Oct/2022:01:05:05 -0700] "GET /feed/ HTTP/1.1" 404 73 "-" "Mozilla/5.0 (Windows NT 10.0; Win64; x64) AppleWebKit/537.36 (KHTML, like Gecko) Chrome/95.0.4638.69 Safari/537.36" "kurtswebnotes.com"
178.128.28.196 - - [18/Oct/2022:01:05:06 -0700] "GET /xmlrpc.php?rsd HTTP/1.1" 404 73 "-" "Mozilla/5.0 (Windows NT 10.0; Win64; x64) AppleWebKit/537.36 (KHTML, like Gecko) Chrome/95.0.4638.69 Safari/537.36" "kurtswebnotes.com"
178.128.28.196 - - [18/Oct/2022:01:05:07 -0700] "GET /blog/wp-includes/wlwmanifest.xml HTTP/1.1" 404 73 "-" "Mozilla/5.0 (Windows NT 10.0; Win64; x64) AppleWebKit/537.36 (KHTML, like Gecko) Chrome/95.0.4638.69 Safari/537.36" "kurtswebnotes.com"
178.128.28.196 - - [18/Oct/2022:01:05:08 -0700] "GET /web/wp-includes/wlwmanifest.xml HTTP/1.1" 404 73 "-" "Mozilla/5.0 (Windows NT 10.0; Win64; x64) AppleWebKit/537.36 (KHTML, like Gecko) Chrome/95.0.4638.69 Safari/537.36" "kurtswebnotes.com"
178.128.28.196 - - [18/Oct/2022:01:05:09 -0700] "GET /wordpress/wp-includes/wlwmanifest.xml HTTP/1.1" 404 73 "-" "Mozilla/5.0 (Windows NT 10.0; Win64; x64) AppleWebKit/537.36 (KHTML, like Gecko) Chrome/95.0.4638.69 Safari/537.36" "kurtswebnotes.com"
178.128.28.196 - - [18/Oct/2022:01:05:10 -0700] "GET /wp/wp-includes/wlwmanifest.xml HTTP/1.1" 404 73 "-" "Mozilla/5.0 (Windows NT 10.0; Win64; x64) AppleWebKit/537.36 (KHTML, like Gecko) Chrome/95.0.4638.69 Safari/537.36" "kurtswebnotes.com"
178.128.28.196 - - [18/Oct/2022:01:05:11 -0700] "GET /2020/wp-includes/wlwmanifest.xml HTTP/1.1" 404 73 "-" "Mozilla/5.0 (Windows NT 10.0; Win64; x64) AppleWebKit/537.36 (KHTML, like Gecko) Chrome/95.0.4638.69 Safari/537.36" "kurtswebnotes.com"
178.128.28.196 - - [18/Oct/2022:01:05:12 -0700] "GET /2019/wp-includes/wlwmanifest.xml HTTP/1.1" 404 73 "-" "Mozilla/5.0 (Windows NT 10.0; Win64; x64) AppleWebKit/537.36 (KHTML, like Gecko) Chrome/95.0.4638.69 Safari/537.36" "kurtswebnotes.com"
178.128.28.196 - - [18/Oct/2022:01:05:13 -0700] "GET /shop/wp-includes/wlwmanifest.xml HTTP/1.1" 404 73 "-" "Mozilla/5.0 (Windows NT 10.0; Win64; x64) AppleWebKit/537.36 (KHTML, like Gecko) Chrome/95.0.4638.69 Safari/537.36" "kurtswebnotes.com"
178.128.28.196 - - [18/Oct/2022:01:05:14 -0700] "GET /wp1/wp-includes/wlwmanifest.xml HTTP/1.1" 404 73 "-" "Mozilla/5.0 (Windows NT 10.0; Win64; x64) AppleWebKit/537.36 (KHTML, like Gecko) Chrome/95.0.4638.69 Safari/537.36" "kurtswebnotes.com"
178.128.28.196 - - [18/Oct/2022:01:05:15 -0700] "GET /test/wp-includes/wlwmanifest.xml HTTP/1.1" 404 73 "-" "Mozilla/5.0 (Windows NT 10.0; Win64; x64) AppleWebKit/537.36 (KHTML, like Gecko) Chrome/95.0.4638.69 Safari/537.36" "kurtswebnotes.com"
178.128.28.196 - - [18/Oct/2022:01:05:16 -0700] "GET /site/wp-includes/wlwmanifest.xml HTTP/1.1" 404 73 "-" "Mozilla/5.0 (Windows NT 10.0; Win64; x64) AppleWebKit/537.36 (KHTML, like Gecko) Chrome/95.0.4638.69 Safari/537.36" "kurtswebnotes.com"
178.128.28.196 - - [18/Oct/2022:01:05:17 -0700] "GET /cms/wp-includes/wlwmanifest.xml HTTP/1.1" 404 73 "-" "Mozilla/5.0 (Windows NT 10.0; Win64; x64) AppleWebKit/537.36 (KHTML, like Gecko) Chrome/95.0.4638.69 Safari/537.36" "kurtswebnotes.com"
114.119.136.141 - - [18/Oct/2022:01:06:22 -0700] "GET /wp-includes/blocks/rss/?C=D%3BO%3DD HTTP/1.1" 200 374 "https://www.kurtswebnotes.com/wp-includes/blocks/rss/?C=D;O=A" "Mozilla/5.0 (Linux; Android 7.0;) AppleWebKit/537.36 (KHTML, like Gecko) Mobile Safari/537.36 (compatible; PetalBot;+https://webmaster.petalsearch.com/site/petalbot)" "www.kurtswebnotes.com"
149.202.157.217 - - [18/Oct/2022:01:09:13 -0700] "GET /blog/feed/ HTTP/1.1" 404 73 "-" "-" "kurtswebnotes.com"
149.202.157.217 - - [18/Oct/2022:01:09:13 -0700] "GET /blog/feed/ HTTP/1.1" 404 88 "http://kurtswebnotes.com/blog/feed/" "SimplePie/1.1.3 (Feed Parser; http://simplepie.org; Allow like Gecko) Build/20081219" "kurtswebnotes.com"
51.222.253.11 - - [18/Oct/2022:01:09:55 -0700] "GET /wp-includes/?C=S;O=D HTTP/1.1" 200 463 "-" "Mozilla/5.0 (compatible; AhrefsBot/7.0; +http://ahrefs.com/robot/)" "www.kurtswebnotes.com"
51.222.253.13 - - [18/Oct/2022:01:10:57 -0700] "GET /wp-includes/blocks/search/?C=S;O=A HTTP/1.1" 200 377 "-" "Mozilla/5.0 (compatible; AhrefsBot/7.0; +http://ahrefs.com/robot/)" "kurtswebnotes.com"
51.222.253.17 - - [18/Oct/2022:01:11:34 -0700] "GET /wp-includes/sodium_compat/src/Core32/Curve25519/H.php HTTP/1.1" 500 - "-" "Mozilla/5.0 (compatible; AhrefsBot/7.0; +http://ahrefs.com/robot/)" "www.kurtswebnotes.com"
93.124.96.101 - - [18/Oct/2022:01:11:45 -0700] "GET / HTTP/1.1" 200 1458 "-" "Mozilla/5.0 (Windows NT 6.3; Win64; x64) AppleWebKit/537.36 (KHTML, like Gecko) Chrome/75.0.3770.100 Safari/537.36" "kurtswebnotes.com"
51.222.253.19 - - [18/Oct/2022:01:11:57 -0700] "GET /wp-includes/PHPMailer/PHPMailer.php HTTP/1.1" 200 - "-" "Mozilla/5.0 (compatible; AhrefsBot/7.0; +http://ahrefs.com/robot/)" "www.kurtswebnotes.com"
114.119.136.14 - - [18/Oct/2022:01:12:15 -0700] "GET /wp-includes/sodium_compat/src/Core/Curve25519/Ge/P1p1.php HTTP/1.1" 200 - "https://www.kurtswebnotes.com/wp-includes/sodium_compat/src/Core/Curve25519/Ge/?C=M%3BO%3DA" "Mozilla/5.0 (Linux; Android 7.0;) AppleWebKit/537.36 (KHTML, like Gecko) Mobile Safari/537.36 (compatible; PetalBot;+https://webmaster.petalsearch.com/site/petalbot)" "www.kurtswebnotes.com"
51.222.253.6 - - [18/Oct/2022:01:12:28 -0700] "GET /wp-includes/sodium_compat/src/PHP52/?C=N;O=D HTTP/1.1" 200 395 "-" "Mozilla/5.0 (compatible; AhrefsBot/7.0; +http://ahrefs.com/robot/)" "kurtswebnotes.com"
185.191.171.25 - - [18/Oct/2022:01:12:48 -0700] "GET /robots.txt HTTP/1.1" 200 101 "-" "Mozilla/5.0 (compatible; SemrushBot/7~bl; +http://www.semrush.com/bot.html)" "www.kurtswebnotes.com"
185.191.171.45 - - [18/Oct/2022:01:12:49 -0700] "GET /wp-includes/sodium_compat/src/Core32/Curve25519/Ge/P1p1.php HTTP/1.1" 200 - "-" "Mozilla/5.0 (compatible; SemrushBot/7~bl; +http://www.semrush.com/bot.html)" "www.kurtswebnotes.com"
51.222.253.11 - - [18/Oct/2022:01:12:51 -0700] "GET /wp-includes/blocks/paragraph/?C=M;O=D HTTP/1.1" 200 378 "-" "Mozilla/5.0 (compatible; AhrefsBot/7.0; +http://ahrefs.com/robot/)" "kurtswebnotes.com"
51.222.253.16 - - [18/Oct/2022:01:13:18 -0700] "GET /wp-admin/css/colors/modern/ HTTP/1.1" 200 438 "-" "Mozilla/5.0 (compatible; AhrefsBot/7.0; +http://ahrefs.com/robot/)" "www.kurtswebnotes.com"
198.58.102.49 - - [18/Oct/2022:01:13:46 -0700] "GET /blog HTTP/1.1" 404 88 "http://kurtswebnotes.com/blog" "Superfeedr bot/2.0 http://superfeedr.com - Checking HTML reverse link." "kurtswebnotes.com"
198.58.102.117 - - [18/Oct/2022:01:13:47 -0700] "GET /blog HTTP/1.1" 404 88 "http://kurtswebnotes.com/blog" "Superfeedr bot/2.0 http://superfeedr.com - Checking HTML reverse link." "kurtswebnotes.com"
14.116.156.162 - - [18/Oct/2022:01:17:31 -0700] "GET /wp-login.php HTTP/1.1" 404 88 "-" "Apache-HttpClient/4.5.2 (Java/1.8.0_161)" "kurtswebnotes.com"
14.116.156.162 - - [18/Oct/2022:01:17:33 -0700] "GET /?author=1 HTTP/1.1" 200 481 "-" "Apache-HttpClient/4.5.2 (Java/1.8.0_161)" "kurtswebnotes.com"
14.116.156.162 - - [18/Oct/2022:01:17:34 -0700] "GET /?author=2 HTTP/1.1" 200 481 "-" "Apache-HttpClient/4.5.2 (Java/1.8.0_161)" "kurtswebnotes.com"
14.116.156.162 - - [18/Oct/2022:01:17:34 -0700] "GET /?author=3 HTTP/1.1" 200 481 "-" "Apache-HttpClient/4.5.2 (Java/1.8.0_161)" "kurtswebnotes.com"
14.116.156.162 - - [18/Oct/2022:01:17:35 -0700] "GET /?author=4 HTTP/1.1" 200 481 "-" "Apache-HttpClient/4.5.2 (Java/1.8.0_161)" "kurtswebnotes.com"
14.116.156.162 - - [18/Oct/2022:01:17:35 -0700] "GET /?author=5 HTTP/1.1" 200 481 "-" "Apache-HttpClient/4.5.2 (Java/1.8.0_161)" "kurtswebnotes.com"
14.116.156.162 - - [18/Oct/2022:01:17:36 -0700] "GET /?author=6 HTTP/1.1" 200 481 "-" "Apache-HttpClient/4.5.2 (Java/1.8.0_161)" "kurtswebnotes.com"
14.116.156.162 - - [18/Oct/2022:01:17:36 -0700] "GET /?author=7 HTTP/1.1" 200 481 "-" "Apache-HttpClient/4.5.2 (Java/1.8.0_161)" "kurtswebnotes.com"
14.116.156.162 - - [18/Oct/2022:01:17:37 -0700] "GET /?author=8 HTTP/1.1" 200 481 "-" "Apache-HttpClient/4.5.2 (Java/1.8.0_161)" "kurtswebnotes.com"
14.116.156.162 - - [18/Oct/2022:01:17:37 -0700] "GET /?author=9 HTTP/1.1" 200 481 "-" "Apache-HttpClient/4.5.2 (Java/1.8.0_161)" "kurtswebnotes.com"
14.116.156.162 - - [18/Oct/2022:01:17:38 -0700] "GET /?author=10 HTTP/1.1" 200 481 "-" "Apache-HttpClient/4.5.2 (Java/1.8.0_161)" "kurtswebnotes.com"
51.222.253.18 - - [18/Oct/2022:01:17:38 -0700] "GET /wp-includes/sodium_compat/namespaced/Core/?C=N;O=D HTTP/1.1" 200 595 "-" "Mozilla/5.0 (compatible; AhrefsBot/7.0; +http://ahrefs.com/robot/)" "kurtswebnotes.com"
14.116.156.162 - - [18/Oct/2022:01:17:38 -0700] "GET /?author=11 HTTP/1.1" 200 481 "-" "Apache-HttpClient/4.5.2 (Java/1.8.0_161)" "kurtswebnotes.com"
14.116.156.162 - - [18/Oct/2022:01:17:39 -0700] "GET /?author=12 HTTP/1.1" 200 481 "-" "Apache-HttpClient/4.5.2 (Java/1.8.0_161)" "kurtswebnotes.com"
14.116.156.162 - - [18/Oct/2022:01:17:39 -0700] "GET /?author=13 HTTP/1.1" 200 481 "-" "Apache-HttpClient/4.5.2 (Java/1.8.0_161)" "kurtswebnotes.com"
14.116.156.162 - - [18/Oct/2022:01:17:40 -0700] "GET /?author=14 HTTP/1.1" 200 481 "-" "Apache-HttpClient/4.5.2 (Java/1.8.0_161)" "kurtswebnotes.com"
14.116.156.162 - - [18/Oct/2022:01:17:40 -0700] "GET /?author=15 HTTP/1.1" 200 481 "-" "Apache-HttpClient/4.5.2 (Java/1.8.0_161)" "kurtswebnotes.com"
14.116.156.162 - - [18/Oct/2022:01:17:41 -0700] "GET /?author=16 HTTP/1.1" 200 481 "-" "Apache-HttpClient/4.5.2 (Java/1.8.0_161)" "kurtswebnotes.com"
14.116.156.162 - - [18/Oct/2022:01:17:41 -0700] "GET /?author=17 HTTP/1.1" 200 481 "-" "Apache-HttpClient/4.5.2 (Java/1.8.0_161)" "kurtswebnotes.com"
14.116.156.162 - - [18/Oct/2022:01:17:42 -0700] "GET /?author=18 HTTP/1.1" 200 481 "-" "Apache-HttpClient/4.5.2 (Java/1.8.0_161)" "kurtswebnotes.com"
14.116.156.162 - - [18/Oct/2022:01:17:43 -0700] "GET /?author=19 HTTP/1.1" 200 481 "-" "Apache-HttpClient/4.5.2 (Java/1.8.0_161)" "kurtswebnotes.com"
14.116.156.162 - - [18/Oct/2022:01:17:44 -0700] "GET /?author=20 HTTP/1.1" 200 481 "-" "Apache-HttpClient/4.5.2 (Java/1.8.0_161)" "kurtswebnotes.com"
114.119.136.143 - - [18/Oct/2022:01:18:11 -0700] "GET /wp-includes/sodium_compat/namespaced/Core/Poly1305/State.php HTTP/1.1" 500 - "https://www.kurtswebnotes.com/wp-includes/sodium_compat/namespaced/Core/Poly1305/?C=N%3BO%3DD" "Mozilla/5.0 (Linux; Android 7.0;) AppleWebKit/537.36 (KHTML, like Gecko) Mobile Safari/537.36 (compatible; PetalBot;+https://webmaster.petalsearch.com/site/petalbot)" "www.kurtswebnotes.com"
118.184.177.48 - - [18/Oct/2022:01:19:28 -0700] "GET / HTTP/1.1" 200 481 "-" "Sogou web spider/4.0(+http://www.sogou.com/docs/help/webmasters.htm#07)" "www.kurtswebnotes.com"
114.119.136.141 - - [18/Oct/2022:01:24:19 -0700] "GET /wp-includes/blocks/buttons/?C=M%3BO%3DA HTTP/1.1" 200 378 "https://www.kurtswebnotes.com/wp-includes/blocks/buttons/?C=D%3BO%3DA" "Mozilla/5.0 (Linux; Android 7.0;) AppleWebKit/537.36 (KHTML, like Gecko) Mobile Safari/537.36 (compatible; PetalBot;+https://webmaster.petalsearch.com/site/petalbot)" "www.kurtswebnotes.com"
114.119.136.14 - - [18/Oct/2022:01:30:06 -0700] "GET /wp-includes/blocks/verse/?C=S%3BO%3DA HTTP/1.1" 200 376 "https://kurtswebnotes.com/wp-includes/blocks/verse/?C=M%3BO%3DA" "Mozilla/5.0 (Linux; Android 7.0;) AppleWebKit/537.36 (KHTML, like Gecko) Mobile Safari/537.36 (compatible; PetalBot;+https://webmaster.petalsearch.com/site/petalbot)" "kurtswebnotes.com"
178.168.199.113 - - [18/Oct/2022:01:34:15 -0700] "GET /blog/2016/01/13/my-first-instagram-image/ HTTP/1.1" 404 73 "https://kurtswebnotes.com/blog/2016/01/13/my-first-instagram-image/" "Mozilla/5.0 (Windows NT 10.0; WOW64) AppleWebKit/537.36 (KHTML, like Gecko) Chrome/90.0.4430.93 Safari/537.36" "kurtswebnotes.com"
178.168.199.113 - - [18/Oct/2022:01:34:16 -0700] "GET / HTTP/1.1" 200 1458 "https://kurtswebnotes.com/" "Mozilla/5.0 (Windows NT 10.0; WOW64) AppleWebKit/537.36 (KHTML, like Gecko) Chrome/90.0.4430.93 Safari/537.36" "kurtswebnotes.com"
114.119.136.141 - - [18/Oct/2022:01:36:08 -0700] "GET /wp-includes/sodium_compat/namespaced/Core/BLAKE2b.php HTTP/1.1" 500 - "https://kurtswebnotes.com/wp-includes/sodium_compat/namespaced/Core/" "Mozilla/5.0 (Linux; Android 7.0;) AppleWebKit/537.36 (KHTML, like Gecko) Mobile Safari/537.36 (compatible; PetalBot;+https://webmaster.petalsearch.com/site/petalbot)" "kurtswebnotes.com"
185.191.171.25 - - [18/Oct/2022:01:42:04 -0700] "GET /robots.txt HTTP/1.1" 200 101 "-" "Mozilla/5.0 (compatible; SemrushBot/7~bl; +http://www.semrush.com/bot.html)" "kurtswebnotes.com"
185.191.171.26 - - [18/Oct/2022:01:42:05 -0700] "GET /wp-includes/blocks/verse/ HTTP/1.1" 200 376 "-" "Mozilla/5.0 (compatible; SemrushBot/7~bl; +http://www.semrush.com/bot.html)" "kurtswebnotes.com"
114.119.136.141 - - [18/Oct/2022:01:42:05 -0700] "GET /wp-includes/sodium_compat/namespaced/Core/?C=N%3BO%3DD HTTP/1.1" 200 591 "https://kurtswebnotes.com/wp-includes/sodium_compat/namespaced/Core/" "Mozilla/5.0 (Linux; Android 7.0;) AppleWebKit/537.36 (KHTML, like Gecko) Mobile Safari/537.36 (compatible; PetalBot;+https://webmaster.petalsearch.com/site/petalbot)" "kurtswebnotes.com"
114.119.136.143 - - [18/Oct/2022:01:48:15 -0700] "GET /wp-includes/PHPMailer/SMTP.php HTTP/1.1" 200 - "https://www.kurtswebnotes.com/wp-includes/PHPMailer/?C=M%3BO%3DA" "Mozilla/5.0 (Linux; Android 7.0;) AppleWebKit/537.36 (KHTML, like Gecko) Mobile Safari/537.36 (compatible; PetalBot;+https://webmaster.petalsearch.com/site/petalbot)" "www.kurtswebnotes.com"
114.119.136.14 - - [18/Oct/2022:01:54:18 -0700] "GET /wp-includes/blocks/latest-comments/ HTTP/1.1" 200 383 "https://www.kurtswebnotes.com/wp-includes/blocks/?C=M%3BO%3DA" "Mozilla/5.0 (Linux; Android 7.0;) AppleWebKit/537.36 (KHTML, like Gecko) Mobile Safari/537.36 (compatible; PetalBot;+https://webmaster.petalsearch.com/site/petalbot)" "www.kurtswebnotes.com"
114.119.136.138 - - [18/Oct/2022:02:06:18 -0700] "GET /wp-includes/blocks/button/?C=N%3BO%3DD HTTP/1.1" 200 377 "https://kurtswebnotes.com/wp-includes/blocks/button/?C=S%3BO%3DA" "Mozilla/5.0 (Linux; Android 7.0;) AppleWebKit/537.36 (KHTML, like Gecko) Mobile Safari/537.36 (compatible; PetalBot;+https://webmaster.petalsearch.com/site/petalbot)" "kurtswebnotes.com"
114.119.136.143 - - [18/Oct/2022:02:12:28 -0700] "GET /wp-includes/sitemaps/?C=M%3BO%3DA HTTP/1.1" 200 497 "https://kurtswebnotes.com/wp-includes/sitemaps/?C=N%3BO%3DD" "Mozilla/5.0 (Linux; Android 7.0;) AppleWebKit/537.36 (KHTML, like Gecko) Mobile Safari/537.36 (compatible; PetalBot;+https://webmaster.petalsearch.com/site/petalbot)" "kurtswebnotes.com"
51.222.253.13 - - [18/Oct/2022:02:12:37 -0700] "GET /wp-includes/blocks/archives/?C=M;O=A HTTP/1.1" 200 378 "-" "Mozilla/5.0 (compatible; AhrefsBot/7.0; +http://ahrefs.com/robot/)" "kurtswebnotes.com"
114.119.136.14 - - [18/Oct/2022:02:18:24 -0700] "GET /wp-includes/block-patterns/?C=N%3BO%3DD HTTP/1.1" 200 548 "https://www.kurtswebnotes.com/wp-includes/block-patterns/?C=M%3BO%3DA" "Mozilla/5.0 (Linux; Android 7.0;) AppleWebKit/537.36 (KHTML, like Gecko) Mobile Safari/537.36 (compatible; PetalBot;+https://webmaster.petalsearch.com/site/petalbot)" "www.kurtswebnotes.com"
114.119.136.14 - - [18/Oct/2022:02:24:33 -0700] "GET /wp-includes/sitemaps/class-wp-sitemaps-registry.php HTTP/1.1" 200 - "https://www.kurtswebnotes.com/wp-includes/sitemaps/" "Mozilla/5.0 (Linux; Android 7.0;) AppleWebKit/537.36 (KHTML, like Gecko) Mobile Safari/537.36 (compatible; PetalBot;+https://webmaster.petalsearch.com/site/petalbot)" "www.kurtswebnotes.com"
159.89.88.144 - - [18/Oct/2022:02:24:43 -0700] "GET / HTTP/1.1" 200 481 "-" "Mozilla/5.0 (Windows NT 10.0; WOW64) AppleWebKit/537.36 (KHTML, like Gecko) Chrome/84.0.4147.125 Safari/537.36" "kurtswebnotes.com"
159.89.88.144 - - [18/Oct/2022:02:24:43 -0700] "GET /wp-content/themes/pridmag/about.php HTTP/1.1" 404 88 "-" "Mozilla/5.0 (Windows NT 10.0; WOW64) AppleWebKit/537.36 (KHTML, like Gecko) Chrome/84.0.4147.125 Safari/537.36" "kurtswebnotes.com"
159.89.88.144 - - [18/Oct/2022:02:24:43 -0700] "GET /wp-content/themes/seotheme/about.php HTTP/1.1" 404 88 "-" "Mozilla/5.0 (Windows NT 10.0; WOW64) AppleWebKit/537.36 (KHTML, like Gecko) Chrome/84.0.4147.125 Safari/537.36" "kurtswebnotes.com"
159.89.88.144 - - [18/Oct/2022:02:24:43 -0700] "GET /years.php HTTP/1.1" 404 88 "-" "Mozilla/5.0 (Windows NT 10.0; WOW64) AppleWebKit/537.36 (KHTML, like Gecko) Chrome/84.0.4147.125 Safari/537.36" "kurtswebnotes.com"
159.89.88.144 - - [18/Oct/2022:02:24:43 -0700] "GET /css/contents.php HTTP/1.1" 404 88 "-" "Mozilla/5.0 (Windows NT 10.0; WOW64) AppleWebKit/537.36 (KHTML, like Gecko) Chrome/84.0.4147.125 Safari/537.36" "kurtswebnotes.com"
159.89.88.144 - - [18/Oct/2022:02:24:44 -0700] "GET /contents.php HTTP/1.1" 404 88 "-" "Mozilla/5.0 (Windows NT 10.0; WOW64) AppleWebKit/537.36 (KHTML, like Gecko) Chrome/84.0.4147.125 Safari/537.36" "kurtswebnotes.com"
159.89.88.144 - - [18/Oct/2022:02:24:44 -0700] "GET /css/load.php HTTP/1.1" 404 88 "-" "Mozilla/5.0 (Windows NT 10.0; WOW64) AppleWebKit/537.36 (KHTML, like Gecko) Chrome/84.0.4147.125 Safari/537.36" "kurtswebnotes.com"
159.89.88.144 - - [18/Oct/2022:02:24:44 -0700] "GET /votes.php HTTP/1.1" 404 88 "-" "Mozilla/5.0 (Windows NT 10.0; WOW64) AppleWebKit/537.36 (KHTML, like Gecko) Chrome/84.0.4147.125 Safari/537.36" "kurtswebnotes.com"
159.89.88.144 - - [18/Oct/2022:02:24:44 -0700] "GET /2index.php HTTP/1.1" 404 88 "-" "Mozilla/5.0 (Windows NT 10.0; WOW64) AppleWebKit/537.36 (KHTML, like Gecko) Chrome/84.0.4147.125 Safari/537.36" "kurtswebnotes.com"
