114.119.136.141 - - [14/Oct/2022:05:04:34 -0700] "GET /wp-includes/sodium_compat/src/Core/Curve25519/Ge/?C=M%3BO%3DA HTTP/1.1" 200 457 "https://kurtswebnotes.com/wp-includes/sodium_compat/src/Core/Curve25519/Ge/?C=N%3BO%3DD" "Mozilla/5.0 (Linux; Android 7.0;) AppleWebKit/537.36 (KHTML, like Gecko) Mobile Safari/537.36 (compatible; PetalBot;+https://webmaster.petalsearch.com/site/petalbot)" "kurtswebnotes.com"
114.119.136.141 - - [14/Oct/2022:05:10:46 -0700] "GET /wp-includes/blocks/freeform/?C=M%3BO%3DA HTTP/1.1" 200 377 "https://www.kurtswebnotes.com/wp-includes/blocks/freeform/?C=N%3BO%3DD" "Mozilla/5.0 (Linux; Android 7.0;) AppleWebKit/537.36 (KHTML, like Gecko) Mobile Safari/537.36 (compatible; PetalBot;+https://webmaster.petalsearch.com/site/petalbot)" "www.kurtswebnotes.com"
114.119.136.144 - - [14/Oct/2022:05:16:58 -0700] "GET /wp-includes/sodium_compat/src/Core32/Curve25519/?C=N%3BO%3DD HTTP/1.1" 200 435 "https://www.kurtswebnotes.com/wp-includes/sodium_compat/src/Core32/Curve25519/?C=S%3BO%3DA" "Mozilla/5.0 (Linux; Android 7.0;) AppleWebKit/537.36 (KHTML, like Gecko) Mobile Safari/537.36 (compatible; PetalBot;+https://webmaster.petalsearch.com/site/petalbot)" "www.kurtswebnotes.com"
114.119.136.141 - - [14/Oct/2022:05:23:08 -0700] "GET /wp-includes/css/dist/block-editor/ HTTP/1.1" 200 424 "https://kurtswebnotes.com/wp-includes/css/dist/" "Mozilla/5.0 (Linux; Android 7.0;) AppleWebKit/537.36 (KHTML, like Gecko) Mobile Safari/537.36 (compatible; PetalBot;+https://webmaster.petalsearch.com/site/petalbot)" "kurtswebnotes.com"
114.119.136.14 - - [14/Oct/2022:05:29:04 -0700] "GET /wp-includes/css/dist/block-editor/style.min.css HTTP/1.1" 200 12158 "https://www.kurtswebnotes.com/wp-includes/css/dist/block-editor/" "Mozilla/5.0 (Linux; Android 7.0;) AppleWebKit/537.36 (KHTML, like Gecko) Mobile Safari/537.36 (compatible; PetalBot;+https://webmaster.petalsearch.com/site/petalbot)" "www.kurtswebnotes.com"
114.119.136.141 - - [14/Oct/2022:05:35:14 -0700] "GET /wp-includes/sitemaps/providers/class-wp-sitemaps-posts.php HTTP/1.1" 500 - "https://www.kurtswebnotes.com/wp-includes/sitemaps/providers/" "Mozilla/5.0 (Linux; Android 7.0;) AppleWebKit/537.36 (KHTML, like Gecko) Mobile Safari/537.36 (compatible; PetalBot;+https://webmaster.petalsearch.com/site/petalbot)" "www.kurtswebnotes.com"
34.148.157.97 - - [14/Oct/2022:05:40:06 -0700] "GET /robots.txt HTTP/1.1" 200 101 "-" "ZoominfoBot (zoominfobot at zoominfo dot com)" "kurtswebnotes.com"
34.148.157.97 - - [14/Oct/2022:05:40:06 -0700] "GET /robots.txt HTTP/1.1" 200 101 "-" "ZoominfoBot (zoominfobot at zoominfo dot com)" "kurtswebnotes.com"
34.148.157.97 - - [14/Oct/2022:05:40:06 -0700] "GET / HTTP/1.1" 200 481 "-" "ZoominfoBot (zoominfobot at zoominfo dot com)" "kurtswebnotes.com"
114.119.136.143 - - [14/Oct/2022:05:41:34 -0700] "GET /wp-includes/sodium_compat/src/Core/Curve25519/?C=D%3BO%3DA HTTP/1.1" 200 432 "https://kurtswebnotes.com/wp-includes/sodium_compat/src/Core/Curve25519/" "Mozilla/5.0 (Linux; Android 7.0;) AppleWebKit/537.36 (KHTML, like Gecko) Mobile Safari/537.36 (compatible; PetalBot;+https://webmaster.petalsearch.com/site/petalbot)" "kurtswebnotes.com"
114.119.136.14 - - [14/Oct/2022:05:47:48 -0700] "GET /wp-includes/PHPMailer/SMTP.php HTTP/1.1" 200 - "https://kurtswebnotes.com/wp-includes/PHPMailer/" "Mozilla/5.0 (Linux; Android 7.0;) AppleWebKit/537.36 (KHTML, like Gecko) Mobile Safari/537.36 (compatible; PetalBot;+https://webmaster.petalsearch.com/site/petalbot)" "kurtswebnotes.com"
114.119.144.29 - - [14/Oct/2022:05:49:16 -0700] "GET /?C=M%3BO%3DA HTTP/1.1" 200 481 "http://www.kurtswebnotes.com?C=N%3BO%3DD" "Mozilla/5.0 (Linux; Android 7.0;) AppleWebKit/537.36 (KHTML, like Gecko) Mobile Safari/537.36 (compatible; PetalBot;+https://webmaster.petalsearch.com/site/petalbot)" "www.kurtswebnotes.com"
114.119.136.138 - - [14/Oct/2022:05:54:10 -0700] "GET /wp-includes/sodium_compat/src/Core/BLAKE2b.php HTTP/1.1" 500 - "https://kurtswebnotes.com/wp-includes/sodium_compat/src/Core/?C=M%3BO%3DA" "Mozilla/5.0 (Linux; Android 7.0;) AppleWebKit/537.36 (KHTML, like Gecko) Mobile Safari/537.36 (compatible; PetalBot;+https://webmaster.petalsearch.com/site/petalbot)" "kurtswebnotes.com"
114.119.136.14 - - [14/Oct/2022:06:00:21 -0700] "GET /wp-includes/blocks/quote/block.json HTTP/1.1" 200 222 "https://www.kurtswebnotes.com/wp-includes/blocks/quote/" "Mozilla/5.0 (Linux; Android 7.0;) AppleWebKit/537.36 (KHTML, like Gecko) Mobile Safari/537.36 (compatible; PetalBot;+https://webmaster.petalsearch.com/site/petalbot)" "www.kurtswebnotes.com"
114.119.136.144 - - [14/Oct/2022:06:06:35 -0700] "GET /wp-includes/blocks/spacer/?C=N%3BO%3DD HTTP/1.1" 200 376 "https://www.kurtswebnotes.com/wp-includes/blocks/spacer/?C=M%3BO%3DA" "Mozilla/5.0 (Linux; Android 7.0;) AppleWebKit/537.36 (KHTML, like Gecko) Mobile Safari/537.36 (compatible; PetalBot;+https://webmaster.petalsearch.com/site/petalbot)" "www.kurtswebnotes.com"
114.119.136.141 - - [14/Oct/2022:06:12:42 -0700] "GET /wp-includes/blocks/code/?C=M%3BO%3DA HTTP/1.1" 200 376 "https://kurtswebnotes.com/wp-includes/blocks/code/" "Mozilla/5.0 (Linux; Android 7.0;) AppleWebKit/537.36 (KHTML, like Gecko) Mobile Safari/537.36 (compatible; PetalBot;+https://webmaster.petalsearch.com/site/petalbot)" "kurtswebnotes.com"
114.119.136.144 - - [14/Oct/2022:06:18:44 -0700] "GET /wp-includes/blocks/group/?C=S%3BO%3DA HTTP/1.1" 200 377 "https://kurtswebnotes.com/wp-includes/blocks/group/" "Mozilla/5.0 (Linux; Android 7.0;) AppleWebKit/537.36 (KHTML, like Gecko) Mobile Safari/537.36 (compatible; PetalBot;+https://webmaster.petalsearch.com/site/petalbot)" "kurtswebnotes.com"
114.119.136.141 - - [14/Oct/2022:06:24:51 -0700] "GET /wp-includes/blocks/paragraph/?C=N%3BO%3DD HTTP/1.1" 200 380 "https://www.kurtswebnotes.com/wp-includes/blocks/paragraph/?C=D%3BO%3DA" "Mozilla/5.0 (Linux; Android 7.0;) AppleWebKit/537.36 (KHTML, like Gecko) Mobile Safari/537.36 (compatible; PetalBot;+https://webmaster.petalsearch.com/site/petalbot)" "www.kurtswebnotes.com"
185.191.171.12 - - [14/Oct/2022:06:30:26 -0700] "GET /robots.txt HTTP/1.1" 200 101 "-" "Mozilla/5.0 (compatible; SemrushBot/7~bl; +http://www.semrush.com/bot.html)" "www.kurtswebnotes.com"
185.191.171.10 - - [14/Oct/2022:06:30:26 -0700] "GET /wp-includes/sodium_compat/src/Core32/?C=N%3BO%3DD HTTP/1.1" 200 669 "-" "Mozilla/5.0 (compatible; SemrushBot/7~bl; +http://www.semrush.com/bot.html)" "www.kurtswebnotes.com"
114.119.136.143 - - [14/Oct/2022:06:30:57 -0700] "GET /wp-includes/blocks/video/ HTTP/1.1" 200 377 "https://kurtswebnotes.com/wp-includes/blocks/?C=M%3BO%3DA" "Mozilla/5.0 (Linux; Android 7.0;) AppleWebKit/537.36 (KHTML, like Gecko) Mobile Safari/537.36 (compatible; PetalBot;+https://webmaster.petalsearch.com/site/petalbot)" "kurtswebnotes.com"
185.196.220.26 - - [14/Oct/2022:06:34:56 -0700] "GET /blog/readme.html HTTP/1.1" 404 88 "http://kurtswebnotes.com/blog/readme.html" "Mozilla/5.0 (Macintosh; Intel Mac OS X 12.6; rv:105.0) Gecko/20100101 Firefox/105.0" "kurtswebnotes.com"
114.119.136.144 - - [14/Oct/2022:06:37:11 -0700] "GET /wp-includes/sodium_compat/src/Core/ChaCha20/IetfCtx.php HTTP/1.1" 500 - "https://www.kurtswebnotes.com/wp-includes/sodium_compat/src/Core/ChaCha20/?C=N%3BO%3DD" "Mozilla/5.0 (Linux; Android 7.0;) AppleWebKit/537.36 (KHTML, like Gecko) Mobile Safari/537.36 (compatible; PetalBot;+https://webmaster.petalsearch.com/site/petalbot)" "www.kurtswebnotes.com"
114.119.136.144 - - [14/Oct/2022:06:43:14 -0700] "GET /wp-includes/sodium_compat/namespaced/Core/Poly1305/?C=D%3BO%3DA HTTP/1.1" 200 401 "https://www.kurtswebnotes.com/wp-includes/sodium_compat/namespaced/Core/Poly1305/" "Mozilla/5.0 (Linux; Android 7.0;) AppleWebKit/537.36 (KHTML, like Gecko) Mobile Safari/537.36 (compatible; PetalBot;+https://webmaster.petalsearch.com/site/petalbot)" "www.kurtswebnotes.com"
114.119.136.14 - - [14/Oct/2022:06:49:23 -0700] "GET /wp-includes/sodium_compat/src/Core/ChaCha20/ HTTP/1.1" 200 412 "https://www.kurtswebnotes.com/wp-includes/sodium_compat/src/Core/" "Mozilla/5.0 (Linux; Android 7.0;) AppleWebKit/537.36 (KHTML, like Gecko) Mobile Safari/537.36 (compatible; PetalBot;+https://webmaster.petalsearch.com/site/petalbot)" "www.kurtswebnotes.com"
114.119.136.143 - - [14/Oct/2022:06:55:28 -0700] "GET /wp-includes/sodium_compat/src/Core32/Curve25519/Ge/?C=D%3BO%3DA HTTP/1.1" 200 459 "https://kurtswebnotes.com/wp-includes/sodium_compat/src/Core32/Curve25519/Ge/?C=S%3BO%3DA" "Mozilla/5.0 (Linux; Android 7.0;) AppleWebKit/537.36 (KHTML, like Gecko) Mobile Safari/537.36 (compatible; PetalBot;+https://webmaster.petalsearch.com/site/petalbot)" "kurtswebnotes.com"
185.191.171.3 - - [14/Oct/2022:06:56:07 -0700] "GET /wp-includes/sodium_compat/src/Core32/SipHash.php HTTP/1.1" 500 - "-" "Mozilla/5.0 (compatible; SemrushBot/7~bl; +http://www.semrush.com/bot.html)" "www.kurtswebnotes.com"
185.191.171.15 - - [14/Oct/2022:06:58:32 -0700] "GET /wp-includes/sodium_compat/src/Core/Poly1305/ HTTP/1.1" 200 396 "-" "Mozilla/5.0 (compatible; SemrushBot/7~bl; +http://www.semrush.com/bot.html)" "www.kurtswebnotes.com"
114.119.136.138 - - [14/Oct/2022:07:01:25 -0700] "GET /wp-includes/css/dist/block-directory/style.min.css HTTP/1.1" 200 1022 "https://www.kurtswebnotes.com/wp-includes/css/dist/block-directory/?C=S%3BO%3DA" "Mozilla/5.0 (Linux; Android 7.0;) AppleWebKit/537.36 (KHTML, like Gecko) Mobile Safari/537.36 (compatible; PetalBot;+https://webmaster.petalsearch.com/site/petalbot)" "www.kurtswebnotes.com"
114.119.136.143 - - [14/Oct/2022:07:07:38 -0700] "GET /wp-includes/sodium_compat/namespaced/Core/Util.php HTTP/1.1" 500 - "https://kurtswebnotes.com/wp-includes/sodium_compat/namespaced/Core/?C=D%3BO%3DA" "Mozilla/5.0 (Linux; Android 7.0;) AppleWebKit/537.36 (KHTML, like Gecko) Mobile Safari/537.36 (compatible; PetalBot;+https://webmaster.petalsearch.com/site/petalbot)" "kurtswebnotes.com"
114.119.136.144 - - [14/Oct/2022:07:13:52 -0700] "GET /wp-includes/blocks/list/?C=M%3BO%3DA HTTP/1.1" 200 375 "https://kurtswebnotes.com/wp-includes/blocks/list/" "Mozilla/5.0 (Linux; Android 7.0;) AppleWebKit/537.36 (KHTML, like Gecko) Mobile Safari/537.36 (compatible; PetalBot;+https://webmaster.petalsearch.com/site/petalbot)" "kurtswebnotes.com"
114.119.136.141 - - [14/Oct/2022:07:20:07 -0700] "GET /wp-includes/blocks/search/?C=N%3BO%3DD HTTP/1.1" 200 376 "https://kurtswebnotes.com/wp-includes/blocks/search/?C=S%3BO%3DA" "Mozilla/5.0 (Linux; Android 7.0;) AppleWebKit/537.36 (KHTML, like Gecko) Mobile Safari/537.36 (compatible; PetalBot;+https://webmaster.petalsearch.com/site/petalbot)" "kurtswebnotes.com"
1.192.195.8 - - [14/Oct/2022:07:20:25 -0700] "GET / HTTP/1.1" 200 481 "https://kurtswebnotes.com/" "Mozilla/5.0(compatible;MSIE9.0;WindowsNT6.1;Trident/5.0)" "kurtswebnotes.com"
34.148.157.97 - - [14/Oct/2022:07:23:55 -0700] "GET /robots.txt HTTP/1.1" 200 101 "-" "ZoominfoBot (zoominfobot at zoominfo dot com)" "www.kurtswebnotes.com"
34.148.157.97 - - [14/Oct/2022:07:23:55 -0700] "GET /robots.txt HTTP/1.1" 200 101 "-" "ZoominfoBot (zoominfobot at zoominfo dot com)" "www.kurtswebnotes.com"
34.148.157.97 - - [14/Oct/2022:07:23:55 -0700] "GET / HTTP/1.1" 200 481 "-" "ZoominfoBot (zoominfobot at zoominfo dot com)" "www.kurtswebnotes.com"
114.119.136.143 - - [14/Oct/2022:07:26:17 -0700] "GET /wp-includes/sodium_compat/src/PHP52/?C=N%3BO%3DD HTTP/1.1" 200 397 "https://kurtswebnotes.com/wp-includes/sodium_compat/src/PHP52/?C=S%3BO%3DA" "Mozilla/5.0 (Linux; Android 7.0;) AppleWebKit/537.36 (KHTML, like Gecko) Mobile Safari/537.36 (compatible; PetalBot;+https://webmaster.petalsearch.com/site/petalbot)" "kurtswebnotes.com"
114.119.136.14 - - [14/Oct/2022:07:32:31 -0700] "GET /wp-includes/css/dist/block-editor/?C=N%3BO%3DD HTTP/1.1" 200 424 "https://www.kurtswebnotes.com/wp-includes/css/dist/block-editor/" "Mozilla/5.0 (Linux; Android 7.0;) AppleWebKit/537.36 (KHTML, like Gecko) Mobile Safari/537.36 (compatible; PetalBot;+https://webmaster.petalsearch.com/site/petalbot)" "www.kurtswebnotes.com"
185.191.171.5 - - [14/Oct/2022:07:36:51 -0700] "GET /robots.txt HTTP/1.1" 200 101 "-" "Mozilla/5.0 (compatible; SemrushBot/7~bl; +http://www.semrush.com/bot.html)" "www.kurtswebnotes.com"
185.191.171.33 - - [14/Oct/2022:07:36:51 -0700] "GET /wp-includes/sodium_compat/src/Core32/Curve25519/ HTTP/1.1" 200 435 "-" "Mozilla/5.0 (compatible; SemrushBot/7~bl; +http://www.semrush.com/bot.html)" "www.kurtswebnotes.com"
114.119.136.138 - - [14/Oct/2022:07:38:42 -0700] "GET /wp-includes/css/dist/?C=S%3BO%3DA HTTP/1.1" 200 382 "https://kurtswebnotes.com/wp-includes/css/dist/" "Mozilla/5.0 (Linux; Android 7.0;) AppleWebKit/537.36 (KHTML, like Gecko) Mobile Safari/537.36 (compatible; PetalBot;+https://webmaster.petalsearch.com/site/petalbot)" "kurtswebnotes.com"
114.119.136.141 - - [14/Oct/2022:07:44:55 -0700] "GET /wp-admin/?C=M%3BO%3DA HTTP/1.1" 200 351 "https://kurtswebnotes.com/wp-admin/" "Mozilla/5.0 (Linux; Android 7.0;) AppleWebKit/537.36 (KHTML, like Gecko) Mobile Safari/537.36 (compatible; PetalBot;+https://webmaster.petalsearch.com/site/petalbot)" "kurtswebnotes.com"
114.119.136.143 - - [14/Oct/2022:07:51:03 -0700] "GET /wp-includes/blocks/latest-posts/ HTTP/1.1" 200 381 "https://kurtswebnotes.com/wp-includes/blocks/?C=M%3BO%3DA" "Mozilla/5.0 (Linux; Android 7.0;) AppleWebKit/537.36 (KHTML, like Gecko) Mobile Safari/537.36 (compatible; PetalBot;+https://webmaster.petalsearch.com/site/petalbot)" "kurtswebnotes.com"
114.119.135.35 - - [14/Oct/2022:07:51:21 -0700] "GET /?C=S%3BO%3DA HTTP/1.1" 200 481 "https://kurtswebnotes.com" "Mozilla/5.0 (Linux; Android 7.0;) AppleWebKit/537.36 (KHTML, like Gecko) Mobile Safari/537.36 (compatible; PetalBot;+https://webmaster.petalsearch.com/site/petalbot)" "kurtswebnotes.com"
114.119.136.143 - - [14/Oct/2022:07:57:02 -0700] "GET /wp-includes/sodium_compat/src/Core/Curve25519/Ge/?C=S%3BO%3DA HTTP/1.1" 200 457 "https://www.kurtswebnotes.com/wp-includes/sodium_compat/src/Core/Curve25519/Ge/?C=D%3BO%3DA" "Mozilla/5.0 (Linux; Android 7.0;) AppleWebKit/537.36 (KHTML, like Gecko) Mobile Safari/537.36 (compatible; PetalBot;+https://webmaster.petalsearch.com/site/petalbot)" "www.kurtswebnotes.com"
114.119.136.138 - - [14/Oct/2022:08:03:12 -0700] "GET /wp-content/themes/ HTTP/1.1" 200 375 "https://www.kurtswebnotes.com/wp-content/?C=S%3BO%3DA" "Mozilla/5.0 (Linux; Android 7.0;) AppleWebKit/537.36 (KHTML, like Gecko) Mobile Safari/537.36 (compatible; PetalBot;+https://webmaster.petalsearch.com/site/petalbot)" "www.kurtswebnotes.com"
185.191.171.12 - - [14/Oct/2022:08:05:14 -0700] "GET /wp-includes/sodium_compat/src/Core32/XSalsa20.php HTTP/1.1" 500 - "-" "Mozilla/5.0 (compatible; SemrushBot/7~bl; +http://www.semrush.com/bot.html)" "www.kurtswebnotes.com"
114.119.136.144 - - [14/Oct/2022:08:09:29 -0700] "GET /wp-includes/css/dist/?C=M%3BO%3DA HTTP/1.1" 200 382 "https://kurtswebnotes.com/wp-includes/css/dist/" "Mozilla/5.0 (Linux; Android 7.0;) AppleWebKit/537.36 (KHTML, like Gecko) Mobile Safari/537.36 (compatible; PetalBot;+https://webmaster.petalsearch.com/site/petalbot)" "kurtswebnotes.com"
114.119.136.143 - - [14/Oct/2022:08:15:44 -0700] "GET /wp-includes/blocks/latest-posts/?C=M%3BO%3DA HTTP/1.1" 200 381 "https://www.kurtswebnotes.com/wp-includes/blocks/latest-posts/?C=D%3BO%3DA" "Mozilla/5.0 (Linux; Android 7.0;) AppleWebKit/537.36 (KHTML, like Gecko) Mobile Safari/537.36 (compatible; PetalBot;+https://webmaster.petalsearch.com/site/petalbot)" "www.kurtswebnotes.com"
114.119.136.143 - - [14/Oct/2022:08:21:56 -0700] "GET /wp-includes/blocks/rss/?C=S%3BO%3DD HTTP/1.1" 200 374 "https://www.kurtswebnotes.com/wp-includes/blocks/rss/?C=S;O=A" "Mozilla/5.0 (Linux; Android 7.0;) AppleWebKit/537.36 (KHTML, like Gecko) Mobile Safari/537.36 (compatible; PetalBot;+https://webmaster.petalsearch.com/site/petalbot)" "www.kurtswebnotes.com"
114.119.136.143 - - [14/Oct/2022:08:28:06 -0700] "GET /wp-includes/blocks/video/ HTTP/1.1" 200 377 "https://www.kurtswebnotes.com/wp-includes/blocks/?C=N%3BO%3DD" "Mozilla/5.0 (Linux; Android 7.0;) AppleWebKit/537.36 (KHTML, like Gecko) Mobile Safari/537.36 (compatible; PetalBot;+https://webmaster.petalsearch.com/site/petalbot)" "www.kurtswebnotes.com"
114.119.136.14 - - [14/Oct/2022:08:34:21 -0700] "GET /wp-includes/blocks/search/block.json HTTP/1.1" 200 295 "https://kurtswebnotes.com/wp-includes/blocks/search/?C=S%3BO%3DA" "Mozilla/5.0 (Linux; Android 7.0;) AppleWebKit/537.36 (KHTML, like Gecko) Mobile Safari/537.36 (compatible; PetalBot;+https://webmaster.petalsearch.com/site/petalbot)" "kurtswebnotes.com"
114.119.136.141 - - [14/Oct/2022:08:40:31 -0700] "GET /wp-includes/blocks/social-link/block.json HTTP/1.1" 200 250 "https://www.kurtswebnotes.com/wp-includes/blocks/social-link/?C=N%3BO%3DD" "Mozilla/5.0 (Linux; Android 7.0;) AppleWebKit/537.36 (KHTML, like Gecko) Mobile Safari/537.36 (compatible; PetalBot;+https://webmaster.petalsearch.com/site/petalbot)" "www.kurtswebnotes.com"
114.119.136.141 - - [14/Oct/2022:08:46:33 -0700] "GET /wp-includes/css/dist/block-directory/?C=N%3BO%3DD HTTP/1.1" 200 421 "https://kurtswebnotes.com/wp-includes/css/dist/block-directory/" "Mozilla/5.0 (Linux; Android 7.0;) AppleWebKit/537.36 (KHTML, like Gecko) Mobile Safari/537.36 (compatible; PetalBot;+https://webmaster.petalsearch.com/site/petalbot)" "kurtswebnotes.com"
51.222.253.6 - - [14/Oct/2022:08:49:28 -0700] "GET /robots.txt HTTP/1.1" 200 101 "-" "Mozilla/5.0 (compatible; AhrefsBot/7.0; +http://ahrefs.com/robot/)" "www.kurtswebnotes.com"
114.119.136.141 - - [14/Oct/2022:08:52:39 -0700] "GET /wp-includes/sitemaps/providers/ HTTP/1.1" 200 435 "https://kurtswebnotes.com/wp-includes/sitemaps/?C=M%3BO%3DA" "Mozilla/5.0 (Linux; Android 7.0;) AppleWebKit/537.36 (KHTML, like Gecko) Mobile Safari/537.36 (compatible; PetalBot;+https://webmaster.petalsearch.com/site/petalbot)" "kurtswebnotes.com"
114.119.136.138 - - [14/Oct/2022:08:58:54 -0700] "GET /download?S=D HTTP/1.1" 301 1419 "http://www.kurtswebnotes.com/download?S=A" "Mozilla/5.0 (Linux; Android 7.0;) AppleWebKit/537.36 (KHTML, like Gecko) Mobile Safari/537.36 (compatible; PetalBot;+https://webmaster.petalsearch.com/site/petalbot)" "www.kurtswebnotes.com"
114.119.136.138 - - [14/Oct/2022:08:58:56 -0700] "GET /download/?S=D HTTP/1.1" 200 313 "http://www.kurtswebnotes.com/download?S=A" "Mozilla/5.0 (Linux; Android 7.0;) AppleWebKit/537.36 (KHTML, like Gecko) Mobile Safari/537.36 (compatible; PetalBot;+https://webmaster.petalsearch.com/site/petalbot)" "www.kurtswebnotes.com"
114.119.136.138 - - [14/Oct/2022:09:04:59 -0700] "GET /wp-includes/sitemaps/class-wp-sitemaps-stylesheet.php HTTP/1.1" 200 - "https://www.kurtswebnotes.com/wp-includes/sitemaps/?C=M%3BO%3DA" "Mozilla/5.0 (Linux; Android 7.0;) AppleWebKit/537.36 (KHTML, like Gecko) Mobile Safari/537.36 (compatible; PetalBot;+https://webmaster.petalsearch.com/site/petalbot)" "www.kurtswebnotes.com"
185.191.171.9 - - [14/Oct/2022:09:09:23 -0700] "GET /robots.txt HTTP/1.1" 200 101 "-" "Mozilla/5.0 (compatible; SemrushBot/7~bl; +http://www.semrush.com/bot.html)" "www.kurtswebnotes.com"
185.191.171.19 - - [14/Oct/2022:09:09:23 -0700] "GET /wp-includes/sodium_compat/src/Core/Base64/ HTTP/1.1" 200 431 "-" "Mozilla/5.0 (compatible; SemrushBot/7~bl; +http://www.semrush.com/bot.html)" "www.kurtswebnotes.com"
114.119.136.143 - - [14/Oct/2022:09:11:02 -0700] "GET /wp-includes/blocks/nextpage/ HTTP/1.1" 200 379 "https://www.kurtswebnotes.com/wp-includes/blocks/?C=N%3BO%3DD" "Mozilla/5.0 (Linux; Android 7.0;) AppleWebKit/537.36 (KHTML, like Gecko) Mobile Safari/537.36 (compatible; PetalBot;+https://webmaster.petalsearch.com/site/petalbot)" "www.kurtswebnotes.com"
114.119.136.143 - - [14/Oct/2022:09:16:49 -0700] "GET /wp-includes/blocks/spacer/?C=M%3BO%3DA HTTP/1.1" 200 376 "https://kurtswebnotes.com/wp-includes/blocks/spacer/?C=S%3BO%3DA" "Mozilla/5.0 (Linux; Android 7.0;) AppleWebKit/537.36 (KHTML, like Gecko) Mobile Safari/537.36 (compatible; PetalBot;+https://webmaster.petalsearch.com/site/petalbot)" "kurtswebnotes.com"
185.191.171.16 - - [14/Oct/2022:09:18:21 -0700] "GET /wp-includes/sodium_compat/src/Core32/SecretStream/ HTTP/1.1" 200 397 "-" "Mozilla/5.0 (compatible; SemrushBot/7~bl; +http://www.semrush.com/bot.html)" "www.kurtswebnotes.com"
114.119.136.14 - - [14/Oct/2022:09:22:52 -0700] "GET /wp-admin/css/colors/modern/?C=M%3BO%3DA HTTP/1.1" 200 438 "https://www.kurtswebnotes.com/wp-admin/css/colors/modern/" "Mozilla/5.0 (Linux; Android 7.0;) AppleWebKit/537.36 (KHTML, like Gecko) Mobile Safari/537.36 (compatible; PetalBot;+https://webmaster.petalsearch.com/site/petalbot)" "www.kurtswebnotes.com"
82.118.29.98 - - [14/Oct/2022:09:30:35 -0700] "GET /blog/2016/01/13/my-first-instagram-image/ HTTP/1.1" 404 73 "https://kurtswebnotes.com/blog/2016/01/13/my-first-instagram-image/" "Mozilla/5.0 (Windows NT 10.0; WOW64) AppleWebKit/537.36 (KHTML, like Gecko) Chrome/90.0.4430.93 Safari/537.36" "kurtswebnotes.com"
82.118.29.98 - - [14/Oct/2022:09:30:35 -0700] "GET / HTTP/1.1" 200 1458 "https://kurtswebnotes.com/" "Mozilla/5.0 (Windows NT 10.0; WOW64) AppleWebKit/537.36 (KHTML, like Gecko) Chrome/90.0.4430.93 Safari/537.36" "kurtswebnotes.com"
185.191.171.9 - - [14/Oct/2022:09:47:00 -0700] "GET /wp-includes/sodium_compat/src/Core32/XChaCha20.php HTTP/1.1" 500 - "-" "Mozilla/5.0 (compatible; SemrushBot/7~bl; +http://www.semrush.com/bot.html)" "www.kurtswebnotes.com"
114.119.136.144 - - [14/Oct/2022:09:56:50 -0700] "GET /wp-includes/blocks/social-link/?C=S%3BO%3DA HTTP/1.1" 200 380 "https://kurtswebnotes.com/wp-includes/blocks/social-link/?C=D%3BO%3DA" "Mozilla/5.0 (Linux; Android 7.0;) AppleWebKit/537.36 (KHTML, like Gecko) Mobile Safari/537.36 (compatible; PetalBot;+https://webmaster.petalsearch.com/site/petalbot)" "kurtswebnotes.com"
185.191.171.13 - - [14/Oct/2022:10:07:13 -0700] "GET /wp-includes/sodium_compat/src/Core/HSalsa20.php HTTP/1.1" 500 - "-" "Mozilla/5.0 (compatible; SemrushBot/7~bl; +http://www.semrush.com/bot.html)" "www.kurtswebnotes.com"
114.119.149.116 - - [14/Oct/2022:10:14:11 -0700] "GET /robots.txt HTTP/1.1" 200 101 "-" "Mozilla/5.0 (compatible;PetalBot;+https://webmaster.petalsearch.com/site/petalbot)" "kurtswebnotes.com"
114.119.136.141 - - [14/Oct/2022:10:17:42 -0700] "GET /wp-includes/PHPMailer/?C=D%3BO%3DA HTTP/1.1" 200 416 "https://www.kurtswebnotes.com/wp-includes/PHPMailer/?C=N%3BO%3DD" "Mozilla/5.0 (Linux; Android 7.0;) AppleWebKit/537.36 (KHTML, like Gecko) Mobile Safari/537.36 (compatible; PetalBot;+https://webmaster.petalsearch.com/site/petalbot)" "www.kurtswebnotes.com"
62.210.215.109 - - [14/Oct/2022:10:38:52 -0700] "GET /photography/comments/feed/ HTTP/1.1" 404 88 "-" "Mozilla/5.0 (X11; Linux i686) AppleWebKit/537.36 (KHTML, like Gecko) Chrome/30.0.1599.66 Safari/537.36" "kurtswebnotes.com"
114.119.136.14 - - [14/Oct/2022:10:58:55 -0700] "GET /wp-includes/blocks/quote/?C=N%3BO%3DD HTTP/1.1" 200 378 "https://www.kurtswebnotes.com/wp-includes/blocks/quote/" "Mozilla/5.0 (Linux; Android 7.0;) AppleWebKit/537.36 (KHTML, like Gecko) Mobile Safari/537.36 (compatible; PetalBot;+https://webmaster.petalsearch.com/site/petalbot)" "www.kurtswebnotes.com"
114.119.136.141 - - [14/Oct/2022:11:07:33 -0700] "GET /wp-includes/blocks/column/?C=S%3BO%3DA HTTP/1.1" 200 376 "https://www.kurtswebnotes.com/wp-includes/blocks/column/?C=M%3BO%3DA" "Mozilla/5.0 (Linux; Android 7.0;) AppleWebKit/537.36 (KHTML, like Gecko) Mobile Safari/537.36 (compatible; PetalBot;+https://webmaster.petalsearch.com/site/petalbot)" "www.kurtswebnotes.com"
185.191.171.17 - - [14/Oct/2022:11:10:32 -0700] "GET /robots.txt HTTP/1.1" 200 101 "-" "Mozilla/5.0 (compatible; SemrushBot/7~bl; +http://www.semrush.com/bot.html)" "www.kurtswebnotes.com"
185.191.171.4 - - [14/Oct/2022:11:10:32 -0700] "GET /wp-includes/sodium_compat/src/Core/?C=S%3BO%3DA HTTP/1.1" 200 645 "-" "Mozilla/5.0 (compatible; SemrushBot/7~bl; +http://www.semrush.com/bot.html)" "www.kurtswebnotes.com"
45.95.147.39 - - [14/Oct/2022:11:13:15 -0700] "GET / HTTP/1.1" 200 1458 "-" "libwww-perl/6.67" "kurtswebnotes.com"
114.119.136.14 - - [14/Oct/2022:11:13:40 -0700] "GET /wp-includes/blocks/text-columns/ HTTP/1.1" 200 382 "https://kurtswebnotes.com/wp-includes/blocks/?C=M%3BO%3DA" "Mozilla/5.0 (Linux; Android 7.0;) AppleWebKit/537.36 (KHTML, like Gecko) Mobile Safari/537.36 (compatible; PetalBot;+https://webmaster.petalsearch.com/site/petalbot)" "kurtswebnotes.com"
114.119.136.143 - - [14/Oct/2022:11:21:10 -0700] "GET /wp-includes/blocks/subhead/?C=M%3BO%3DA HTTP/1.1" 200 377 "https://www.kurtswebnotes.com/wp-includes/blocks/subhead/?C=N%3BO%3DD" "Mozilla/5.0 (Linux; Android 7.0;) AppleWebKit/537.36 (KHTML, like Gecko) Mobile Safari/537.36 (compatible; PetalBot;+https://webmaster.petalsearch.com/site/petalbot)" "www.kurtswebnotes.com"
185.191.171.7 - - [14/Oct/2022:11:25:42 -0700] "GET /wp-includes/sodium_compat/src/Core32/?C=D%3BO%3DA HTTP/1.1" 200 669 "-" "Mozilla/5.0 (compatible; SemrushBot/7~bl; +http://www.semrush.com/bot.html)" "www.kurtswebnotes.com"
114.119.136.14 - - [14/Oct/2022:11:27:19 -0700] "GET /wp-includes/sodium_compat/composer.json HTTP/1.1" 200 678 "https://www.kurtswebnotes.com/wp-includes/sodium_compat/?C=S%3BO%3DA" "Mozilla/5.0 (Linux; Android 7.0;) AppleWebKit/537.36 (KHTML, like Gecko) Mobile Safari/537.36 (compatible; PetalBot;+https://webmaster.petalsearch.com/site/petalbot)" "www.kurtswebnotes.com"
185.191.171.1 - - [14/Oct/2022:11:28:44 -0700] "GET /wp-includes/sodium_compat/src/Core/ChaCha20/ HTTP/1.1" 200 412 "-" "Mozilla/5.0 (compatible; SemrushBot/7~bl; +http://www.semrush.com/bot.html)" "www.kurtswebnotes.com"
114.119.136.144 - - [14/Oct/2022:11:33:33 -0700] "GET /wp-includes/sodium_compat/namespaced/Core/ChaCha20.php HTTP/1.1" 500 - "https://www.kurtswebnotes.com/wp-includes/sodium_compat/namespaced/Core/?C=D%3BO%3DA" "Mozilla/5.0 (Linux; Android 7.0;) AppleWebKit/537.36 (KHTML, like Gecko) Mobile Safari/537.36 (compatible; PetalBot;+https://webmaster.petalsearch.com/site/petalbot)" "www.kurtswebnotes.com"
114.119.136.143 - - [14/Oct/2022:11:39:48 -0700] "GET /wp-includes/sodium_compat/namespaced/File.php HTTP/1.1" 500 - "https://www.kurtswebnotes.com/wp-includes/sodium_compat/namespaced/?C=D%3BO%3DA" "Mozilla/5.0 (Linux; Android 7.0;) AppleWebKit/537.36 (KHTML, like Gecko) Mobile Safari/537.36 (compatible; PetalBot;+https://webmaster.petalsearch.com/site/petalbot)" "www.kurtswebnotes.com"
114.119.136.144 - - [14/Oct/2022:11:46:02 -0700] "GET /wp-includes/blocks/more/?C=S%3BO%3DA HTTP/1.1" 200 376 "https://www.kurtswebnotes.com/wp-includes/blocks/more/?C=N%3BO%3DD" "Mozilla/5.0 (Linux; Android 7.0;) AppleWebKit/537.36 (KHTML, like Gecko) Mobile Safari/537.36 (compatible; PetalBot;+https://webmaster.petalsearch.com/site/petalbot)" "www.kurtswebnotes.com"
114.119.136.144 - - [14/Oct/2022:11:52:14 -0700] "GET /wp-includes/sodium_compat/src/Core/SecretStream/?C=D%3BO%3DA HTTP/1.1" 200 395 "https://kurtswebnotes.com/wp-includes/sodium_compat/src/Core/SecretStream/?C=S%3BO%3DA" "Mozilla/5.0 (Linux; Android 7.0;) AppleWebKit/537.36 (KHTML, like Gecko) Mobile Safari/537.36 (compatible; PetalBot;+https://webmaster.petalsearch.com/site/petalbot)" "kurtswebnotes.com"
114.119.136.14 - - [14/Oct/2022:11:58:20 -0700] "GET /wp-includes/blocks/nextpage/?C=M%3BO%3DA HTTP/1.1" 200 379 "https://kurtswebnotes.com/wp-includes/blocks/nextpage/?C=D%3BO%3DA" "Mozilla/5.0 (Linux; Android 7.0;) AppleWebKit/537.36 (KHTML, like Gecko) Mobile Safari/537.36 (compatible; PetalBot;+https://webmaster.petalsearch.com/site/petalbot)" "kurtswebnotes.com"
114.119.136.141 - - [14/Oct/2022:12:04:50 -0700] "GET /wp-includes/sodium_compat/src/PHP52/?C=M%3BO%3DA HTTP/1.1" 200 397 "https://kurtswebnotes.com/wp-includes/sodium_compat/src/PHP52/?C=N%3BO%3DD" "Mozilla/5.0 (Linux; Android 7.0;) AppleWebKit/537.36 (KHTML, like Gecko) Mobile Safari/537.36 (compatible; PetalBot;+https://webmaster.petalsearch.com/site/petalbot)" "kurtswebnotes.com"
114.119.136.144 - - [14/Oct/2022:12:11:12 -0700] "GET /public_html/?C=D%3BO%3DA HTTP/1.1" 200 315 "https://www.kurtswebnotes.com/public_html/" "Mozilla/5.0 (Linux; Android 7.0;) AppleWebKit/537.36 (KHTML, like Gecko) Mobile Safari/537.36 (compatible; PetalBot;+https://webmaster.petalsearch.com/site/petalbot)" "www.kurtswebnotes.com"
114.119.136.144 - - [14/Oct/2022:12:17:44 -0700] "GET /wp-includes/blocks/verse/ HTTP/1.1" 200 376 "https://kurtswebnotes.com/wp-includes/blocks/?C=M%3BO%3DA" "Mozilla/5.0 (Linux; Android 7.0;) AppleWebKit/537.36 (KHTML, like Gecko) Mobile Safari/537.36 (compatible; PetalBot;+https://webmaster.petalsearch.com/site/petalbot)" "kurtswebnotes.com"
114.119.136.138 - - [14/Oct/2022:12:24:10 -0700] "GET /wp-includes/sodium_compat/src/Core/?C=S%3BO%3DA HTTP/1.1" 200 645 "https://www.kurtswebnotes.com/wp-includes/sodium_compat/src/Core/" "Mozilla/5.0 (Linux; Android 7.0;) AppleWebKit/537.36 (KHTML, like Gecko) Mobile Safari/537.36 (compatible; PetalBot;+https://webmaster.petalsearch.com/site/petalbot)" "www.kurtswebnotes.com"
114.119.136.138 - - [14/Oct/2022:12:30:12 -0700] "GET /wp-includes/sodium_compat/namespaced/Core/HSalsa20.php HTTP/1.1" 500 - "https://kurtswebnotes.com/wp-includes/sodium_compat/namespaced/Core/?C=D%3BO%3DA" "Mozilla/5.0 (Linux; Android 7.0;) AppleWebKit/537.36 (KHTML, like Gecko) Mobile Safari/537.36 (compatible; PetalBot;+https://webmaster.petalsearch.com/site/petalbot)" "kurtswebnotes.com"
114.119.136.14 - - [14/Oct/2022:12:36:11 -0700] "GET /wp-includes/sodium_compat/src/Core32/ChaCha20/Ctx.php HTTP/1.1" 500 - "https://www.kurtswebnotes.com/wp-includes/sodium_compat/src/Core32/ChaCha20/?C=S%3BO%3DA" "Mozilla/5.0 (Linux; Android 7.0;) AppleWebKit/537.36 (KHTML, like Gecko) Mobile Safari/537.36 (compatible; PetalBot;+https://webmaster.petalsearch.com/site/petalbot)" "www.kurtswebnotes.com"
114.119.136.138 - - [14/Oct/2022:12:42:00 -0700] "GET /wp-includes/sodium_compat/src/Core32/Poly1305/?C=S%3BO%3DA HTTP/1.1" 200 398 "https://kurtswebnotes.com/wp-includes/sodium_compat/src/Core32/Poly1305/" "Mozilla/5.0 (Linux; Android 7.0;) AppleWebKit/537.36 (KHTML, like Gecko) Mobile Safari/537.36 (compatible; PetalBot;+https://webmaster.petalsearch.com/site/petalbot)" "kurtswebnotes.com"
114.119.136.138 - - [14/Oct/2022:12:47:57 -0700] "GET /wp-includes/blocks/file/?C=D%3BO%3DA HTTP/1.1" 200 376 "https://www.kurtswebnotes.com/wp-includes/blocks/file/?C=M%3BO%3DA" "Mozilla/5.0 (Linux; Android 7.0;) AppleWebKit/537.36 (KHTML, like Gecko) Mobile Safari/537.36 (compatible; PetalBot;+https://webmaster.petalsearch.com/site/petalbot)" "www.kurtswebnotes.com"
114.119.136.143 - - [14/Oct/2022:12:53:24 -0700] "GET /wp-includes/css/?C=D%3BO%3DA HTTP/1.1" 200 359 "https://www.kurtswebnotes.com/wp-includes/css/" "Mozilla/5.0 (Linux; Android 7.0;) AppleWebKit/537.36 (KHTML, like Gecko) Mobile Safari/537.36 (compatible; PetalBot;+https://webmaster.petalsearch.com/site/petalbot)" "www.kurtswebnotes.com"
114.119.136.144 - - [14/Oct/2022:12:58:58 -0700] "GET /wp-includes/blocks/nextpage/?C=S%3BO%3DA HTTP/1.1" 200 379 "https://www.kurtswebnotes.com/wp-includes/blocks/nextpage/?C=N%3BO%3DD" "Mozilla/5.0 (Linux; Android 7.0;) AppleWebKit/537.36 (KHTML, like Gecko) Mobile Safari/537.36 (compatible; PetalBot;+https://webmaster.petalsearch.com/site/petalbot)" "www.kurtswebnotes.com"
109.206.241.78 - - [14/Oct/2022:13:04:52 -0700] "GET /fw.php HTTP/1.1" 404 88 "www.google.com" "Mozlila/5.0 (Linux; Android 7.0; SM-G892A Bulid/NRD90M; wv) AppleWebKit/537.36 (KHTML, like Gecko) Version/4.0 Chrome/60.0.3112.107 Moblie Safari/537.36" "kurtswebnotes.com"
109.206.241.78 - - [14/Oct/2022:13:05:01 -0700] "GET /fw.php HTTP/1.1" 404 88 "www.google.com" "Mozlila/5.0 (Linux; Android 7.0; SM-G892A Bulid/NRD90M; wv) AppleWebKit/537.36 (KHTML, like Gecko) Version/4.0 Chrome/60.0.3112.107 Moblie Safari/537.36" "kurtswebnotes.com"
114.119.136.143 - - [14/Oct/2022:13:05:07 -0700] "GET /wp-includes/blocks/search/block.json HTTP/1.1" 200 295 "https://www.kurtswebnotes.com/wp-includes/blocks/search/?C=M%3BO%3DA" "Mozilla/5.0 (Linux; Android 7.0;) AppleWebKit/537.36 (KHTML, like Gecko) Mobile Safari/537.36 (compatible; PetalBot;+https://webmaster.petalsearch.com/site/petalbot)" "www.kurtswebnotes.com"
109.206.241.78 - - [14/Oct/2022:13:05:10 -0700] "GET /fx.php HTTP/1.1" 404 88 "www.google.com" "Mozlila/5.0 (Linux; Android 7.0; SM-G892A Bulid/NRD90M; wv) AppleWebKit/537.36 (KHTML, like Gecko) Version/4.0 Chrome/60.0.3112.107 Moblie Safari/537.36" "kurtswebnotes.com"
109.206.241.78 - - [14/Oct/2022:13:05:12 -0700] "GET /fx.php HTTP/1.1" 404 88 "www.google.com" "Mozlila/5.0 (Linux; Android 7.0; SM-G892A Bulid/NRD90M; wv) AppleWebKit/537.36 (KHTML, like Gecko) Version/4.0 Chrome/60.0.3112.107 Moblie Safari/537.36" "kurtswebnotes.com"
109.206.241.78 - - [14/Oct/2022:13:05:16 -0700] "GET /radio.php HTTP/1.1" 404 88 "www.google.com" "Mozlila/5.0 (Linux; Android 7.0; SM-G892A Bulid/NRD90M; wv) AppleWebKit/537.36 (KHTML, like Gecko) Version/4.0 Chrome/60.0.3112.107 Moblie Safari/537.36" "kurtswebnotes.com"
109.206.241.78 - - [14/Oct/2022:13:05:21 -0700] "GET /radio.php HTTP/1.1" 404 88 "www.google.com" "Mozlila/5.0 (Linux; Android 7.0; SM-G892A Bulid/NRD90M; wv) AppleWebKit/537.36 (KHTML, like Gecko) Version/4.0 Chrome/60.0.3112.107 Moblie Safari/537.36" "kurtswebnotes.com"
109.206.241.78 - - [14/Oct/2022:13:05:28 -0700] "GET /2index.php HTTP/1.1" 404 88 "www.google.com" "Mozlila/5.0 (Linux; Android 7.0; SM-G892A Bulid/NRD90M; wv) AppleWebKit/537.36 (KHTML, like Gecko) Version/4.0 Chrome/60.0.3112.107 Moblie Safari/537.36" "kurtswebnotes.com"
109.206.241.78 - - [14/Oct/2022:13:05:31 -0700] "GET /2index.php HTTP/1.1" 404 88 "www.google.com" "Mozlila/5.0 (Linux; Android 7.0; SM-G892A Bulid/NRD90M; wv) AppleWebKit/537.36 (KHTML, like Gecko) Version/4.0 Chrome/60.0.3112.107 Moblie Safari/537.36" "kurtswebnotes.com"
109.206.241.78 - - [14/Oct/2022:13:05:37 -0700] "GET /1index.php HTTP/1.1" 404 88 "www.google.com" "Mozlila/5.0 (Linux; Android 7.0; SM-G892A Bulid/NRD90M; wv) AppleWebKit/537.36 (KHTML, like Gecko) Version/4.0 Chrome/60.0.3112.107 Moblie Safari/537.36" "kurtswebnotes.com"
109.206.241.78 - - [14/Oct/2022:13:05:40 -0700] "GET /1index.php HTTP/1.1" 404 88 "www.google.com" "Mozlila/5.0 (Linux; Android 7.0; SM-G892A Bulid/NRD90M; wv) AppleWebKit/537.36 (KHTML, like Gecko) Version/4.0 Chrome/60.0.3112.107 Moblie Safari/537.36" "kurtswebnotes.com"
114.119.136.143 - - [14/Oct/2022:13:10:39 -0700] "GET /wp-includes/css/dist/block-editor/style.min.css HTTP/1.1" 200 12158 "https://kurtswebnotes.com/wp-includes/css/dist/block-editor/?C=S%3BO%3DA" "Mozilla/5.0 (Linux; Android 7.0;) AppleWebKit/537.36 (KHTML, like Gecko) Mobile Safari/537.36 (compatible; PetalBot;+https://webmaster.petalsearch.com/site/petalbot)" "kurtswebnotes.com"
114.119.136.14 - - [14/Oct/2022:13:21:07 -0700] "GET /wp-includes/blocks/search/?C=M%3BO%3DA HTTP/1.1" 200 376 "https://kurtswebnotes.com/wp-includes/blocks/search/?C=S%3BO%3DA" "Mozilla/5.0 (Linux; Android 7.0;) AppleWebKit/537.36 (KHTML, like Gecko) Mobile Safari/537.36 (compatible; PetalBot;+https://webmaster.petalsearch.com/site/petalbot)" "kurtswebnotes.com"
114.119.136.144 - - [14/Oct/2022:13:26:57 -0700] "GET /wp-includes/css/dist/block-directory/?C=D%3BO%3DA HTTP/1.1" 200 421 "https://www.kurtswebnotes.com/wp-includes/css/dist/block-directory/?C=S%3BO%3DA" "Mozilla/5.0 (Linux; Android 7.0;) AppleWebKit/537.36 (KHTML, like Gecko) Mobile Safari/537.36 (compatible; PetalBot;+https://webmaster.petalsearch.com/site/petalbot)" "www.kurtswebnotes.com"
114.119.136.143 - - [14/Oct/2022:13:32:49 -0700] "GET /wp-includes/blocks/latest-comments/block.json HTTP/1.1" 200 249 "https://kurtswebnotes.com/wp-includes/blocks/latest-comments/?C=D%3BO%3DA" "Mozilla/5.0 (Linux; Android 7.0;) AppleWebKit/537.36 (KHTML, like Gecko) Mobile Safari/537.36 (compatible; PetalBot;+https://webmaster.petalsearch.com/site/petalbot)" "kurtswebnotes.com"
114.119.136.144 - - [14/Oct/2022:13:39:18 -0700] "GET /wp-includes/blocks/column/?C=N%3BO%3DD HTTP/1.1" 200 376 "https://www.kurtswebnotes.com/wp-includes/blocks/column/?C=M%3BO%3DA" "Mozilla/5.0 (Linux; Android 7.0;) AppleWebKit/537.36 (KHTML, like Gecko) Mobile Safari/537.36 (compatible; PetalBot;+https://webmaster.petalsearch.com/site/petalbot)" "www.kurtswebnotes.com"
114.119.136.138 - - [14/Oct/2022:13:45:13 -0700] "GET /wp-includes/blocks/latest-comments/?C=N%3BO%3DD HTTP/1.1" 200 383 "https://kurtswebnotes.com/wp-includes/blocks/latest-comments/?C=D%3BO%3DA" "Mozilla/5.0 (Linux; Android 7.0;) AppleWebKit/537.36 (KHTML, like Gecko) Mobile Safari/537.36 (compatible; PetalBot;+https://webmaster.petalsearch.com/site/petalbot)" "kurtswebnotes.com"
114.119.136.14 - - [14/Oct/2022:13:51:02 -0700] "GET /wp-includes/sodium_compat/lib/constants.php HTTP/1.1" 200 - "https://kurtswebnotes.com/wp-includes/sodium_compat/lib/?C=N%3BO%3DD" "Mozilla/5.0 (Linux; Android 7.0;) AppleWebKit/537.36 (KHTML, like Gecko) Mobile Safari/537.36 (compatible; PetalBot;+https://webmaster.petalsearch.com/site/petalbot)" "kurtswebnotes.com"
114.119.136.14 - - [14/Oct/2022:14:00:08 -0700] "GET /wp-includes/assets/?C=D%3BO%3DA HTTP/1.1" 200 390 "https://www.kurtswebnotes.com/wp-includes/assets/?C=N%3BO%3DD" "Mozilla/5.0 (Linux; Android 7.0;) AppleWebKit/537.36 (KHTML, like Gecko) Mobile Safari/537.36 (compatible; PetalBot;+https://webmaster.petalsearch.com/site/petalbot)" "www.kurtswebnotes.com"
114.119.136.14 - - [14/Oct/2022:14:06:38 -0700] "GET /wp-includes/sodium_compat/lib/ HTTP/1.1" 200 460 "https://kurtswebnotes.com/wp-includes/sodium_compat/?C=N%3BO%3DD" "Mozilla/5.0 (Linux; Android 7.0;) AppleWebKit/537.36 (KHTML, like Gecko) Mobile Safari/537.36 (compatible; PetalBot;+https://webmaster.petalsearch.com/site/petalbot)" "kurtswebnotes.com"
114.119.136.14 - - [14/Oct/2022:14:13:23 -0700] "GET /wp-includes/blocks/media-text/?C=N%3BO%3DD HTTP/1.1" 200 381 "https://www.kurtswebnotes.com/wp-includes/blocks/media-text/" "Mozilla/5.0 (Linux; Android 7.0;) AppleWebKit/537.36 (KHTML, like Gecko) Mobile Safari/537.36 (compatible; PetalBot;+https://webmaster.petalsearch.com/site/petalbot)" "www.kurtswebnotes.com"
114.119.136.138 - - [14/Oct/2022:14:19:57 -0700] "GET /wp-includes/blocks/block/?C=M%3BO%3DA HTTP/1.1" 200 373 "https://kurtswebnotes.com/wp-includes/blocks/block/?C=S%3BO%3DA" "Mozilla/5.0 (Linux; Android 7.0;) AppleWebKit/537.36 (KHTML, like Gecko) Mobile Safari/537.36 (compatible; PetalBot;+https://webmaster.petalsearch.com/site/petalbot)" "kurtswebnotes.com"
114.119.136.141 - - [14/Oct/2022:14:26:22 -0700] "GET /wp-includes/block-patterns/heading-paragraph.php HTTP/1.1" 500 - "https://kurtswebnotes.com/wp-includes/block-patterns/?C=M%3BO%3DA" "Mozilla/5.0 (Linux; Android 7.0;) AppleWebKit/537.36 (KHTML, like Gecko) Mobile Safari/537.36 (compatible; PetalBot;+https://webmaster.petalsearch.com/site/petalbot)" "kurtswebnotes.com"
114.119.136.138 - - [14/Oct/2022:14:32:48 -0700] "GET /wp-includes/blocks/tag-cloud/?C=M%3BO%3DA HTTP/1.1" 200 378 "https://kurtswebnotes.com/wp-includes/blocks/tag-cloud/?C=N%3BO%3DD" "Mozilla/5.0 (Linux; Android 7.0;) AppleWebKit/537.36 (KHTML, like Gecko) Mobile Safari/537.36 (compatible; PetalBot;+https://webmaster.petalsearch.com/site/petalbot)" "kurtswebnotes.com"
114.119.136.138 - - [14/Oct/2022:14:39:21 -0700] "GET /wp-includes/blocks/preformatted/ HTTP/1.1" 200 382 "https://kurtswebnotes.com/wp-includes/blocks/?C=M%3BO%3DA" "Mozilla/5.0 (Linux; Android 7.0;) AppleWebKit/537.36 (KHTML, like Gecko) Mobile Safari/537.36 (compatible; PetalBot;+https://webmaster.petalsearch.com/site/petalbot)" "kurtswebnotes.com"
114.119.136.144 - - [14/Oct/2022:14:45:54 -0700] "GET /wp-includes/blocks/image/block.json HTTP/1.1" 200 367 "https://kurtswebnotes.com/wp-includes/blocks/image/?C=S%3BO%3DA" "Mozilla/5.0 (Linux; Android 7.0;) AppleWebKit/537.36 (KHTML, like Gecko) Mobile Safari/537.36 (compatible; PetalBot;+https://webmaster.petalsearch.com/site/petalbot)" "kurtswebnotes.com"
94.181.184.47 - - [14/Oct/2022:14:48:37 -0700] "GET / HTTP/1.1" 200 1458 "-" "Mozilla/5.0 (Windows NT 6.3; Win64; x64) AppleWebKit/537.36 (KHTML, like Gecko) Chrome/75.0.3770.100 Safari/537.36" "kurtswebnotes.com"
77.75.72.26 - - [14/Oct/2022:14:50:07 -0700] "GET /robots.txt HTTP/1.1" 200 101 "-" "Mozilla/5.0 (compatible; SeznamBot/4.0-RC1; +http://napoveda.seznam.cz/seznambot-intro/)" "www.kurtswebnotes.com"
77.75.79.31 - - [14/Oct/2022:14:50:08 -0700] "GET / HTTP/1.1" 200 481 "-" "Mozilla/5.0 (compatible; SeznamBot/4.0-RC1; +http://napoveda.seznam.cz/seznambot-intro/)" "www.kurtswebnotes.com"
114.119.136.144 - - [14/Oct/2022:14:52:22 -0700] "GET /wp-includes/blocks/categories/ HTTP/1.1" 200 379 "https://www.kurtswebnotes.com/wp-includes/blocks/?C=N%3BO%3DD" "Mozilla/5.0 (Linux; Android 7.0;) AppleWebKit/537.36 (KHTML, like Gecko) Mobile Safari/537.36 (compatible; PetalBot;+https://webmaster.petalsearch.com/site/petalbot)" "www.kurtswebnotes.com"
114.119.136.14 - - [14/Oct/2022:14:58:50 -0700] "GET /wp-includes/blocks/missing/?C=S%3BO%3DA HTTP/1.1" 200 377 "https://www.kurtswebnotes.com/wp-includes/blocks/missing/?C=M%3BO%3DA" "Mozilla/5.0 (Linux; Android 7.0;) AppleWebKit/537.36 (KHTML, like Gecko) Mobile Safari/537.36 (compatible; PetalBot;+https://webmaster.petalsearch.com/site/petalbot)" "www.kurtswebnotes.com"
54.236.1.13 - - [14/Oct/2022:15:04:09 -0700] "GET /robots.txt HTTP/1.1" 200 101 "-" "Mozilla/5.0 (compatible; Pinterestbot/1.0; +http://www.pinterest.com/bot.html)" "kurtswebnotes.com"
54.236.1.13 - - [14/Oct/2022:15:04:09 -0700] "GET /blog/wp-content/uploads/2013/05/cherryblossomcrowd04mod.jpg HTTP/1.1" 404 88 "-" "Mozilla/5.0 (compatible; Pinterestbot/1.0; +http://www.pinterest.com/bot.html)" "kurtswebnotes.com"
114.119.136.144 - - [14/Oct/2022:15:05:00 -0700] "GET /wp-includes/css/dist/block-directory/style-rtl.min.css HTTP/1.1" 200 1022 "https://kurtswebnotes.com/wp-includes/css/dist/block-directory/" "Mozilla/5.0 (Linux; Android 7.0;) AppleWebKit/537.36 (KHTML, like Gecko) Mobile Safari/537.36 (compatible; PetalBot;+https://webmaster.petalsearch.com/site/petalbot)" "kurtswebnotes.com"
54.236.1.13 - - [14/Oct/2022:15:05:21 -0700] "GET /blog/wp-content/uploads/2013/05/jeffmem03mod.jpg HTTP/1.1" 404 88 "-" "Mozilla/5.0 (compatible; Pinterestbot/1.0; +http://www.pinterest.com/bot.html)" "kurtswebnotes.com"
54.236.1.11 - - [14/Oct/2022:15:05:24 -0700] "GET /blog/wp-content/uploads/2013/04/mlkcherry01mod.jpg HTTP/1.1" 404 88 "-" "Mozilla/5.0 (compatible; Pinterestbot/1.0; +http://www.pinterest.com/bot.html)" "kurtswebnotes.com"
54.236.1.11 - - [14/Oct/2022:15:05:27 -0700] "GET /photography/wp-content/uploads/2013/08/windblownclouds01mod.jpg HTTP/1.1" 404 88 "-" "Mozilla/5.0 (compatible; Pinterestbot/1.0; +http://www.pinterest.com/bot.html)" "kurtswebnotes.com"
54.236.1.13 - - [14/Oct/2022:15:05:41 -0700] "GET /photography/wp-content/uploads/2013/07/colorfulboats02mod.jpg HTTP/1.1" 404 88 "-" "Mozilla/5.0 (compatible; Pinterestbot/1.0; +http://www.pinterest.com/bot.html)" "kurtswebnotes.com"
54.236.1.11 - - [14/Oct/2022:15:05:43 -0700] "GET /photography/wp-content/uploads/2013/08/duck01mod.jpg HTTP/1.1" 404 88 "-" "Mozilla/5.0 (compatible; Pinterestbot/1.0; +http://www.pinterest.com/bot.html)" "kurtswebnotes.com"
54.236.1.11 - - [14/Oct/2022:15:05:46 -0700] "GET /blog/wp-content/uploads/2013/04/gorilla01mod.jpg HTTP/1.1" 404 88 "-" "Mozilla/5.0 (compatible; Pinterestbot/1.0; +http://www.pinterest.com/bot.html)" "kurtswebnotes.com"
54.236.1.11 - - [14/Oct/2022:15:05:55 -0700] "GET /blog/wp-content/uploads/2013/05/vulture03mod.jpg HTTP/1.1" 404 88 "-" "Mozilla/5.0 (compatible; Pinterestbot/1.0; +http://www.pinterest.com/bot.html)" "kurtswebnotes.com"
54.236.1.11 - - [14/Oct/2022:15:05:59 -0700] "GET /photography/wp-content/uploads/2013/09/invisiblepeople03mod.jpg HTTP/1.1" 404 88 "-" "Mozilla/5.0 (compatible; Pinterestbot/1.0; +http://www.pinterest.com/bot.html)" "kurtswebnotes.com"
54.236.1.13 - - [14/Oct/2022:15:06:12 -0700] "GET /blog/wp-content/uploads/2013/07/scull01mod.jpg HTTP/1.1" 404 88 "-" "Mozilla/5.0 (compatible; Pinterestbot/1.0; +http://www.pinterest.com/bot.html)" "kurtswebnotes.com"
54.236.1.13 - - [14/Oct/2022:15:06:42 -0700] "GET /blog/wp-content/uploads/2013/04/flowerbud02mod.jpg HTTP/1.1" 404 88 "-" "Mozilla/5.0 (compatible; Pinterestbot/1.0; +http://www.pinterest.com/bot.html)" "kurtswebnotes.com"
54.236.1.13 - - [14/Oct/2022:15:06:45 -0700] "GET /blog/wp-content/uploads/2013/05/rose01mod.jpg HTTP/1.1" 404 88 "-" "Mozilla/5.0 (compatible; Pinterestbot/1.0; +http://www.pinterest.com/bot.html)" "kurtswebnotes.com"
54.236.1.11 - - [14/Oct/2022:15:06:49 -0700] "GET /blog/wp-content/uploads/2013/04/wideopenflower01mod.jpg HTTP/1.1" 404 88 "-" "Mozilla/5.0 (compatible; Pinterestbot/1.0; +http://www.pinterest.com/bot.html)" "kurtswebnotes.com"
54.236.1.13 - - [14/Oct/2022:15:06:50 -0700] "GET /photography/wp-content/uploads/2013/08/yellowflower05mod.jpg HTTP/1.1" 404 88 "-" "Mozilla/5.0 (compatible; Pinterestbot/1.0; +http://www.pinterest.com/bot.html)" "kurtswebnotes.com"
54.236.1.11 - - [14/Oct/2022:15:06:50 -0700] "GET /blog/wp-content/uploads/2013/06/onemillionbones01mod.jpg HTTP/1.1" 404 88 "-" "Mozilla/5.0 (compatible; Pinterestbot/1.0; +http://www.pinterest.com/bot.html)" "kurtswebnotes.com"
54.236.1.11 - - [14/Oct/2022:15:06:50 -0700] "GET /blog/wp-content/uploads/2013/05/flower03mod.jpg HTTP/1.1" 404 88 "-" "Mozilla/5.0 (compatible; Pinterestbot/1.0; +http://www.pinterest.com/bot.html)" "kurtswebnotes.com"
54.236.1.11 - - [14/Oct/2022:15:06:52 -0700] "GET /blog/wp-content/uploads/2013/04/jeffersonmem01mod.jpg HTTP/1.1" 404 88 "-" "Mozilla/5.0 (compatible; Pinterestbot/1.0; +http://www.pinterest.com/bot.html)" "kurtswebnotes.com"
54.236.1.11 - - [14/Oct/2022:15:06:58 -0700] "GET /photography/wp-content/uploads/2013/07/kbscenedowntown01mod.jpg HTTP/1.1" 404 88 "-" "Mozilla/5.0 (compatible; Pinterestbot/1.0; +http://www.pinterest.com/bot.html)" "kurtswebnotes.com"
54.236.1.13 - - [14/Oct/2022:15:07:10 -0700] "GET /blog/wp-content/uploads/2013/05/mlk02mod.jpg HTTP/1.1" 404 88 "-" "Mozilla/5.0 (compatible; Pinterestbot/1.0; +http://www.pinterest.com/bot.html)" "kurtswebnotes.com"
54.236.1.13 - - [14/Oct/2022:15:07:21 -0700] "GET /blog/wp-content/uploads/2013/04/washmonscaf02mod.jpg HTTP/1.1" 404 88 "-" "Mozilla/5.0 (compatible; Pinterestbot/1.0; +http://www.pinterest.com/bot.html)" "kurtswebnotes.com"
54.236.1.13 - - [14/Oct/2022:15:07:24 -0700] "GET /blog/wp-content/uploads/2013/06/pinkflower01mod2.jpg HTTP/1.1" 404 88 "-" "Mozilla/5.0 (compatible; Pinterestbot/1.0; +http://www.pinterest.com/bot.html)" "kurtswebnotes.com"
54.236.1.13 - - [14/Oct/2022:15:07:42 -0700] "GET /blog/wp-content/uploads/2013/04/aman01mod.jpg HTTP/1.1" 404 88 "-" "Mozilla/5.0 (compatible; Pinterestbot/1.0; +http://www.pinterest.com/bot.html)" "kurtswebnotes.com"
54.236.1.13 - - [14/Oct/2022:15:07:43 -0700] "GET /blog/wp-content/uploads/2013/05/frog02mod.jpg HTTP/1.1" 404 88 "-" "Mozilla/5.0 (compatible; Pinterestbot/1.0; +http://www.pinterest.com/bot.html)" "kurtswebnotes.com"
54.236.1.13 - - [14/Oct/2022:15:07:59 -0700] "GET /blog/wp-content/uploads/2013/04/parrot01mod.jpg HTTP/1.1" 404 88 "-" "Mozilla/5.0 (compatible; Pinterestbot/1.0; +http://www.pinterest.com/bot.html)" "kurtswebnotes.com"
54.236.1.13 - - [14/Oct/2022:15:08:01 -0700] "GET /blog/wp-content/uploads/2013/04/weedmaybe01mod.jpg HTTP/1.1" 404 88 "-" "Mozilla/5.0 (compatible; Pinterestbot/1.0; +http://www.pinterest.com/bot.html)" "kurtswebnotes.com"
54.236.1.11 - - [14/Oct/2022:15:08:05 -0700] "GET /blog/wp-content/uploads/2013/05/walkingbird01mod.jpg HTTP/1.1" 404 88 "-" "Mozilla/5.0 (compatible; Pinterestbot/1.0; +http://www.pinterest.com/bot.html)" "kurtswebnotes.com"
54.236.1.11 - - [14/Oct/2022:15:09:17 -0700] "GET /blog/wp-content/uploads/2013/05/gorilla02mod.jpg HTTP/1.1" 404 88 "-" "Mozilla/5.0 (compatible; Pinterestbot/1.0; +http://www.pinterest.com/bot.html)" "kurtswebnotes.com"
114.119.136.144 - - [14/Oct/2022:15:23:09 -0700] "GET /public_html/?C=S%3BO%3DA HTTP/1.1" 200 315 "https://www.kurtswebnotes.com/public_html/" "Mozilla/5.0 (Linux; Android 7.0;) AppleWebKit/537.36 (KHTML, like Gecko) Mobile Safari/537.36 (compatible; PetalBot;+https://webmaster.petalsearch.com/site/petalbot)" "www.kurtswebnotes.com"
114.119.136.141 - - [14/Oct/2022:15:29:11 -0700] "GET /wp-includes/sodium_compat/src/Core/Salsa20.php HTTP/1.1" 500 - "https://kurtswebnotes.com/wp-includes/sodium_compat/src/Core/?C=M%3BO%3DA" "Mozilla/5.0 (Linux; Android 7.0;) AppleWebKit/537.36 (KHTML, like Gecko) Mobile Safari/537.36 (compatible; PetalBot;+https://webmaster.petalsearch.com/site/petalbot)" "kurtswebnotes.com"
185.191.171.24 - - [14/Oct/2022:15:30:39 -0700] "GET /robots.txt HTTP/1.1" 200 101 "-" "Mozilla/5.0 (compatible; SemrushBot/7~bl; +http://www.semrush.com/bot.html)" "www.kurtswebnotes.com"
185.191.171.14 - - [14/Oct/2022:15:30:41 -0700] "GET /wp-includes/sodium_compat/src/Core/BLAKE2b.php HTTP/1.1" 500 - "-" "Mozilla/5.0 (compatible; SemrushBot/7~bl; +http://www.semrush.com/bot.html)" "www.kurtswebnotes.com"
114.119.136.14 - - [14/Oct/2022:15:35:09 -0700] "GET /wp-includes/blocks/more/?C=D%3BO%3DA HTTP/1.1" 200 376 "https://kurtswebnotes.com/wp-includes/blocks/more/?C=S%3BO%3DA" "Mozilla/5.0 (Linux; Android 7.0;) AppleWebKit/537.36 (KHTML, like Gecko) Mobile Safari/537.36 (compatible; PetalBot;+https://webmaster.petalsearch.com/site/petalbot)" "kurtswebnotes.com"
185.191.171.44 - - [14/Oct/2022:15:45:58 -0700] "GET /wp-includes/sodium_compat/src/Core32/ChaCha20.php HTTP/1.1" 500 - "-" "Mozilla/5.0 (compatible; SemrushBot/7~bl; +http://www.semrush.com/bot.html)" "www.kurtswebnotes.com"
