114.119.136.14 - - [14/Oct/2022:15:47:08 -0700] "GET /wp-includes/sodium_compat/src/Core32/SecretStream/?C=D%3BO%3DA HTTP/1.1" 200 397 "https://www.kurtswebnotes.com/wp-includes/sodium_compat/src/Core32/SecretStream/?C=S%3BO%3DA" "Mozilla/5.0 (Linux; Android 7.0;) AppleWebKit/537.36 (KHTML, like Gecko) Mobile Safari/537.36 (compatible; PetalBot;+https://webmaster.petalsearch.com/site/petalbot)" "www.kurtswebnotes.com"
114.119.136.143 - - [14/Oct/2022:15:52:48 -0700] "GET /wp-includes/sitemaps/?C=S%3BO%3DA HTTP/1.1" 200 497 "https://www.kurtswebnotes.com/wp-includes/sitemaps/?C=M%3BO%3DA" "Mozilla/5.0 (Linux; Android 7.0;) AppleWebKit/537.36 (KHTML, like Gecko) Mobile Safari/537.36 (compatible; PetalBot;+https://webmaster.petalsearch.com/site/petalbot)" "www.kurtswebnotes.com"
114.119.136.141 - - [14/Oct/2022:15:59:05 -0700] "GET /wp-includes/blocks/nextpage/block.json HTTP/1.1" 200 172 "https://kurtswebnotes.com/wp-includes/blocks/nextpage/?C=D%3BO%3DA" "Mozilla/5.0 (Linux; Android 7.0;) AppleWebKit/537.36 (KHTML, like Gecko) Mobile Safari/537.36 (compatible; PetalBot;+https://webmaster.petalsearch.com/site/petalbot)" "kurtswebnotes.com"
185.46.121.66 - - [14/Oct/2022:16:04:43 -0700] "GET /wp-login.php HTTP/1.1" 404 88 "http://kurtswebnotes.com/wp-login.php" "Mozilla/5.0 (Windows NT 10.0; Win64; x64; rv:96.0) Gecko/20100101 Firefox/96" "kurtswebnotes.com"
114.119.136.143 - - [14/Oct/2022:16:05:07 -0700] "GET /wp-content/?C=M%3BO%3DA HTTP/1.1" 200 354 "https://kurtswebnotes.com/wp-content/" "Mozilla/5.0 (Linux; Android 7.0;) AppleWebKit/537.36 (KHTML, like Gecko) Mobile Safari/537.36 (compatible; PetalBot;+https://webmaster.petalsearch.com/site/petalbot)" "kurtswebnotes.com"
185.191.171.22 - - [14/Oct/2022:16:10:10 -0700] "GET /wp-includes/sodium_compat/src/Core/XChaCha20.php HTTP/1.1" 500 - "-" "Mozilla/5.0 (compatible; SemrushBot/7~bl; +http://www.semrush.com/bot.html)" "www.kurtswebnotes.com"
64.124.8.27 - - [14/Oct/2022:16:10:44 -0700] "GET /robots.txt HTTP/1.1" 200 101 "-" "Mozilla/5.0 (X11; Linux x86_64) AppleWebKit/537.36 (KHTML, like Gecko) Chrome/61.0.3163.79 Safari/537.36" "kurtswebnotes.com"
114.119.136.141 - - [14/Oct/2022:16:11:36 -0700] "GET /wp-includes/blocks/categories/?C=S%3BO%3DA HTTP/1.1" 200 379 "https://kurtswebnotes.com/wp-includes/blocks/categories/" "Mozilla/5.0 (Linux; Android 7.0;) AppleWebKit/537.36 (KHTML, like Gecko) Mobile Safari/537.36 (compatible; PetalBot;+https://webmaster.petalsearch.com/site/petalbot)" "kurtswebnotes.com"
114.119.136.144 - - [14/Oct/2022:16:17:50 -0700] "GET /wp-includes/blocks/html/block.json HTTP/1.1" 200 183 "https://www.kurtswebnotes.com/wp-includes/blocks/html/?C=N%3BO%3DD" "Mozilla/5.0 (Linux; Android 7.0;) AppleWebKit/537.36 (KHTML, like Gecko) Mobile Safari/537.36 (compatible; PetalBot;+https://webmaster.petalsearch.com/site/petalbot)" "www.kurtswebnotes.com"
114.119.136.14 - - [14/Oct/2022:16:24:14 -0700] "GET /wp-includes/sodium_compat/src/Core32/XSalsa20.php HTTP/1.1" 500 - "https://www.kurtswebnotes.com/wp-includes/sodium_compat/src/Core32/?C=S%3BO%3DA" "Mozilla/5.0 (Linux; Android 7.0;) AppleWebKit/537.36 (KHTML, like Gecko) Mobile Safari/537.36 (compatible; PetalBot;+https://webmaster.petalsearch.com/site/petalbot)" "www.kurtswebnotes.com"
114.119.136.138 - - [14/Oct/2022:16:29:59 -0700] "GET /wp-includes/blocks/tag-cloud/block.json HTTP/1.1" 200 213 "https://www.kurtswebnotes.com/wp-includes/blocks/tag-cloud/?C=N%3BO%3DD" "Mozilla/5.0 (Linux; Android 7.0;) AppleWebKit/537.36 (KHTML, like Gecko) Mobile Safari/537.36 (compatible; PetalBot;+https://webmaster.petalsearch.com/site/petalbot)" "www.kurtswebnotes.com"
114.119.136.144 - - [14/Oct/2022:16:36:16 -0700] "GET /wp-includes/blocks/paragraph/?C=D%3BO%3DA HTTP/1.1" 200 380 "https://kurtswebnotes.com/wp-includes/blocks/paragraph/?C=M%3BO%3DA" "Mozilla/5.0 (Linux; Android 7.0;) AppleWebKit/537.36 (KHTML, like Gecko) Mobile Safari/537.36 (compatible; PetalBot;+https://webmaster.petalsearch.com/site/petalbot)" "kurtswebnotes.com"
114.119.136.143 - - [14/Oct/2022:16:42:37 -0700] "GET /wp-includes/blocks/text-columns/?C=N%3BO%3DD HTTP/1.1" 200 382 "https://www.kurtswebnotes.com/wp-includes/blocks/text-columns/" "Mozilla/5.0 (Linux; Android 7.0;) AppleWebKit/537.36 (KHTML, like Gecko) Mobile Safari/537.36 (compatible; PetalBot;+https://webmaster.petalsearch.com/site/petalbot)" "www.kurtswebnotes.com"
185.191.171.9 - - [14/Oct/2022:16:43:13 -0700] "GET /robots.txt HTTP/1.1" 200 101 "-" "Mozilla/5.0 (compatible; SemrushBot/7~bl; +http://www.semrush.com/bot.html)" "www.kurtswebnotes.com"
185.191.171.20 - - [14/Oct/2022:16:43:14 -0700] "GET /wp-includes/sodium_compat/src/Core32/HSalsa20.php HTTP/1.1" 500 - "-" "Mozilla/5.0 (compatible; SemrushBot/7~bl; +http://www.semrush.com/bot.html)" "www.kurtswebnotes.com"
94.181.184.47 - - [14/Oct/2022:16:46:19 -0700] "GET / HTTP/1.1" 200 1458 "https://kurtswebnotes.com/" "Mozilla/5.0 (Windows NT 10.0; Win64; x64) AppleWebKit/537.36 (KHTML, like Gecko) Chrome/90.0.4430.85 Safari/537.36" "kurtswebnotes.com"
114.119.136.143 - - [14/Oct/2022:16:49:29 -0700] "GET /wp-includes/blocks/more/block.json HTTP/1.1" 200 210 "https://www.kurtswebnotes.com/wp-includes/blocks/more/?C=N%3BO%3DD" "Mozilla/5.0 (Linux; Android 7.0;) AppleWebKit/537.36 (KHTML, like Gecko) Mobile Safari/537.36 (compatible; PetalBot;+https://webmaster.petalsearch.com/site/petalbot)" "www.kurtswebnotes.com"
35.231.16.209 - - [14/Oct/2022:16:52:24 -0700] "GET /robots.txt HTTP/1.1" 200 101 "-" "ZoominfoBot (zoominfobot at zoominfo dot com)" "kurtswebnotes.com"
35.231.16.209 - - [14/Oct/2022:16:52:24 -0700] "GET /robots.txt HTTP/1.1" 200 101 "-" "ZoominfoBot (zoominfobot at zoominfo dot com)" "kurtswebnotes.com"
35.231.16.209 - - [14/Oct/2022:16:52:24 -0700] "GET / HTTP/1.1" 200 481 "-" "ZoominfoBot (zoominfobot at zoominfo dot com)" "kurtswebnotes.com"
114.119.136.141 - - [14/Oct/2022:16:56:33 -0700] "GET /wp-includes/PHPMailer/ HTTP/1.1" 200 416 "https://www.kurtswebnotes.com/wp-includes/" "Mozilla/5.0 (Linux; Android 7.0;) AppleWebKit/537.36 (KHTML, like Gecko) Mobile Safari/537.36 (compatible; PetalBot;+https://webmaster.petalsearch.com/site/petalbot)" "www.kurtswebnotes.com"
114.119.136.143 - - [14/Oct/2022:17:02:48 -0700] "GET /wp-includes/sodium_compat/src/File.php HTTP/1.1" 500 - "https://kurtswebnotes.com/wp-includes/sodium_compat/src/?C=D%3BO%3DA" "Mozilla/5.0 (Linux; Android 7.0;) AppleWebKit/537.36 (KHTML, like Gecko) Mobile Safari/537.36 (compatible; PetalBot;+https://webmaster.petalsearch.com/site/petalbot)" "kurtswebnotes.com"
114.119.136.138 - - [14/Oct/2022:17:08:51 -0700] "GET /wp-includes/sodium_compat/src/Core32/ChaCha20.php HTTP/1.1" 500 - "https://www.kurtswebnotes.com/wp-includes/sodium_compat/src/Core32/?C=S%3BO%3DA" "Mozilla/5.0 (Linux; Android 7.0;) AppleWebKit/537.36 (KHTML, like Gecko) Mobile Safari/537.36 (compatible; PetalBot;+https://webmaster.petalsearch.com/site/petalbot)" "www.kurtswebnotes.com"
114.119.136.14 - - [14/Oct/2022:17:14:55 -0700] "GET /wp-includes/blocks/subhead/?C=N%3BO%3DD HTTP/1.1" 200 377 "https://kurtswebnotes.com/wp-includes/blocks/subhead/" "Mozilla/5.0 (Linux; Android 7.0;) AppleWebKit/537.36 (KHTML, like Gecko) Mobile Safari/537.36 (compatible; PetalBot;+https://webmaster.petalsearch.com/site/petalbot)" "kurtswebnotes.com"
185.191.171.40 - - [14/Oct/2022:17:16:59 -0700] "GET /wp-includes/sodium_compat/src/Core/?C=D%3BO%3DA HTTP/1.1" 200 645 "-" "Mozilla/5.0 (compatible; SemrushBot/7~bl; +http://www.semrush.com/bot.html)" "www.kurtswebnotes.com"
114.119.136.143 - - [14/Oct/2022:17:20:56 -0700] "GET /wp-includes/blocks/search/?C=N%3BO%3DD HTTP/1.1" 200 376 "https://www.kurtswebnotes.com/wp-includes/blocks/search/?C=M%3BO%3DA" "Mozilla/5.0 (Linux; Android 7.0;) AppleWebKit/537.36 (KHTML, like Gecko) Mobile Safari/537.36 (compatible; PetalBot;+https://webmaster.petalsearch.com/site/petalbot)" "www.kurtswebnotes.com"
114.119.136.14 - - [14/Oct/2022:17:27:19 -0700] "GET /wp-includes/blocks/spacer/ HTTP/1.1" 200 376 "https://www.kurtswebnotes.com/wp-includes/blocks/?C=N%3BO%3DD" "Mozilla/5.0 (Linux; Android 7.0;) AppleWebKit/537.36 (KHTML, like Gecko) Mobile Safari/537.36 (compatible; PetalBot;+https://webmaster.petalsearch.com/site/petalbot)" "www.kurtswebnotes.com"
114.119.136.144 - - [14/Oct/2022:17:33:34 -0700] "GET /wp-includes/blocks/gallery/ HTTP/1.1" 200 379 "https://www.kurtswebnotes.com/wp-includes/blocks/?C=N%3BO%3DD" "Mozilla/5.0 (Linux; Android 7.0;) AppleWebKit/537.36 (KHTML, like Gecko) Mobile Safari/537.36 (compatible; PetalBot;+https://webmaster.petalsearch.com/site/petalbot)" "www.kurtswebnotes.com"
114.119.136.144 - - [14/Oct/2022:17:40:05 -0700] "GET /wp-includes/sodium_compat/src/Core32/?C=M%3BO%3DA HTTP/1.1" 200 669 "https://kurtswebnotes.com/wp-includes/sodium_compat/src/Core32/?C=N%3BO%3DD" "Mozilla/5.0 (Linux; Android 7.0;) AppleWebKit/537.36 (KHTML, like Gecko) Mobile Safari/537.36 (compatible; PetalBot;+https://webmaster.petalsearch.com/site/petalbot)" "kurtswebnotes.com"
44.228.64.221 - - [14/Oct/2022:17:42:57 -0700] "GET /blog/author/administrator/ HTTP/1.1" 404 88 "-" "Python/3.8 aiohttp/3.8.3" "kurtswebnotes.com"
114.119.136.138 - - [14/Oct/2022:17:52:27 -0700] "GET /wp-includes/css/dist/block-directory/style.min.css HTTP/1.1" 200 1022 "https://kurtswebnotes.com/wp-includes/css/dist/block-directory/" "Mozilla/5.0 (Linux; Android 7.0;) AppleWebKit/537.36 (KHTML, like Gecko) Mobile Safari/537.36 (compatible; PetalBot;+https://webmaster.petalsearch.com/site/petalbot)" "kurtswebnotes.com"
114.119.136.138 - - [14/Oct/2022:17:58:22 -0700] "GET /wp-includes/blocks/block/ HTTP/1.1" 200 373 "https://kurtswebnotes.com/wp-includes/blocks/?C=M%3BO%3DA" "Mozilla/5.0 (Linux; Android 7.0;) AppleWebKit/537.36 (KHTML, like Gecko) Mobile Safari/537.36 (compatible; PetalBot;+https://webmaster.petalsearch.com/site/petalbot)" "kurtswebnotes.com"
114.119.136.14 - - [14/Oct/2022:18:04:41 -0700] "GET /wp-includes/css/dist/block-directory/?C=M%3BO%3DA HTTP/1.1" 200 421 "https://www.kurtswebnotes.com/wp-includes/css/dist/block-directory/?C=S%3BO%3DA" "Mozilla/5.0 (Linux; Android 7.0;) AppleWebKit/537.36 (KHTML, like Gecko) Mobile Safari/537.36 (compatible; PetalBot;+https://webmaster.petalsearch.com/site/petalbot)" "www.kurtswebnotes.com"
114.119.136.138 - - [14/Oct/2022:18:11:02 -0700] "GET /wp-includes/sodium_compat/src/PHP52/?C=M%3BO%3DA HTTP/1.1" 200 397 "https://www.kurtswebnotes.com/wp-includes/sodium_compat/src/PHP52/?C=D%3BO%3DA" "Mozilla/5.0 (Linux; Android 7.0;) AppleWebKit/537.36 (KHTML, like Gecko) Mobile Safari/537.36 (compatible; PetalBot;+https://webmaster.petalsearch.com/site/petalbot)" "www.kurtswebnotes.com"
114.119.136.14 - - [14/Oct/2022:18:17:02 -0700] "GET /wp-includes/sodium_compat/src/Core32/Curve25519/?C=M%3BO%3DA HTTP/1.1" 200 435 "https://www.kurtswebnotes.com/wp-includes/sodium_compat/src/Core32/Curve25519/?C=S%3BO%3DA" "Mozilla/5.0 (Linux; Android 7.0;) AppleWebKit/537.36 (KHTML, like Gecko) Mobile Safari/537.36 (compatible; PetalBot;+https://webmaster.petalsearch.com/site/petalbot)" "www.kurtswebnotes.com"
114.119.136.14 - - [14/Oct/2022:18:23:40 -0700] "GET /wp-includes/sodium_compat/src/PHP52/?C=D%3BO%3DA HTTP/1.1" 200 397 "https://kurtswebnotes.com/wp-includes/sodium_compat/src/PHP52/?C=N%3BO%3DD" "Mozilla/5.0 (Linux; Android 7.0;) AppleWebKit/537.36 (KHTML, like Gecko) Mobile Safari/537.36 (compatible; PetalBot;+https://webmaster.petalsearch.com/site/petalbot)" "kurtswebnotes.com"
114.119.136.143 - - [14/Oct/2022:18:29:41 -0700] "GET /wp-includes/sodium_compat/namespaced/?C=S%3BO%3DA HTTP/1.1" 200 440 "https://kurtswebnotes.com/wp-includes/sodium_compat/namespaced/?C=N%3BO%3DD" "Mozilla/5.0 (Linux; Android 7.0;) AppleWebKit/537.36 (KHTML, like Gecko) Mobile Safari/537.36 (compatible; PetalBot;+https://webmaster.petalsearch.com/site/petalbot)" "kurtswebnotes.com"
114.119.136.138 - - [14/Oct/2022:18:42:50 -0700] "GET /wp-includes/sodium_compat/namespaced/Core/Poly1305.php HTTP/1.1" 500 - "https://kurtswebnotes.com/wp-includes/sodium_compat/namespaced/Core/?C=D%3BO%3DA" "Mozilla/5.0 (Linux; Android 7.0;) AppleWebKit/537.36 (KHTML, like Gecko) Mobile Safari/537.36 (compatible; PetalBot;+https://webmaster.petalsearch.com/site/petalbot)" "kurtswebnotes.com"
35.231.16.209 - - [14/Oct/2022:18:44:32 -0700] "GET /robots.txt HTTP/1.1" 200 101 "-" "ZoominfoBot (zoominfobot at zoominfo dot com)" "www.kurtswebnotes.com"
35.231.16.209 - - [14/Oct/2022:18:44:33 -0700] "GET /robots.txt HTTP/1.1" 200 101 "-" "ZoominfoBot (zoominfobot at zoominfo dot com)" "www.kurtswebnotes.com"
35.231.16.209 - - [14/Oct/2022:18:44:33 -0700] "GET / HTTP/1.1" 200 481 "-" "ZoominfoBot (zoominfobot at zoominfo dot com)" "www.kurtswebnotes.com"
114.119.136.143 - - [14/Oct/2022:18:49:06 -0700] "GET /wp-includes/blocks/separator/block.json HTTP/1.1" 200 200 "https://kurtswebnotes.com/wp-includes/blocks/separator/?C=N%3BO%3DD" "Mozilla/5.0 (Linux; Android 7.0;) AppleWebKit/537.36 (KHTML, like Gecko) Mobile Safari/537.36 (compatible; PetalBot;+https://webmaster.petalsearch.com/site/petalbot)" "kurtswebnotes.com"
114.119.136.138 - - [14/Oct/2022:18:55:21 -0700] "GET /wp-includes/css/dist/block-directory/ HTTP/1.1" 200 421 "https://www.kurtswebnotes.com/wp-includes/css/dist/" "Mozilla/5.0 (Linux; Android 7.0;) AppleWebKit/537.36 (KHTML, like Gecko) Mobile Safari/537.36 (compatible; PetalBot;+https://webmaster.petalsearch.com/site/petalbot)" "www.kurtswebnotes.com"
114.119.136.138 - - [14/Oct/2022:19:01:40 -0700] "GET /wp-includes/sodium_compat/namespaced/Core/Curve25519/Ge/P1p1.php HTTP/1.1" 500 - "https://kurtswebnotes.com/wp-includes/sodium_compat/namespaced/Core/Curve25519/Ge/?C=S%3BO%3DA" "Mozilla/5.0 (Linux; Android 7.0;) AppleWebKit/537.36 (KHTML, like Gecko) Mobile Safari/537.36 (compatible; PetalBot;+https://webmaster.petalsearch.com/site/petalbot)" "kurtswebnotes.com"
114.119.139.104 - - [14/Oct/2022:19:02:31 -0700] "GET /robots.txt HTTP/1.1" 200 101 "-" "Mozilla/5.0 (compatible;PetalBot;+https://webmaster.petalsearch.com/site/petalbot)" "www.kurtswebnotes.com"
114.119.136.138 - - [14/Oct/2022:19:07:50 -0700] "GET /wp-includes/blocks/pullquote/ HTTP/1.1" 200 381 "https://www.kurtswebnotes.com/wp-includes/blocks/?C=N%3BO%3DD" "Mozilla/5.0 (Linux; Android 7.0;) AppleWebKit/537.36 (KHTML, like Gecko) Mobile Safari/537.36 (compatible; PetalBot;+https://webmaster.petalsearch.com/site/petalbot)" "www.kurtswebnotes.com"
114.119.136.141 - - [14/Oct/2022:19:13:43 -0700] "GET /wp-includes/sodium_compat/src/Core32/Curve25519/?C=M%3BO%3DA HTTP/1.1" 200 435 "https://kurtswebnotes.com/wp-includes/sodium_compat/src/Core32/Curve25519/?C=S%3BO%3DA" "Mozilla/5.0 (Linux; Android 7.0;) AppleWebKit/537.36 (KHTML, like Gecko) Mobile Safari/537.36 (compatible; PetalBot;+https://webmaster.petalsearch.com/site/petalbot)" "kurtswebnotes.com"
114.119.136.143 - - [14/Oct/2022:19:19:43 -0700] "GET /wp-includes/blocks/more/ HTTP/1.1" 200 376 "https://kurtswebnotes.com/wp-includes/blocks/?C=M%3BO%3DA" "Mozilla/5.0 (Linux; Android 7.0;) AppleWebKit/537.36 (KHTML, like Gecko) Mobile Safari/537.36 (compatible; PetalBot;+https://webmaster.petalsearch.com/site/petalbot)" "kurtswebnotes.com"
114.119.136.14 - - [14/Oct/2022:19:26:11 -0700] "GET /wp-includes/sodium_compat/src/Core/Curve25519/Ge/Cached.php HTTP/1.1" 200 - "https://kurtswebnotes.com/wp-includes/sodium_compat/src/Core/Curve25519/Ge/?C=N%3BO%3DD" "Mozilla/5.0 (Linux; Android 7.0;) AppleWebKit/537.36 (KHTML, like Gecko) Mobile Safari/537.36 (compatible; PetalBot;+https://webmaster.petalsearch.com/site/petalbot)" "kurtswebnotes.com"
114.119.136.144 - - [14/Oct/2022:19:32:29 -0700] "GET /wp-includes/sodium_compat/src/ HTTP/1.1" 200 504 "https://kurtswebnotes.com/wp-includes/sodium_compat/?C=N%3BO%3DD" "Mozilla/5.0 (Linux; Android 7.0;) AppleWebKit/537.36 (KHTML, like Gecko) Mobile Safari/537.36 (compatible; PetalBot;+https://webmaster.petalsearch.com/site/petalbot)" "kurtswebnotes.com"
42.236.10.107 - - [14/Oct/2022:19:34:59 -0700] "GET / HTTP/1.1" 200 481 "https://www.kurtswebnotes.com/" "Mozilla/5.0 (Windows NT 6.1; WOW64) AppleWebKit/537.36 (KHTML, like Gecko) Chrome/50.0.2661.102 Safari/537.36; 360Spider" "www.kurtswebnotes.com"
114.119.136.138 - - [14/Oct/2022:19:38:33 -0700] "GET /wp-includes/blocks/separator/ HTTP/1.1" 200 378 "https://kurtswebnotes.com/wp-includes/blocks/?C=M%3BO%3DA" "Mozilla/5.0 (Linux; Android 7.0;) AppleWebKit/537.36 (KHTML, like Gecko) Mobile Safari/537.36 (compatible; PetalBot;+https://webmaster.petalsearch.com/site/petalbot)" "kurtswebnotes.com"
5.248.227.80 - - [14/Oct/2022:19:43:00 -0700] "GET /blog/2016/01/13/my-first-instagram-image/ HTTP/1.1" 404 73 "https://kurtswebnotes.com/blog/2016/01/13/my-first-instagram-image/" "Mozilla/5.0 (Windows NT 6.1; WOW64) AppleWebKit/537.36 (KHTML, like Gecko) Chrome/90.0.4430.72 Safari/537.36" "kurtswebnotes.com"
5.248.227.80 - - [14/Oct/2022:19:43:00 -0700] "GET / HTTP/1.1" 200 1458 "https://kurtswebnotes.com/" "Mozilla/5.0 (Windows NT 6.1; WOW64) AppleWebKit/537.36 (KHTML, like Gecko) Chrome/90.0.4430.72 Safari/537.36" "kurtswebnotes.com"
114.119.136.144 - - [14/Oct/2022:19:44:40 -0700] "GET /wp-includes/blocks/social-link/?C=S%3BO%3DA HTTP/1.1" 200 380 "https://www.kurtswebnotes.com/wp-includes/blocks/social-link/" "Mozilla/5.0 (Linux; Android 7.0;) AppleWebKit/537.36 (KHTML, like Gecko) Mobile Safari/537.36 (compatible; PetalBot;+https://webmaster.petalsearch.com/site/petalbot)" "www.kurtswebnotes.com"
114.119.136.141 - - [14/Oct/2022:19:50:53 -0700] "GET /wp-includes/sodium_compat/src/Core/ChaCha20/?C=M%3BO%3DA HTTP/1.1" 200 412 "https://www.kurtswebnotes.com/wp-includes/sodium_compat/src/Core/ChaCha20/?C=N%3BO%3DD" "Mozilla/5.0 (Linux; Android 7.0;) AppleWebKit/537.36 (KHTML, like Gecko) Mobile Safari/537.36 (compatible; PetalBot;+https://webmaster.petalsearch.com/site/petalbot)" "www.kurtswebnotes.com"
42.236.10.112 - - [14/Oct/2022:19:51:43 -0700] "GET / HTTP/1.1" 200 481 "https://kurtswebnotes.com/" "Mozilla/5.0 (Windows NT 6.1; WOW64) AppleWebKit/537.36 (KHTML, like Gecko) Chrome/50.0.2661.102 Safari/537.36; 360Spider" "kurtswebnotes.com"
42.236.10.107 - - [14/Oct/2022:19:52:18 -0700] "GET / HTTP/1.1" 200 481 "https://kurtswebnotes.com/" "Mozilla/5.0 (Windows NT 6.1; WOW64) AppleWebKit/537.36 (KHTML, like Gecko) Chrome/50.0.2661.102 Safari/537.36; 360Spider" "kurtswebnotes.com"
114.119.136.138 - - [14/Oct/2022:19:56:28 -0700] "GET /wp-includes/block-supports/typography.php HTTP/1.1" 500 - "https://kurtswebnotes.com/wp-includes/block-supports/?C=S%3BO%3DA" "Mozilla/5.0 (Linux; Android 7.0;) AppleWebKit/537.36 (KHTML, like Gecko) Mobile Safari/537.36 (compatible; PetalBot;+https://webmaster.petalsearch.com/site/petalbot)" "kurtswebnotes.com"
114.119.136.141 - - [14/Oct/2022:20:01:57 -0700] "GET /wp-admin/ HTTP/1.1" 200 351 "https://www.kurtswebnotes.com/" "Mozilla/5.0 (Linux; Android 7.0;) AppleWebKit/537.36 (KHTML, like Gecko) Mobile Safari/537.36 (compatible; PetalBot;+https://webmaster.petalsearch.com/site/petalbot)" "www.kurtswebnotes.com"
114.119.136.141 - - [14/Oct/2022:20:07:17 -0700] "GET /wp-includes/blocks/calendar/?C=S%3BO%3DA HTTP/1.1" 200 377 "https://kurtswebnotes.com/wp-includes/blocks/calendar/" "Mozilla/5.0 (Linux; Android 7.0;) AppleWebKit/537.36 (KHTML, like Gecko) Mobile Safari/537.36 (compatible; PetalBot;+https://webmaster.petalsearch.com/site/petalbot)" "kurtswebnotes.com"
114.119.136.144 - - [14/Oct/2022:20:12:39 -0700] "GET /wp-includes/blocks/latest-comments/?C=M%3BO%3DA HTTP/1.1" 200 383 "https://kurtswebnotes.com/wp-includes/blocks/latest-comments/?C=D%3BO%3DA" "Mozilla/5.0 (Linux; Android 7.0;) AppleWebKit/537.36 (KHTML, like Gecko) Mobile Safari/537.36 (compatible; PetalBot;+https://webmaster.petalsearch.com/site/petalbot)" "kurtswebnotes.com"
195.178.120.231 - - [14/Oct/2022:20:38:56 -0700] "GET /wp-content/plugins/ioptimization/IOptimize.php?rchk HTTP/1.1" 404 88 "-" "Mozlila/5.0 (Linux; Android 7.0; SM-G892A Bulid/NRD90M; wv) AppleWebKit/537.36 (KHTML, like Gecko) Version/4.0 Chrome/60.0.3112.107 Moblie Safari/537.36" "kurtswebnotes.com"
195.178.120.231 - - [14/Oct/2022:20:39:24 -0700] "GET /wp-content/plugins/ioptimization/index.php?rchk HTTP/1.1" 404 88 "-" "Mozlila/5.0 (Linux; Android 7.0; SM-G892A Bulid/NRD90M; wv) AppleWebKit/537.36 (KHTML, like Gecko) Version/4.0 Chrome/60.0.3112.107 Moblie Safari/537.36" "kurtswebnotes.com"
123.125.109.115 - - [14/Oct/2022:20:56:45 -0700] "GET / HTTP/1.1" 200 481 "-" "Sogou web spider/4.0(+http://www.sogou.com/docs/help/webmasters.htm#07)" "www.kurtswebnotes.com"
107.189.8.65 - - [14/Oct/2022:21:02:11 -0700] "GET /blog/2016/01/13/my-first-instagram-image/ HTTP/1.1" 404 73 "https://kurtswebnotes.com/blog/2016/01/13/my-first-instagram-image/" "Mozilla/5.0 (Windows NT 6.3; Win64; x64) AppleWebKit/537.36 (KHTML, like Gecko) Chrome/90.0.4430.85 Safari/537.36" "kurtswebnotes.com"
107.189.8.65 - - [14/Oct/2022:21:02:13 -0700] "GET / HTTP/1.1" 200 1458 "https://kurtswebnotes.com/" "Mozilla/5.0 (Windows NT 6.3; Win64; x64) AppleWebKit/537.36 (KHTML, like Gecko) Chrome/90.0.4430.85 Safari/537.36" "kurtswebnotes.com"
41.216.183.152 - - [14/Oct/2022:21:44:51 -0700] "GET /wp-content/plugins/easync-booking/readme.txt HTTP/1.1" 404 88 "https://www.google.com/" "Mozilla/5.0 (Macintosh; Intel Mac OS X 12.6; rv:105.0) Gecko/20100101 Firefox/105.0" "kurtswebnotes.com"
88.99.244.56 - - [14/Oct/2022:22:18:50 -0700] "GET /robots.txt HTTP/1.1" 200 101 "-" "serpstatbot/2.1 (advanced backlink tracking bot; https://serpstatbot.com/; abuse@serpstatbot.com)" "kurtswebnotes.com"
114.119.136.144 - - [14/Oct/2022:22:21:33 -0700] "GET /?C=M%3BO%3DA HTTP/1.1" 200 481 "https://kurtswebnotes.com/?C=D%3BO%3DA" "Mozilla/5.0 (Linux; Android 7.0;) AppleWebKit/537.36 (KHTML, like Gecko) Mobile Safari/537.36 (compatible; PetalBot;+https://webmaster.petalsearch.com/site/petalbot)" "kurtswebnotes.com"
114.119.136.141 - - [14/Oct/2022:22:26:59 -0700] "GET /wp-includes/blocks/quote/?C=M%3BO%3DA HTTP/1.1" 200 378 "https://kurtswebnotes.com/wp-includes/blocks/quote/" "Mozilla/5.0 (Linux; Android 7.0;) AppleWebKit/537.36 (KHTML, like Gecko) Mobile Safari/537.36 (compatible; PetalBot;+https://webmaster.petalsearch.com/site/petalbot)" "kurtswebnotes.com"
114.119.136.143 - - [14/Oct/2022:22:32:41 -0700] "GET /wp-includes/blocks/nextpage/ HTTP/1.1" 200 379 "https://kurtswebnotes.com/wp-includes/blocks/?C=M%3BO%3DA" "Mozilla/5.0 (Linux; Android 7.0;) AppleWebKit/537.36 (KHTML, like Gecko) Mobile Safari/537.36 (compatible; PetalBot;+https://webmaster.petalsearch.com/site/petalbot)" "kurtswebnotes.com"
114.119.136.141 - - [14/Oct/2022:22:38:26 -0700] "GET /wp-includes/assets/?C=M%3BO%3DA HTTP/1.1" 200 390 "https://www.kurtswebnotes.com/wp-includes/assets/?C=N%3BO%3DD" "Mozilla/5.0 (Linux; Android 7.0;) AppleWebKit/537.36 (KHTML, like Gecko) Mobile Safari/537.36 (compatible; PetalBot;+https://webmaster.petalsearch.com/site/petalbot)" "www.kurtswebnotes.com"
54.36.148.137 - - [14/Oct/2022:22:38:53 -0700] "GET /robots.txt HTTP/1.1" 200 101 "-" "Mozilla/5.0 (compatible; AhrefsBot/7.0; +http://ahrefs.com/robot/)" "kurtswebnotes.com"
77.88.5.46 - - [14/Oct/2022:22:40:14 -0700] "GET /robots.txt HTTP/1.1" 200 111 "-" "Mozilla/5.0 (compatible; YandexBot/3.0; +http://yandex.com/bots)" "www.kurtswebnotes.com"
93.158.161.40 - - [14/Oct/2022:22:40:18 -0700] "GET /wp-includes/blocks/latest-comments/?C=M;O=D HTTP/1.1" 200 381 "-" "Mozilla/5.0 (compatible; YandexBot/3.0; +http://yandex.com/bots)" "www.kurtswebnotes.com"
114.119.136.138 - - [14/Oct/2022:22:44:17 -0700] "GET /wp-includes/sitemaps/providers/?C=M%3BO%3DA HTTP/1.1" 200 435 "https://kurtswebnotes.com/wp-includes/sitemaps/providers/?C=D%3BO%3DA" "Mozilla/5.0 (Linux; Android 7.0;) AppleWebKit/537.36 (KHTML, like Gecko) Mobile Safari/537.36 (compatible; PetalBot;+https://webmaster.petalsearch.com/site/petalbot)" "kurtswebnotes.com"
114.119.136.143 - - [14/Oct/2022:22:50:03 -0700] "GET /wp-content/?C=M%3BO%3DA HTTP/1.1" 200 354 "https://www.kurtswebnotes.com/wp-content/?C=S%3BO%3DA" "Mozilla/5.0 (Linux; Android 7.0;) AppleWebKit/537.36 (KHTML, like Gecko) Mobile Safari/537.36 (compatible; PetalBot;+https://webmaster.petalsearch.com/site/petalbot)" "www.kurtswebnotes.com"
88.99.244.56 - - [14/Oct/2022:22:52:32 -0700] "GET / HTTP/1.1" 200 481 "-" "serpstatbot/2.1 (advanced backlink tracking bot; https://serpstatbot.com/; abuse@serpstatbot.com)" "kurtswebnotes.com"
42.83.147.34 - - [14/Oct/2022:22:53:09 -0700] "GET / HTTP/1.1" 200 481 "-" "Mozilla/5.0 (Windows NT 6.1; Win64; x64) AppleWebKit/537.36 (KHTML, like Gecko)Chrome/74.0.3729.169 Safari/537.36" "kurtswebnotes.com"
114.119.136.141 - - [14/Oct/2022:22:55:47 -0700] "GET /wp-includes/sodium_compat/src/Core32/Curve25519/Ge/?C=M%3BO%3DA HTTP/1.1" 200 459 "https://www.kurtswebnotes.com/wp-includes/sodium_compat/src/Core32/Curve25519/Ge/" "Mozilla/5.0 (Linux; Android 7.0;) AppleWebKit/537.36 (KHTML, like Gecko) Mobile Safari/537.36 (compatible; PetalBot;+https://webmaster.petalsearch.com/site/petalbot)" "www.kurtswebnotes.com"
114.119.136.141 - - [14/Oct/2022:23:01:33 -0700] "GET /wp-includes/blocks/button/ HTTP/1.1" 200 377 "https://kurtswebnotes.com/wp-includes/blocks/?C=M%3BO%3DA" "Mozilla/5.0 (Linux; Android 7.0;) AppleWebKit/537.36 (KHTML, like Gecko) Mobile Safari/537.36 (compatible; PetalBot;+https://webmaster.petalsearch.com/site/petalbot)" "kurtswebnotes.com"
114.119.136.138 - - [14/Oct/2022:23:07:26 -0700] "GET /wp-includes/blocks/archives/?C=S%3BO%3DA HTTP/1.1" 200 378 "https://www.kurtswebnotes.com/wp-includes/blocks/archives/" "Mozilla/5.0 (Linux; Android 7.0;) AppleWebKit/537.36 (KHTML, like Gecko) Mobile Safari/537.36 (compatible; PetalBot;+https://webmaster.petalsearch.com/site/petalbot)" "www.kurtswebnotes.com"
114.119.136.14 - - [14/Oct/2022:23:13:18 -0700] "GET /download?M=A HTTP/1.1" 301 1420 "http://www.kurtswebnotes.com/download?M=D" "Mozilla/5.0 (Linux; Android 7.0;) AppleWebKit/537.36 (KHTML, like Gecko) Mobile Safari/537.36 (compatible; PetalBot;+https://webmaster.petalsearch.com/site/petalbot)" "www.kurtswebnotes.com"
114.119.136.14 - - [14/Oct/2022:23:13:19 -0700] "GET /download/?M=A HTTP/1.1" 200 313 "http://www.kurtswebnotes.com/download?M=D" "Mozilla/5.0 (Linux; Android 7.0;) AppleWebKit/537.36 (KHTML, like Gecko) Mobile Safari/537.36 (compatible; PetalBot;+https://webmaster.petalsearch.com/site/petalbot)" "www.kurtswebnotes.com"
114.119.136.138 - - [14/Oct/2022:23:19:09 -0700] "GET /wp-includes/blocks/categories/?C=N%3BO%3DD HTTP/1.1" 200 379 "https://kurtswebnotes.com/wp-includes/blocks/categories/" "Mozilla/5.0 (Linux; Android 7.0;) AppleWebKit/537.36 (KHTML, like Gecko) Mobile Safari/537.36 (compatible; PetalBot;+https://webmaster.petalsearch.com/site/petalbot)" "kurtswebnotes.com"
114.119.136.144 - - [14/Oct/2022:23:25:06 -0700] "GET /wp-includes/assets/?C=M%3BO%3DA HTTP/1.1" 200 390 "https://kurtswebnotes.com/wp-includes/assets/?C=N%3BO%3DD" "Mozilla/5.0 (Linux; Android 7.0;) AppleWebKit/537.36 (KHTML, like Gecko) Mobile Safari/537.36 (compatible; PetalBot;+https://webmaster.petalsearch.com/site/petalbot)" "kurtswebnotes.com"
88.99.244.56 - - [14/Oct/2022:23:25:17 -0700] "GET /robots.txt HTTP/1.1" 200 101 "-" "serpstatbot/2.1 (advanced backlink tracking bot; https://serpstatbot.com/; abuse@serpstatbot.com)" "kurtswebnotes.com"
88.99.244.56 - - [14/Oct/2022:23:25:28 -0700] "GET /wp-includes/ HTTP/1.1" 200 459 "-" "serpstatbot/2.1 (advanced backlink tracking bot; https://serpstatbot.com/; abuse@serpstatbot.com)" "kurtswebnotes.com"
88.99.244.56 - - [14/Oct/2022:23:25:37 -0700] "GET /wp-content/ HTTP/1.1" 200 354 "-" "serpstatbot/2.1 (advanced backlink tracking bot; https://serpstatbot.com/; abuse@serpstatbot.com)" "kurtswebnotes.com"
88.99.244.56 - - [14/Oct/2022:23:25:46 -0700] "GET /wp-admin/ HTTP/1.1" 200 351 "-" "serpstatbot/2.1 (advanced backlink tracking bot; https://serpstatbot.com/; abuse@serpstatbot.com)" "kurtswebnotes.com"
88.99.244.56 - - [14/Oct/2022:23:25:54 -0700] "GET /download/ HTTP/1.1" 200 313 "-" "serpstatbot/2.1 (advanced backlink tracking bot; https://serpstatbot.com/; abuse@serpstatbot.com)" "kurtswebnotes.com"
88.99.244.56 - - [14/Oct/2022:23:26:03 -0700] "GET /?C=S&O=A HTTP/1.1" 200 477 "-" "serpstatbot/2.1 (advanced backlink tracking bot; https://serpstatbot.com/; abuse@serpstatbot.com)" "kurtswebnotes.com"
88.99.244.56 - - [14/Oct/2022:23:26:10 -0700] "GET /?C=N&O=D HTTP/1.1" 200 478 "-" "serpstatbot/2.1 (advanced backlink tracking bot; https://serpstatbot.com/; abuse@serpstatbot.com)" "kurtswebnotes.com"
88.99.244.56 - - [14/Oct/2022:23:26:18 -0700] "GET /?C=M&O=A HTTP/1.1" 200 478 "-" "serpstatbot/2.1 (advanced backlink tracking bot; https://serpstatbot.com/; abuse@serpstatbot.com)" "kurtswebnotes.com"
88.99.244.56 - - [14/Oct/2022:23:26:27 -0700] "GET /?C=D&O=A HTTP/1.1" 200 481 "-" "serpstatbot/2.1 (advanced backlink tracking bot; https://serpstatbot.com/; abuse@serpstatbot.com)" "kurtswebnotes.com"
88.99.244.56 - - [14/Oct/2022:23:26:35 -0700] "GET /sitemap.xml HTTP/1.1" 200 170 "-" "serpstatbot/2.1 (advanced backlink tracking bot; https://serpstatbot.com/; abuse@serpstatbot.com)" "kurtswebnotes.com"
88.99.244.56 - - [14/Oct/2022:23:26:43 -0700] "GET /public_html/ HTTP/1.1" 200 315 "-" "serpstatbot/2.1 (advanced backlink tracking bot; https://serpstatbot.com/; abuse@serpstatbot.com)" "kurtswebnotes.com"
114.119.136.144 - - [14/Oct/2022:23:30:50 -0700] "GET /wp-includes/sitemaps/providers/?C=S%3BO%3DA HTTP/1.1" 200 435 "https://kurtswebnotes.com/wp-includes/sitemaps/providers/?C=D%3BO%3DA" "Mozilla/5.0 (Linux; Android 7.0;) AppleWebKit/537.36 (KHTML, like Gecko) Mobile Safari/537.36 (compatible; PetalBot;+https://webmaster.petalsearch.com/site/petalbot)" "kurtswebnotes.com"
44.228.64.221 - - [14/Oct/2022:23:33:19 -0700] "GET /blog/tag/flowers/ HTTP/1.1" 404 88 "-" "Python/3.8 aiohttp/3.8.3" "kurtswebnotes.com"
114.119.136.141 - - [14/Oct/2022:23:36:40 -0700] "GET /wp-includes/sodium_compat/src/Core/Poly1305/?C=D%3BO%3DA HTTP/1.1" 200 396 "https://kurtswebnotes.com/wp-includes/sodium_compat/src/Core/Poly1305/?C=M%3BO%3DA" "Mozilla/5.0 (Linux; Android 7.0;) AppleWebKit/537.36 (KHTML, like Gecko) Mobile Safari/537.36 (compatible; PetalBot;+https://webmaster.petalsearch.com/site/petalbot)" "kurtswebnotes.com"
95.163.255.68 - - [14/Oct/2022:23:37:18 -0700] "GET /robots.txt HTTP/1.1" 200 111 "-" "Mozilla/5.0 (compatible; Linux x86_64; Mail.RU_Bot/2.0; +https://help.mail.ru/webmaster/indexing/robots)" "kurtswebnotes.com"
95.163.255.69 - - [14/Oct/2022:23:37:30 -0700] "GET /photography/ HTTP/1.1" 404 88 "-" "Mozilla/5.0 (compatible; Linux x86_64; Mail.RU_Bot/2.0; +https://help.mail.ru/webmaster/indexing/robots)" "kurtswebnotes.com"
114.119.136.144 - - [14/Oct/2022:23:42:24 -0700] "GET /wp-includes/blocks/preformatted/?C=N%3BO%3DD HTTP/1.1" 200 382 "https://kurtswebnotes.com/wp-includes/blocks/preformatted/?C=S%3BO%3DA" "Mozilla/5.0 (Linux; Android 7.0;) AppleWebKit/537.36 (KHTML, like Gecko) Mobile Safari/537.36 (compatible; PetalBot;+https://webmaster.petalsearch.com/site/petalbot)" "kurtswebnotes.com"
114.119.136.138 - - [14/Oct/2022:23:54:13 -0700] "GET /wp-includes/sodium_compat/src/Core32/ChaCha20/?C=D%3BO%3DA HTTP/1.1" 200 415 "https://www.kurtswebnotes.com/wp-includes/sodium_compat/src/Core32/ChaCha20/?C=S%3BO%3DA" "Mozilla/5.0 (Linux; Android 7.0;) AppleWebKit/537.36 (KHTML, like Gecko) Mobile Safari/537.36 (compatible; PetalBot;+https://webmaster.petalsearch.com/site/petalbot)" "www.kurtswebnotes.com"
88.99.244.56 - - [14/Oct/2022:23:57:48 -0700] "GET /wp-includes/sodium_compat/ HTTP/1.1" 200 493 "-" "serpstatbot/2.1 (advanced backlink tracking bot; https://serpstatbot.com/; abuse@serpstatbot.com)" "kurtswebnotes.com"
88.99.244.56 - - [14/Oct/2022:23:58:00 -0700] "GET /wp-includes/sitemaps/ HTTP/1.1" 200 497 "-" "serpstatbot/2.1 (advanced backlink tracking bot; https://serpstatbot.com/; abuse@serpstatbot.com)" "kurtswebnotes.com"
88.99.244.56 - - [14/Oct/2022:23:58:09 -0700] "GET /wp-includes/css/ HTTP/1.1" 200 359 "-" "serpstatbot/2.1 (advanced backlink tracking bot; https://serpstatbot.com/; abuse@serpstatbot.com)" "kurtswebnotes.com"
88.99.244.56 - - [14/Oct/2022:23:58:16 -0700] "GET /wp-includes/blocks/ HTTP/1.1" 200 804 "-" "serpstatbot/2.1 (advanced backlink tracking bot; https://serpstatbot.com/; abuse@serpstatbot.com)" "kurtswebnotes.com"
88.99.244.56 - - [14/Oct/2022:23:58:25 -0700] "GET /wp-includes/block-supports/ HTTP/1.1" 200 462 "-" "serpstatbot/2.1 (advanced backlink tracking bot; https://serpstatbot.com/; abuse@serpstatbot.com)" "kurtswebnotes.com"
88.99.244.56 - - [14/Oct/2022:23:58:34 -0700] "GET /wp-includes/block-patterns/ HTTP/1.1" 200 548 "-" "serpstatbot/2.1 (advanced backlink tracking bot; https://serpstatbot.com/; abuse@serpstatbot.com)" "kurtswebnotes.com"
88.99.244.56 - - [14/Oct/2022:23:58:43 -0700] "GET /wp-includes/assets/ HTTP/1.1" 200 390 "-" "serpstatbot/2.1 (advanced backlink tracking bot; https://serpstatbot.com/; abuse@serpstatbot.com)" "kurtswebnotes.com"
88.99.244.56 - - [14/Oct/2022:23:58:51 -0700] "GET /wp-includes/PHPMailer/ HTTP/1.1" 200 416 "-" "serpstatbot/2.1 (advanced backlink tracking bot; https://serpstatbot.com/; abuse@serpstatbot.com)" "kurtswebnotes.com"
88.99.244.56 - - [14/Oct/2022:23:58:59 -0700] "GET /wp-includes/?C=S&O=A HTTP/1.1" 200 459 "-" "serpstatbot/2.1 (advanced backlink tracking bot; https://serpstatbot.com/; abuse@serpstatbot.com)" "kurtswebnotes.com"
88.99.244.56 - - [14/Oct/2022:23:59:08 -0700] "GET /wp-includes/?C=N&O=D HTTP/1.1" 200 463 "-" "serpstatbot/2.1 (advanced backlink tracking bot; https://serpstatbot.com/; abuse@serpstatbot.com)" "kurtswebnotes.com"
88.99.244.56 - - [14/Oct/2022:23:59:18 -0700] "GET /wp-includes/?C=M&O=A HTTP/1.1" 200 462 "-" "serpstatbot/2.1 (advanced backlink tracking bot; https://serpstatbot.com/; abuse@serpstatbot.com)" "kurtswebnotes.com"
88.99.244.56 - - [14/Oct/2022:23:59:27 -0700] "GET /wp-includes/?C=D&O=A HTTP/1.1" 200 459 "-" "serpstatbot/2.1 (advanced backlink tracking bot; https://serpstatbot.com/; abuse@serpstatbot.com)" "kurtswebnotes.com"
88.99.244.56 - - [14/Oct/2022:23:59:36 -0700] "GET /wp-content/themes/ HTTP/1.1" 200 375 "-" "serpstatbot/2.1 (advanced backlink tracking bot; https://serpstatbot.com/; abuse@serpstatbot.com)" "kurtswebnotes.com"
88.99.244.56 - - [14/Oct/2022:23:59:45 -0700] "GET /wp-content/?C=S&O=A HTTP/1.1" 200 354 "-" "serpstatbot/2.1 (advanced backlink tracking bot; https://serpstatbot.com/; abuse@serpstatbot.com)" "kurtswebnotes.com"
88.99.244.56 - - [14/Oct/2022:23:59:56 -0700] "GET /wp-content/?C=N&O=D HTTP/1.1" 200 352 "-" "serpstatbot/2.1 (advanced backlink tracking bot; https://serpstatbot.com/; abuse@serpstatbot.com)" "kurtswebnotes.com"
114.119.136.144 - - [15/Oct/2022:00:00:03 -0700] "GET /wp-includes/sodium_compat/src/Core/Poly1305/?C=M%3BO%3DA HTTP/1.1" 200 396 "https://www.kurtswebnotes.com/wp-includes/sodium_compat/src/Core/Poly1305/?C=S%3BO%3DA" "Mozilla/5.0 (Linux; Android 7.0;) AppleWebKit/537.36 (KHTML, like Gecko) Mobile Safari/537.36 (compatible; PetalBot;+https://webmaster.petalsearch.com/site/petalbot)" "www.kurtswebnotes.com"
88.99.244.56 - - [15/Oct/2022:00:00:06 -0700] "GET /wp-content/?C=M&O=A HTTP/1.1" 200 354 "-" "serpstatbot/2.1 (advanced backlink tracking bot; https://serpstatbot.com/; abuse@serpstatbot.com)" "kurtswebnotes.com"
88.99.244.56 - - [15/Oct/2022:00:00:17 -0700] "GET /wp-content/?C=D&O=A HTTP/1.1" 200 354 "-" "serpstatbot/2.1 (advanced backlink tracking bot; https://serpstatbot.com/; abuse@serpstatbot.com)" "kurtswebnotes.com"
88.99.244.56 - - [15/Oct/2022:00:00:27 -0700] "GET /wp-admin/css/ HTTP/1.1" 200 357 "-" "serpstatbot/2.1 (advanced backlink tracking bot; https://serpstatbot.com/; abuse@serpstatbot.com)" "kurtswebnotes.com"
88.99.244.56 - - [15/Oct/2022:00:00:38 -0700] "GET /wp-admin/?C=S&O=A HTTP/1.1" 200 351 "-" "serpstatbot/2.1 (advanced backlink tracking bot; https://serpstatbot.com/; abuse@serpstatbot.com)" "kurtswebnotes.com"
88.99.244.56 - - [15/Oct/2022:00:00:49 -0700] "GET /wp-admin/?C=N&O=D HTTP/1.1" 200 349 "-" "serpstatbot/2.1 (advanced backlink tracking bot; https://serpstatbot.com/; abuse@serpstatbot.com)" "kurtswebnotes.com"
88.99.244.56 - - [15/Oct/2022:00:01:00 -0700] "GET /wp-admin/?C=M&O=A HTTP/1.1" 200 351 "-" "serpstatbot/2.1 (advanced backlink tracking bot; https://serpstatbot.com/; abuse@serpstatbot.com)" "kurtswebnotes.com"
88.99.244.56 - - [15/Oct/2022:00:01:11 -0700] "GET /wp-admin/?C=D&O=A HTTP/1.1" 200 351 "-" "serpstatbot/2.1 (advanced backlink tracking bot; https://serpstatbot.com/; abuse@serpstatbot.com)" "kurtswebnotes.com"
88.99.244.56 - - [15/Oct/2022:00:01:22 -0700] "GET /public_html/?C=S&O=A HTTP/1.1" 200 315 "-" "serpstatbot/2.1 (advanced backlink tracking bot; https://serpstatbot.com/; abuse@serpstatbot.com)" "kurtswebnotes.com"
88.99.244.56 - - [15/Oct/2022:00:01:33 -0700] "GET /public_html/?C=N&O=D HTTP/1.1" 200 313 "-" "serpstatbot/2.1 (advanced backlink tracking bot; https://serpstatbot.com/; abuse@serpstatbot.com)" "kurtswebnotes.com"
88.99.244.56 - - [15/Oct/2022:00:01:44 -0700] "GET /public_html/?C=M&O=A HTTP/1.1" 200 315 "-" "serpstatbot/2.1 (advanced backlink tracking bot; https://serpstatbot.com/; abuse@serpstatbot.com)" "kurtswebnotes.com"
88.99.244.56 - - [15/Oct/2022:00:01:55 -0700] "GET /public_html/?C=D&O=A HTTP/1.1" 200 315 "-" "serpstatbot/2.1 (advanced backlink tracking bot; https://serpstatbot.com/; abuse@serpstatbot.com)" "kurtswebnotes.com"
88.99.244.56 - - [15/Oct/2022:00:02:05 -0700] "GET /download/?C=S&O=A HTTP/1.1" 200 313 "-" "serpstatbot/2.1 (advanced backlink tracking bot; https://serpstatbot.com/; abuse@serpstatbot.com)" "kurtswebnotes.com"
88.99.244.56 - - [15/Oct/2022:00:02:14 -0700] "GET /download/?C=N&O=D HTTP/1.1" 200 311 "-" "serpstatbot/2.1 (advanced backlink tracking bot; https://serpstatbot.com/; abuse@serpstatbot.com)" "kurtswebnotes.com"
88.99.244.56 - - [15/Oct/2022:00:02:22 -0700] "GET /download/?C=M&O=A HTTP/1.1" 200 313 "-" "serpstatbot/2.1 (advanced backlink tracking bot; https://serpstatbot.com/; abuse@serpstatbot.com)" "kurtswebnotes.com"
88.99.244.56 - - [15/Oct/2022:00:02:29 -0700] "GET /download/?C=D&O=A HTTP/1.1" 200 313 "-" "serpstatbot/2.1 (advanced backlink tracking bot; https://serpstatbot.com/; abuse@serpstatbot.com)" "kurtswebnotes.com"
88.99.244.56 - - [15/Oct/2022:00:02:37 -0700] "GET /?C=S&O=D HTTP/1.1" 200 476 "-" "serpstatbot/2.1 (advanced backlink tracking bot; https://serpstatbot.com/; abuse@serpstatbot.com)" "kurtswebnotes.com"
88.99.244.56 - - [15/Oct/2022:00:02:45 -0700] "GET /?C=N&O=A HTTP/1.1" 200 481 "-" "serpstatbot/2.1 (advanced backlink tracking bot; https://serpstatbot.com/; abuse@serpstatbot.com)" "kurtswebnotes.com"
88.99.244.56 - - [15/Oct/2022:00:02:53 -0700] "GET /?C=M&O=D HTTP/1.1" 200 475 "-" "serpstatbot/2.1 (advanced backlink tracking bot; https://serpstatbot.com/; abuse@serpstatbot.com)" "kurtswebnotes.com"
88.99.244.56 - - [15/Oct/2022:00:03:00 -0700] "GET /?C=D&O=D HTTP/1.1" 200 478 "-" "serpstatbot/2.1 (advanced backlink tracking bot; https://serpstatbot.com/; abuse@serpstatbot.com)" "kurtswebnotes.com"
114.119.136.138 - - [15/Oct/2022:00:05:56 -0700] "GET /wp-includes/block-patterns/two-images.php HTTP/1.1" 500 - "https://www.kurtswebnotes.com/wp-includes/block-patterns/?C=S%3BO%3DA" "Mozilla/5.0 (Linux; Android 7.0;) AppleWebKit/537.36 (KHTML, like Gecko) Mobile Safari/537.36 (compatible; PetalBot;+https://webmaster.petalsearch.com/site/petalbot)" "www.kurtswebnotes.com"
114.119.136.141 - - [15/Oct/2022:00:11:47 -0700] "GET /wp-includes/sodium_compat/src/Core/Base64/?C=D%3BO%3DA HTTP/1.1" 200 431 "https://kurtswebnotes.com/wp-includes/sodium_compat/src/Core/Base64/?C=N%3BO%3DD" "Mozilla/5.0 (Linux; Android 7.0;) AppleWebKit/537.36 (KHTML, like Gecko) Mobile Safari/537.36 (compatible; PetalBot;+https://webmaster.petalsearch.com/site/petalbot)" "kurtswebnotes.com"
114.119.136.138 - - [15/Oct/2022:00:17:47 -0700] "GET /wp-includes/PHPMailer/PHPMailer.php HTTP/1.1" 200 - "https://kurtswebnotes.com/wp-includes/PHPMailer/?C=N%3BO%3DD" "Mozilla/5.0 (Linux; Android 7.0;) AppleWebKit/537.36 (KHTML, like Gecko) Mobile Safari/537.36 (compatible; PetalBot;+https://webmaster.petalsearch.com/site/petalbot)" "kurtswebnotes.com"
114.119.136.14 - - [15/Oct/2022:00:23:35 -0700] "GET /wp-includes/sodium_compat/src/Core/?C=M%3BO%3DA HTTP/1.1" 200 645 "https://www.kurtswebnotes.com/wp-includes/sodium_compat/src/Core/" "Mozilla/5.0 (Linux; Android 7.0;) AppleWebKit/537.36 (KHTML, like Gecko) Mobile Safari/537.36 (compatible; PetalBot;+https://webmaster.petalsearch.com/site/petalbot)" "www.kurtswebnotes.com"
114.119.136.141 - - [15/Oct/2022:00:29:26 -0700] "GET /wp-includes/blocks/shortcode/block.json HTTP/1.1" 200 188 "https://www.kurtswebnotes.com/wp-includes/blocks/shortcode/?C=M%3BO%3DA" "Mozilla/5.0 (Linux; Android 7.0;) AppleWebKit/537.36 (KHTML, like Gecko) Mobile Safari/537.36 (compatible; PetalBot;+https://webmaster.petalsearch.com/site/petalbot)" "www.kurtswebnotes.com"
88.99.244.56 - - [15/Oct/2022:00:30:58 -0700] "GET /wp-includes/sodium_compat/src/ HTTP/1.1" 200 504 "-" "serpstatbot/2.1 (advanced backlink tracking bot; https://serpstatbot.com/; abuse@serpstatbot.com)" "kurtswebnotes.com"
88.99.244.56 - - [15/Oct/2022:00:31:15 -0700] "GET /wp-includes/sodium_compat/namespaced/ HTTP/1.1" 200 440 "-" "serpstatbot/2.1 (advanced backlink tracking bot; https://serpstatbot.com/; abuse@serpstatbot.com)" "kurtswebnotes.com"
88.99.244.56 - - [15/Oct/2022:00:31:34 -0700] "GET /wp-includes/sodium_compat/lib/ HTTP/1.1" 200 460 "-" "serpstatbot/2.1 (advanced backlink tracking bot; https://serpstatbot.com/; abuse@serpstatbot.com)" "kurtswebnotes.com"
88.99.244.56 - - [15/Oct/2022:00:31:48 -0700] "GET /wp-includes/sodium_compat/composer.json HTTP/1.1" 200 678 "-" "serpstatbot/2.1 (advanced backlink tracking bot; https://serpstatbot.com/; abuse@serpstatbot.com)" "kurtswebnotes.com"
88.99.244.56 - - [15/Oct/2022:00:32:00 -0700] "GET /wp-includes/sodium_compat/autoload.php HTTP/1.1" 200 - "-" "serpstatbot/2.1 (advanced backlink tracking bot; https://serpstatbot.com/; abuse@serpstatbot.com)" "kurtswebnotes.com"
88.99.244.56 - - [15/Oct/2022:00:32:10 -0700] "GET /wp-includes/sodium_compat/autoload-php7.php HTTP/1.1" 200 - "-" "serpstatbot/2.1 (advanced backlink tracking bot; https://serpstatbot.com/; abuse@serpstatbot.com)" "kurtswebnotes.com"
88.99.244.56 - - [15/Oct/2022:00:32:18 -0700] "GET /wp-includes/sodium_compat/LICENSE HTTP/1.1" 200 918 "-" "serpstatbot/2.1 (advanced backlink tracking bot; https://serpstatbot.com/; abuse@serpstatbot.com)" "kurtswebnotes.com"
88.99.244.56 - - [15/Oct/2022:00:32:26 -0700] "GET /wp-includes/sodium_compat/?C=S&O=A HTTP/1.1" 200 489 "-" "serpstatbot/2.1 (advanced backlink tracking bot; https://serpstatbot.com/; abuse@serpstatbot.com)" "kurtswebnotes.com"
88.99.244.56 - - [15/Oct/2022:00:32:40 -0700] "GET /wp-includes/sodium_compat/?C=N&O=D HTTP/1.1" 200 488 "-" "serpstatbot/2.1 (advanced backlink tracking bot; https://serpstatbot.com/; abuse@serpstatbot.com)" "kurtswebnotes.com"
88.99.244.56 - - [15/Oct/2022:00:32:46 -0700] "GET /wp-includes/sodium_compat/?C=M&O=A HTTP/1.1" 200 490 "-" "serpstatbot/2.1 (advanced backlink tracking bot; https://serpstatbot.com/; abuse@serpstatbot.com)" "kurtswebnotes.com"
88.99.244.56 - - [15/Oct/2022:00:32:49 -0700] "GET /wp-includes/sodium_compat/?C=D&O=A HTTP/1.1" 200 493 "-" "serpstatbot/2.1 (advanced backlink tracking bot; https://serpstatbot.com/; abuse@serpstatbot.com)" "kurtswebnotes.com"
88.99.244.56 - - [15/Oct/2022:00:32:56 -0700] "GET /wp-includes/sitemaps/providers/ HTTP/1.1" 200 435 "-" "serpstatbot/2.1 (advanced backlink tracking bot; https://serpstatbot.com/; abuse@serpstatbot.com)" "kurtswebnotes.com"
88.99.244.56 - - [15/Oct/2022:00:33:03 -0700] "GET /wp-includes/sitemaps/class-wp-sitemaps.php HTTP/1.1" 200 - "-" "serpstatbot/2.1 (advanced backlink tracking bot; https://serpstatbot.com/; abuse@serpstatbot.com)" "kurtswebnotes.com"
88.99.244.56 - - [15/Oct/2022:00:33:10 -0700] "GET /wp-includes/sitemaps/class-wp-sitemaps-stylesheet.php HTTP/1.1" 200 - "-" "serpstatbot/2.1 (advanced backlink tracking bot; https://serpstatbot.com/; abuse@serpstatbot.com)" "kurtswebnotes.com"
88.99.244.56 - - [15/Oct/2022:00:33:16 -0700] "GET /wp-includes/sitemaps/class-wp-sitemaps-renderer.php HTTP/1.1" 200 - "-" "serpstatbot/2.1 (advanced backlink tracking bot; https://serpstatbot.com/; abuse@serpstatbot.com)" "kurtswebnotes.com"
88.99.244.56 - - [15/Oct/2022:00:33:24 -0700] "GET /wp-includes/sitemaps/class-wp-sitemaps-registry.php HTTP/1.1" 200 - "-" "serpstatbot/2.1 (advanced backlink tracking bot; https://serpstatbot.com/; abuse@serpstatbot.com)" "kurtswebnotes.com"
88.99.244.56 - - [15/Oct/2022:00:33:31 -0700] "GET /wp-includes/sitemaps/class-wp-sitemaps-provider.php HTTP/1.1" 200 - "-" "serpstatbot/2.1 (advanced backlink tracking bot; https://serpstatbot.com/; abuse@serpstatbot.com)" "kurtswebnotes.com"
88.99.244.56 - - [15/Oct/2022:00:33:40 -0700] "GET /wp-includes/sitemaps/class-wp-sitemaps-index.php HTTP/1.1" 200 - "-" "serpstatbot/2.1 (advanced backlink tracking bot; https://serpstatbot.com/; abuse@serpstatbot.com)" "kurtswebnotes.com"
88.99.244.56 - - [15/Oct/2022:00:33:49 -0700] "GET /wp-includes/sitemaps/?C=S&O=A HTTP/1.1" 200 496 "-" "serpstatbot/2.1 (advanced backlink tracking bot; https://serpstatbot.com/; abuse@serpstatbot.com)" "kurtswebnotes.com"
88.99.244.56 - - [15/Oct/2022:00:33:59 -0700] "GET /wp-includes/sitemaps/?C=N&O=D HTTP/1.1" 200 491 "-" "serpstatbot/2.1 (advanced backlink tracking bot; https://serpstatbot.com/; abuse@serpstatbot.com)" "kurtswebnotes.com"
88.99.244.56 - - [15/Oct/2022:00:34:09 -0700] "GET /wp-includes/sitemaps/?C=M&O=A HTTP/1.1" 200 494 "-" "serpstatbot/2.1 (advanced backlink tracking bot; https://serpstatbot.com/; abuse@serpstatbot.com)" "kurtswebnotes.com"
88.99.244.56 - - [15/Oct/2022:00:34:19 -0700] "GET /wp-includes/sitemaps/?C=D&O=A HTTP/1.1" 200 497 "-" "serpstatbot/2.1 (advanced backlink tracking bot; https://serpstatbot.com/; abuse@serpstatbot.com)" "kurtswebnotes.com"
88.99.244.56 - - [15/Oct/2022:00:34:31 -0700] "GET /wp-includes/css/dist/ HTTP/1.1" 200 382 "-" "serpstatbot/2.1 (advanced backlink tracking bot; https://serpstatbot.com/; abuse@serpstatbot.com)" "kurtswebnotes.com"
88.99.244.56 - - [15/Oct/2022:00:34:43 -0700] "GET /wp-includes/css/?C=S&O=A HTTP/1.1" 200 359 "-" "serpstatbot/2.1 (advanced backlink tracking bot; https://serpstatbot.com/; abuse@serpstatbot.com)" "kurtswebnotes.com"
88.99.244.56 - - [15/Oct/2022:00:34:57 -0700] "GET /wp-includes/css/?C=N&O=D HTTP/1.1" 200 357 "-" "serpstatbot/2.1 (advanced backlink tracking bot; https://serpstatbot.com/; abuse@serpstatbot.com)" "kurtswebnotes.com"
88.99.244.56 - - [15/Oct/2022:00:35:11 -0700] "GET /wp-includes/css/?C=M&O=A HTTP/1.1" 200 359 "-" "serpstatbot/2.1 (advanced backlink tracking bot; https://serpstatbot.com/; abuse@serpstatbot.com)" "kurtswebnotes.com"
114.119.136.138 - - [15/Oct/2022:00:35:19 -0700] "GET /wp-includes/blocks/calendar/?C=D%3BO%3DA HTTP/1.1" 200 377 "https://kurtswebnotes.com/wp-includes/blocks/calendar/" "Mozilla/5.0 (Linux; Android 7.0;) AppleWebKit/537.36 (KHTML, like Gecko) Mobile Safari/537.36 (compatible; PetalBot;+https://webmaster.petalsearch.com/site/petalbot)" "kurtswebnotes.com"
88.99.244.56 - - [15/Oct/2022:00:35:25 -0700] "GET /wp-includes/css/?C=D&O=A HTTP/1.1" 200 359 "-" "serpstatbot/2.1 (advanced backlink tracking bot; https://serpstatbot.com/; abuse@serpstatbot.com)" "kurtswebnotes.com"
88.99.244.56 - - [15/Oct/2022:00:35:40 -0700] "GET /wp-content/?C=D&O=D HTTP/1.1" 200 352 "-" "serpstatbot/2.1 (advanced backlink tracking bot; https://serpstatbot.com/; abuse@serpstatbot.com)" "kurtswebnotes.com"
88.99.244.56 - - [15/Oct/2022:00:35:54 -0700] "GET /download/?C=D&O=D HTTP/1.1" 200 311 "-" "serpstatbot/2.1 (advanced backlink tracking bot; https://serpstatbot.com/; abuse@serpstatbot.com)" "kurtswebnotes.com"
88.99.244.56 - - [15/Oct/2022:00:36:09 -0700] "GET /download/?C=M&O=D HTTP/1.1" 200 311 "-" "serpstatbot/2.1 (advanced backlink tracking bot; https://serpstatbot.com/; abuse@serpstatbot.com)" "kurtswebnotes.com"
88.99.244.56 - - [15/Oct/2022:00:36:22 -0700] "GET /download/?C=N&O=A HTTP/1.1" 200 313 "-" "serpstatbot/2.1 (advanced backlink tracking bot; https://serpstatbot.com/; abuse@serpstatbot.com)" "kurtswebnotes.com"
88.99.244.56 - - [15/Oct/2022:00:36:36 -0700] "GET /download/?C=S&O=D HTTP/1.1" 200 311 "-" "serpstatbot/2.1 (advanced backlink tracking bot; https://serpstatbot.com/; abuse@serpstatbot.com)" "kurtswebnotes.com"
88.99.244.56 - - [15/Oct/2022:00:36:51 -0700] "GET /public_html/?C=D&O=D HTTP/1.1" 200 313 "-" "serpstatbot/2.1 (advanced backlink tracking bot; https://serpstatbot.com/; abuse@serpstatbot.com)" "kurtswebnotes.com"
107.174.151.9 - - [15/Oct/2022:00:36:59 -0700] "GET /blog/2016/01/13/my-first-instagram-image/ HTTP/1.1" 404 73 "https://kurtswebnotes.com/blog/2016/01/13/my-first-instagram-image/" "Mozilla/5.0 (Windows NT 6.1; Win64; x64) AppleWebKit/537.36 (KHTML, like Gecko) Chrome/90.0.4430.93 Safari/537.36" "kurtswebnotes.com"
107.174.151.9 - - [15/Oct/2022:00:37:00 -0700] "GET / HTTP/1.1" 200 1458 "https://kurtswebnotes.com/" "Mozilla/5.0 (Windows NT 6.1; Win64; x64) AppleWebKit/537.36 (KHTML, like Gecko) Chrome/90.0.4430.93 Safari/537.36" "kurtswebnotes.com"
88.99.244.56 - - [15/Oct/2022:00:37:03 -0700] "GET /public_html/?C=M&O=D HTTP/1.1" 200 313 "-" "serpstatbot/2.1 (advanced backlink tracking bot; https://serpstatbot.com/; abuse@serpstatbot.com)" "kurtswebnotes.com"
88.99.244.56 - - [15/Oct/2022:00:37:11 -0700] "GET /public_html/?C=N&O=A HTTP/1.1" 200 315 "-" "serpstatbot/2.1 (advanced backlink tracking bot; https://serpstatbot.com/; abuse@serpstatbot.com)" "kurtswebnotes.com"
