114.119.136.143 - - [13/Oct/2022:05:02:45 -0700] "GET /wp-includes/sodium_compat/src/Core/Poly1305/ HTTP/1.1" 200 396 "https://www.kurtswebnotes.com/wp-includes/sodium_compat/src/Core/?C=N%3BO%3DD" "Mozilla/5.0 (Linux; Android 7.0;) AppleWebKit/537.36 (KHTML, like Gecko) Mobile Safari/537.36 (compatible; PetalBot;+https://webmaster.petalsearch.com/site/petalbot)" "www.kurtswebnotes.com"
114.119.136.138 - - [13/Oct/2022:05:08:05 -0700] "GET /wp-includes/blocks/audio/?C=N%3BO%3DD HTTP/1.1" 200 377 "https://kurtswebnotes.com/wp-includes/blocks/audio/?C=D%3BO%3DA" "Mozilla/5.0 (Linux; Android 7.0;) AppleWebKit/537.36 (KHTML, like Gecko) Mobile Safari/537.36 (compatible; PetalBot;+https://webmaster.petalsearch.com/site/petalbot)" "kurtswebnotes.com"
114.119.136.138 - - [13/Oct/2022:06:10:25 -0700] "GET /wp-admin/css/colors/modern/colors.scss HTTP/1.1" 200 220 "https://kurtswebnotes.com/wp-admin/css/colors/modern/?C=N%3BO%3DD" "Mozilla/5.0 (Linux; Android 7.0;) AppleWebKit/537.36 (KHTML, like Gecko) Mobile Safari/537.36 (compatible; PetalBot;+https://webmaster.petalsearch.com/site/petalbot)" "kurtswebnotes.com"
95.214.54.108 - - [13/Oct/2022:06:22:40 -0700] "GET /blog/2016/01/13/my-first-instagram-image/ HTTP/1.1" 404 73 "https://kurtswebnotes.com/blog/2016/01/13/my-first-instagram-image/" "Mozilla/5.0 (Windows NT 10.0) AppleWebKit/537.36 (KHTML, like Gecko) Chrome/90.0.4430.85 Safari/537.36 Edg/90.0.818.46" "kurtswebnotes.com"
95.214.54.108 - - [13/Oct/2022:06:22:42 -0700] "GET / HTTP/1.1" 200 1458 "https://kurtswebnotes.com/" "Mozilla/5.0 (Windows NT 10.0) AppleWebKit/537.36 (KHTML, like Gecko) Chrome/90.0.4430.85 Safari/537.36 Edg/90.0.818.46" "kurtswebnotes.com"
51.222.253.15 - - [13/Oct/2022:06:34:52 -0700] "GET /robots.txt HTTP/1.1" 200 101 "-" "Mozilla/5.0 (compatible; AhrefsBot/7.0; +http://ahrefs.com/robot/)" "kurtswebnotes.com"
51.222.253.16 - - [13/Oct/2022:06:34:52 -0700] "GET /wp-includes/blocks/categories/?C=D;O=D HTTP/1.1" 200 377 "-" "Mozilla/5.0 (compatible; AhrefsBot/7.0; +http://ahrefs.com/robot/)" "kurtswebnotes.com"
93.158.161.40 - - [13/Oct/2022:07:02:06 -0700] "GET /robots.txt HTTP/1.1" 200 111 "-" "Mozilla/5.0 (compatible; YandexBot/3.0; +http://yandex.com/bots)" "www.kurtswebnotes.com"
93.158.161.40 - - [13/Oct/2022:07:02:10 -0700] "GET / HTTP/1.1" 200 481 "-" "Mozilla/5.0 (compatible; YandexBot/3.0; +http://yandex.com/bots)" "www.kurtswebnotes.com"
114.119.136.14 - - [13/Oct/2022:07:20:33 -0700] "GET /wp-includes/sitemaps/class-wp-sitemaps-renderer.php HTTP/1.1" 200 - "https://kurtswebnotes.com/wp-includes/sitemaps/?C=N%3BO%3DD" "Mozilla/5.0 (Linux; Android 7.0;) AppleWebKit/537.36 (KHTML, like Gecko) Mobile Safari/537.36 (compatible; PetalBot;+https://webmaster.petalsearch.com/site/petalbot)" "kurtswebnotes.com"
77.88.5.46 - - [13/Oct/2022:07:34:18 -0700] "GET /wp-includes/sitemaps/class-wp-sitemaps-renderer.php HTTP/1.1" 200 - "-" "Mozilla/5.0 (compatible; YandexBot/3.0; +http://yandex.com/bots)" "www.kurtswebnotes.com"
185.191.171.1 - - [13/Oct/2022:07:43:21 -0700] "GET /robots.txt HTTP/1.1" 200 101 "-" "Mozilla/5.0 (compatible; SemrushBot/7~bl; +http://www.semrush.com/bot.html)" "www.kurtswebnotes.com"
185.191.171.26 - - [13/Oct/2022:07:43:22 -0700] "GET /wp-includes/sodium_compat/src/Core32/Util.php HTTP/1.1" 500 - "-" "Mozilla/5.0 (compatible; SemrushBot/7~bl; +http://www.semrush.com/bot.html)" "www.kurtswebnotes.com"
125.227.127.195 - - [13/Oct/2022:07:58:10 -0700] "GET /wp-login.php HTTP/1.1" 404 88 "http://kurtswebnotes.com/wp-login.php" "Mozilla/5.0 (Windows NT 10.0; Win64; x64; rv:96.0) Gecko/20100101 Firefox/96" "kurtswebnotes.com"
114.119.136.141 - - [13/Oct/2022:08:12:37 -0700] "GET /wp-includes/blocks/table/ HTTP/1.1" 200 376 "https://kurtswebnotes.com/wp-includes/blocks/?C=N%3BO%3DD" "Mozilla/5.0 (Linux; Android 7.0;) AppleWebKit/537.36 (KHTML, like Gecko) Mobile Safari/537.36 (compatible; PetalBot;+https://webmaster.petalsearch.com/site/petalbot)" "kurtswebnotes.com"
114.119.136.138 - - [13/Oct/2022:08:18:01 -0700] "GET /wp-includes/blocks/calendar/ HTTP/1.1" 200 377 "https://www.kurtswebnotes.com/wp-includes/blocks/?C=N%3BO%3DD" "Mozilla/5.0 (Linux; Android 7.0;) AppleWebKit/537.36 (KHTML, like Gecko) Mobile Safari/537.36 (compatible; PetalBot;+https://webmaster.petalsearch.com/site/petalbot)" "www.kurtswebnotes.com"
114.119.136.144 - - [13/Oct/2022:08:23:48 -0700] "GET /wp-includes/blocks/gallery/?C=N%3BO%3DD HTTP/1.1" 200 379 "https://kurtswebnotes.com/wp-includes/blocks/gallery/?C=M%3BO%3DA" "Mozilla/5.0 (Linux; Android 7.0;) AppleWebKit/537.36 (KHTML, like Gecko) Mobile Safari/537.36 (compatible; PetalBot;+https://webmaster.petalsearch.com/site/petalbot)" "kurtswebnotes.com"
185.191.171.2 - - [13/Oct/2022:08:25:26 -0700] "GET /wp-includes/sodium_compat/src/Core32/HChaCha20.php HTTP/1.1" 500 - "-" "Mozilla/5.0 (compatible; SemrushBot/7~bl; +http://www.semrush.com/bot.html)" "www.kurtswebnotes.com"
114.119.136.143 - - [13/Oct/2022:08:29:30 -0700] "GET /wp-includes/sitemaps/providers/class-wp-sitemaps-users.php HTTP/1.1" 500 - "https://kurtswebnotes.com/wp-includes/sitemaps/providers/?C=M%3BO%3DA" "Mozilla/5.0 (Linux; Android 7.0;) AppleWebKit/537.36 (KHTML, like Gecko) Mobile Safari/537.36 (compatible; PetalBot;+https://webmaster.petalsearch.com/site/petalbot)" "kurtswebnotes.com"
114.119.136.143 - - [13/Oct/2022:08:40:33 -0700] "GET /wp-includes/sodium_compat/namespaced/Compat.php HTTP/1.1" 500 - "https://www.kurtswebnotes.com/wp-includes/sodium_compat/namespaced/?C=M%3BO%3DA" "Mozilla/5.0 (Linux; Android 7.0;) AppleWebKit/537.36 (KHTML, like Gecko) Mobile Safari/537.36 (compatible; PetalBot;+https://webmaster.petalsearch.com/site/petalbot)" "www.kurtswebnotes.com"
114.119.136.143 - - [13/Oct/2022:08:46:23 -0700] "GET /wp-includes/blocks/freeform/?C=N%3BO%3DD HTTP/1.1" 200 377 "https://www.kurtswebnotes.com/wp-includes/blocks/freeform/?C=D%3BO%3DA" "Mozilla/5.0 (Linux; Android 7.0;) AppleWebKit/537.36 (KHTML, like Gecko) Mobile Safari/537.36 (compatible; PetalBot;+https://webmaster.petalsearch.com/site/petalbot)" "www.kurtswebnotes.com"
114.119.136.141 - - [13/Oct/2022:08:51:48 -0700] "GET /wp-includes/sodium_compat/namespaced/Core/Curve25519/H.php HTTP/1.1" 500 - "https://www.kurtswebnotes.com/wp-includes/sodium_compat/namespaced/Core/Curve25519/?C=D%3BO%3DA" "Mozilla/5.0 (Linux; Android 7.0;) AppleWebKit/537.36 (KHTML, like Gecko) Mobile Safari/537.36 (compatible; PetalBot;+https://webmaster.petalsearch.com/site/petalbot)" "www.kurtswebnotes.com"
185.181.60.39 - - [13/Oct/2022:08:55:31 -0700] "GET / HTTP/1.1" 200 481 "-" "Mozilla/5.0 (Windows NT 10.0; Win64; x64) AppleWebKit/537.36 (KHTML, like Gecko) Chrome/91.0.4472.114 Safari/537.36 Edg/91.0.864.54" "kurtswebnotes.com"
114.119.136.141 - - [13/Oct/2022:08:57:18 -0700] "GET /wp-includes/blocks/audio/ HTTP/1.1" 200 377 "https://kurtswebnotes.com/wp-includes/blocks/?C=N%3BO%3DD" "Mozilla/5.0 (Linux; Android 7.0;) AppleWebKit/537.36 (KHTML, like Gecko) Mobile Safari/537.36 (compatible; PetalBot;+https://webmaster.petalsearch.com/site/petalbot)" "kurtswebnotes.com"
114.119.136.14 - - [13/Oct/2022:09:03:06 -0700] "GET /wp-includes/blocks/media-text/?C=D%3BO%3DA HTTP/1.1" 200 381 "https://kurtswebnotes.com/wp-includes/blocks/media-text/?C=N%3BO%3DD" "Mozilla/5.0 (Linux; Android 7.0;) AppleWebKit/537.36 (KHTML, like Gecko) Mobile Safari/537.36 (compatible; PetalBot;+https://webmaster.petalsearch.com/site/petalbot)" "kurtswebnotes.com"
185.191.171.25 - - [13/Oct/2022:09:05:41 -0700] "GET /robots.txt HTTP/1.1" 200 101 "-" "Mozilla/5.0 (compatible; SemrushBot/7~bl; +http://www.semrush.com/bot.html)" "www.kurtswebnotes.com"
185.191.171.2 - - [13/Oct/2022:09:05:41 -0700] "GET /wp-includes/sodium_compat/src/Core32/Int64.php HTTP/1.1" 200 - "-" "Mozilla/5.0 (compatible; SemrushBot/7~bl; +http://www.semrush.com/bot.html)" "www.kurtswebnotes.com"
114.119.136.138 - - [13/Oct/2022:09:08:44 -0700] "GET /wp-includes/blocks/archives/?C=M%3BO%3DA HTTP/1.1" 200 378 "https://kurtswebnotes.com/wp-includes/blocks/archives/?C=S%3BO%3DA" "Mozilla/5.0 (Linux; Android 7.0;) AppleWebKit/537.36 (KHTML, like Gecko) Mobile Safari/537.36 (compatible; PetalBot;+https://webmaster.petalsearch.com/site/petalbot)" "kurtswebnotes.com"
1.192.195.5 - - [13/Oct/2022:09:08:50 -0700] "GET / HTTP/1.1" 200 481 "https://kurtswebnotes.com/" "Mozilla/5.0(compatible;MSIE9.0;WindowsNT6.1;Trident/5.0)" "kurtswebnotes.com"
185.191.171.40 - - [13/Oct/2022:09:11:06 -0700] "GET /wp-includes/sodium_compat/src/Core/Salsa20.php HTTP/1.1" 500 - "-" "Mozilla/5.0 (compatible; SemrushBot/7~bl; +http://www.semrush.com/bot.html)" "www.kurtswebnotes.com"
123.125.109.33 - - [13/Oct/2022:09:13:00 -0700] "GET / HTTP/1.1" 200 481 "-" "Sogou web spider/4.0(+http://www.sogou.com/docs/help/webmasters.htm#07)" "www.kurtswebnotes.com"
114.119.136.141 - - [13/Oct/2022:09:14:16 -0700] "GET /wp-includes/sodium_compat/namespaced/Core/Util.php HTTP/1.1" 500 - "https://www.kurtswebnotes.com/wp-includes/sodium_compat/namespaced/Core/?C=D%3BO%3DA" "Mozilla/5.0 (Linux; Android 7.0;) AppleWebKit/537.36 (KHTML, like Gecko) Mobile Safari/537.36 (compatible; PetalBot;+https://webmaster.petalsearch.com/site/petalbot)" "www.kurtswebnotes.com"
114.119.136.143 - - [13/Oct/2022:09:20:14 -0700] "GET /wp-includes/blocks/shortcode/?C=D%3BO%3DA HTTP/1.1" 200 379 "https://www.kurtswebnotes.com/wp-includes/blocks/shortcode/?C=N%3BO%3DD" "Mozilla/5.0 (Linux; Android 7.0;) AppleWebKit/537.36 (KHTML, like Gecko) Mobile Safari/537.36 (compatible; PetalBot;+https://webmaster.petalsearch.com/site/petalbot)" "www.kurtswebnotes.com"
114.119.136.144 - - [13/Oct/2022:09:31:30 -0700] "GET /wp-includes/blocks/group/?C=D%3BO%3DA HTTP/1.1" 200 377 "https://www.kurtswebnotes.com/wp-includes/blocks/group/?C=N%3BO%3DD" "Mozilla/5.0 (Linux; Android 7.0;) AppleWebKit/537.36 (KHTML, like Gecko) Mobile Safari/537.36 (compatible; PetalBot;+https://webmaster.petalsearch.com/site/petalbot)" "www.kurtswebnotes.com"
114.119.136.143 - - [13/Oct/2022:09:37:34 -0700] "GET /wp-includes/blocks/calendar/ HTTP/1.1" 200 377 "https://kurtswebnotes.com/wp-includes/blocks/?C=N%3BO%3DD" "Mozilla/5.0 (Linux; Android 7.0;) AppleWebKit/537.36 (KHTML, like Gecko) Mobile Safari/537.36 (compatible; PetalBot;+https://webmaster.petalsearch.com/site/petalbot)" "kurtswebnotes.com"
114.119.136.141 - - [13/Oct/2022:09:43:22 -0700] "GET /wp-includes/css/ HTTP/1.1" 200 359 "https://www.kurtswebnotes.com/wp-includes/?C=N%3BO%3DD" "Mozilla/5.0 (Linux; Android 7.0;) AppleWebKit/537.36 (KHTML, like Gecko) Mobile Safari/537.36 (compatible; PetalBot;+https://webmaster.petalsearch.com/site/petalbot)" "www.kurtswebnotes.com"
173.231.60.198 - - [13/Oct/2022:09:46:00 -0700] "GET /wp-content/?C=S;O=D HTTP/1.1" 200 352 "https://kurtswebnotes.com/" "Mozilla/5.0 (compatible; Adsbot/3.1; +https://seostar.co/robot/)" "kurtswebnotes.com"
173.231.60.198 - - [13/Oct/2022:09:46:18 -0700] "GET /public_html/?C=D;O=D HTTP/1.1" 200 313 "https://kurtswebnotes.com/" "Mozilla/5.0 (compatible; Adsbot/3.1; +https://seostar.co/robot/)" "kurtswebnotes.com"
173.231.60.198 - - [13/Oct/2022:09:46:43 -0700] "GET /public_html/?C=N;O=A HTTP/1.1" 200 315 "https://kurtswebnotes.com/" "Mozilla/5.0 (compatible; Adsbot/3.1; +https://seostar.co/robot/)" "kurtswebnotes.com"
173.231.60.198 - - [13/Oct/2022:09:46:54 -0700] "GET /public_html/?C=S;O=D HTTP/1.1" 200 313 "https://kurtswebnotes.com/" "Mozilla/5.0 (compatible; Adsbot/3.1; +https://seostar.co/robot/)" "kurtswebnotes.com"
173.231.60.198 - - [13/Oct/2022:09:47:06 -0700] "GET /wp-admin/css/?C=D;O=A HTTP/1.1" 200 357 "https://kurtswebnotes.com/" "Mozilla/5.0 (compatible; Adsbot/3.1; +https://seostar.co/robot/)" "kurtswebnotes.com"
173.231.60.198 - - [13/Oct/2022:09:47:27 -0700] "GET /wp-admin/css/?C=N;O=D HTTP/1.1" 200 355 "https://kurtswebnotes.com/" "Mozilla/5.0 (compatible; Adsbot/3.1; +https://seostar.co/robot/)" "kurtswebnotes.com"
173.231.60.198 - - [13/Oct/2022:09:47:38 -0700] "GET /wp-admin/css/?C=S;O=A HTTP/1.1" 200 357 "https://kurtswebnotes.com/" "Mozilla/5.0 (compatible; Adsbot/3.1; +https://seostar.co/robot/)" "kurtswebnotes.com"
173.231.60.198 - - [13/Oct/2022:09:47:49 -0700] "GET /wp-content/themes/?C=D;O=A HTTP/1.1" 200 375 "https://kurtswebnotes.com/" "Mozilla/5.0 (compatible; Adsbot/3.1; +https://seostar.co/robot/)" "kurtswebnotes.com"
114.119.136.14 - - [13/Oct/2022:09:48:55 -0700] "GET /wp-includes/PHPMailer/?C=D%3BO%3DA HTTP/1.1" 200 416 "https://kurtswebnotes.com/wp-includes/PHPMailer/" "Mozilla/5.0 (Linux; Android 7.0;) AppleWebKit/537.36 (KHTML, like Gecko) Mobile Safari/537.36 (compatible; PetalBot;+https://webmaster.petalsearch.com/site/petalbot)" "kurtswebnotes.com"
114.119.136.143 - - [13/Oct/2022:09:54:54 -0700] "GET /wp-includes/sitemaps/providers/?C=N%3BO%3DD HTTP/1.1" 200 435 "https://kurtswebnotes.com/wp-includes/sitemaps/providers/?C=M%3BO%3DA" "Mozilla/5.0 (Linux; Android 7.0;) AppleWebKit/537.36 (KHTML, like Gecko) Mobile Safari/537.36 (compatible; PetalBot;+https://webmaster.petalsearch.com/site/petalbot)" "kurtswebnotes.com"
114.119.136.14 - - [13/Oct/2022:10:00:35 -0700] "GET /wp-includes/blocks/table/?C=S%3BO%3DA HTTP/1.1" 200 376 "https://kurtswebnotes.com/wp-includes/blocks/table/?C=M%3BO%3DA" "Mozilla/5.0 (Linux; Android 7.0;) AppleWebKit/537.36 (KHTML, like Gecko) Mobile Safari/537.36 (compatible; PetalBot;+https://webmaster.petalsearch.com/site/petalbot)" "kurtswebnotes.com"
88.147.152.230 - - [13/Oct/2022:10:01:54 -0700] "GET /blog/2016/01/13/my-first-instagram-image/ HTTP/1.1" 404 73 "https://kurtswebnotes.com/blog/2016/01/13/my-first-instagram-image/" "Mozilla/5.0 (Windows NT 10.0) AppleWebKit/537.36 (KHTML, like Gecko) Chrome/90.0.4430.85 Safari/537.36 Edg/90.0.818.46" "kurtswebnotes.com"
88.147.152.230 - - [13/Oct/2022:10:01:55 -0700] "GET / HTTP/1.1" 200 1458 "https://kurtswebnotes.com/" "Mozilla/5.0 (Windows NT 10.0) AppleWebKit/537.36 (KHTML, like Gecko) Chrome/90.0.4430.85 Safari/537.36 Edg/90.0.818.46" "kurtswebnotes.com"
114.119.136.144 - - [13/Oct/2022:10:06:05 -0700] "GET /wp-includes/blocks/separator/?C=N%3BO%3DD HTTP/1.1" 200 378 "https://kurtswebnotes.com/wp-includes/blocks/separator/?C=M%3BO%3DA" "Mozilla/5.0 (Linux; Android 7.0;) AppleWebKit/537.36 (KHTML, like Gecko) Mobile Safari/537.36 (compatible; PetalBot;+https://webmaster.petalsearch.com/site/petalbot)" "kurtswebnotes.com"
40.77.167.100 - - [13/Oct/2022:10:10:55 -0700] "GET /robots.txt HTTP/1.1" 200 101 "-" "Mozilla/5.0 (compatible; bingbot/2.0; +http://www.bing.com/bingbot.htm)" "kurtswebnotes.com"
114.119.136.14 - - [13/Oct/2022:10:12:09 -0700] "GET /wp-includes/blocks/social-link/block.json HTTP/1.1" 200 250 "https://kurtswebnotes.com/wp-includes/blocks/social-link/" "Mozilla/5.0 (Linux; Android 7.0;) AppleWebKit/537.36 (KHTML, like Gecko) Mobile Safari/537.36 (compatible; PetalBot;+https://webmaster.petalsearch.com/site/petalbot)" "kurtswebnotes.com"
165.231.182.50 - - [13/Oct/2022:10:12:11 -0700] "GET / HTTP/1.1" 200 481 "http://kurtswebnotes.com/" "Mozilla/5.0 (Linux x86_64; rv:102.0) Gecko/20100101 Firefox/102.0" "kurtswebnotes.com"
165.231.182.50 - - [13/Oct/2022:10:12:14 -0700] "GET /?C=M;O=A HTTP/1.1" 200 478 "https://kurtswebnotes.com/" "Mozilla/5.0 (Linux x86_64; rv:102.0) Gecko/20100101 Firefox/102.0" "kurtswebnotes.com"
114.119.136.138 - - [13/Oct/2022:10:18:10 -0700] "GET /wp-includes/sodium_compat/src/Core32/BLAKE2b.php HTTP/1.1" 500 - "https://kurtswebnotes.com/wp-includes/sodium_compat/src/Core32/?C=N%3BO%3DD" "Mozilla/5.0 (Linux; Android 7.0;) AppleWebKit/537.36 (KHTML, like Gecko) Mobile Safari/537.36 (compatible; PetalBot;+https://webmaster.petalsearch.com/site/petalbot)" "kurtswebnotes.com"
114.119.136.143 - - [13/Oct/2022:10:23:15 -0700] "GET /wp-includes/blocks/latest-comments/?C=D%3BO%3DA HTTP/1.1" 200 383 "https://www.kurtswebnotes.com/wp-includes/blocks/latest-comments/?C=M%3BO%3DA" "Mozilla/5.0 (Linux; Android 7.0;) AppleWebKit/537.36 (KHTML, like Gecko) Mobile Safari/537.36 (compatible; PetalBot;+https://webmaster.petalsearch.com/site/petalbot)" "www.kurtswebnotes.com"
114.119.136.14 - - [13/Oct/2022:10:28:46 -0700] "GET /wp-includes/blocks/verse/?C=N%3BO%3DD HTTP/1.1" 200 376 "https://www.kurtswebnotes.com/wp-includes/blocks/verse/?C=S%3BO%3DA" "Mozilla/5.0 (Linux; Android 7.0;) AppleWebKit/537.36 (KHTML, like Gecko) Mobile Safari/537.36 (compatible; PetalBot;+https://webmaster.petalsearch.com/site/petalbot)" "www.kurtswebnotes.com"
114.119.136.141 - - [13/Oct/2022:10:34:41 -0700] "GET /wp-includes/sodium_compat/src/Core32/ChaCha20/?C=S%3BO%3DA HTTP/1.1" 200 415 "https://kurtswebnotes.com/wp-includes/sodium_compat/src/Core32/ChaCha20/" "Mozilla/5.0 (Linux; Android 7.0;) AppleWebKit/537.36 (KHTML, like Gecko) Mobile Safari/537.36 (compatible; PetalBot;+https://webmaster.petalsearch.com/site/petalbot)" "kurtswebnotes.com"
114.119.136.138 - - [13/Oct/2022:10:45:57 -0700] "GET /wp-includes/sodium_compat/src/Core/Base64/Common.php HTTP/1.1" 200 - "https://kurtswebnotes.com/wp-includes/sodium_compat/src/Core/Base64/?C=N%3BO%3DD" "Mozilla/5.0 (Linux; Android 7.0;) AppleWebKit/537.36 (KHTML, like Gecko) Mobile Safari/537.36 (compatible; PetalBot;+https://webmaster.petalsearch.com/site/petalbot)" "kurtswebnotes.com"
114.119.136.144 - - [13/Oct/2022:10:51:55 -0700] "GET /wp-includes/ HTTP/1.1" 200 459 "https://www.kurtswebnotes.com/wp-includes/css/?C=S%3BO%3DA" "Mozilla/5.0 (Linux; Android 7.0;) AppleWebKit/537.36 (KHTML, like Gecko) Mobile Safari/537.36 (compatible; PetalBot;+https://webmaster.petalsearch.com/site/petalbot)" "www.kurtswebnotes.com"
104.196.190.204 - - [13/Oct/2022:10:56:15 -0700] "GET /robots.txt HTTP/1.1" 200 101 "-" "ZoominfoBot (zoominfobot at zoominfo dot com)" "kurtswebnotes.com"
104.196.190.204 - - [13/Oct/2022:10:56:16 -0700] "GET / HTTP/1.1" 200 481 "-" "ZoominfoBot (zoominfobot at zoominfo dot com)" "kurtswebnotes.com"
104.196.190.204 - - [13/Oct/2022:10:56:15 -0700] "GET /robots.txt HTTP/1.1" 200 101 "-" "ZoominfoBot (zoominfobot at zoominfo dot com)" "kurtswebnotes.com"
114.119.136.14 - - [13/Oct/2022:10:57:28 -0700] "GET /wp-includes/sodium_compat/src/Core32/Curve25519/H.php HTTP/1.1" 500 - "https://www.kurtswebnotes.com/wp-includes/sodium_compat/src/Core32/Curve25519/?C=S%3BO%3DA" "Mozilla/5.0 (Linux; Android 7.0;) AppleWebKit/537.36 (KHTML, like Gecko) Mobile Safari/537.36 (compatible; PetalBot;+https://webmaster.petalsearch.com/site/petalbot)" "www.kurtswebnotes.com"
114.119.136.143 - - [13/Oct/2022:11:03:04 -0700] "GET /wp-includes/blocks/rss/?C=M%3BO%3DA HTTP/1.1" 200 374 "https://kurtswebnotes.com/wp-includes/blocks/rss/?C=N%3BO%3DD" "Mozilla/5.0 (Linux; Android 7.0;) AppleWebKit/537.36 (KHTML, like Gecko) Mobile Safari/537.36 (compatible; PetalBot;+https://webmaster.petalsearch.com/site/petalbot)" "kurtswebnotes.com"
114.119.136.14 - - [13/Oct/2022:11:09:02 -0700] "GET /wp-includes/sodium_compat/src/Core32/Curve25519/?C=S%3BO%3DA HTTP/1.1" 200 435 "https://kurtswebnotes.com/wp-includes/sodium_compat/src/Core32/Curve25519/?C=N%3BO%3DD" "Mozilla/5.0 (Linux; Android 7.0;) AppleWebKit/537.36 (KHTML, like Gecko) Mobile Safari/537.36 (compatible; PetalBot;+https://webmaster.petalsearch.com/site/petalbot)" "kurtswebnotes.com"
185.174.159.245 - - [13/Oct/2022:11:14:30 -0700] "GET / HTTP/1.1" 200 1458 "https://kurtswebnotes.com/" "Mozilla/5.0 (Windows NT 6.1; Win64; x64) AppleWebKit/537.36 (KHTML, like Gecko) Chrome/90.0.4430.93 Safari/537.36" "kurtswebnotes.com"
185.174.159.245 - - [13/Oct/2022:11:14:30 -0700] "GET / HTTP/1.1" 200 1458 "https://kurtswebnotes.com/" "Mozilla/5.0 (Windows NT 10.0; WOW64) AppleWebKit/537.36 (KHTML, like Gecko) Chrome/90.0.4430.85 Safari/537.36" "kurtswebnotes.com"
185.174.159.245 - - [13/Oct/2022:11:14:30 -0700] "GET / HTTP/1.1" 200 1458 "https://kurtswebnotes.com/" "Mozilla/5.0 (Windows NT 10.0) AppleWebKit/537.36 (KHTML, like Gecko) Chrome/90.0.4430.85 Safari/537.36 Edg/90.0.818.46" "kurtswebnotes.com"
185.174.159.245 - - [13/Oct/2022:11:14:30 -0700] "GET / HTTP/1.1" 200 1458 "https://kurtswebnotes.com/" "Mozilla/5.0 (Windows NT 6.1; Win64; x64) AppleWebKit/537.36 (KHTML, like Gecko) Chrome/90.0.4430.72 Safari/537.36" "kurtswebnotes.com"
185.174.159.245 - - [13/Oct/2022:11:14:30 -0700] "GET / HTTP/1.1" 200 1458 "https://kurtswebnotes.com/" "Mozilla/5.0 (Windows NT 6.3) AppleWebKit/537.36 (KHTML, like Gecko) Chrome/90.0.4430.72 Safari/537.36" "kurtswebnotes.com"
185.174.159.245 - - [13/Oct/2022:11:14:31 -0700] "GET / HTTP/1.1" 200 1458 "https://kurtswebnotes.com/" "Mozilla/5.0 (Windows NT 6.1; ) AppleWebKit/537.36 (KHTML, like Gecko) Chrome/90.0.4430.72 Safari/537.36" "kurtswebnotes.com"
114.119.136.143 - - [13/Oct/2022:11:14:38 -0700] "GET /wp-includes/sitemaps/class-wp-sitemaps-registry.php HTTP/1.1" 200 - "https://kurtswebnotes.com/wp-includes/sitemaps/?C=N%3BO%3DD" "Mozilla/5.0 (Linux; Android 7.0;) AppleWebKit/537.36 (KHTML, like Gecko) Mobile Safari/537.36 (compatible; PetalBot;+https://webmaster.petalsearch.com/site/petalbot)" "kurtswebnotes.com"
114.119.136.144 - - [13/Oct/2022:11:20:12 -0700] "GET /?C=M%3BO%3DA HTTP/1.1" 200 481 "https://www.kurtswebnotes.com/?C=N%3BO%3DD" "Mozilla/5.0 (Linux; Android 7.0;) AppleWebKit/537.36 (KHTML, like Gecko) Mobile Safari/537.36 (compatible; PetalBot;+https://webmaster.petalsearch.com/site/petalbot)" "www.kurtswebnotes.com"
114.119.136.138 - - [13/Oct/2022:11:26:07 -0700] "GET /wp-includes/blocks/verse/?C=D%3BO%3DA HTTP/1.1" 200 376 "https://kurtswebnotes.com/wp-includes/blocks/verse/?C=S%3BO%3DA" "Mozilla/5.0 (Linux; Android 7.0;) AppleWebKit/537.36 (KHTML, like Gecko) Mobile Safari/537.36 (compatible; PetalBot;+https://webmaster.petalsearch.com/site/petalbot)" "kurtswebnotes.com"
114.119.136.141 - - [13/Oct/2022:11:31:51 -0700] "GET /wp-includes/sodium_compat/src/Core32/Curve25519/Ge/ HTTP/1.1" 200 459 "https://www.kurtswebnotes.com/wp-includes/sodium_compat/src/Core32/Curve25519/?C=S%3BO%3DA" "Mozilla/5.0 (Linux; Android 7.0;) AppleWebKit/537.36 (KHTML, like Gecko) Mobile Safari/537.36 (compatible; PetalBot;+https://webmaster.petalsearch.com/site/petalbot)" "www.kurtswebnotes.com"
114.119.136.14 - - [13/Oct/2022:11:37:19 -0700] "GET /wp-includes/sodium_compat/src/Core32/HChaCha20.php HTTP/1.1" 500 - "https://www.kurtswebnotes.com/wp-includes/sodium_compat/src/Core32/" "Mozilla/5.0 (Linux; Android 7.0;) AppleWebKit/537.36 (KHTML, like Gecko) Mobile Safari/537.36 (compatible; PetalBot;+https://webmaster.petalsearch.com/site/petalbot)" "www.kurtswebnotes.com"
114.119.136.144 - - [13/Oct/2022:11:43:03 -0700] "GET /wp-includes/blocks/table/block.json HTTP/1.1" 200 429 "https://kurtswebnotes.com/wp-includes/blocks/table/?C=N%3BO%3DD" "Mozilla/5.0 (Linux; Android 7.0;) AppleWebKit/537.36 (KHTML, like Gecko) Mobile Safari/537.36 (compatible; PetalBot;+https://webmaster.petalsearch.com/site/petalbot)" "kurtswebnotes.com"
114.119.136.144 - - [13/Oct/2022:11:48:51 -0700] "GET /wp-includes/blocks/media-text/ HTTP/1.1" 200 381 "https://www.kurtswebnotes.com/wp-includes/blocks/?C=N%3BO%3DD" "Mozilla/5.0 (Linux; Android 7.0;) AppleWebKit/537.36 (KHTML, like Gecko) Mobile Safari/537.36 (compatible; PetalBot;+https://webmaster.petalsearch.com/site/petalbot)" "www.kurtswebnotes.com"
176.124.217.120 - - [13/Oct/2022:11:53:12 -0700] "GET /blog/2016/01/13/my-first-instagram-image/ HTTP/1.1" 404 73 "https://kurtswebnotes.com/blog/2016/01/13/my-first-instagram-image/" "Mozilla/5.0 (Windows NT 10.0) AppleWebKit/537.36 (KHTML, like Gecko) Chrome/90.0.4430.72 Safari/537.36" "kurtswebnotes.com"
176.124.217.120 - - [13/Oct/2022:11:53:12 -0700] "GET / HTTP/1.1" 200 1458 "https://kurtswebnotes.com/" "Mozilla/5.0 (Windows NT 10.0) AppleWebKit/537.36 (KHTML, like Gecko) Chrome/90.0.4430.72 Safari/537.36" "kurtswebnotes.com"
114.119.136.138 - - [13/Oct/2022:11:54:10 -0700] "GET /wp-includes/sodium_compat/src/Compat.php HTTP/1.1" 200 - "https://www.kurtswebnotes.com/wp-includes/sodium_compat/src/?C=M%3BO%3DA" "Mozilla/5.0 (Linux; Android 7.0;) AppleWebKit/537.36 (KHTML, like Gecko) Mobile Safari/537.36 (compatible; PetalBot;+https://webmaster.petalsearch.com/site/petalbot)" "www.kurtswebnotes.com"
185.191.171.40 - - [13/Oct/2022:11:59:34 -0700] "GET /robots.txt HTTP/1.1" 200 101 "-" "Mozilla/5.0 (compatible; SemrushBot/7~bl; +http://www.semrush.com/bot.html)" "www.kurtswebnotes.com"
185.191.171.19 - - [13/Oct/2022:11:59:35 -0700] "GET /wp-includes/sodium_compat/src/Core32/Int32.php HTTP/1.1" 200 - "-" "Mozilla/5.0 (compatible; SemrushBot/7~bl; +http://www.semrush.com/bot.html)" "www.kurtswebnotes.com"
114.119.136.138 - - [13/Oct/2022:11:59:41 -0700] "GET /wp-includes/sodium_compat/src/?C=N%3BO%3DD HTTP/1.1" 200 504 "https://www.kurtswebnotes.com/wp-includes/sodium_compat/src/?C=M%3BO%3DA" "Mozilla/5.0 (Linux; Android 7.0;) AppleWebKit/537.36 (KHTML, like Gecko) Mobile Safari/537.36 (compatible; PetalBot;+https://webmaster.petalsearch.com/site/petalbot)" "www.kurtswebnotes.com"
114.119.136.141 - - [13/Oct/2022:12:05:30 -0700] "GET /wp-includes/sodium_compat/src/Core32/Poly1305.php HTTP/1.1" 500 - "https://www.kurtswebnotes.com/wp-includes/sodium_compat/src/Core32/" "Mozilla/5.0 (Linux; Android 7.0;) AppleWebKit/537.36 (KHTML, like Gecko) Mobile Safari/537.36 (compatible; PetalBot;+https://webmaster.petalsearch.com/site/petalbot)" "www.kurtswebnotes.com"
77.88.5.222 - - [13/Oct/2022:12:10:34 -0700] "GET /robots.txt HTTP/1.1" 200 111 "-" "Mozilla/5.0 (compatible; YandexBot/3.0; +http://yandex.com/bots)" "www.kurtswebnotes.com"
77.88.5.50 - - [13/Oct/2022:12:10:38 -0700] "GET /wp-includes/blocks/table/?C=D;O=A HTTP/1.1" 200 376 "-" "Mozilla/5.0 (compatible; YandexBot/3.0; +http://yandex.com/bots)" "www.kurtswebnotes.com"
114.119.136.144 - - [13/Oct/2022:12:10:52 -0700] "GET /wp-includes/blocks/buttons/?C=S%3BO%3DA HTTP/1.1" 200 378 "https://www.kurtswebnotes.com/wp-includes/blocks/buttons/?C=N%3BO%3DD" "Mozilla/5.0 (Linux; Android 7.0;) AppleWebKit/537.36 (KHTML, like Gecko) Mobile Safari/537.36 (compatible; PetalBot;+https://webmaster.petalsearch.com/site/petalbot)" "www.kurtswebnotes.com"
114.119.136.141 - - [13/Oct/2022:12:16:00 -0700] "GET /wp-includes/sodium_compat/src/Core/Curve25519/Ge/P2.php HTTP/1.1" 200 - "https://www.kurtswebnotes.com/wp-includes/sodium_compat/src/Core/Curve25519/Ge/?C=D%3BO%3DA" "Mozilla/5.0 (Linux; Android 7.0;) AppleWebKit/537.36 (KHTML, like Gecko) Mobile Safari/537.36 (compatible; PetalBot;+https://webmaster.petalsearch.com/site/petalbot)" "www.kurtswebnotes.com"
114.119.136.141 - - [13/Oct/2022:12:21:38 -0700] "GET /wp-includes/sodium_compat/namespaced/File.php HTTP/1.1" 500 - "https://kurtswebnotes.com/wp-includes/sodium_compat/namespaced/?C=D%3BO%3DA" "Mozilla/5.0 (Linux; Android 7.0;) AppleWebKit/537.36 (KHTML, like Gecko) Mobile Safari/537.36 (compatible; PetalBot;+https://webmaster.petalsearch.com/site/petalbot)" "kurtswebnotes.com"
185.191.171.1 - - [13/Oct/2022:12:23:46 -0700] "GET /wp-includes/sodium_compat/src/Core32/Curve25519.php HTTP/1.1" 500 - "-" "Mozilla/5.0 (compatible; SemrushBot/7~bl; +http://www.semrush.com/bot.html)" "www.kurtswebnotes.com"
114.119.136.143 - - [13/Oct/2022:12:27:33 -0700] "GET /wp-includes/sitemaps/providers/?C=N%3BO%3DD HTTP/1.1" 200 435 "https://www.kurtswebnotes.com/wp-includes/sitemaps/providers/" "Mozilla/5.0 (Linux; Android 7.0;) AppleWebKit/537.36 (KHTML, like Gecko) Mobile Safari/537.36 (compatible; PetalBot;+https://webmaster.petalsearch.com/site/petalbot)" "www.kurtswebnotes.com"
114.119.136.138 - - [13/Oct/2022:12:33:12 -0700] "GET /wp-includes/sodium_compat/namespaced/?C=N%3BO%3DD HTTP/1.1" 200 440 "https://kurtswebnotes.com/wp-includes/sodium_compat/namespaced/?C=D%3BO%3DA" "Mozilla/5.0 (Linux; Android 7.0;) AppleWebKit/537.36 (KHTML, like Gecko) Mobile Safari/537.36 (compatible; PetalBot;+https://webmaster.petalsearch.com/site/petalbot)" "kurtswebnotes.com"
64.124.8.32 - - [13/Oct/2022:12:34:02 -0700] "GET /robots.txt HTTP/1.1" 200 101 "-" "Mozilla/5.0 (X11; Linux x86_64) AppleWebKit/537.36 (KHTML, like Gecko) Chrome/61.0.3163.79 Safari/537.36" "kurtswebnotes.com"
114.119.136.141 - - [13/Oct/2022:12:39:19 -0700] "GET /wp-admin/?C=D%3BO%3DA HTTP/1.1" 200 351 "https://kurtswebnotes.com/wp-admin/" "Mozilla/5.0 (Linux; Android 7.0;) AppleWebKit/537.36 (KHTML, like Gecko) Mobile Safari/537.36 (compatible; PetalBot;+https://webmaster.petalsearch.com/site/petalbot)" "kurtswebnotes.com"
114.119.136.144 - - [13/Oct/2022:12:45:00 -0700] "GET /wp-includes/sodium_compat/src/Core/Poly1305/?C=S%3BO%3DA HTTP/1.1" 200 396 "https://www.kurtswebnotes.com/wp-includes/sodium_compat/src/Core/Poly1305/?C=M%3BO%3DA" "Mozilla/5.0 (Linux; Android 7.0;) AppleWebKit/537.36 (KHTML, like Gecko) Mobile Safari/537.36 (compatible; PetalBot;+https://webmaster.petalsearch.com/site/petalbot)" "www.kurtswebnotes.com"
114.119.136.14 - - [13/Oct/2022:12:51:08 -0700] "GET /wp-includes/blocks/paragraph/?C=N%3BO%3DD HTTP/1.1" 200 380 "https://kurtswebnotes.com/wp-includes/blocks/paragraph/?C=M%3BO%3DA" "Mozilla/5.0 (Linux; Android 7.0;) AppleWebKit/537.36 (KHTML, like Gecko) Mobile Safari/537.36 (compatible; PetalBot;+https://webmaster.petalsearch.com/site/petalbot)" "kurtswebnotes.com"
51.222.253.1 - - [13/Oct/2022:12:53:37 -0700] "GET /wp-includes/blocks/separator/?C=D;O=A HTTP/1.1" 200 378 "-" "Mozilla/5.0 (compatible; AhrefsBot/7.0; +http://ahrefs.com/robot/)" "kurtswebnotes.com"
114.119.136.143 - - [13/Oct/2022:12:57:06 -0700] "GET /wp-includes/blocks/shortcode/block.json HTTP/1.1" 200 188 "https://kurtswebnotes.com/wp-includes/blocks/shortcode/" "Mozilla/5.0 (Linux; Android 7.0;) AppleWebKit/537.36 (KHTML, like Gecko) Mobile Safari/537.36 (compatible; PetalBot;+https://webmaster.petalsearch.com/site/petalbot)" "kurtswebnotes.com"
114.119.136.144 - - [13/Oct/2022:13:09:03 -0700] "GET /wp-includes/sodium_compat/namespaced/Core/Poly1305/?C=D%3BO%3DA HTTP/1.1" 200 401 "https://kurtswebnotes.com/wp-includes/sodium_compat/namespaced/Core/Poly1305/" "Mozilla/5.0 (Linux; Android 7.0;) AppleWebKit/537.36 (KHTML, like Gecko) Mobile Safari/537.36 (compatible; PetalBot;+https://webmaster.petalsearch.com/site/petalbot)" "kurtswebnotes.com"
64.124.8.57 - - [13/Oct/2022:13:09:51 -0700] "GET /robots.txt HTTP/1.1" 200 101 "-" "Mozilla/5.0 (X11; Linux x86_64) AppleWebKit/537.36 (KHTML, like Gecko) Chrome/61.0.3163.79 Safari/537.36" "kurtswebnotes.com"
114.119.136.138 - - [13/Oct/2022:13:14:55 -0700] "GET /wp-includes/sodium_compat/namespaced/Core/ChaCha20/Ctx.php HTTP/1.1" 500 - "https://www.kurtswebnotes.com/wp-includes/sodium_compat/namespaced/Core/ChaCha20/" "Mozilla/5.0 (Linux; Android 7.0;) AppleWebKit/537.36 (KHTML, like Gecko) Mobile Safari/537.36 (compatible; PetalBot;+https://webmaster.petalsearch.com/site/petalbot)" "www.kurtswebnotes.com"
114.119.149.150 - - [13/Oct/2022:13:18:03 -0700] "GET /robots.txt HTTP/1.1" 200 101 "-" "Mozilla/5.0 (compatible;PetalBot;+https://webmaster.petalsearch.com/site/petalbot)" "kurtswebnotes.com"
114.119.136.14 - - [13/Oct/2022:13:20:49 -0700] "GET /wp-includes/sodium_compat/namespaced/Core/?C=S%3BO%3DA HTTP/1.1" 200 591 "https://kurtswebnotes.com/wp-includes/sodium_compat/namespaced/Core/?C=D%3BO%3DA" "Mozilla/5.0 (Linux; Android 7.0;) AppleWebKit/537.36 (KHTML, like Gecko) Mobile Safari/537.36 (compatible; PetalBot;+https://webmaster.petalsearch.com/site/petalbot)" "kurtswebnotes.com"
114.119.136.143 - - [13/Oct/2022:13:26:40 -0700] "GET /wp-includes/blocks/rss/block.json HTTP/1.1" 200 279 "https://kurtswebnotes.com/wp-includes/blocks/rss/?C=N%3BO%3DD" "Mozilla/5.0 (Linux; Android 7.0;) AppleWebKit/537.36 (KHTML, like Gecko) Mobile Safari/537.36 (compatible; PetalBot;+https://webmaster.petalsearch.com/site/petalbot)" "kurtswebnotes.com"
114.119.136.14 - - [13/Oct/2022:13:32:42 -0700] "GET /wp-content/themes/?C=N%3BO%3DD HTTP/1.1" 200 375 "https://kurtswebnotes.com/wp-content/themes/" "Mozilla/5.0 (Linux; Android 7.0;) AppleWebKit/537.36 (KHTML, like Gecko) Mobile Safari/537.36 (compatible; PetalBot;+https://webmaster.petalsearch.com/site/petalbot)" "kurtswebnotes.com"
185.191.171.13 - - [13/Oct/2022:13:36:22 -0700] "GET /robots.txt HTTP/1.1" 200 101 "-" "Mozilla/5.0 (compatible; SemrushBot/7~bl; +http://www.semrush.com/bot.html)" "www.kurtswebnotes.com"
185.191.171.21 - - [13/Oct/2022:13:36:22 -0700] "GET /wp-includes/sodium_compat/src/Core32/Poly1305/ HTTP/1.1" 200 398 "-" "Mozilla/5.0 (compatible; SemrushBot/7~bl; +http://www.semrush.com/bot.html)" "www.kurtswebnotes.com"
114.119.136.141 - - [13/Oct/2022:13:38:37 -0700] "GET /wp-includes/sodium_compat/src/Core32/Ed25519.php HTTP/1.1" 500 - "https://kurtswebnotes.com/wp-includes/sodium_compat/src/Core32/?C=N%3BO%3DD" "Mozilla/5.0 (Linux; Android 7.0;) AppleWebKit/537.36 (KHTML, like Gecko) Mobile Safari/537.36 (compatible; PetalBot;+https://webmaster.petalsearch.com/site/petalbot)" "kurtswebnotes.com"
185.174.159.245 - - [13/Oct/2022:13:39:33 -0700] "GET / HTTP/1.1" 200 1458 "https://kurtswebnotes.com/" "Mozilla/5.0 (Windows NT 10.0; Win64; x64) AppleWebKit/537.36 (KHTML, like Gecko) Chrome/90.0.4430.85 Safari/537.36 Edg/90.0.818.46" "kurtswebnotes.com"
114.119.136.141 - - [13/Oct/2022:13:44:36 -0700] "GET /wp-includes/sodium_compat/src/Core/Curve25519/?C=S%3BO%3DA HTTP/1.1" 200 432 "https://kurtswebnotes.com/wp-includes/sodium_compat/src/Core/Curve25519/" "Mozilla/5.0 (Linux; Android 7.0;) AppleWebKit/537.36 (KHTML, like Gecko) Mobile Safari/537.36 (compatible; PetalBot;+https://webmaster.petalsearch.com/site/petalbot)" "kurtswebnotes.com"
185.174.159.245 - - [13/Oct/2022:13:48:01 -0700] "GET / HTTP/1.1" 200 1458 "https://kurtswebnotes.com/" "Mozilla/5.0 (Windows NT 6.3; Win64; x64) AppleWebKit/537.36 (KHTML, like Gecko) Chrome/90.0.4430.85 Safari/537.36 Edg/90.0.818.46" "kurtswebnotes.com"
185.174.159.245 - - [13/Oct/2022:13:48:01 -0700] "GET / HTTP/1.1" 200 1458 "https://kurtswebnotes.com/" "Mozilla/5.0 (Windows NT 6.1; WOW64) AppleWebKit/537.36 (KHTML, like Gecko) Chrome/90.0.4430.85 Safari/537.36" "kurtswebnotes.com"
114.119.136.141 - - [13/Oct/2022:13:50:19 -0700] "GET /wp-includes/blocks/group/?C=D%3BO%3DA HTTP/1.1" 200 377 "https://kurtswebnotes.com/wp-includes/blocks/group/" "Mozilla/5.0 (Linux; Android 7.0;) AppleWebKit/537.36 (KHTML, like Gecko) Mobile Safari/537.36 (compatible; PetalBot;+https://webmaster.petalsearch.com/site/petalbot)" "kurtswebnotes.com"
185.191.171.33 - - [13/Oct/2022:13:55:12 -0700] "GET /wp-includes/sodium_compat/src/Core/ChaCha20.php HTTP/1.1" 500 - "-" "Mozilla/5.0 (compatible; SemrushBot/7~bl; +http://www.semrush.com/bot.html)" "www.kurtswebnotes.com"
114.119.136.141 - - [13/Oct/2022:13:56:14 -0700] "GET /wp-includes/blocks/more/?C=N%3BO%3DD HTTP/1.1" 200 376 "https://www.kurtswebnotes.com/wp-includes/blocks/more/" "Mozilla/5.0 (Linux; Android 7.0;) AppleWebKit/537.36 (KHTML, like Gecko) Mobile Safari/537.36 (compatible; PetalBot;+https://webmaster.petalsearch.com/site/petalbot)" "www.kurtswebnotes.com"
114.119.136.138 - - [13/Oct/2022:14:01:58 -0700] "GET /download?S=A HTTP/1.1" 301 1419 "http://www.kurtswebnotes.com/download?M=D" "Mozilla/5.0 (Linux; Android 7.0;) AppleWebKit/537.36 (KHTML, like Gecko) Mobile Safari/537.36 (compatible; PetalBot;+https://webmaster.petalsearch.com/site/petalbot)" "www.kurtswebnotes.com"
114.119.136.138 - - [13/Oct/2022:14:02:02 -0700] "GET /download/?S=A HTTP/1.1" 200 313 "http://www.kurtswebnotes.com/download?M=D" "Mozilla/5.0 (Linux; Android 7.0;) AppleWebKit/537.36 (KHTML, like Gecko) Mobile Safari/537.36 (compatible; PetalBot;+https://webmaster.petalsearch.com/site/petalbot)" "www.kurtswebnotes.com"
185.191.171.38 - - [13/Oct/2022:14:03:13 -0700] "GET /wp-includes/sodium_compat/src/Core/SecretStream/ HTTP/1.1" 200 395 "-" "Mozilla/5.0 (compatible; SemrushBot/7~bl; +http://www.semrush.com/bot.html)" "www.kurtswebnotes.com"
185.191.171.18 - - [13/Oct/2022:14:06:59 -0700] "GET /wp-includes/sodium_compat/src/Core/?C=N%3BO%3DD HTTP/1.1" 200 645 "-" "Mozilla/5.0 (compatible; SemrushBot/7~bl; +http://www.semrush.com/bot.html)" "www.kurtswebnotes.com"
114.119.136.143 - - [13/Oct/2022:14:07:47 -0700] "GET /wp-includes/block-supports/custom-classname.php HTTP/1.1" 500 - "https://kurtswebnotes.com/wp-includes/block-supports/?C=S%3BO%3DA" "Mozilla/5.0 (Linux; Android 7.0;) AppleWebKit/537.36 (KHTML, like Gecko) Mobile Safari/537.36 (compatible; PetalBot;+https://webmaster.petalsearch.com/site/petalbot)" "kurtswebnotes.com"
114.119.136.141 - - [13/Oct/2022:14:13:31 -0700] "GET /wp-includes/sodium_compat/namespaced/Core/Curve25519/Ge/P2.php HTTP/1.1" 500 - "https://kurtswebnotes.com/wp-includes/sodium_compat/namespaced/Core/Curve25519/Ge/" "Mozilla/5.0 (Linux; Android 7.0;) AppleWebKit/537.36 (KHTML, like Gecko) Mobile Safari/537.36 (compatible; PetalBot;+https://webmaster.petalsearch.com/site/petalbot)" "kurtswebnotes.com"
114.119.136.14 - - [13/Oct/2022:14:19:08 -0700] "GET /wp-includes/blocks/latest-posts/?C=S%3BO%3DA HTTP/1.1" 200 381 "https://kurtswebnotes.com/wp-includes/blocks/latest-posts/?C=M%3BO%3DA" "Mozilla/5.0 (Linux; Android 7.0;) AppleWebKit/537.36 (KHTML, like Gecko) Mobile Safari/537.36 (compatible; PetalBot;+https://webmaster.petalsearch.com/site/petalbot)" "kurtswebnotes.com"
23.254.86.148 - - [13/Oct/2022:14:27:32 -0700] "GET / HTTP/1.1" 200 481 "https://kurtswebnotes.com" "Mozilla/5.0 (Windows NT 10.0; Win64; x64; rv:102.0) Gecko/20100101 Firefox/102.0" "kurtswebnotes.com"
23.254.86.148 - - [13/Oct/2022:14:27:34 -0700] "GET /?C=M;O=A HTTP/1.1" 200 478 "https://kurtswebnotes.com" "Mozilla/5.0 (Windows NT 10.0; Win64; x64; rv:102.0) Gecko/20100101 Firefox/102.0" "kurtswebnotes.com"
114.119.136.141 - - [13/Oct/2022:14:30:23 -0700] "GET /wp-includes/blocks/verse/?C=D%3BO%3DA HTTP/1.1" 200 376 "https://kurtswebnotes.com/wp-includes/blocks/verse/?C=S%3BO%3DA" "Mozilla/5.0 (Linux; Android 7.0;) AppleWebKit/537.36 (KHTML, like Gecko) Mobile Safari/537.36 (compatible; PetalBot;+https://webmaster.petalsearch.com/site/petalbot)" "kurtswebnotes.com"
2.57.122.93 - - [13/Oct/2022:14:33:42 -0700] "GET /wp-content/themes/seotheme/mar.php HTTP/1.1" 404 88 "-" "Mozilla/5.0 (Windows; U; Windows NT 6.1; en-US; rv:1.9.1.5) Gecko/20091102 Firefox/3.5.5 (.NET CLR 3.5.30729)" "kurtswebnotes.com"
2.57.122.93 - - [13/Oct/2022:14:33:43 -0700] "GET /0z.php HTTP/1.1" 404 88 "-" "Mozilla/5.0 (Windows; U; Windows NT 6.1; en-US; rv:1.9.1.5) Gecko/20091102 Firefox/3.5.5 (.NET CLR 3.5.30729)" "kurtswebnotes.com"
114.119.136.141 - - [13/Oct/2022:14:35:57 -0700] "GET /wp-includes/sodium_compat/namespaced/Core/Ed25519.php HTTP/1.1" 500 - "https://kurtswebnotes.com/wp-includes/sodium_compat/namespaced/Core/?C=D%3BO%3DA" "Mozilla/5.0 (Linux; Android 7.0;) AppleWebKit/537.36 (KHTML, like Gecko) Mobile Safari/537.36 (compatible; PetalBot;+https://webmaster.petalsearch.com/site/petalbot)" "kurtswebnotes.com"
114.119.136.144 - - [13/Oct/2022:14:41:38 -0700] "GET /wp-includes/blocks/nextpage/block.json HTTP/1.1" 200 172 "https://www.kurtswebnotes.com/wp-includes/blocks/nextpage/?C=N%3BO%3DD" "Mozilla/5.0 (Linux; Android 7.0;) AppleWebKit/537.36 (KHTML, like Gecko) Mobile Safari/537.36 (compatible; PetalBot;+https://webmaster.petalsearch.com/site/petalbot)" "www.kurtswebnotes.com"
114.119.136.144 - - [13/Oct/2022:14:47:25 -0700] "GET /wp-includes/blocks/preformatted/block.json HTTP/1.1" 200 218 "https://www.kurtswebnotes.com/wp-includes/blocks/preformatted/?C=S%3BO%3DA" "Mozilla/5.0 (Linux; Android 7.0;) AppleWebKit/537.36 (KHTML, like Gecko) Mobile Safari/537.36 (compatible; PetalBot;+https://webmaster.petalsearch.com/site/petalbot)" "www.kurtswebnotes.com"
114.119.136.14 - - [13/Oct/2022:14:53:41 -0700] "GET /wp-includes/sodium_compat/namespaced/Core/Curve25519/Ge/?C=N%3BO%3DD HTTP/1.1" 200 460 "https://www.kurtswebnotes.com/wp-includes/sodium_compat/namespaced/Core/Curve25519/Ge/?C=S%3BO%3DA" "Mozilla/5.0 (Linux; Android 7.0;) AppleWebKit/537.36 (KHTML, like Gecko) Mobile Safari/537.36 (compatible; PetalBot;+https://webmaster.petalsearch.com/site/petalbot)" "www.kurtswebnotes.com"
185.191.171.13 - - [13/Oct/2022:14:55:01 -0700] "GET /robots.txt HTTP/1.1" 200 101 "-" "Mozilla/5.0 (compatible; SemrushBot/7~bl; +http://www.semrush.com/bot.html)" "www.kurtswebnotes.com"
185.191.171.34 - - [13/Oct/2022:14:55:15 -0700] "GET /wp-includes/sodium_compat/src/PHP52/?C=N%3BO%3DD HTTP/1.1" 200 397 "-" "Mozilla/5.0 (compatible; SemrushBot/7~bl; +http://www.semrush.com/bot.html)" "www.kurtswebnotes.com"
114.119.136.141 - - [13/Oct/2022:14:59:43 -0700] "GET /wp-includes/sodium_compat/src/Core/Curve25519/ HTTP/1.1" 200 432 "https://kurtswebnotes.com/wp-includes/sodium_compat/src/Core/Curve25519/Ge/?C=N%3BO%3DD" "Mozilla/5.0 (Linux; Android 7.0;) AppleWebKit/537.36 (KHTML, like Gecko) Mobile Safari/537.36 (compatible; PetalBot;+https://webmaster.petalsearch.com/site/petalbot)" "kurtswebnotes.com"
114.119.136.138 - - [13/Oct/2022:15:05:42 -0700] "GET /wp-includes/blocks/audio/?C=S%3BO%3DA HTTP/1.1" 200 377 "https://www.kurtswebnotes.com/wp-includes/blocks/audio/" "Mozilla/5.0 (Linux; Android 7.0;) AppleWebKit/537.36 (KHTML, like Gecko) Mobile Safari/537.36 (compatible; PetalBot;+https://webmaster.petalsearch.com/site/petalbot)" "www.kurtswebnotes.com"
114.119.136.144 - - [13/Oct/2022:15:11:24 -0700] "GET /wp-includes/blocks/text-columns/ HTTP/1.1" 200 382 "https://www.kurtswebnotes.com/wp-includes/blocks/?C=N%3BO%3DD" "Mozilla/5.0 (Linux; Android 7.0;) AppleWebKit/537.36 (KHTML, like Gecko) Mobile Safari/537.36 (compatible; PetalBot;+https://webmaster.petalsearch.com/site/petalbot)" "www.kurtswebnotes.com"
114.119.136.144 - - [13/Oct/2022:15:17:09 -0700] "GET /wp-includes/sodium_compat/namespaced/Core/Salsa20.php HTTP/1.1" 500 - "https://kurtswebnotes.com/wp-includes/sodium_compat/namespaced/Core/?C=D%3BO%3DA" "Mozilla/5.0 (Linux; Android 7.0;) AppleWebKit/537.36 (KHTML, like Gecko) Mobile Safari/537.36 (compatible; PetalBot;+https://webmaster.petalsearch.com/site/petalbot)" "kurtswebnotes.com"
114.119.136.143 - - [13/Oct/2022:15:23:02 -0700] "GET /wp-includes/sodium_compat/src/Core/Curve25519/?C=M%3BO%3DA HTTP/1.1" 200 432 "https://kurtswebnotes.com/wp-includes/sodium_compat/src/Core/Curve25519/" "Mozilla/5.0 (Linux; Android 7.0;) AppleWebKit/537.36 (KHTML, like Gecko) Mobile Safari/537.36 (compatible; PetalBot;+https://webmaster.petalsearch.com/site/petalbot)" "kurtswebnotes.com"
114.119.136.138 - - [13/Oct/2022:15:28:34 -0700] "GET /wp-includes/sodium_compat/?C=S%3BO%3DA HTTP/1.1" 200 493 "https://www.kurtswebnotes.com/wp-includes/sodium_compat/?C=D%3BO%3DA" "Mozilla/5.0 (Linux; Android 7.0;) AppleWebKit/537.36 (KHTML, like Gecko) Mobile Safari/537.36 (compatible; PetalBot;+https://webmaster.petalsearch.com/site/petalbot)" "www.kurtswebnotes.com"
114.119.136.144 - - [13/Oct/2022:15:33:40 -0700] "GET /wp-includes/?C=M%3BO%3DA HTTP/1.1" 200 459 "https://kurtswebnotes.com/wp-includes/?C=D%3BO%3DA" "Mozilla/5.0 (Linux; Android 7.0;) AppleWebKit/537.36 (KHTML, like Gecko) Mobile Safari/537.36 (compatible; PetalBot;+https://webmaster.petalsearch.com/site/petalbot)" "kurtswebnotes.com"
114.119.136.143 - - [13/Oct/2022:15:38:43 -0700] "GET /wp-includes/sodium_compat/src/Core/SipHash.php HTTP/1.1" 500 - "https://kurtswebnotes.com/wp-includes/sodium_compat/src/Core/?C=M%3BO%3DA" "Mozilla/5.0 (Linux; Android 7.0;) AppleWebKit/537.36 (KHTML, like Gecko) Mobile Safari/537.36 (compatible; PetalBot;+https://webmaster.petalsearch.com/site/petalbot)" "kurtswebnotes.com"
63.250.38.63 - - [13/Oct/2022:15:43:14 -0700] "GET /style.php?sig=rename HTTP/1.1" 404 73 "-" "Mozilla/5.0 (Windows NT 10.0; Win64; x64) AppleWebKit/537.36 (KHTML, like Gecko) Chrome/83.0.4103.61 Safari/537.36" "kurtswebnotes.com"
114.119.136.143 - - [13/Oct/2022:15:43:45 -0700] "GET /wp-includes/sodium_compat/src/Core/HChaCha20.php HTTP/1.1" 500 - "https://kurtswebnotes.com/wp-includes/sodium_compat/src/Core/?C=M%3BO%3DA" "Mozilla/5.0 (Linux; Android 7.0;) AppleWebKit/537.36 (KHTML, like Gecko) Mobile Safari/537.36 (compatible; PetalBot;+https://webmaster.petalsearch.com/site/petalbot)" "kurtswebnotes.com"
114.119.136.144 - - [13/Oct/2022:15:48:46 -0700] "GET /wp-includes/blocks/pullquote/?C=M%3BO%3DA HTTP/1.1" 200 381 "https://kurtswebnotes.com/wp-includes/blocks/pullquote/?C=S%3BO%3DA" "Mozilla/5.0 (Linux; Android 7.0;) AppleWebKit/537.36 (KHTML, like Gecko) Mobile Safari/537.36 (compatible; PetalBot;+https://webmaster.petalsearch.com/site/petalbot)" "kurtswebnotes.com"
185.191.171.14 - - [13/Oct/2022:15:51:40 -0700] "GET /wp-includes/sodium_compat/src/Core/Ed25519.php HTTP/1.1" 500 - "-" "Mozilla/5.0 (compatible; SemrushBot/7~bl; +http://www.semrush.com/bot.html)" "www.kurtswebnotes.com"
114.119.136.138 - - [13/Oct/2022:15:53:45 -0700] "GET /wp-includes/blocks/rss/block.json HTTP/1.1" 200 279 "https://www.kurtswebnotes.com/wp-includes/blocks/rss/?C=M%3BO%3DD" "Mozilla/5.0 (Linux; Android 7.0;) AppleWebKit/537.36 (KHTML, like Gecko) Mobile Safari/537.36 (compatible; PetalBot;+https://webmaster.petalsearch.com/site/petalbot)" "www.kurtswebnotes.com"
114.119.136.141 - - [13/Oct/2022:15:58:46 -0700] "GET /wp-includes/sodium_compat/namespaced/Core/BLAKE2b.php HTTP/1.1" 500 - "https://www.kurtswebnotes.com/wp-includes/sodium_compat/namespaced/Core/?C=D%3BO%3DA" "Mozilla/5.0 (Linux; Android 7.0;) AppleWebKit/537.36 (KHTML, like Gecko) Mobile Safari/537.36 (compatible; PetalBot;+https://webmaster.petalsearch.com/site/petalbot)" "www.kurtswebnotes.com"
185.191.171.40 - - [13/Oct/2022:16:01:15 -0700] "GET /robots.txt HTTP/1.1" 200 101 "-" "Mozilla/5.0 (compatible; SemrushBot/7~bl; +http://www.semrush.com/bot.html)" "www.kurtswebnotes.com"
185.191.171.18 - - [13/Oct/2022:16:01:16 -0700] "GET /wp-includes/sodium_compat/src/Core32/Salsa20.php HTTP/1.1" 500 - "-" "Mozilla/5.0 (compatible; SemrushBot/7~bl; +http://www.semrush.com/bot.html)" "www.kurtswebnotes.com"
114.119.136.144 - - [13/Oct/2022:16:03:45 -0700] "GET /wp-includes/sodium_compat/lib/?C=N%3BO%3DD HTTP/1.1" 200 460 "https://kurtswebnotes.com/wp-includes/sodium_compat/lib/?C=D%3BO%3DA" "Mozilla/5.0 (Linux; Android 7.0;) AppleWebKit/537.36 (KHTML, like Gecko) Mobile Safari/537.36 (compatible; PetalBot;+https://webmaster.petalsearch.com/site/petalbot)" "kurtswebnotes.com"
114.119.136.143 - - [13/Oct/2022:16:08:46 -0700] "GET /wp-includes/blocks/calendar/?C=M%3BO%3DA HTTP/1.1" 200 377 "https://kurtswebnotes.com/wp-includes/blocks/calendar/?C=D%3BO%3DA" "Mozilla/5.0 (Linux; Android 7.0;) AppleWebKit/537.36 (KHTML, like Gecko) Mobile Safari/537.36 (compatible; PetalBot;+https://webmaster.petalsearch.com/site/petalbot)" "kurtswebnotes.com"
114.119.136.14 - - [13/Oct/2022:16:13:46 -0700] "GET /wp-includes/sodium_compat/lib/php72compat_const.php HTTP/1.1" 200 - "https://www.kurtswebnotes.com/wp-includes/sodium_compat/lib/?C=S%3BO%3DA" "Mozilla/5.0 (Linux; Android 7.0;) AppleWebKit/537.36 (KHTML, like Gecko) Mobile Safari/537.36 (compatible; PetalBot;+https://webmaster.petalsearch.com/site/petalbot)" "www.kurtswebnotes.com"
185.191.171.9 - - [13/Oct/2022:16:17:27 -0700] "GET /wp-includes/sodium_compat/src/Core/XSalsa20.php HTTP/1.1" 500 - "-" "Mozilla/5.0 (compatible; SemrushBot/7~bl; +http://www.semrush.com/bot.html)" "www.kurtswebnotes.com"
114.119.136.14 - - [13/Oct/2022:16:18:50 -0700] "GET /wp-includes/blocks/subhead/block.json HTTP/1.1" 200 200 "https://kurtswebnotes.com/wp-includes/blocks/subhead/" "Mozilla/5.0 (Linux; Android 7.0;) AppleWebKit/537.36 (KHTML, like Gecko) Mobile Safari/537.36 (compatible; PetalBot;+https://webmaster.petalsearch.com/site/petalbot)" "kurtswebnotes.com"
114.119.139.66 - - [13/Oct/2022:16:32:45 -0700] "GET /robots.txt HTTP/1.1" 200 101 "-" "Mozilla/5.0 (compatible;PetalBot;+https://webmaster.petalsearch.com/site/petalbot)" "www.kurtswebnotes.com"
64.124.8.31 - - [13/Oct/2022:16:35:58 -0700] "GET /robots.txt HTTP/1.1" 200 101 "-" "Mozilla/5.0 (X11; Linux x86_64) AppleWebKit/537.36 (KHTML, like Gecko) Chrome/61.0.3163.79 Safari/537.36" "kurtswebnotes.com"
93.158.161.48 - - [13/Oct/2022:16:49:20 -0700] "GET /robots.txt HTTP/1.1" 200 111 "-" "Mozilla/5.0 (compatible; YandexBot/3.0; +http://yandex.com/bots)" "www.kurtswebnotes.com"
93.158.161.38 - - [13/Oct/2022:16:49:24 -0700] "GET /wp-includes/blocks/table/?C=N;O=D HTTP/1.1" 200 375 "-" "Mozilla/5.0 (compatible; YandexBot/3.0; +http://yandex.com/bots)" "www.kurtswebnotes.com"
64.124.8.53 - - [13/Oct/2022:16:50:01 -0700] "GET /robots.txt HTTP/1.1" 200 101 "-" "Mozilla/5.0 (X11; Linux x86_64) AppleWebKit/537.36 (KHTML, like Gecko) Chrome/61.0.3163.79 Safari/537.36" "kurtswebnotes.com"
185.101.200.130 - - [13/Oct/2022:17:06:42 -0700] "GET /blog/2016/01/13/my-first-instagram-image/ HTTP/1.1" 404 73 "https://kurtswebnotes.com/blog/2016/01/13/my-first-instagram-image/" "Mozilla/5.0 (Windows NT 6.1; Win64; x64) AppleWebKit/537.36 (KHTML, like Gecko) Chrome/90.0.4430.93 Safari/537.36" "kurtswebnotes.com"
185.101.200.34 - - [13/Oct/2022:17:06:43 -0700] "GET / HTTP/1.1" 200 1458 "https://kurtswebnotes.com/" "Mozilla/5.0 (Windows NT 6.1; Win64; x64) AppleWebKit/537.36 (KHTML, like Gecko) Chrome/90.0.4430.93 Safari/537.36" "kurtswebnotes.com"
64.124.8.34 - - [13/Oct/2022:17:38:32 -0700] "GET /robots.txt HTTP/1.1" 200 101 "-" "Mozilla/5.0 (X11; Linux x86_64) AppleWebKit/537.36 (KHTML, like Gecko) Chrome/61.0.3163.79 Safari/537.36" "kurtswebnotes.com"
185.191.171.26 - - [13/Oct/2022:17:49:14 -0700] "GET /robots.txt HTTP/1.1" 200 101 "-" "Mozilla/5.0 (compatible; SemrushBot/7~bl; +http://www.semrush.com/bot.html)" "www.kurtswebnotes.com"
185.191.171.43 - - [13/Oct/2022:17:49:14 -0700] "GET /wp-admin/css/colors/modern/?C=M%3BO%3DA HTTP/1.1" 200 438 "-" "Mozilla/5.0 (compatible; SemrushBot/7~bl; +http://www.semrush.com/bot.html)" "www.kurtswebnotes.com"
