114.119.136.143 - - [12/Oct/2022:15:48:03 -0700] "GET /wp-includes/blocks/html/block.json HTTP/1.1" 200 183 "https://kurtswebnotes.com/wp-includes/blocks/html/" "Mozilla/5.0 (Linux; Android 7.0;) AppleWebKit/537.36 (KHTML, like Gecko) Mobile Safari/537.36 (compatible; PetalBot;+https://webmaster.petalsearch.com/site/petalbot)" "kurtswebnotes.com"
114.119.136.14 - - [12/Oct/2022:15:53:22 -0700] "GET /wp-includes/block-patterns/?C=M%3BO%3DA HTTP/1.1" 200 548 "https://kurtswebnotes.com/wp-includes/block-patterns/" "Mozilla/5.0 (Linux; Android 7.0;) AppleWebKit/537.36 (KHTML, like Gecko) Mobile Safari/537.36 (compatible; PetalBot;+https://webmaster.petalsearch.com/site/petalbot)" "kurtswebnotes.com"
114.119.136.143 - - [12/Oct/2022:15:58:40 -0700] "GET /download/?C=D%3BO%3DA HTTP/1.1" 200 313 "http://www.kurtswebnotes.com/download?D=D" "Mozilla/5.0 (Linux; Android 7.0;) AppleWebKit/537.36 (KHTML, like Gecko) Mobile Safari/537.36 (compatible; PetalBot;+https://webmaster.petalsearch.com/site/petalbot)" "www.kurtswebnotes.com"
114.119.136.143 - - [12/Oct/2022:16:03:59 -0700] "GET /wp-includes/sodium_compat/src/Core/Curve25519/H.php HTTP/1.1" 500 - "https://www.kurtswebnotes.com/wp-includes/sodium_compat/src/Core/Curve25519/?C=N%3BO%3DD" "Mozilla/5.0 (Linux; Android 7.0;) AppleWebKit/537.36 (KHTML, like Gecko) Mobile Safari/537.36 (compatible; PetalBot;+https://webmaster.petalsearch.com/site/petalbot)" "www.kurtswebnotes.com"
114.119.136.141 - - [12/Oct/2022:16:09:32 -0700] "GET /wp-includes/blocks/calendar/?C=M%3BO%3DA HTTP/1.1" 200 377 "https://www.kurtswebnotes.com/wp-includes/blocks/calendar/?C=S%3BO%3DA" "Mozilla/5.0 (Linux; Android 7.0;) AppleWebKit/537.36 (KHTML, like Gecko) Mobile Safari/537.36 (compatible; PetalBot;+https://webmaster.petalsearch.com/site/petalbot)" "www.kurtswebnotes.com"
114.119.136.138 - - [12/Oct/2022:16:14:40 -0700] "GET /wp-includes/blocks/?C=M%3BO%3DA HTTP/1.1" 200 804 "https://kurtswebnotes.com/wp-includes/blocks/?C=N%3BO%3DD" "Mozilla/5.0 (Linux; Android 7.0;) AppleWebKit/537.36 (KHTML, like Gecko) Mobile Safari/537.36 (compatible; PetalBot;+https://webmaster.petalsearch.com/site/petalbot)" "kurtswebnotes.com"
114.119.136.144 - - [12/Oct/2022:16:20:00 -0700] "GET /wp-includes/blocks/embed/?C=S%3BO%3DA HTTP/1.1" 200 377 "https://www.kurtswebnotes.com/wp-includes/blocks/embed/?C=M%3BO%3DA" "Mozilla/5.0 (Linux; Android 7.0;) AppleWebKit/537.36 (KHTML, like Gecko) Mobile Safari/537.36 (compatible; PetalBot;+https://webmaster.petalsearch.com/site/petalbot)" "www.kurtswebnotes.com"
114.119.136.138 - - [12/Oct/2022:16:25:20 -0700] "GET /wp-includes/blocks/social-links/?C=N%3BO%3DD HTTP/1.1" 200 380 "https://www.kurtswebnotes.com/wp-includes/blocks/social-links/" "Mozilla/5.0 (Linux; Android 7.0;) AppleWebKit/537.36 (KHTML, like Gecko) Mobile Safari/537.36 (compatible; PetalBot;+https://webmaster.petalsearch.com/site/petalbot)" "www.kurtswebnotes.com"
114.119.136.14 - - [12/Oct/2022:16:30:45 -0700] "GET /wp-includes/blocks/buttons/?C=D%3BO%3DA HTTP/1.1" 200 378 "https://kurtswebnotes.com/wp-includes/blocks/buttons/?C=N%3BO%3DD" "Mozilla/5.0 (Linux; Android 7.0;) AppleWebKit/537.36 (KHTML, like Gecko) Mobile Safari/537.36 (compatible; PetalBot;+https://webmaster.petalsearch.com/site/petalbot)" "kurtswebnotes.com"
114.119.136.14 - - [12/Oct/2022:16:36:03 -0700] "GET /wp-includes/sodium_compat/src/?C=D%3BO%3DA HTTP/1.1" 200 504 "https://kurtswebnotes.com/wp-includes/sodium_compat/src/?C=S%3BO%3DA" "Mozilla/5.0 (Linux; Android 7.0;) AppleWebKit/537.36 (KHTML, like Gecko) Mobile Safari/537.36 (compatible; PetalBot;+https://webmaster.petalsearch.com/site/petalbot)" "kurtswebnotes.com"
114.119.136.144 - - [12/Oct/2022:16:41:25 -0700] "GET /wp-includes/blocks/archives/ HTTP/1.1" 200 378 "https://kurtswebnotes.com/wp-includes/blocks/?C=N%3BO%3DD" "Mozilla/5.0 (Linux; Android 7.0;) AppleWebKit/537.36 (KHTML, like Gecko) Mobile Safari/537.36 (compatible; PetalBot;+https://webmaster.petalsearch.com/site/petalbot)" "kurtswebnotes.com"
34.218.74.195 - - [12/Oct/2022:16:46:02 -0700] "GET / HTTP/1.1" 200 481 "-" "Mozilla/5.0 (X11; Linux x86_64) AppleWebKit/537.36 (KHTML, like Gecko) Chrome/83.0.4103.97 Safari/537.36" "kurtswebnotes.com"
35.87.84.20 - - [12/Oct/2022:16:46:02 -0700] "GET / HTTP/1.1" 200 481 "-" "Mozilla/5.0 (X11; Linux x86_64) AppleWebKit/537.36 (KHTML, like Gecko) Chrome/83.0.4103.97 Safari/537.36" "kurtswebnotes.com"
35.90.184.105 - - [12/Oct/2022:16:46:19 -0700] "GET /favicon.ico HTTP/1.1" 404 88 "-" "Mozilla/5.0 (X11; Linux x86_64) AppleWebKit/537.36 (KHTML, like Gecko) Chrome/83.0.4103.97 Safari/537.36" "kurtswebnotes.com"
34.220.30.180 - - [12/Oct/2022:16:46:19 -0700] "GET /favicon.ico HTTP/1.1" 404 88 "http://kurtswebnotes.com/favicon.ico" "Mozilla/5.0 (X11; Linux x86_64) AppleWebKit/537.36 (KHTML, like Gecko) Chrome/83.0.4103.97 Safari/537.36" "kurtswebnotes.com"
35.90.184.105 - - [12/Oct/2022:16:46:21 -0700] "GET / HTTP/1.1" 200 481 "-" "Mozilla/5.0 (X11; Linux x86_64) AppleWebKit/537.36 (KHTML, like Gecko) Chrome/83.0.4103.97 Safari/537.36" "kurtswebnotes.com"
34.220.30.180 - - [12/Oct/2022:16:46:22 -0700] "GET / HTTP/1.1" 200 481 "http://kurtswebnotes.com" "Mozilla/5.0 (X11; Linux x86_64) AppleWebKit/537.36 (KHTML, like Gecko) Chrome/83.0.4103.97 Safari/537.36" "kurtswebnotes.com"
114.119.136.144 - - [12/Oct/2022:16:46:47 -0700] "GET /wp-includes/sodium_compat/namespaced/Core/XChaCha20.php HTTP/1.1" 500 - "https://kurtswebnotes.com/wp-includes/sodium_compat/namespaced/Core/" "Mozilla/5.0 (Linux; Android 7.0;) AppleWebKit/537.36 (KHTML, like Gecko) Mobile Safari/537.36 (compatible; PetalBot;+https://webmaster.petalsearch.com/site/petalbot)" "kurtswebnotes.com"
114.119.136.138 - - [12/Oct/2022:16:52:13 -0700] "GET /wp-includes/sodium_compat/namespaced/?C=N%3BO%3DD HTTP/1.1" 200 440 "https://www.kurtswebnotes.com/wp-includes/sodium_compat/namespaced/?C=M%3BO%3DA" "Mozilla/5.0 (Linux; Android 7.0;) AppleWebKit/537.36 (KHTML, like Gecko) Mobile Safari/537.36 (compatible; PetalBot;+https://webmaster.petalsearch.com/site/petalbot)" "www.kurtswebnotes.com"
77.88.5.126 - - [12/Oct/2022:16:57:44 -0700] "GET /robots.txt HTTP/1.1" 200 111 "-" "Mozilla/5.0 (compatible; YandexBot/3.0; +http://yandex.com/bots)" "www.kurtswebnotes.com"
77.88.5.253 - - [12/Oct/2022:16:57:48 -0700] "GET /wp-includes/blocks/more/?C=M;O=D HTTP/1.1" 200 374 "-" "Mozilla/5.0 (compatible; YandexBot/3.0; +http://yandex.com/bots)" "www.kurtswebnotes.com"
114.119.136.138 - - [12/Oct/2022:17:08:25 -0700] "GET /wp-includes/sodium_compat/lib/constants.php HTTP/1.1" 200 - "https://www.kurtswebnotes.com/wp-includes/sodium_compat/lib/?C=M%3BO%3DA" "Mozilla/5.0 (Linux; Android 7.0;) AppleWebKit/537.36 (KHTML, like Gecko) Mobile Safari/537.36 (compatible; PetalBot;+https://webmaster.petalsearch.com/site/petalbot)" "www.kurtswebnotes.com"
114.119.136.137 - - [12/Oct/2022:17:19:15 -0700] "GET /wp-includes/css/dist/block-editor/style-rtl.min.css HTTP/1.1" 200 12123 "https://kurtswebnotes.com/wp-includes/css/dist/block-editor/?C=M%3BO%3DA" "Mozilla/5.0 (Linux; Android 7.0;) AppleWebKit/537.36 (KHTML, like Gecko) Mobile Safari/537.36 (compatible; PetalBot;+https://webmaster.petalsearch.com/site/petalbot)" "kurtswebnotes.com"
114.119.136.141 - - [12/Oct/2022:17:24:50 -0700] "GET /wp-includes/blocks/categories/?C=N%3BO%3DD HTTP/1.1" 200 379 "https://www.kurtswebnotes.com/wp-includes/blocks/categories/?C=D%3BO%3DA" "Mozilla/5.0 (Linux; Android 7.0;) AppleWebKit/537.36 (KHTML, like Gecko) Mobile Safari/537.36 (compatible; PetalBot;+https://webmaster.petalsearch.com/site/petalbot)" "www.kurtswebnotes.com"
114.119.136.138 - - [12/Oct/2022:17:30:01 -0700] "GET /wp-includes/blocks/image/?C=S%3BO%3DA HTTP/1.1" 200 378 "https://www.kurtswebnotes.com/wp-includes/blocks/image/?C=D%3BO%3DA" "Mozilla/5.0 (Linux; Android 7.0;) AppleWebKit/537.36 (KHTML, like Gecko) Mobile Safari/537.36 (compatible; PetalBot;+https://webmaster.petalsearch.com/site/petalbot)" "www.kurtswebnotes.com"
114.119.136.138 - - [12/Oct/2022:17:40:48 -0700] "GET /wp-includes/blocks/categories/?C=M%3BO%3DA HTTP/1.1" 200 379 "https://www.kurtswebnotes.com/wp-includes/blocks/categories/?C=D%3BO%3DA" "Mozilla/5.0 (Linux; Android 7.0;) AppleWebKit/537.36 (KHTML, like Gecko) Mobile Safari/537.36 (compatible; PetalBot;+https://webmaster.petalsearch.com/site/petalbot)" "www.kurtswebnotes.com"
46.46.116.200 - - [12/Oct/2022:17:45:01 -0700] "GET /blog/2016/01/13/my-first-instagram-image/ HTTP/1.1" 404 73 "https://kurtswebnotes.com/blog/2016/01/13/my-first-instagram-image/" "Mozilla/5.0 (Windows NT 6.1; WOW64) AppleWebKit/537.36 (KHTML, like Gecko) Chrome/90.0.4430.72 Safari/537.36" "kurtswebnotes.com"
46.46.116.200 - - [12/Oct/2022:17:45:01 -0700] "GET / HTTP/1.1" 200 1458 "https://kurtswebnotes.com/" "Mozilla/5.0 (Windows NT 6.1; WOW64) AppleWebKit/537.36 (KHTML, like Gecko) Chrome/90.0.4430.72 Safari/537.36" "kurtswebnotes.com"
114.119.136.14 - - [12/Oct/2022:17:46:10 -0700] "GET /wp-includes/block-supports/ HTTP/1.1" 200 462 "https://www.kurtswebnotes.com/wp-includes/?C=D%3BO%3DA" "Mozilla/5.0 (Linux; Android 7.0;) AppleWebKit/537.36 (KHTML, like Gecko) Mobile Safari/537.36 (compatible; PetalBot;+https://webmaster.petalsearch.com/site/petalbot)" "www.kurtswebnotes.com"
173.231.60.198 - - [12/Oct/2022:17:46:56 -0700] "GET /download/?C=M;O=D HTTP/1.1" 200 311 "https://kurtswebnotes.com/" "Mozilla/5.0 (compatible; Adsbot/3.1; +https://seostar.co/robot/)" "kurtswebnotes.com"
20.169.14.63 - - [12/Oct/2022:17:47:53 -0700] "GET /Makhdamxshell.php HTTP/1.1" 404 88 "-" "Mozilla/5.0 (Windows NT 10.0; Win64; x64) AppleWebKit/537.36 (KHTML, like Gecko) Chrome/85.0.4183.102 Safari/537.36" "kurtswebnotes.com"
20.169.14.63 - - [12/Oct/2022:17:47:59 -0700] "GET /wp-admin/includes/class-wp-media-list-data.php HTTP/1.1" 404 88 "-" "Mozilla/5.0 (Windows NT 10.0; Win64; x64) AppleWebKit/537.36 (KHTML, like Gecko) Chrome/85.0.4183.102 Safari/537.36" "kurtswebnotes.com"
20.169.14.63 - - [12/Oct/2022:17:48:01 -0700] "GET /wp-includes/wp-class.php HTTP/1.1" 404 88 "-" "Mozilla/5.0 (Windows NT 10.0; Win64; x64) AppleWebKit/537.36 (KHTML, like Gecko) Chrome/85.0.4183.102 Safari/537.36" "kurtswebnotes.com"
20.169.14.63 - - [12/Oct/2022:17:48:08 -0700] "GET /radio.php HTTP/1.1" 404 88 "-" "Mozilla/5.0 (Windows NT 10.0; Win64; x64) AppleWebKit/537.36 (KHTML, like Gecko) Chrome/85.0.4183.102 Safari/537.36" "kurtswebnotes.com"
20.169.14.63 - - [12/Oct/2022:17:48:15 -0700] "GET /fw.php HTTP/1.1" 404 88 "-" "Mozilla/5.0 (Windows NT 10.0; Win64; x64) AppleWebKit/537.36 (KHTML, like Gecko) Chrome/85.0.4183.102 Safari/537.36" "kurtswebnotes.com"
20.169.14.63 - - [12/Oct/2022:17:48:31 -0700] "GET /wikindex.php HTTP/1.1" 404 88 "-" "Mozilla/5.0 (Windows NT 10.0; Win64; x64) AppleWebKit/537.36 (KHTML, like Gecko) Chrome/85.0.4183.102 Safari/537.36" "kurtswebnotes.com"
20.169.14.63 - - [12/Oct/2022:17:48:34 -0700] "GET /1index.php HTTP/1.1" 404 88 "-" "Mozilla/5.0 (Windows NT 10.0; Win64; x64) AppleWebKit/537.36 (KHTML, like Gecko) Chrome/85.0.4183.102 Safari/537.36" "kurtswebnotes.com"
20.169.14.63 - - [12/Oct/2022:17:48:37 -0700] "GET /0.php HTTP/1.1" 404 88 "-" "Mozilla/5.0 (Windows NT 10.0; Win64; x64) AppleWebKit/537.36 (KHTML, like Gecko) Chrome/85.0.4183.102 Safari/537.36" "kurtswebnotes.com"
20.169.14.63 - - [12/Oct/2022:17:48:55 -0700] "GET /0byte HTTP/1.1" 404 88 "-" "Mozilla/5.0 (Windows NT 10.0; Win64; x64) AppleWebKit/537.36 (KHTML, like Gecko) Chrome/85.0.4183.102 Safari/537.36" "kurtswebnotes.com"
20.169.14.63 - - [12/Oct/2022:17:49:04 -0700] "GET /1.php HTTP/1.1" 404 88 "-" "Mozilla/5.0 (Windows NT 10.0; Win64; x64) AppleWebKit/537.36 (KHTML, like Gecko) Chrome/85.0.4183.102 Safari/537.36" "kurtswebnotes.com"
20.169.14.63 - - [12/Oct/2022:17:49:06 -0700] "GET /10.php HTTP/1.1" 404 88 "-" "Mozilla/5.0 (Windows NT 10.0; Win64; x64) AppleWebKit/537.36 (KHTML, like Gecko) Chrome/85.0.4183.102 Safari/537.36" "kurtswebnotes.com"
20.169.14.63 - - [12/Oct/2022:17:49:12 -0700] "GET /100.php HTTP/1.1" 404 88 "-" "Mozilla/5.0 (Windows NT 10.0; Win64; x64) AppleWebKit/537.36 (KHTML, like Gecko) Chrome/85.0.4183.102 Safari/537.36" "kurtswebnotes.com"
20.169.14.63 - - [12/Oct/2022:17:49:18 -0700] "GET /11index.php HTTP/1.1" 404 88 "-" "Mozilla/5.0 (Windows NT 10.0; Win64; x64) AppleWebKit/537.36 (KHTML, like Gecko) Chrome/85.0.4183.102 Safari/537.36" "kurtswebnotes.com"
20.169.14.63 - - [12/Oct/2022:17:49:21 -0700] "GET /13.php HTTP/1.1" 404 88 "-" "Mozilla/5.0 (Windows NT 10.0; Win64; x64) AppleWebKit/537.36 (KHTML, like Gecko) Chrome/85.0.4183.102 Safari/537.36" "kurtswebnotes.com"
20.169.14.63 - - [12/Oct/2022:17:49:22 -0700] "GET /1337.php HTTP/1.1" 404 88 "-" "Mozilla/5.0 (Windows NT 10.0; Win64; x64) AppleWebKit/537.36 (KHTML, like Gecko) Chrome/85.0.4183.102 Safari/537.36" "kurtswebnotes.com"
20.169.14.63 - - [12/Oct/2022:17:49:28 -0700] "GET /2.php HTTP/1.1" 404 88 "-" "Mozilla/5.0 (Windows NT 10.0; Win64; x64) AppleWebKit/537.36 (KHTML, like Gecko) Chrome/85.0.4183.102 Safari/537.36" "kurtswebnotes.com"
20.169.14.63 - - [12/Oct/2022:17:49:34 -0700] "GET /2index.php HTTP/1.1" 404 88 "-" "Mozilla/5.0 (Windows NT 10.0; Win64; x64) AppleWebKit/537.36 (KHTML, like Gecko) Chrome/85.0.4183.102 Safari/537.36" "kurtswebnotes.com"
20.169.14.63 - - [12/Oct/2022:17:49:49 -0700] "GET /3.php HTTP/1.1" 404 88 "-" "Mozilla/5.0 (Windows NT 10.0; Win64; x64) AppleWebKit/537.36 (KHTML, like Gecko) Chrome/85.0.4183.102 Safari/537.36" "kurtswebnotes.com"
173.231.60.198 - - [12/Oct/2022:17:49:52 -0700] "GET /wp-admin/?C=M;O=D HTTP/1.1" 200 349 "https://kurtswebnotes.com/" "Mozilla/5.0 (compatible; Adsbot/3.1; +https://seostar.co/robot/)" "kurtswebnotes.com"
20.169.14.63 - - [12/Oct/2022:17:50:00 -0700] "GET /403.php HTTP/1.1" 404 88 "-" "Mozilla/5.0 (Windows NT 10.0; Win64; x64) AppleWebKit/537.36 (KHTML, like Gecko) Chrome/85.0.4183.102 Safari/537.36" "kurtswebnotes.com"
20.169.14.63 - - [12/Oct/2022:17:50:04 -0700] "GET /404.php HTTP/1.1" 404 88 "-" "Mozilla/5.0 (Windows NT 10.0; Win64; x64) AppleWebKit/537.36 (KHTML, like Gecko) Chrome/85.0.4183.102 Safari/537.36" "kurtswebnotes.com"
20.169.14.63 - - [12/Oct/2022:17:50:10 -0700] "GET /5.php HTTP/1.1" 404 88 "-" "Mozilla/5.0 (Windows NT 10.0; Win64; x64) AppleWebKit/537.36 (KHTML, like Gecko) Chrome/85.0.4183.102 Safari/537.36" "kurtswebnotes.com"
20.169.14.63 - - [12/Oct/2022:17:50:14 -0700] "GET /9.php HTTP/1.1" 404 88 "-" "Mozilla/5.0 (Windows NT 10.0; Win64; x64) AppleWebKit/537.36 (KHTML, like Gecko) Chrome/85.0.4183.102 Safari/537.36" "kurtswebnotes.com"
20.169.14.63 - - [12/Oct/2022:17:50:18 -0700] "GET /Alfa.php HTTP/1.1" 404 88 "-" "Mozilla/5.0 (Windows NT 10.0; Win64; x64) AppleWebKit/537.36 (KHTML, like Gecko) Chrome/85.0.4183.102 Safari/537.36" "kurtswebnotes.com"
20.169.14.63 - - [12/Oct/2022:17:50:23 -0700] "GET /FoxWSO.php HTTP/1.1" 404 88 "-" "Mozilla/5.0 (Windows NT 10.0; Win64; x64) AppleWebKit/537.36 (KHTML, like Gecko) Chrome/85.0.4183.102 Safari/537.36" "kurtswebnotes.com"
20.169.14.63 - - [12/Oct/2022:17:50:28 -0700] "GET /WSO.php HTTP/1.1" 404 88 "-" "Mozilla/5.0 (Windows NT 10.0; Win64; x64) AppleWebKit/537.36 (KHTML, like Gecko) Chrome/85.0.4183.102 Safari/537.36" "kurtswebnotes.com"
20.169.14.63 - - [12/Oct/2022:17:50:31 -0700] "GET /a.php HTTP/1.1" 404 88 "-" "Mozilla/5.0 (Windows NT 10.0; Win64; x64) AppleWebKit/537.36 (KHTML, like Gecko) Chrome/85.0.4183.102 Safari/537.36" "kurtswebnotes.com"
20.169.14.63 - - [12/Oct/2022:17:50:35 -0700] "GET /about.php HTTP/1.1" 404 88 "-" "Mozilla/5.0 (Windows NT 10.0; Win64; x64) AppleWebKit/537.36 (KHTML, like Gecko) Chrome/85.0.4183.102 Safari/537.36" "kurtswebnotes.com"
20.169.14.63 - - [12/Oct/2022:17:50:42 -0700] "GET /alf.php HTTP/1.1" 404 88 "-" "Mozilla/5.0 (Windows NT 10.0; Win64; x64) AppleWebKit/537.36 (KHTML, like Gecko) Chrome/85.0.4183.102 Safari/537.36" "kurtswebnotes.com"
20.169.14.63 - - [12/Oct/2022:17:50:45 -0700] "GET /alfa.php HTTP/1.1" 404 88 "-" "Mozilla/5.0 (Windows NT 10.0; Win64; x64) AppleWebKit/537.36 (KHTML, like Gecko) Chrome/85.0.4183.102 Safari/537.36" "kurtswebnotes.com"
173.231.60.198 - - [12/Oct/2022:17:50:46 -0700] "GET /wp-admin/?C=N;O=A HTTP/1.1" 200 351 "https://kurtswebnotes.com/" "Mozilla/5.0 (compatible; Adsbot/3.1; +https://seostar.co/robot/)" "kurtswebnotes.com"
20.169.14.63 - - [12/Oct/2022:17:50:52 -0700] "GET /alfashell.php HTTP/1.1" 404 88 "-" "Mozilla/5.0 (Windows NT 10.0; Win64; x64) AppleWebKit/537.36 (KHTML, like Gecko) Chrome/85.0.4183.102 Safari/537.36" "kurtswebnotes.com"
20.169.14.63 - - [12/Oct/2022:17:51:00 -0700] "GET /alwso.php HTTP/1.1" 404 88 "-" "Mozilla/5.0 (Windows NT 10.0; Win64; x64) AppleWebKit/537.36 (KHTML, like Gecko) Chrome/85.0.4183.102 Safari/537.36" "kurtswebnotes.com"
20.169.14.63 - - [12/Oct/2022:17:51:04 -0700] "GET /autoload_classmap.php HTTP/1.1" 404 88 "-" "Mozilla/5.0 (Windows NT 10.0; Win64; x64) AppleWebKit/537.36 (KHTML, like Gecko) Chrome/85.0.4183.102 Safari/537.36" "kurtswebnotes.com"
20.169.14.63 - - [12/Oct/2022:17:51:06 -0700] "GET /b.php HTTP/1.1" 404 88 "-" "Mozilla/5.0 (Windows NT 10.0; Win64; x64) AppleWebKit/537.36 (KHTML, like Gecko) Chrome/85.0.4183.102 Safari/537.36" "kurtswebnotes.com"
20.169.14.63 - - [12/Oct/2022:17:51:08 -0700] "GET /blog.php HTTP/1.1" 404 88 "-" "Mozilla/5.0 (Windows NT 10.0; Win64; x64) AppleWebKit/537.36 (KHTML, like Gecko) Chrome/85.0.4183.102 Safari/537.36" "kurtswebnotes.com"
20.169.14.63 - - [12/Oct/2022:17:51:12 -0700] "GET /blog/fw.php HTTP/1.1" 404 88 "-" "Mozilla/5.0 (Windows NT 10.0; Win64; x64) AppleWebKit/537.36 (KHTML, like Gecko) Chrome/85.0.4183.102 Safari/537.36" "kurtswebnotes.com"
20.169.14.63 - - [12/Oct/2022:17:51:20 -0700] "GET /c.php HTTP/1.1" 404 88 "-" "Mozilla/5.0 (Windows NT 10.0; Win64; x64) AppleWebKit/537.36 (KHTML, like Gecko) Chrome/85.0.4183.102 Safari/537.36" "kurtswebnotes.com"
20.169.14.63 - - [12/Oct/2022:17:51:21 -0700] "GET /c99.php HTTP/1.1" 404 88 "-" "Mozilla/5.0 (Windows NT 10.0; Win64; x64) AppleWebKit/537.36 (KHTML, like Gecko) Chrome/85.0.4183.102 Safari/537.36" "kurtswebnotes.com"
20.169.14.63 - - [12/Oct/2022:17:51:28 -0700] "GET /content.php HTTP/1.1" 404 88 "-" "Mozilla/5.0 (Windows NT 10.0; Win64; x64) AppleWebKit/537.36 (KHTML, like Gecko) Chrome/85.0.4183.102 Safari/537.36" "kurtswebnotes.com"
20.169.14.63 - - [12/Oct/2022:17:51:32 -0700] "GET /date.php HTTP/1.1" 404 88 "-" "Mozilla/5.0 (Windows NT 10.0; Win64; x64) AppleWebKit/537.36 (KHTML, like Gecko) Chrome/85.0.4183.102 Safari/537.36" "kurtswebnotes.com"
114.119.136.143 - - [12/Oct/2022:17:51:33 -0700] "GET /wp-includes/blocks/latest-posts/?C=D%3BO%3DA HTTP/1.1" 200 381 "https://www.kurtswebnotes.com/wp-includes/blocks/latest-posts/?C=S%3BO%3DA" "Mozilla/5.0 (Linux; Android 7.0;) AppleWebKit/537.36 (KHTML, like Gecko) Mobile Safari/537.36 (compatible; PetalBot;+https://webmaster.petalsearch.com/site/petalbot)" "www.kurtswebnotes.com"
20.169.14.63 - - [12/Oct/2022:17:51:36 -0700] "GET /doc.php HTTP/1.1" 404 88 "-" "Mozilla/5.0 (Windows NT 10.0; Win64; x64) AppleWebKit/537.36 (KHTML, like Gecko) Chrome/85.0.4183.102 Safari/537.36" "kurtswebnotes.com"
173.231.60.198 - - [12/Oct/2022:17:51:42 -0700] "GET /wp-admin/?C=S;O=D HTTP/1.1" 200 349 "https://kurtswebnotes.com/" "Mozilla/5.0 (compatible; Adsbot/3.1; +https://seostar.co/robot/)" "kurtswebnotes.com"
20.169.14.63 - - [12/Oct/2022:17:51:44 -0700] "GET /e.php HTTP/1.1" 404 88 "-" "Mozilla/5.0 (Windows NT 10.0; Win64; x64) AppleWebKit/537.36 (KHTML, like Gecko) Chrome/85.0.4183.102 Safari/537.36" "kurtswebnotes.com"
20.169.14.63 - - [12/Oct/2022:17:51:57 -0700] "GET /f.php HTTP/1.1" 404 88 "-" "Mozilla/5.0 (Windows NT 10.0; Win64; x64) AppleWebKit/537.36 (KHTML, like Gecko) Chrome/85.0.4183.102 Safari/537.36" "kurtswebnotes.com"
20.169.14.63 - - [12/Oct/2022:17:52:05 -0700] "GET /fox.php HTTP/1.1" 404 88 "-" "Mozilla/5.0 (Windows NT 10.0; Win64; x64) AppleWebKit/537.36 (KHTML, like Gecko) Chrome/85.0.4183.102 Safari/537.36" "kurtswebnotes.com"
20.169.14.63 - - [12/Oct/2022:17:52:11 -0700] "GET /g.php HTTP/1.1" 404 88 "-" "Mozilla/5.0 (Windows NT 10.0; Win64; x64) AppleWebKit/537.36 (KHTML, like Gecko) Chrome/85.0.4183.102 Safari/537.36" "kurtswebnotes.com"
20.169.14.63 - - [12/Oct/2022:17:52:16 -0700] "GET /goods.php HTTP/1.1" 404 88 "-" "Mozilla/5.0 (Windows NT 10.0; Win64; x64) AppleWebKit/537.36 (KHTML, like Gecko) Chrome/85.0.4183.102 Safari/537.36" "kurtswebnotes.com"
20.169.14.63 - - [12/Oct/2022:17:52:31 -0700] "GET /haxor.php HTTP/1.1" 404 88 "-" "Mozilla/5.0 (Windows NT 10.0; Win64; x64) AppleWebKit/537.36 (KHTML, like Gecko) Chrome/85.0.4183.102 Safari/537.36" "kurtswebnotes.com"
20.169.14.63 - - [12/Oct/2022:17:52:31 -0700] "GET /hello.php HTTP/1.1" 404 88 "-" "Mozilla/5.0 (Windows NT 10.0; Win64; x64) AppleWebKit/537.36 (KHTML, like Gecko) Chrome/85.0.4183.102 Safari/537.36" "kurtswebnotes.com"
20.169.14.63 - - [12/Oct/2022:17:52:35 -0700] "GET /i.php HTTP/1.1" 404 88 "-" "Mozilla/5.0 (Windows NT 10.0; Win64; x64) AppleWebKit/537.36 (KHTML, like Gecko) Chrome/85.0.4183.102 Safari/537.36" "kurtswebnotes.com"
20.169.14.63 - - [12/Oct/2022:17:52:38 -0700] "GET /images/about.php HTTP/1.1" 404 88 "-" "Mozilla/5.0 (Windows NT 10.0; Win64; x64) AppleWebKit/537.36 (KHTML, like Gecko) Chrome/85.0.4183.102 Safari/537.36" "kurtswebnotes.com"
20.169.14.63 - - [12/Oct/2022:17:52:39 -0700] "GET /jindex.php HTTP/1.1" 404 88 "-" "Mozilla/5.0 (Windows NT 10.0; Win64; x64) AppleWebKit/537.36 (KHTML, like Gecko) Chrome/85.0.4183.102 Safari/537.36" "kurtswebnotes.com"
20.169.14.63 - - [12/Oct/2022:17:52:49 -0700] "GET /l.php HTTP/1.1" 404 88 "-" "Mozilla/5.0 (Windows NT 10.0; Win64; x64) AppleWebKit/537.36 (KHTML, like Gecko) Chrome/85.0.4183.102 Safari/537.36" "kurtswebnotes.com"
20.169.14.63 - - [12/Oct/2022:17:52:52 -0700] "GET /license.php HTTP/1.1" 404 88 "-" "Mozilla/5.0 (Windows NT 10.0; Win64; x64) AppleWebKit/537.36 (KHTML, like Gecko) Chrome/85.0.4183.102 Safari/537.36" "kurtswebnotes.com"
173.231.60.198 - - [12/Oct/2022:17:52:57 -0700] "GET /wp-content/?C=D;O=D HTTP/1.1" 200 352 "https://kurtswebnotes.com/" "Mozilla/5.0 (compatible; Adsbot/3.1; +https://seostar.co/robot/)" "kurtswebnotes.com"
20.169.14.63 - - [12/Oct/2022:17:52:58 -0700] "GET /m.php HTTP/1.1" 404 88 "-" "Mozilla/5.0 (Windows NT 10.0; Win64; x64) AppleWebKit/537.36 (KHTML, like Gecko) Chrome/85.0.4183.102 Safari/537.36" "kurtswebnotes.com"
20.169.14.63 - - [12/Oct/2022:17:53:03 -0700] "GET /mar.php HTTP/1.1" 404 88 "-" "Mozilla/5.0 (Windows NT 10.0; Win64; x64) AppleWebKit/537.36 (KHTML, like Gecko) Chrome/85.0.4183.102 Safari/537.36" "kurtswebnotes.com"
20.169.14.63 - - [12/Oct/2022:17:53:06 -0700] "GET /mari.php HTTP/1.1" 404 88 "-" "Mozilla/5.0 (Windows NT 10.0; Win64; x64) AppleWebKit/537.36 (KHTML, like Gecko) Chrome/85.0.4183.102 Safari/537.36" "kurtswebnotes.com"
20.169.14.63 - - [12/Oct/2022:17:53:17 -0700] "GET /mini.php HTTP/1.1" 404 88 "-" "Mozilla/5.0 (Windows NT 10.0; Win64; x64) AppleWebKit/537.36 (KHTML, like Gecko) Chrome/85.0.4183.102 Safari/537.36" "kurtswebnotes.com"
20.169.14.63 - - [12/Oct/2022:17:53:24 -0700] "GET /n.php HTTP/1.1" 404 88 "-" "Mozilla/5.0 (Windows NT 10.0; Win64; x64) AppleWebKit/537.36 (KHTML, like Gecko) Chrome/85.0.4183.102 Safari/537.36" "kurtswebnotes.com"
20.169.14.63 - - [12/Oct/2022:17:53:27 -0700] "GET /new.php HTTP/1.1" 404 88 "-" "Mozilla/5.0 (Windows NT 10.0; Win64; x64) AppleWebKit/537.36 (KHTML, like Gecko) Chrome/85.0.4183.102 Safari/537.36" "kurtswebnotes.com"
20.169.14.63 - - [12/Oct/2022:17:53:33 -0700] "GET /o.php HTTP/1.1" 404 88 "-" "Mozilla/5.0 (Windows NT 10.0; Win64; x64) AppleWebKit/537.36 (KHTML, like Gecko) Chrome/85.0.4183.102 Safari/537.36" "kurtswebnotes.com"
20.169.14.63 - - [12/Oct/2022:17:53:38 -0700] "GET /ok.php HTTP/1.1" 404 88 "-" "Mozilla/5.0 (Windows NT 10.0; Win64; x64) AppleWebKit/537.36 (KHTML, like Gecko) Chrome/85.0.4183.102 Safari/537.36" "kurtswebnotes.com"
20.169.14.63 - - [12/Oct/2022:17:53:44 -0700] "GET /old-index.php HTTP/1.1" 404 88 "-" "Mozilla/5.0 (Windows NT 10.0; Win64; x64) AppleWebKit/537.36 (KHTML, like Gecko) Chrome/85.0.4183.102 Safari/537.36" "kurtswebnotes.com"
20.169.14.63 - - [12/Oct/2022:17:53:49 -0700] "GET /p.php HTTP/1.1" 404 88 "-" "Mozilla/5.0 (Windows NT 10.0; Win64; x64) AppleWebKit/537.36 (KHTML, like Gecko) Chrome/85.0.4183.102 Safari/537.36" "kurtswebnotes.com"
20.169.14.63 - - [12/Oct/2022:17:53:53 -0700] "GET /priv8.php HTTP/1.1" 404 88 "-" "Mozilla/5.0 (Windows NT 10.0; Win64; x64) AppleWebKit/537.36 (KHTML, like Gecko) Chrome/85.0.4183.102 Safari/537.36" "kurtswebnotes.com"
20.169.14.63 - - [12/Oct/2022:17:53:56 -0700] "GET /public/403.php HTTP/1.1" 404 88 "-" "Mozilla/5.0 (Windows NT 10.0; Win64; x64) AppleWebKit/537.36 (KHTML, like Gecko) Chrome/85.0.4183.102 Safari/537.36" "kurtswebnotes.com"
20.169.14.63 - - [12/Oct/2022:17:54:03 -0700] "GET /r.php HTTP/1.1" 404 88 "-" "Mozilla/5.0 (Windows NT 10.0; Win64; x64) AppleWebKit/537.36 (KHTML, like Gecko) Chrome/85.0.4183.102 Safari/537.36" "kurtswebnotes.com"
20.169.14.63 - - [12/Oct/2022:17:54:04 -0700] "GET /root.php HTTP/1.1" 404 88 "-" "Mozilla/5.0 (Windows NT 10.0; Win64; x64) AppleWebKit/537.36 (KHTML, like Gecko) Chrome/85.0.4183.102 Safari/537.36" "kurtswebnotes.com"
20.169.14.63 - - [12/Oct/2022:17:54:14 -0700] "GET /rss.php HTTP/1.1" 404 88 "-" "Mozilla/5.0 (Windows NT 10.0; Win64; x64) AppleWebKit/537.36 (KHTML, like Gecko) Chrome/85.0.4183.102 Safari/537.36" "kurtswebnotes.com"
20.169.14.63 - - [12/Oct/2022:17:54:18 -0700] "GET /s.php HTTP/1.1" 404 88 "-" "Mozilla/5.0 (Windows NT 10.0; Win64; x64) AppleWebKit/537.36 (KHTML, like Gecko) Chrome/85.0.4183.102 Safari/537.36" "kurtswebnotes.com"
20.169.14.63 - - [12/Oct/2022:17:54:18 -0700] "GET /sh.php HTTP/1.1" 404 88 "-" "Mozilla/5.0 (Windows NT 10.0; Win64; x64) AppleWebKit/537.36 (KHTML, like Gecko) Chrome/85.0.4183.102 Safari/537.36" "kurtswebnotes.com"
20.169.14.63 - - [12/Oct/2022:17:54:20 -0700] "GET /shell.php HTTP/1.1" 404 88 "-" "Mozilla/5.0 (Windows NT 10.0; Win64; x64) AppleWebKit/537.36 (KHTML, like Gecko) Chrome/85.0.4183.102 Safari/537.36" "kurtswebnotes.com"
20.169.14.63 - - [12/Oct/2022:17:54:24 -0700] "GET /shx.php HTTP/1.1" 404 88 "-" "Mozilla/5.0 (Windows NT 10.0; Win64; x64) AppleWebKit/537.36 (KHTML, like Gecko) Chrome/85.0.4183.102 Safari/537.36" "kurtswebnotes.com"
20.169.14.63 - - [12/Oct/2022:17:54:27 -0700] "GET /small.php HTTP/1.1" 404 88 "-" "Mozilla/5.0 (Windows NT 10.0; Win64; x64) AppleWebKit/537.36 (KHTML, like Gecko) Chrome/85.0.4183.102 Safari/537.36" "kurtswebnotes.com"
20.169.14.63 - - [12/Oct/2022:17:54:34 -0700] "GET /templates/beez5/index.php HTTP/1.1" 404 88 "-" "Mozilla/5.0 (Windows NT 10.0; Win64; x64) AppleWebKit/537.36 (KHTML, like Gecko) Chrome/85.0.4183.102 Safari/537.36" "kurtswebnotes.com"
20.169.14.63 - - [12/Oct/2022:17:54:42 -0700] "GET /up.php HTTP/1.1" 404 88 "-" "Mozilla/5.0 (Windows NT 10.0; Win64; x64) AppleWebKit/537.36 (KHTML, like Gecko) Chrome/85.0.4183.102 Safari/537.36" "kurtswebnotes.com"
20.169.14.63 - - [12/Oct/2022:17:54:52 -0700] "GET /uploader.php HTTP/1.1" 404 88 "-" "Mozilla/5.0 (Windows NT 10.0; Win64; x64) AppleWebKit/537.36 (KHTML, like Gecko) Chrome/85.0.4183.102 Safari/537.36" "kurtswebnotes.com"
20.169.14.63 - - [12/Oct/2022:17:55:10 -0700] "GET /v.php HTTP/1.1" 404 88 "-" "Mozilla/5.0 (Windows NT 10.0; Win64; x64) AppleWebKit/537.36 (KHTML, like Gecko) Chrome/85.0.4183.102 Safari/537.36" "kurtswebnotes.com"
173.231.60.198 - - [12/Oct/2022:17:55:16 -0700] "GET /wp-content/?C=N;O=A HTTP/1.1" 200 354 "https://kurtswebnotes.com/" "Mozilla/5.0 (compatible; Adsbot/3.1; +https://seostar.co/robot/)" "kurtswebnotes.com"
20.169.14.63 - - [12/Oct/2022:17:55:17 -0700] "GET /vuln.php HTTP/1.1" 404 88 "-" "Mozilla/5.0 (Windows NT 10.0; Win64; x64) AppleWebKit/537.36 (KHTML, like Gecko) Chrome/85.0.4183.102 Safari/537.36" "kurtswebnotes.com"
20.169.14.63 - - [12/Oct/2022:17:55:22 -0700] "GET /w.php HTTP/1.1" 404 88 "-" "Mozilla/5.0 (Windows NT 10.0; Win64; x64) AppleWebKit/537.36 (KHTML, like Gecko) Chrome/85.0.4183.102 Safari/537.36" "kurtswebnotes.com"
20.169.14.63 - - [12/Oct/2022:17:55:28 -0700] "GET /w3llstore.php HTTP/1.1" 404 88 "-" "Mozilla/5.0 (Windows NT 10.0; Win64; x64) AppleWebKit/537.36 (KHTML, like Gecko) Chrome/85.0.4183.102 Safari/537.36" "kurtswebnotes.com"
20.169.14.63 - - [12/Oct/2022:17:55:34 -0700] "GET /wp-admin.php HTTP/1.1" 404 88 "-" "Mozilla/5.0 (Windows NT 10.0; Win64; x64) AppleWebKit/537.36 (KHTML, like Gecko) Chrome/85.0.4183.102 Safari/537.36" "kurtswebnotes.com"
20.169.14.63 - - [12/Oct/2022:17:55:37 -0700] "GET /wp-admin/css/fw.php HTTP/1.1" 404 88 "-" "Mozilla/5.0 (Windows NT 10.0; Win64; x64) AppleWebKit/537.36 (KHTML, like Gecko) Chrome/85.0.4183.102 Safari/537.36" "kurtswebnotes.com"
20.169.14.63 - - [12/Oct/2022:17:55:42 -0700] "GET /wp-admin/fw.php HTTP/1.1" 404 88 "-" "Mozilla/5.0 (Windows NT 10.0; Win64; x64) AppleWebKit/537.36 (KHTML, like Gecko) Chrome/85.0.4183.102 Safari/537.36" "kurtswebnotes.com"
20.169.14.63 - - [12/Oct/2022:17:55:43 -0700] "GET /wp-admin/maint/about.php HTTP/1.1" 404 88 "-" "Mozilla/5.0 (Windows NT 10.0; Win64; x64) AppleWebKit/537.36 (KHTML, like Gecko) Chrome/85.0.4183.102 Safari/537.36" "kurtswebnotes.com"
20.169.14.63 - - [12/Oct/2022:17:55:50 -0700] "GET /wp-admin/radio.php HTTP/1.1" 404 88 "-" "Mozilla/5.0 (Windows NT 10.0; Win64; x64) AppleWebKit/537.36 (KHTML, like Gecko) Chrome/85.0.4183.102 Safari/537.36" "kurtswebnotes.com"
20.169.14.63 - - [12/Oct/2022:17:56:03 -0700] "GET /wp-content/about.php HTTP/1.1" 404 88 "-" "Mozilla/5.0 (Windows NT 10.0; Win64; x64) AppleWebKit/537.36 (KHTML, like Gecko) Chrome/85.0.4183.102 Safari/537.36" "kurtswebnotes.com"
20.169.14.63 - - [12/Oct/2022:17:56:09 -0700] "GET /wp-content/fw.php HTTP/1.1" 404 88 "-" "Mozilla/5.0 (Windows NT 10.0; Win64; x64) AppleWebKit/537.36 (KHTML, like Gecko) Chrome/85.0.4183.102 Safari/537.36" "kurtswebnotes.com"
20.169.14.63 - - [12/Oct/2022:17:56:12 -0700] "GET /wp-content/wp.php HTTP/1.1" 404 88 "-" "Mozilla/5.0 (Windows NT 10.0; Win64; x64) AppleWebKit/537.36 (KHTML, like Gecko) Chrome/85.0.4183.102 Safari/537.36" "kurtswebnotes.com"
20.169.14.63 - - [12/Oct/2022:17:56:21 -0700] "GET /wp-content/x.php HTTP/1.1" 404 88 "-" "Mozilla/5.0 (Windows NT 10.0; Win64; x64) AppleWebKit/537.36 (KHTML, like Gecko) Chrome/85.0.4183.102 Safari/537.36" "kurtswebnotes.com"
20.169.14.63 - - [12/Oct/2022:17:56:31 -0700] "GET /wp-includes/991176.php HTTP/1.1" 404 88 "-" "Mozilla/5.0 (Windows NT 10.0; Win64; x64) AppleWebKit/537.36 (KHTML, like Gecko) Chrome/85.0.4183.102 Safari/537.36" "kurtswebnotes.com"
20.169.14.63 - - [12/Oct/2022:17:56:38 -0700] "GET /wp-includes/about.php HTTP/1.1" 404 88 "-" "Mozilla/5.0 (Windows NT 10.0; Win64; x64) AppleWebKit/537.36 (KHTML, like Gecko) Chrome/85.0.4183.102 Safari/537.36" "kurtswebnotes.com"
20.169.14.63 - - [12/Oct/2022:17:56:46 -0700] "GET /wp-includes/shell20211028.php HTTP/1.1" 404 88 "-" "Mozilla/5.0 (Windows NT 10.0; Win64; x64) AppleWebKit/537.36 (KHTML, like Gecko) Chrome/85.0.4183.102 Safari/537.36" "kurtswebnotes.com"
20.169.14.63 - - [12/Oct/2022:17:56:50 -0700] "GET /wp-info.php HTTP/1.1" 404 88 "-" "Mozilla/5.0 (Windows NT 10.0; Win64; x64) AppleWebKit/537.36 (KHTML, like Gecko) Chrome/85.0.4183.102 Safari/537.36" "kurtswebnotes.com"
20.169.14.63 - - [12/Oct/2022:17:56:58 -0700] "GET /wp-uploads.php HTTP/1.1" 404 88 "-" "Mozilla/5.0 (Windows NT 10.0; Win64; x64) AppleWebKit/537.36 (KHTML, like Gecko) Chrome/85.0.4183.102 Safari/537.36" "kurtswebnotes.com"
20.169.14.63 - - [12/Oct/2022:17:57:00 -0700] "GET /wp.php HTTP/1.1" 404 88 "-" "Mozilla/5.0 (Windows NT 10.0; Win64; x64) AppleWebKit/537.36 (KHTML, like Gecko) Chrome/85.0.4183.102 Safari/537.36" "kurtswebnotes.com"
114.119.136.14 - - [12/Oct/2022:17:57:00 -0700] "GET /wp-includes/sodium_compat/?C=N%3BO%3DD HTTP/1.1" 200 493 "https://kurtswebnotes.com/wp-includes/sodium_compat/?C=S%3BO%3DA" "Mozilla/5.0 (Linux; Android 7.0;) AppleWebKit/537.36 (KHTML, like Gecko) Mobile Safari/537.36 (compatible; PetalBot;+https://webmaster.petalsearch.com/site/petalbot)" "kurtswebnotes.com"
20.169.14.63 - - [12/Oct/2022:17:57:06 -0700] "GET /wp2.php HTTP/1.1" 404 88 "-" "Mozilla/5.0 (Windows NT 10.0; Win64; x64) AppleWebKit/537.36 (KHTML, like Gecko) Chrome/85.0.4183.102 Safari/537.36" "kurtswebnotes.com"
20.169.14.63 - - [12/Oct/2022:17:57:13 -0700] "GET /wp_wrong_datlib.php HTTP/1.1" 404 88 "-" "Mozilla/5.0 (Windows NT 10.0; Win64; x64) AppleWebKit/537.36 (KHTML, like Gecko) Chrome/85.0.4183.102 Safari/537.36" "kurtswebnotes.com"
20.169.14.63 - - [12/Oct/2022:17:57:22 -0700] "GET /ws.php HTTP/1.1" 404 88 "-" "Mozilla/5.0 (Windows NT 10.0; Win64; x64) AppleWebKit/537.36 (KHTML, like Gecko) Chrome/85.0.4183.102 Safari/537.36" "kurtswebnotes.com"
20.169.14.63 - - [12/Oct/2022:17:57:25 -0700] "GET /wso.php HTTP/1.1" 404 88 "-" "Mozilla/5.0 (Windows NT 10.0; Win64; x64) AppleWebKit/537.36 (KHTML, like Gecko) Chrome/85.0.4183.102 Safari/537.36" "kurtswebnotes.com"
20.169.14.63 - - [12/Oct/2022:17:57:32 -0700] "GET /wso1.php HTTP/1.1" 404 88 "-" "Mozilla/5.0 (Windows NT 10.0; Win64; x64) AppleWebKit/537.36 (KHTML, like Gecko) Chrome/85.0.4183.102 Safari/537.36" "kurtswebnotes.com"
20.169.14.63 - - [12/Oct/2022:17:57:37 -0700] "GET /wso2.php HTTP/1.1" 404 88 "-" "Mozilla/5.0 (Windows NT 10.0; Win64; x64) AppleWebKit/537.36 (KHTML, like Gecko) Chrome/85.0.4183.102 Safari/537.36" "kurtswebnotes.com"
20.169.14.63 - - [12/Oct/2022:17:57:39 -0700] "GET /x.php HTTP/1.1" 404 88 "-" "Mozilla/5.0 (Windows NT 10.0; Win64; x64) AppleWebKit/537.36 (KHTML, like Gecko) Chrome/85.0.4183.102 Safari/537.36" "kurtswebnotes.com"
20.169.14.63 - - [12/Oct/2022:17:57:41 -0700] "GET /xl.php HTTP/1.1" 404 88 "-" "Mozilla/5.0 (Windows NT 10.0; Win64; x64) AppleWebKit/537.36 (KHTML, like Gecko) Chrome/85.0.4183.102 Safari/537.36" "kurtswebnotes.com"
20.169.14.63 - - [12/Oct/2022:17:57:44 -0700] "GET /xleet.php HTTP/1.1" 404 88 "-" "Mozilla/5.0 (Windows NT 10.0; Win64; x64) AppleWebKit/537.36 (KHTML, like Gecko) Chrome/85.0.4183.102 Safari/537.36" "kurtswebnotes.com"
20.169.14.63 - - [12/Oct/2022:17:57:45 -0700] "GET /xmlrpc.php HTTP/1.1" 404 88 "-" "Mozilla/5.0 (Windows NT 10.0; Win64; x64) AppleWebKit/537.36 (KHTML, like Gecko) Chrome/85.0.4183.102 Safari/537.36" "kurtswebnotes.com"
20.169.14.63 - - [12/Oct/2022:17:57:50 -0700] "GET /xx.php HTTP/1.1" 404 88 "-" "Mozilla/5.0 (Windows NT 10.0; Win64; x64) AppleWebKit/537.36 (KHTML, like Gecko) Chrome/85.0.4183.102 Safari/537.36" "kurtswebnotes.com"
20.169.14.63 - - [12/Oct/2022:17:57:54 -0700] "GET /xxx.php HTTP/1.1" 404 88 "-" "Mozilla/5.0 (Windows NT 10.0; Win64; x64) AppleWebKit/537.36 (KHTML, like Gecko) Chrome/85.0.4183.102 Safari/537.36" "kurtswebnotes.com"
20.169.14.63 - - [12/Oct/2022:17:58:05 -0700] "GET /y.php HTTP/1.1" 404 88 "-" "Mozilla/5.0 (Windows NT 10.0; Win64; x64) AppleWebKit/537.36 (KHTML, like Gecko) Chrome/85.0.4183.102 Safari/537.36" "kurtswebnotes.com"
20.169.14.63 - - [12/Oct/2022:17:58:06 -0700] "GET /z.php HTTP/1.1" 404 88 "-" "Mozilla/5.0 (Windows NT 10.0; Win64; x64) AppleWebKit/537.36 (KHTML, like Gecko) Chrome/85.0.4183.102 Safari/537.36" "kurtswebnotes.com"
114.119.136.138 - - [12/Oct/2022:18:07:48 -0700] "GET /wp-includes/sodium_compat/src/Core/ChaCha20/?C=D%3BO%3DA HTTP/1.1" 200 412 "https://kurtswebnotes.com/wp-includes/sodium_compat/src/Core/ChaCha20/" "Mozilla/5.0 (Linux; Android 7.0;) AppleWebKit/537.36 (KHTML, like Gecko) Mobile Safari/537.36 (compatible; PetalBot;+https://webmaster.petalsearch.com/site/petalbot)" "kurtswebnotes.com"
114.119.136.14 - - [12/Oct/2022:18:13:18 -0700] "GET /wp-includes/sodium_compat/src/Core32/Curve25519/Fe.php HTTP/1.1" 200 - "https://www.kurtswebnotes.com/wp-includes/sodium_compat/src/Core32/Curve25519/?C=S%3BO%3DA" "Mozilla/5.0 (Linux; Android 7.0;) AppleWebKit/537.36 (KHTML, like Gecko) Mobile Safari/537.36 (compatible; PetalBot;+https://webmaster.petalsearch.com/site/petalbot)" "www.kurtswebnotes.com"
51.222.253.3 - - [12/Oct/2022:18:22:47 -0700] "GET /wp-includes/PHPMailer/?C=S;O=D HTTP/1.1" 200 415 "-" "Mozilla/5.0 (compatible; AhrefsBot/7.0; +http://ahrefs.com/robot/)" "kurtswebnotes.com"
114.119.136.138 - - [12/Oct/2022:18:24:06 -0700] "GET /wp-includes/sodium_compat/namespaced/Core/Curve25519/?C=N%3BO%3DD HTTP/1.1" 200 436 "https://kurtswebnotes.com/wp-includes/sodium_compat/namespaced/Core/Curve25519/?C=D%3BO%3DA" "Mozilla/5.0 (Linux; Android 7.0;) AppleWebKit/537.36 (KHTML, like Gecko) Mobile Safari/537.36 (compatible; PetalBot;+https://webmaster.petalsearch.com/site/petalbot)" "kurtswebnotes.com"
114.119.136.144 - - [12/Oct/2022:18:29:32 -0700] "GET /wp-includes/PHPMailer/PHPMailer.php HTTP/1.1" 200 - "https://www.kurtswebnotes.com/wp-includes/PHPMailer/?C=D%3BO%3DA" "Mozilla/5.0 (Linux; Android 7.0;) AppleWebKit/537.36 (KHTML, like Gecko) Mobile Safari/537.36 (compatible; PetalBot;+https://webmaster.petalsearch.com/site/petalbot)" "www.kurtswebnotes.com"
114.119.136.14 - - [12/Oct/2022:18:34:57 -0700] "GET /wp-includes/?C=M%3BO%3DA HTTP/1.1" 200 459 "https://www.kurtswebnotes.com/wp-includes/?C=D%3BO%3DA" "Mozilla/5.0 (Linux; Android 7.0;) AppleWebKit/537.36 (KHTML, like Gecko) Mobile Safari/537.36 (compatible; PetalBot;+https://webmaster.petalsearch.com/site/petalbot)" "www.kurtswebnotes.com"
114.119.136.144 - - [12/Oct/2022:18:45:59 -0700] "GET /wp-includes/blocks/rss/?C=M%3BO%3DD HTTP/1.1" 200 374 "https://www.kurtswebnotes.com/wp-includes/blocks/rss/?C=M;O=A" "Mozilla/5.0 (Linux; Android 7.0;) AppleWebKit/537.36 (KHTML, like Gecko) Mobile Safari/537.36 (compatible; PetalBot;+https://webmaster.petalsearch.com/site/petalbot)" "www.kurtswebnotes.com"
51.222.253.19 - - [12/Oct/2022:18:49:52 -0700] "GET /wp-includes/sodium_compat/src/Core32/Curve25519/Ge/?C=S;O=D HTTP/1.1" 200 455 "-" "Mozilla/5.0 (compatible; AhrefsBot/7.0; +http://ahrefs.com/robot/)" "kurtswebnotes.com"
114.119.136.144 - - [12/Oct/2022:18:51:28 -0700] "GET /wp-admin/css/colors/modern/colors-rtl.min.css HTTP/1.1" 200 3120 "https://kurtswebnotes.com/wp-admin/css/colors/modern/" "Mozilla/5.0 (Linux; Android 7.0;) AppleWebKit/537.36 (KHTML, like Gecko) Mobile Safari/537.36 (compatible; PetalBot;+https://webmaster.petalsearch.com/site/petalbot)" "kurtswebnotes.com"
34.139.175.230 - - [12/Oct/2022:18:56:26 -0700] "GET /robots.txt HTTP/1.1" 200 101 "-" "ZoominfoBot (zoominfobot at zoominfo dot com)" "kurtswebnotes.com"
34.139.175.230 - - [12/Oct/2022:18:56:26 -0700] "GET /robots.txt HTTP/1.1" 200 101 "-" "ZoominfoBot (zoominfobot at zoominfo dot com)" "kurtswebnotes.com"
34.139.175.230 - - [12/Oct/2022:18:56:27 -0700] "GET / HTTP/1.1" 200 481 "-" "ZoominfoBot (zoominfobot at zoominfo dot com)" "kurtswebnotes.com"
114.119.136.141 - - [12/Oct/2022:18:56:56 -0700] "GET /wp-includes/blocks/latest-posts/block.json HTTP/1.1" 200 446 "https://www.kurtswebnotes.com/wp-includes/blocks/latest-posts/?C=S%3BO%3DA" "Mozilla/5.0 (Linux; Android 7.0;) AppleWebKit/537.36 (KHTML, like Gecko) Mobile Safari/537.36 (compatible; PetalBot;+https://webmaster.petalsearch.com/site/petalbot)" "www.kurtswebnotes.com"
114.119.136.138 - - [12/Oct/2022:19:02:25 -0700] "GET /wp-includes/sodium_compat/src/Core/Curve25519/Ge/?C=D%3BO%3DA HTTP/1.1" 200 457 "https://www.kurtswebnotes.com/wp-includes/sodium_compat/src/Core/Curve25519/Ge/?C=N%3BO%3DD" "Mozilla/5.0 (Linux; Android 7.0;) AppleWebKit/537.36 (KHTML, like Gecko) Mobile Safari/537.36 (compatible; PetalBot;+https://webmaster.petalsearch.com/site/petalbot)" "www.kurtswebnotes.com"
114.119.136.138 - - [12/Oct/2022:19:07:51 -0700] "GET /wp-includes/sodium_compat/namespaced/Core/XChaCha20.php HTTP/1.1" 500 - "https://www.kurtswebnotes.com/wp-includes/sodium_compat/namespaced/Core/" "Mozilla/5.0 (Linux; Android 7.0;) AppleWebKit/537.36 (KHTML, like Gecko) Mobile Safari/537.36 (compatible; PetalBot;+https://webmaster.petalsearch.com/site/petalbot)" "www.kurtswebnotes.com"
114.119.136.144 - - [12/Oct/2022:19:13:22 -0700] "GET /wp-includes/sodium_compat/src/Crypto.php HTTP/1.1" 200 - "https://www.kurtswebnotes.com/wp-includes/sodium_compat/src/?C=S%3BO%3DA" "Mozilla/5.0 (Linux; Android 7.0;) AppleWebKit/537.36 (KHTML, like Gecko) Mobile Safari/537.36 (compatible; PetalBot;+https://webmaster.petalsearch.com/site/petalbot)" "www.kurtswebnotes.com"
51.222.253.3 - - [12/Oct/2022:19:15:55 -0700] "GET /wp-includes/blocks/preformatted/?C=S;O=A HTTP/1.1" 200 382 "-" "Mozilla/5.0 (compatible; AhrefsBot/7.0; +http://ahrefs.com/robot/)" "www.kurtswebnotes.com"
114.119.136.144 - - [12/Oct/2022:19:18:52 -0700] "GET /public_html/ HTTP/1.1" 200 315 "http://www.kurtswebnotes.com?C=S%3BO%3DA" "Mozilla/5.0 (Linux; Android 7.0;) AppleWebKit/537.36 (KHTML, like Gecko) Mobile Safari/537.36 (compatible; PetalBot;+https://webmaster.petalsearch.com/site/petalbot)" "www.kurtswebnotes.com"
51.222.253.20 - - [12/Oct/2022:19:28:29 -0700] "GET /wp-includes/sodium_compat/src/Core/Base64/Original.php HTTP/1.1" 200 - "-" "Mozilla/5.0 (compatible; AhrefsBot/7.0; +http://ahrefs.com/robot/)" "www.kurtswebnotes.com"
114.119.136.143 - - [12/Oct/2022:19:29:47 -0700] "GET /wp-includes/blocks/freeform/ HTTP/1.1" 200 377 "https://kurtswebnotes.com/wp-includes/blocks/?C=N%3BO%3DD" "Mozilla/5.0 (Linux; Android 7.0;) AppleWebKit/537.36 (KHTML, like Gecko) Mobile Safari/537.36 (compatible; PetalBot;+https://webmaster.petalsearch.com/site/petalbot)" "kurtswebnotes.com"
51.222.253.13 - - [12/Oct/2022:19:35:05 -0700] "GET /wp-includes/sodium_compat/namespaced/Core/Curve25519/Ge/?C=S;O=D HTTP/1.1" 200 457 "-" "Mozilla/5.0 (compatible; AhrefsBot/7.0; +http://ahrefs.com/robot/)" "kurtswebnotes.com"
51.222.253.14 - - [12/Oct/2022:19:38:24 -0700] "GET /wp-includes/sodium_compat/src/Core/Base64/Common.php HTTP/1.1" 200 - "-" "Mozilla/5.0 (compatible; AhrefsBot/7.0; +http://ahrefs.com/robot/)" "kurtswebnotes.com"
114.119.136.138 - - [12/Oct/2022:19:40:44 -0700] "GET /wp-includes/blocks/video/block.json HTTP/1.1" 200 366 "https://kurtswebnotes.com/wp-includes/blocks/video/?C=M%3BO%3DA" "Mozilla/5.0 (Linux; Android 7.0;) AppleWebKit/537.36 (KHTML, like Gecko) Mobile Safari/537.36 (compatible; PetalBot;+https://webmaster.petalsearch.com/site/petalbot)" "kurtswebnotes.com"
51.222.253.2 - - [12/Oct/2022:19:41:47 -0700] "GET /wp-admin/css/colors/?C=S;O=A HTTP/1.1" 200 362 "-" "Mozilla/5.0 (compatible; AhrefsBot/7.0; +http://ahrefs.com/robot/)" "kurtswebnotes.com"
114.119.136.143 - - [12/Oct/2022:19:46:12 -0700] "GET /wp-includes/blocks/paragraph/?C=M%3BO%3DA HTTP/1.1" 200 380 "https://kurtswebnotes.com/wp-includes/blocks/paragraph/?C=N%3BO%3DD" "Mozilla/5.0 (Linux; Android 7.0;) AppleWebKit/537.36 (KHTML, like Gecko) Mobile Safari/537.36 (compatible; PetalBot;+https://webmaster.petalsearch.com/site/petalbot)" "kurtswebnotes.com"
51.222.253.6 - - [12/Oct/2022:19:54:41 -0700] "GET /wp-includes/sitemaps/providers/?C=S;O=D HTTP/1.1" 200 434 "-" "Mozilla/5.0 (compatible; AhrefsBot/7.0; +http://ahrefs.com/robot/)" "kurtswebnotes.com"
114.119.136.138 - - [12/Oct/2022:19:57:12 -0700] "GET /wp-includes/sodium_compat/?C=D%3BO%3DA HTTP/1.1" 200 493 "https://www.kurtswebnotes.com/wp-includes/sodium_compat/?C=N%3BO%3DD" "Mozilla/5.0 (Linux; Android 7.0;) AppleWebKit/537.36 (KHTML, like Gecko) Mobile Safari/537.36 (compatible; PetalBot;+https://webmaster.petalsearch.com/site/petalbot)" "www.kurtswebnotes.com"
51.222.253.7 - - [12/Oct/2022:19:57:46 -0700] "GET /wp-includes/sodium_compat/src/Core32/SecretStream/ HTTP/1.1" 200 397 "-" "Mozilla/5.0 (compatible; AhrefsBot/7.0; +http://ahrefs.com/robot/)" "www.kurtswebnotes.com"
51.222.253.8 - - [12/Oct/2022:19:59:30 -0700] "GET /wp-admin/css/colors/modern/?C=M;O=D HTTP/1.1" 200 442 "-" "Mozilla/5.0 (compatible; AhrefsBot/7.0; +http://ahrefs.com/robot/)" "kurtswebnotes.com"
51.222.253.9 - - [12/Oct/2022:20:00:57 -0700] "GET /wp-includes/sodium_compat/src/?C=M;O=D HTTP/1.1" 200 496 "-" "Mozilla/5.0 (compatible; AhrefsBot/7.0; +http://ahrefs.com/robot/)" "www.kurtswebnotes.com"
51.222.253.14 - - [12/Oct/2022:20:02:29 -0700] "GET /wp-includes/blocks/missing/?C=M;O=D HTTP/1.1" 200 375 "-" "Mozilla/5.0 (compatible; AhrefsBot/7.0; +http://ahrefs.com/robot/)" "kurtswebnotes.com"
114.119.136.14 - - [12/Oct/2022:20:02:44 -0700] "GET /wp-includes/sodium_compat/src/Core/Poly1305/?C=M%3BO%3DA HTTP/1.1" 200 396 "https://kurtswebnotes.com/wp-includes/sodium_compat/src/Core/Poly1305/?C=D%3BO%3DA" "Mozilla/5.0 (Linux; Android 7.0;) AppleWebKit/537.36 (KHTML, like Gecko) Mobile Safari/537.36 (compatible; PetalBot;+https://webmaster.petalsearch.com/site/petalbot)" "kurtswebnotes.com"
51.222.253.8 - - [12/Oct/2022:20:04:03 -0700] "GET /wp-includes/blocks/categories/?C=M;O=D HTTP/1.1" 200 377 "-" "Mozilla/5.0 (compatible; AhrefsBot/7.0; +http://ahrefs.com/robot/)" "kurtswebnotes.com"
51.222.253.16 - - [12/Oct/2022:20:05:28 -0700] "GET /wp-includes/blocks/columns/?C=M;O=D HTTP/1.1" 200 376 "-" "Mozilla/5.0 (compatible; AhrefsBot/7.0; +http://ahrefs.com/robot/)" "kurtswebnotes.com"
114.119.149.118 - - [12/Oct/2022:20:06:32 -0700] "GET /robots.txt HTTP/1.1" 200 101 "-" "Mozilla/5.0 (compatible;PetalBot;+https://webmaster.petalsearch.com/site/petalbot)" "www.kurtswebnotes.com"
114.119.136.138 - - [12/Oct/2022:20:08:09 -0700] "GET /wp-includes/blocks/heading/?C=N%3BO%3DD HTTP/1.1" 200 377 "https://kurtswebnotes.com/wp-includes/blocks/heading/?C=D%3BO%3DA" "Mozilla/5.0 (Linux; Android 7.0;) AppleWebKit/537.36 (KHTML, like Gecko) Mobile Safari/537.36 (compatible; PetalBot;+https://webmaster.petalsearch.com/site/petalbot)" "kurtswebnotes.com"
51.222.253.9 - - [12/Oct/2022:20:09:56 -0700] "GET /wp-includes/css/?C=D;O=D HTTP/1.1" 200 357 "-" "Mozilla/5.0 (compatible; AhrefsBot/7.0; +http://ahrefs.com/robot/)" "www.kurtswebnotes.com"
114.119.136.138 - - [12/Oct/2022:20:13:27 -0700] "GET /wp-includes/sodium_compat/namespaced/Core/?C=D%3BO%3DA HTTP/1.1" 200 591 "https://kurtswebnotes.com/wp-includes/sodium_compat/namespaced/Core/" "Mozilla/5.0 (Linux; Android 7.0;) AppleWebKit/537.36 (KHTML, like Gecko) Mobile Safari/537.36 (compatible; PetalBot;+https://webmaster.petalsearch.com/site/petalbot)" "kurtswebnotes.com"
114.119.136.14 - - [12/Oct/2022:20:18:47 -0700] "GET /wp-includes/blocks/quote/ HTTP/1.1" 200 378 "https://www.kurtswebnotes.com/wp-includes/blocks/?C=N%3BO%3DD" "Mozilla/5.0 (Linux; Android 7.0;) AppleWebKit/537.36 (KHTML, like Gecko) Mobile Safari/537.36 (compatible; PetalBot;+https://webmaster.petalsearch.com/site/petalbot)" "www.kurtswebnotes.com"
51.222.253.13 - - [12/Oct/2022:20:21:32 -0700] "GET /wp-includes/sodium_compat/src/Core/SecretStream/?C=D;O=D HTTP/1.1" 200 393 "-" "Mozilla/5.0 (compatible; AhrefsBot/7.0; +http://ahrefs.com/robot/)" "www.kurtswebnotes.com"
195.178.120.231 - - [12/Oct/2022:20:21:52 -0700] "GET /wp-admin/admin-post.php?local-download=../../../etc/passwd&local-destination-id=../../../etc/passwd HTTP/1.1" 404 88 "-" "Mozlila/5.0 (Linux; Android 7.0; SM-G892A Bulid/NRD90M; wv) AppleWebKit/537.36 (KHTML, like Gecko) Version/4.0 Chrome/60.0.3112.107 Moblie Safari/537.36" "kurtswebnotes.com"
114.119.136.144 - - [12/Oct/2022:20:24:07 -0700] "GET /wp-includes/blocks/list/?C=M%3BO%3DA HTTP/1.1" 200 375 "https://www.kurtswebnotes.com/wp-includes/blocks/list/?C=N%3BO%3DD" "Mozilla/5.0 (Linux; Android 7.0;) AppleWebKit/537.36 (KHTML, like Gecko) Mobile Safari/537.36 (compatible; PetalBot;+https://webmaster.petalsearch.com/site/petalbot)" "www.kurtswebnotes.com"
114.119.136.144 - - [12/Oct/2022:20:29:41 -0700] "GET /wp-includes/sodium_compat/src/Core/ HTTP/1.1" 200 645 "https://www.kurtswebnotes.com/wp-includes/sodium_compat/src/Core/SecretStream/?C=M%3BO%3DA" "Mozilla/5.0 (Linux; Android 7.0;) AppleWebKit/537.36 (KHTML, like Gecko) Mobile Safari/537.36 (compatible; PetalBot;+https://webmaster.petalsearch.com/site/petalbot)" "www.kurtswebnotes.com"
114.119.136.14 - - [12/Oct/2022:20:35:03 -0700] "GET /wp-includes/blocks/file/?C=M%3BO%3DA HTTP/1.1" 200 376 "https://kurtswebnotes.com/wp-includes/blocks/file/?C=N%3BO%3DD" "Mozilla/5.0 (Linux; Android 7.0;) AppleWebKit/537.36 (KHTML, like Gecko) Mobile Safari/537.36 (compatible; PetalBot;+https://webmaster.petalsearch.com/site/petalbot)" "kurtswebnotes.com"
114.119.136.143 - - [12/Oct/2022:20:40:24 -0700] "GET /wp-includes/blocks/columns/?C=D%3BO%3DA HTTP/1.1" 200 377 "https://www.kurtswebnotes.com/wp-includes/blocks/columns/?C=M%3BO%3DA" "Mozilla/5.0 (Linux; Android 7.0;) AppleWebKit/537.36 (KHTML, like Gecko) Mobile Safari/537.36 (compatible; PetalBot;+https://webmaster.petalsearch.com/site/petalbot)" "www.kurtswebnotes.com"
114.119.136.141 - - [12/Oct/2022:20:45:43 -0700] "GET /wp-includes/blocks/html/?C=N%3BO%3DD HTTP/1.1" 200 373 "https://www.kurtswebnotes.com/wp-includes/blocks/html/?C=D%3BO%3DA" "Mozilla/5.0 (Linux; Android 7.0;) AppleWebKit/537.36 (KHTML, like Gecko) Mobile Safari/537.36 (compatible; PetalBot;+https://webmaster.petalsearch.com/site/petalbot)" "www.kurtswebnotes.com"
114.119.136.144 - - [12/Oct/2022:20:51:06 -0700] "GET /wp-includes/blocks/embed/ HTTP/1.1" 200 377 "https://www.kurtswebnotes.com/wp-includes/blocks/?C=N%3BO%3DD" "Mozilla/5.0 (Linux; Android 7.0;) AppleWebKit/537.36 (KHTML, like Gecko) Mobile Safari/537.36 (compatible; PetalBot;+https://webmaster.petalsearch.com/site/petalbot)" "www.kurtswebnotes.com"
34.139.175.230 - - [12/Oct/2022:20:51:20 -0700] "GET /robots.txt HTTP/1.1" 200 101 "-" "ZoominfoBot (zoominfobot at zoominfo dot com)" "www.kurtswebnotes.com"
34.139.175.230 - - [12/Oct/2022:20:51:20 -0700] "GET /robots.txt HTTP/1.1" 200 101 "-" "ZoominfoBot (zoominfobot at zoominfo dot com)" "www.kurtswebnotes.com"
34.139.175.230 - - [12/Oct/2022:20:51:21 -0700] "GET / HTTP/1.1" 200 481 "-" "ZoominfoBot (zoominfobot at zoominfo dot com)" "www.kurtswebnotes.com"
