157.90.182.25 - - [13/Oct/2022:00:45:25 -0700] "GET /wp-includes/blocks/heading/?C=M;O=A HTTP/1.1" 200 377 "-" "Mozilla/5.0 (compatible; BLEXBot/1.0; +http://webmeup-crawler.com/)" "kurtswebnotes.com"
157.90.182.25 - - [13/Oct/2022:00:45:32 -0700] "GET /wp-includes/blocks/heading/?C=N;O=D HTTP/1.1" 200 375 "-" "Mozilla/5.0 (compatible; BLEXBot/1.0; +http://webmeup-crawler.com/)" "kurtswebnotes.com"
157.90.182.25 - - [13/Oct/2022:00:45:37 -0700] "GET /wp-includes/blocks/heading/?C=S;O=A HTTP/1.1" 200 377 "-" "Mozilla/5.0 (compatible; BLEXBot/1.0; +http://webmeup-crawler.com/)" "kurtswebnotes.com"
157.90.182.25 - - [13/Oct/2022:00:45:41 -0700] "GET /wp-includes/blocks/html/?C=D;O=A HTTP/1.1" 200 373 "-" "Mozilla/5.0 (compatible; BLEXBot/1.0; +http://webmeup-crawler.com/)" "kurtswebnotes.com"
157.90.182.25 - - [13/Oct/2022:00:45:56 -0700] "GET /wp-includes/blocks/html/?C=S;O=A HTTP/1.1" 200 373 "-" "Mozilla/5.0 (compatible; BLEXBot/1.0; +http://webmeup-crawler.com/)" "kurtswebnotes.com"
157.90.182.25 - - [13/Oct/2022:00:46:02 -0700] "GET /wp-includes/blocks/image/?C=D;O=A HTTP/1.1" 200 378 "-" "Mozilla/5.0 (compatible; BLEXBot/1.0; +http://webmeup-crawler.com/)" "kurtswebnotes.com"
157.90.182.25 - - [13/Oct/2022:00:46:08 -0700] "GET /wp-includes/blocks/image/?C=M;O=A HTTP/1.1" 200 378 "-" "Mozilla/5.0 (compatible; BLEXBot/1.0; +http://webmeup-crawler.com/)" "kurtswebnotes.com"
157.90.182.25 - - [13/Oct/2022:00:46:13 -0700] "GET /wp-includes/blocks/image/?C=N;O=D HTTP/1.1" 200 376 "-" "Mozilla/5.0 (compatible; BLEXBot/1.0; +http://webmeup-crawler.com/)" "kurtswebnotes.com"
157.90.182.25 - - [13/Oct/2022:00:46:18 -0700] "GET /wp-includes/blocks/image/?C=S;O=A HTTP/1.1" 200 378 "-" "Mozilla/5.0 (compatible; BLEXBot/1.0; +http://webmeup-crawler.com/)" "kurtswebnotes.com"
157.90.182.25 - - [13/Oct/2022:00:46:22 -0700] "GET /wp-includes/blocks/latest-comments/?C=D;O=A HTTP/1.1" 200 383 "-" "Mozilla/5.0 (compatible; BLEXBot/1.0; +http://webmeup-crawler.com/)" "kurtswebnotes.com"
157.90.182.25 - - [13/Oct/2022:00:46:24 -0700] "GET /wp-includes/blocks/latest-comments/?C=M;O=A HTTP/1.1" 200 383 "-" "Mozilla/5.0 (compatible; BLEXBot/1.0; +http://webmeup-crawler.com/)" "kurtswebnotes.com"
157.90.182.25 - - [13/Oct/2022:00:46:33 -0700] "GET /wp-includes/blocks/latest-comments/?C=N;O=D HTTP/1.1" 200 381 "-" "Mozilla/5.0 (compatible; BLEXBot/1.0; +http://webmeup-crawler.com/)" "kurtswebnotes.com"
157.90.182.25 - - [13/Oct/2022:00:47:07 -0700] "GET /wp-includes/blocks/latest-comments/?C=S;O=A HTTP/1.1" 200 383 "-" "Mozilla/5.0 (compatible; BLEXBot/1.0; +http://webmeup-crawler.com/)" "kurtswebnotes.com"
157.90.182.25 - - [13/Oct/2022:00:47:10 -0700] "GET /wp-includes/blocks/latest-posts/?C=D;O=A HTTP/1.1" 200 381 "-" "Mozilla/5.0 (compatible; BLEXBot/1.0; +http://webmeup-crawler.com/)" "kurtswebnotes.com"
157.90.182.25 - - [13/Oct/2022:00:47:13 -0700] "GET /wp-includes/blocks/latest-posts/?C=M;O=A HTTP/1.1" 200 381 "-" "Mozilla/5.0 (compatible; BLEXBot/1.0; +http://webmeup-crawler.com/)" "kurtswebnotes.com"
157.90.182.25 - - [13/Oct/2022:00:47:16 -0700] "GET /wp-includes/blocks/latest-posts/?C=N;O=D HTTP/1.1" 200 379 "-" "Mozilla/5.0 (compatible; BLEXBot/1.0; +http://webmeup-crawler.com/)" "kurtswebnotes.com"
157.90.182.25 - - [13/Oct/2022:00:47:21 -0700] "GET /wp-includes/blocks/latest-posts/?C=S;O=A HTTP/1.1" 200 381 "-" "Mozilla/5.0 (compatible; BLEXBot/1.0; +http://webmeup-crawler.com/)" "kurtswebnotes.com"
157.90.182.25 - - [13/Oct/2022:00:47:34 -0700] "GET /wp-includes/blocks/list/?C=N;O=D HTTP/1.1" 200 374 "-" "Mozilla/5.0 (compatible; BLEXBot/1.0; +http://webmeup-crawler.com/)" "kurtswebnotes.com"
157.90.182.25 - - [13/Oct/2022:00:47:38 -0700] "GET /wp-includes/blocks/list/?C=S;O=A HTTP/1.1" 200 375 "-" "Mozilla/5.0 (compatible; BLEXBot/1.0; +http://webmeup-crawler.com/)" "kurtswebnotes.com"
157.90.182.25 - - [13/Oct/2022:00:47:42 -0700] "GET /wp-includes/blocks/media-text/?C=D;O=A HTTP/1.1" 200 381 "-" "Mozilla/5.0 (compatible; BLEXBot/1.0; +http://webmeup-crawler.com/)" "kurtswebnotes.com"
157.90.182.25 - - [13/Oct/2022:00:47:47 -0700] "GET /wp-includes/blocks/media-text/?C=M;O=A HTTP/1.1" 200 381 "-" "Mozilla/5.0 (compatible; BLEXBot/1.0; +http://webmeup-crawler.com/)" "kurtswebnotes.com"
157.90.182.25 - - [13/Oct/2022:00:47:51 -0700] "GET /wp-includes/blocks/media-text/?C=N;O=D HTTP/1.1" 200 379 "-" "Mozilla/5.0 (compatible; BLEXBot/1.0; +http://webmeup-crawler.com/)" "kurtswebnotes.com"
157.90.182.25 - - [13/Oct/2022:00:47:56 -0700] "GET /wp-includes/blocks/media-text/?C=S;O=A HTTP/1.1" 200 381 "-" "Mozilla/5.0 (compatible; BLEXBot/1.0; +http://webmeup-crawler.com/)" "kurtswebnotes.com"
157.90.182.25 - - [13/Oct/2022:00:48:01 -0700] "GET /wp-includes/blocks/missing/?C=D;O=A HTTP/1.1" 200 377 "-" "Mozilla/5.0 (compatible; BLEXBot/1.0; +http://webmeup-crawler.com/)" "kurtswebnotes.com"
157.90.182.25 - - [13/Oct/2022:00:48:06 -0700] "GET /wp-includes/blocks/missing/?C=M;O=A HTTP/1.1" 200 377 "-" "Mozilla/5.0 (compatible; BLEXBot/1.0; +http://webmeup-crawler.com/)" "kurtswebnotes.com"
157.90.182.25 - - [13/Oct/2022:00:48:10 -0700] "GET /wp-includes/blocks/missing/?C=N;O=D HTTP/1.1" 200 375 "-" "Mozilla/5.0 (compatible; BLEXBot/1.0; +http://webmeup-crawler.com/)" "kurtswebnotes.com"
157.90.182.25 - - [13/Oct/2022:00:48:19 -0700] "GET /wp-includes/blocks/more/?C=D;O=A HTTP/1.1" 200 376 "-" "Mozilla/5.0 (compatible; BLEXBot/1.0; +http://webmeup-crawler.com/)" "kurtswebnotes.com"
157.90.182.25 - - [13/Oct/2022:00:48:22 -0700] "GET /wp-includes/blocks/more/?C=M;O=A HTTP/1.1" 200 376 "-" "Mozilla/5.0 (compatible; BLEXBot/1.0; +http://webmeup-crawler.com/)" "kurtswebnotes.com"
114.119.136.138 - - [13/Oct/2022:00:48:24 -0700] "GET /wp-includes/sodium_compat/namespaced/Core/?C=N%3BO%3DD HTTP/1.1" 200 591 "https://kurtswebnotes.com/wp-includes/sodium_compat/namespaced/Core/" "Mozilla/5.0 (Linux; Android 7.0;) AppleWebKit/537.36 (KHTML, like Gecko) Mobile Safari/537.36 (compatible; PetalBot;+https://webmaster.petalsearch.com/site/petalbot)" "kurtswebnotes.com"
157.90.182.25 - - [13/Oct/2022:00:48:27 -0700] "GET /wp-includes/blocks/more/?C=N;O=D HTTP/1.1" 200 374 "-" "Mozilla/5.0 (compatible; BLEXBot/1.0; +http://webmeup-crawler.com/)" "kurtswebnotes.com"
157.90.182.25 - - [13/Oct/2022:00:48:35 -0700] "GET /wp-includes/blocks/more/?C=S;O=A HTTP/1.1" 200 376 "-" "Mozilla/5.0 (compatible; BLEXBot/1.0; +http://webmeup-crawler.com/)" "kurtswebnotes.com"
157.90.182.25 - - [13/Oct/2022:00:48:46 -0700] "GET /wp-includes/blocks/nextpage/?C=M;O=A HTTP/1.1" 200 379 "-" "Mozilla/5.0 (compatible; BLEXBot/1.0; +http://webmeup-crawler.com/)" "kurtswebnotes.com"
157.90.182.25 - - [13/Oct/2022:00:48:51 -0700] "GET /wp-includes/blocks/nextpage/?C=N;O=D HTTP/1.1" 200 377 "-" "Mozilla/5.0 (compatible; BLEXBot/1.0; +http://webmeup-crawler.com/)" "kurtswebnotes.com"
157.90.182.25 - - [13/Oct/2022:00:48:56 -0700] "GET /wp-includes/blocks/nextpage/?C=S;O=A HTTP/1.1" 200 379 "-" "Mozilla/5.0 (compatible; BLEXBot/1.0; +http://webmeup-crawler.com/)" "kurtswebnotes.com"
157.90.182.25 - - [13/Oct/2022:00:49:02 -0700] "GET /wp-includes/blocks/paragraph/?C=D;O=A HTTP/1.1" 200 380 "-" "Mozilla/5.0 (compatible; BLEXBot/1.0; +http://webmeup-crawler.com/)" "kurtswebnotes.com"
157.90.182.25 - - [13/Oct/2022:00:49:14 -0700] "GET /wp-includes/blocks/paragraph/?C=N;O=D HTTP/1.1" 200 378 "-" "Mozilla/5.0 (compatible; BLEXBot/1.0; +http://webmeup-crawler.com/)" "kurtswebnotes.com"
157.90.182.25 - - [13/Oct/2022:00:49:18 -0700] "GET /wp-includes/blocks/paragraph/?C=S;O=A HTTP/1.1" 200 380 "-" "Mozilla/5.0 (compatible; BLEXBot/1.0; +http://webmeup-crawler.com/)" "kurtswebnotes.com"
157.90.182.25 - - [13/Oct/2022:00:49:20 -0700] "GET /wp-includes/blocks/preformatted/?C=D;O=A HTTP/1.1" 200 382 "-" "Mozilla/5.0 (compatible; BLEXBot/1.0; +http://webmeup-crawler.com/)" "kurtswebnotes.com"
157.90.182.25 - - [13/Oct/2022:00:49:26 -0700] "GET /wp-includes/blocks/preformatted/?C=M;O=A HTTP/1.1" 200 382 "-" "Mozilla/5.0 (compatible; BLEXBot/1.0; +http://webmeup-crawler.com/)" "kurtswebnotes.com"
157.90.182.25 - - [13/Oct/2022:00:49:30 -0700] "GET /wp-includes/blocks/preformatted/?C=N;O=D HTTP/1.1" 200 380 "-" "Mozilla/5.0 (compatible; BLEXBot/1.0; +http://webmeup-crawler.com/)" "kurtswebnotes.com"
157.90.182.25 - - [13/Oct/2022:00:49:50 -0700] "GET /wp-includes/blocks/pullquote/?C=D;O=A HTTP/1.1" 200 381 "-" "Mozilla/5.0 (compatible; BLEXBot/1.0; +http://webmeup-crawler.com/)" "kurtswebnotes.com"
157.90.182.25 - - [13/Oct/2022:00:49:53 -0700] "GET /wp-includes/blocks/pullquote/?C=M;O=A HTTP/1.1" 200 381 "-" "Mozilla/5.0 (compatible; BLEXBot/1.0; +http://webmeup-crawler.com/)" "kurtswebnotes.com"
157.90.182.25 - - [13/Oct/2022:00:49:58 -0700] "GET /wp-includes/blocks/pullquote/?C=N;O=D HTTP/1.1" 200 378 "-" "Mozilla/5.0 (compatible; BLEXBot/1.0; +http://webmeup-crawler.com/)" "kurtswebnotes.com"
157.90.182.25 - - [13/Oct/2022:00:50:01 -0700] "GET /wp-includes/blocks/pullquote/?C=S;O=A HTTP/1.1" 200 381 "-" "Mozilla/5.0 (compatible; BLEXBot/1.0; +http://webmeup-crawler.com/)" "kurtswebnotes.com"
157.90.182.25 - - [13/Oct/2022:00:50:06 -0700] "GET /wp-includes/blocks/quote/?C=D;O=A HTTP/1.1" 200 378 "-" "Mozilla/5.0 (compatible; BLEXBot/1.0; +http://webmeup-crawler.com/)" "kurtswebnotes.com"
157.90.182.25 - - [13/Oct/2022:00:50:10 -0700] "GET /wp-includes/blocks/quote/?C=M;O=A HTTP/1.1" 200 378 "-" "Mozilla/5.0 (compatible; BLEXBot/1.0; +http://webmeup-crawler.com/)" "kurtswebnotes.com"
157.90.182.25 - - [13/Oct/2022:00:50:15 -0700] "GET /wp-includes/blocks/quote/?C=N;O=D HTTP/1.1" 200 375 "-" "Mozilla/5.0 (compatible; BLEXBot/1.0; +http://webmeup-crawler.com/)" "kurtswebnotes.com"
157.90.182.25 - - [13/Oct/2022:00:50:19 -0700] "GET /wp-includes/blocks/quote/?C=S;O=A HTTP/1.1" 200 378 "-" "Mozilla/5.0 (compatible; BLEXBot/1.0; +http://webmeup-crawler.com/)" "kurtswebnotes.com"
157.90.182.25 - - [13/Oct/2022:00:50:24 -0700] "GET /wp-includes/blocks/rss/?C=D;O=A HTTP/1.1" 200 374 "-" "Mozilla/5.0 (compatible; BLEXBot/1.0; +http://webmeup-crawler.com/)" "kurtswebnotes.com"
157.90.182.25 - - [13/Oct/2022:00:50:28 -0700] "GET /wp-includes/blocks/rss/?C=M;O=A HTTP/1.1" 200 374 "-" "Mozilla/5.0 (compatible; BLEXBot/1.0; +http://webmeup-crawler.com/)" "kurtswebnotes.com"
157.90.182.25 - - [13/Oct/2022:00:50:33 -0700] "GET /wp-includes/blocks/rss/?C=N;O=D HTTP/1.1" 200 372 "-" "Mozilla/5.0 (compatible; BLEXBot/1.0; +http://webmeup-crawler.com/)" "kurtswebnotes.com"
157.90.182.25 - - [13/Oct/2022:00:50:38 -0700] "GET /wp-includes/blocks/rss/?C=S;O=A HTTP/1.1" 200 374 "-" "Mozilla/5.0 (compatible; BLEXBot/1.0; +http://webmeup-crawler.com/)" "kurtswebnotes.com"
157.90.182.25 - - [13/Oct/2022:00:50:47 -0700] "GET /wp-includes/blocks/search/?C=M;O=A HTTP/1.1" 200 377 "-" "Mozilla/5.0 (compatible; BLEXBot/1.0; +http://webmeup-crawler.com/)" "kurtswebnotes.com"
157.90.182.25 - - [13/Oct/2022:00:50:53 -0700] "GET /wp-includes/blocks/search/?C=N;O=D HTTP/1.1" 200 375 "-" "Mozilla/5.0 (compatible; BLEXBot/1.0; +http://webmeup-crawler.com/)" "kurtswebnotes.com"
157.90.182.25 - - [13/Oct/2022:00:51:04 -0700] "GET /wp-includes/blocks/separator/?C=D;O=A HTTP/1.1" 200 378 "-" "Mozilla/5.0 (compatible; BLEXBot/1.0; +http://webmeup-crawler.com/)" "kurtswebnotes.com"
157.90.182.25 - - [13/Oct/2022:00:51:16 -0700] "GET /wp-includes/blocks/separator/?C=N;O=D HTTP/1.1" 200 376 "-" "Mozilla/5.0 (compatible; BLEXBot/1.0; +http://webmeup-crawler.com/)" "kurtswebnotes.com"
157.90.182.25 - - [13/Oct/2022:00:51:21 -0700] "GET /wp-includes/blocks/separator/?C=S;O=A HTTP/1.1" 200 378 "-" "Mozilla/5.0 (compatible; BLEXBot/1.0; +http://webmeup-crawler.com/)" "kurtswebnotes.com"
157.90.182.25 - - [13/Oct/2022:00:51:26 -0700] "GET /wp-includes/blocks/shortcode/?C=D;O=A HTTP/1.1" 200 379 "-" "Mozilla/5.0 (compatible; BLEXBot/1.0; +http://webmeup-crawler.com/)" "kurtswebnotes.com"
157.90.182.25 - - [13/Oct/2022:00:51:37 -0700] "GET /wp-includes/blocks/shortcode/?C=M;O=A HTTP/1.1" 200 379 "-" "Mozilla/5.0 (compatible; BLEXBot/1.0; +http://webmeup-crawler.com/)" "kurtswebnotes.com"
157.90.182.25 - - [13/Oct/2022:00:51:42 -0700] "GET /wp-includes/blocks/shortcode/?C=N;O=D HTTP/1.1" 200 376 "-" "Mozilla/5.0 (compatible; BLEXBot/1.0; +http://webmeup-crawler.com/)" "kurtswebnotes.com"
157.90.182.25 - - [13/Oct/2022:00:51:49 -0700] "GET /wp-includes/blocks/shortcode/?C=S;O=A HTTP/1.1" 200 379 "-" "Mozilla/5.0 (compatible; BLEXBot/1.0; +http://webmeup-crawler.com/)" "kurtswebnotes.com"
157.90.182.25 - - [13/Oct/2022:00:51:55 -0700] "GET /wp-includes/blocks/social-link/?C=D;O=A HTTP/1.1" 200 380 "-" "Mozilla/5.0 (compatible; BLEXBot/1.0; +http://webmeup-crawler.com/)" "kurtswebnotes.com"
157.90.182.25 - - [13/Oct/2022:00:51:59 -0700] "GET /wp-includes/blocks/social-link/?C=M;O=A HTTP/1.1" 200 381 "-" "Mozilla/5.0 (compatible; BLEXBot/1.0; +http://webmeup-crawler.com/)" "kurtswebnotes.com"
157.90.182.25 - - [13/Oct/2022:00:52:02 -0700] "GET /wp-includes/blocks/social-link/?C=N;O=D HTTP/1.1" 200 378 "-" "Mozilla/5.0 (compatible; BLEXBot/1.0; +http://webmeup-crawler.com/)" "kurtswebnotes.com"
157.90.182.25 - - [13/Oct/2022:00:52:06 -0700] "GET /wp-includes/blocks/social-link/?C=S;O=A HTTP/1.1" 200 381 "-" "Mozilla/5.0 (compatible; BLEXBot/1.0; +http://webmeup-crawler.com/)" "kurtswebnotes.com"
157.90.182.25 - - [13/Oct/2022:00:52:10 -0700] "GET /wp-includes/blocks/social-links/?C=D;O=A HTTP/1.1" 200 380 "-" "Mozilla/5.0 (compatible; BLEXBot/1.0; +http://webmeup-crawler.com/)" "kurtswebnotes.com"
157.90.182.25 - - [13/Oct/2022:00:52:13 -0700] "GET /wp-includes/blocks/social-links/?C=M;O=A HTTP/1.1" 200 380 "-" "Mozilla/5.0 (compatible; BLEXBot/1.0; +http://webmeup-crawler.com/)" "kurtswebnotes.com"
157.90.182.25 - - [13/Oct/2022:00:52:19 -0700] "GET /wp-includes/blocks/social-links/?C=N;O=D HTTP/1.1" 200 379 "-" "Mozilla/5.0 (compatible; BLEXBot/1.0; +http://webmeup-crawler.com/)" "kurtswebnotes.com"
157.90.182.25 - - [13/Oct/2022:00:52:24 -0700] "GET /wp-includes/blocks/social-links/?C=S;O=A HTTP/1.1" 200 380 "-" "Mozilla/5.0 (compatible; BLEXBot/1.0; +http://webmeup-crawler.com/)" "kurtswebnotes.com"
157.90.182.25 - - [13/Oct/2022:00:52:29 -0700] "GET /wp-includes/blocks/spacer/?C=D;O=A HTTP/1.1" 200 376 "-" "Mozilla/5.0 (compatible; BLEXBot/1.0; +http://webmeup-crawler.com/)" "kurtswebnotes.com"
157.90.182.25 - - [13/Oct/2022:00:52:32 -0700] "GET /wp-includes/blocks/spacer/?C=M;O=A HTTP/1.1" 200 376 "-" "Mozilla/5.0 (compatible; BLEXBot/1.0; +http://webmeup-crawler.com/)" "kurtswebnotes.com"
157.90.182.25 - - [13/Oct/2022:00:52:37 -0700] "GET /wp-includes/blocks/spacer/?C=N;O=D HTTP/1.1" 200 374 "-" "Mozilla/5.0 (compatible; BLEXBot/1.0; +http://webmeup-crawler.com/)" "kurtswebnotes.com"
157.90.182.25 - - [13/Oct/2022:00:52:43 -0700] "GET /wp-includes/blocks/spacer/?C=S;O=A HTTP/1.1" 200 376 "-" "Mozilla/5.0 (compatible; BLEXBot/1.0; +http://webmeup-crawler.com/)" "kurtswebnotes.com"
157.90.182.25 - - [13/Oct/2022:00:52:48 -0700] "GET /wp-includes/blocks/subhead/?C=D;O=A HTTP/1.1" 200 377 "-" "Mozilla/5.0 (compatible; BLEXBot/1.0; +http://webmeup-crawler.com/)" "kurtswebnotes.com"
157.90.182.25 - - [13/Oct/2022:00:52:52 -0700] "GET /wp-includes/blocks/subhead/?C=M;O=A HTTP/1.1" 200 377 "-" "Mozilla/5.0 (compatible; BLEXBot/1.0; +http://webmeup-crawler.com/)" "kurtswebnotes.com"
157.90.182.25 - - [13/Oct/2022:00:52:56 -0700] "GET /wp-includes/blocks/subhead/?C=N;O=D HTTP/1.1" 200 375 "-" "Mozilla/5.0 (compatible; BLEXBot/1.0; +http://webmeup-crawler.com/)" "kurtswebnotes.com"
157.90.182.25 - - [13/Oct/2022:00:53:01 -0700] "GET /wp-includes/blocks/subhead/?C=S;O=A HTTP/1.1" 200 377 "-" "Mozilla/5.0 (compatible; BLEXBot/1.0; +http://webmeup-crawler.com/)" "kurtswebnotes.com"
114.119.136.14 - - [13/Oct/2022:00:54:06 -0700] "GET /wp-includes/PHPMailer/Exception.php HTTP/1.1" 200 - "https://kurtswebnotes.com/wp-includes/PHPMailer/" "Mozilla/5.0 (Linux; Android 7.0;) AppleWebKit/537.36 (KHTML, like Gecko) Mobile Safari/537.36 (compatible; PetalBot;+https://webmaster.petalsearch.com/site/petalbot)" "kurtswebnotes.com"
64.140.128.207 - - [13/Oct/2022:00:57:01 -0700] "GET /robots.txt HTTP/1.1" 200 101 "-" "Mozilla/5.0 (Macintosh; Intel Mac OS X 10_15_7) AppleWebKit/537.36 (KHTML like Gecko) Chrome/100.0.4896.75 Safari/537.36" "kurtswebnotes.com"
207.32.158.132 - - [13/Oct/2022:00:57:22 -0700] "GET /?C=N;O=D HTTP/1.1" 200 478 "-" "Mozilla/5.0 (Windows NT 10.0; WOW64) AppleWebKit/537.36 (KHTML like Gecko) Chrome/100.0.4896.127 Safari/537.36" "kurtswebnotes.com"
5.182.199.133 - - [13/Oct/2022:00:57:22 -0700] "GET /?C=M;O=A HTTP/1.1" 200 478 "-" "Mozilla/5.0 (Macintosh; Intel Mac OS X 10_13_6) AppleWebKit/537.36 (KHTML like Gecko) Chrome/100.0.4896.127 Safari/537.36" "kurtswebnotes.com"
209.99.152.235 - - [13/Oct/2022:00:57:25 -0700] "GET /?C=S;O=A HTTP/1.1" 200 477 "-" "Mozilla/5.0 (Windows NT 6.3; Win64; x64) AppleWebKit/537.36 (KHTML like Gecko) Chrome/100.0.4896.127 Safari/537.36" "kurtswebnotes.com"
207.32.139.148 - - [13/Oct/2022:00:57:28 -0700] "GET /download/ HTTP/1.1" 200 313 "-" "Mozilla/5.0 (Windows; U; Windows NT 10.0; en-US; Valve Steam Client/default/1647446817; ) AppleWebKit/537.36 (KHTML like Gecko) Chrome/84.0.4147.105 Safari/537.36" "kurtswebnotes.com"
209.99.146.40 - - [13/Oct/2022:00:57:29 -0700] "GET /public_html/ HTTP/1.1" 200 315 "-" "Mozilla/5.0 (Windows NT 10.0; Win64; x64) AppleWebKit/537.36 (KHTML like Gecko) Chrome/100.0.4896.60 Safari/537.36" "kurtswebnotes.com"
207.32.146.189 - - [13/Oct/2022:00:57:30 -0700] "GET /robots.txt HTTP/1.1" 200 101 "-" "Mozilla/5.0 (Macintosh; Intel Mac OS X 10_15_7) AppleWebKit/537.36 (KHTML like Gecko) Chrome/100.0.4896.75 Safari/537.36" "kurtswebnotes.com"
64.140.134.211 - - [13/Oct/2022:00:57:33 -0700] "GET /wp-admin/ HTTP/1.1" 200 351 "-" "Mozilla/5.0 (Macintosh; Intel Mac OS X 10_13_6) AppleWebKit/537.36 (KHTML like Gecko) Chrome/100.0.4896.127 Safari/537.36" "kurtswebnotes.com"
5.182.199.124 - - [13/Oct/2022:00:57:56 -0700] "GET /?C=D;O=A HTTP/1.1" 200 481 "-" "Mozilla/5.0 (Windows NT 6.3; Win64; x64) AppleWebKit/537.36 (KHTML like Gecko) Chrome/100.0.4896.127 Safari/537.36" "kurtswebnotes.com"
114.119.136.138 - - [13/Oct/2022:00:59:41 -0700] "GET /wp-includes/sodium_compat/src/Core32/?C=S%3BO%3DA HTTP/1.1" 200 669 "https://www.kurtswebnotes.com/wp-includes/sodium_compat/src/Core32/?C=M%3BO%3DA" "Mozilla/5.0 (Linux; Android 7.0;) AppleWebKit/537.36 (KHTML, like Gecko) Mobile Safari/537.36 (compatible; PetalBot;+https://webmaster.petalsearch.com/site/petalbot)" "www.kurtswebnotes.com"
114.119.136.143 - - [13/Oct/2022:01:05:23 -0700] "GET /wp-includes/sitemaps/?C=M%3BO%3DA HTTP/1.1" 200 497 "https://www.kurtswebnotes.com/wp-includes/sitemaps/?C=D%3BO%3DA" "Mozilla/5.0 (Linux; Android 7.0;) AppleWebKit/537.36 (KHTML, like Gecko) Mobile Safari/537.36 (compatible; PetalBot;+https://webmaster.petalsearch.com/site/petalbot)" "www.kurtswebnotes.com"
114.119.136.144 - - [13/Oct/2022:01:16:37 -0700] "GET /wp-includes/blocks/paragraph/block.json HTTP/1.1" 200 335 "https://kurtswebnotes.com/wp-includes/blocks/paragraph/?C=N%3BO%3DD" "Mozilla/5.0 (Linux; Android 7.0;) AppleWebKit/537.36 (KHTML, like Gecko) Mobile Safari/537.36 (compatible; PetalBot;+https://webmaster.petalsearch.com/site/petalbot)" "kurtswebnotes.com"
114.119.136.143 - - [13/Oct/2022:01:22:10 -0700] "GET /wp-includes/blocks/text-columns/?C=S%3BO%3DA HTTP/1.1" 200 382 "https://www.kurtswebnotes.com/wp-includes/blocks/text-columns/?C=M%3BO%3DA" "Mozilla/5.0 (Linux; Android 7.0;) AppleWebKit/537.36 (KHTML, like Gecko) Mobile Safari/537.36 (compatible; PetalBot;+https://webmaster.petalsearch.com/site/petalbot)" "www.kurtswebnotes.com"
123.183.224.80 - - [13/Oct/2022:01:23:37 -0700] "GET / HTTP/1.1" 200 481 "-" "Sogou web spider/4.0(+http://www.sogou.com/docs/help/webmasters.htm#07)" "www.kurtswebnotes.com"
114.119.136.141 - - [13/Oct/2022:01:27:47 -0700] "GET /wp-includes/blocks/subhead/?C=N%3BO%3DD HTTP/1.1" 200 377 "https://www.kurtswebnotes.com/wp-includes/blocks/subhead/?C=M%3BO%3DA" "Mozilla/5.0 (Linux; Android 7.0;) AppleWebKit/537.36 (KHTML, like Gecko) Mobile Safari/537.36 (compatible; PetalBot;+https://webmaster.petalsearch.com/site/petalbot)" "www.kurtswebnotes.com"
128.199.243.74 - - [13/Oct/2022:01:30:46 -0700] "GET / HTTP/1.1" 200 481 "-" "Mozilla/5.0 (Windows NT 6.2; Win64; x64) AppleWebKit/537.36 (KHTML, like Gecko) Chrome/32.0.1667.0 Safari/537.36" "kurtswebnotes.com"
114.119.136.138 - - [13/Oct/2022:01:33:19 -0700] "GET /download?N=D HTTP/1.1" 301 1420 "http://www.kurtswebnotes.com/download?N=A" "Mozilla/5.0 (Linux; Android 7.0;) AppleWebKit/537.36 (KHTML, like Gecko) Mobile Safari/537.36 (compatible; PetalBot;+https://webmaster.petalsearch.com/site/petalbot)" "www.kurtswebnotes.com"
114.119.136.138 - - [13/Oct/2022:01:33:20 -0700] "GET /download/?N=D HTTP/1.1" 200 313 "http://www.kurtswebnotes.com/download?N=A" "Mozilla/5.0 (Linux; Android 7.0;) AppleWebKit/537.36 (KHTML, like Gecko) Mobile Safari/537.36 (compatible; PetalBot;+https://webmaster.petalsearch.com/site/petalbot)" "www.kurtswebnotes.com"
114.119.136.143 - - [13/Oct/2022:01:38:54 -0700] "GET /wp-includes/blocks/rss/?C=M%3BO%3DA HTTP/1.1" 200 374 "https://www.kurtswebnotes.com/wp-includes/blocks/rss/?C=N%3BO%3DD" "Mozilla/5.0 (Linux; Android 7.0;) AppleWebKit/537.36 (KHTML, like Gecko) Mobile Safari/537.36 (compatible; PetalBot;+https://webmaster.petalsearch.com/site/petalbot)" "www.kurtswebnotes.com"
114.119.136.143 - - [13/Oct/2022:01:44:30 -0700] "GET /wp-includes/blocks/social-link/ HTTP/1.1" 200 380 "https://www.kurtswebnotes.com/wp-includes/blocks/?C=N%3BO%3DD" "Mozilla/5.0 (Linux; Android 7.0;) AppleWebKit/537.36 (KHTML, like Gecko) Mobile Safari/537.36 (compatible; PetalBot;+https://webmaster.petalsearch.com/site/petalbot)" "www.kurtswebnotes.com"
91.224.178.228 - - [13/Oct/2022:01:47:41 -0700] "GET /blog/2016/01/13/my-first-instagram-image/ HTTP/1.1" 404 73 "https://kurtswebnotes.com/blog/2016/01/13/my-first-instagram-image/" "Mozilla/5.0 (Windows NT 10.0; WOW64) AppleWebKit/537.36 (KHTML, like Gecko) Chrome/90.0.4430.85 Safari/537.36" "kurtswebnotes.com"
91.224.178.228 - - [13/Oct/2022:01:47:41 -0700] "GET /blog/2016/01/13/my-first-instagram-image/ HTTP/1.1" 404 73 "https://kurtswebnotes.com/blog/2016/01/13/my-first-instagram-image/" "Mozilla/5.0 (Windows NT 6.3) AppleWebKit/537.36 (KHTML, like Gecko) Chrome/90.0.4430.72 Safari/537.36" "kurtswebnotes.com"
91.224.178.228 - - [13/Oct/2022:01:47:41 -0700] "GET /blog/2016/01/13/my-first-instagram-image/ HTTP/1.1" 404 73 "https://kurtswebnotes.com/blog/2016/01/13/my-first-instagram-image/" "Mozilla/5.0 (Windows NT 10.0; Win64; x64) AppleWebKit/537.36 (KHTML, like Gecko) Chrome/90.0.4430.85 Safari/537.36 Edg/90.0.818.49" "kurtswebnotes.com"
91.224.178.228 - - [13/Oct/2022:01:47:42 -0700] "GET /blog/2016/01/13/my-first-instagram-image/ HTTP/1.1" 404 73 "https://kurtswebnotes.com/blog/2016/01/13/my-first-instagram-image/" "Mozilla/5.0 (Windows NT 10.0; Win64; x64) AppleWebKit/537.36 (KHTML, like Gecko) Chrome/90.0.4430.85 Safari/537.36 Edg/90.0.818.49" "kurtswebnotes.com"
91.224.178.228 - - [13/Oct/2022:01:47:42 -0700] "GET / HTTP/1.1" 200 1458 "https://kurtswebnotes.com/" "Mozilla/5.0 (Windows NT 10.0; Win64; x64) AppleWebKit/537.36 (KHTML, like Gecko) Chrome/90.0.4430.85 Safari/537.36 Edg/90.0.818.49" "kurtswebnotes.com"
91.224.178.228 - - [13/Oct/2022:01:47:42 -0700] "GET / HTTP/1.1" 200 1458 "https://kurtswebnotes.com/" "Mozilla/5.0 (Windows NT 10.0; Win64; x64) AppleWebKit/537.36 (KHTML, like Gecko) Chrome/90.0.4430.85 Safari/537.36 Edg/90.0.818.49" "kurtswebnotes.com"
91.224.178.228 - - [13/Oct/2022:01:47:45 -0700] "GET / HTTP/1.1" 200 1458 "https://kurtswebnotes.com/" "Mozilla/5.0 (Windows NT 10.0; WOW64) AppleWebKit/537.36 (KHTML, like Gecko) Chrome/90.0.4430.85 Safari/537.36" "kurtswebnotes.com"
114.119.136.14 - - [13/Oct/2022:01:50:12 -0700] "GET /wp-includes/blocks/block/?C=N%3BO%3DD HTTP/1.1" 200 373 "https://www.kurtswebnotes.com/wp-includes/blocks/block/" "Mozilla/5.0 (Linux; Android 7.0;) AppleWebKit/537.36 (KHTML, like Gecko) Mobile Safari/537.36 (compatible; PetalBot;+https://webmaster.petalsearch.com/site/petalbot)" "www.kurtswebnotes.com"
114.119.136.143 - - [13/Oct/2022:01:55:47 -0700] "GET /wp-includes/sodium_compat/namespaced/Core/ChaCha20/?C=S%3BO%3DA HTTP/1.1" 200 417 "https://kurtswebnotes.com/wp-includes/sodium_compat/namespaced/Core/ChaCha20/?C=M%3BO%3DA" "Mozilla/5.0 (Linux; Android 7.0;) AppleWebKit/537.36 (KHTML, like Gecko) Mobile Safari/537.36 (compatible; PetalBot;+https://webmaster.petalsearch.com/site/petalbot)" "kurtswebnotes.com"
42.236.10.112 - - [13/Oct/2022:01:56:34 -0700] "GET / HTTP/1.1" 200 481 "https://kurtswebnotes.com/" "Mozilla/5.0 (Windows NT 6.1; WOW64) AppleWebKit/537.36 (KHTML, like Gecko) Chrome/50.0.2661.102 Safari/537.36; 360Spider" "kurtswebnotes.com"
77.88.5.46 - - [13/Oct/2022:02:01:15 -0700] "GET /robots.txt HTTP/1.1" 200 111 "-" "Mozilla/5.0 (compatible; YandexBot/3.0; +http://yandex.com/bots)" "www.kurtswebnotes.com"
93.158.161.40 - - [13/Oct/2022:02:01:18 -0700] "GET /wp-includes/blocks/latest-comments/?C=M;O=A HTTP/1.1" 200 383 "-" "Mozilla/5.0 (compatible; YandexBot/3.0; +http://yandex.com/bots)" "www.kurtswebnotes.com"
114.119.136.138 - - [13/Oct/2022:02:01:22 -0700] "GET /download/?C=M%3BO%3DA HTTP/1.1" 200 313 "http://www.kurtswebnotes.com/download?M=D" "Mozilla/5.0 (Linux; Android 7.0;) AppleWebKit/537.36 (KHTML, like Gecko) Mobile Safari/537.36 (compatible; PetalBot;+https://webmaster.petalsearch.com/site/petalbot)" "www.kurtswebnotes.com"
42.236.10.109 - - [13/Oct/2022:02:05:12 -0700] "GET / HTTP/1.1" 200 481 "https://kurtswebnotes.com/" "Mozilla/5.0 (Windows NT 6.1; WOW64) AppleWebKit/537.36 (KHTML, like Gecko) Chrome/50.0.2661.102 Safari/537.36; 360Spider" "kurtswebnotes.com"
185.196.220.26 - - [13/Oct/2022:02:05:30 -0700] "GET /wp-content/plugins/responsive-menu/readme.txt HTTP/1.1" 404 88 "https://www.google.com/" "Mozilla/5.0 (Macintosh; Intel Mac OS X 12.6; rv:105.0) Gecko/20100101 Firefox/105.0" "kurtswebnotes.com"
114.119.136.141 - - [13/Oct/2022:02:07:03 -0700] "GET /wp-includes/sodium_compat/namespaced/Core/Poly1305/?C=N%3BO%3DD HTTP/1.1" 200 401 "https://kurtswebnotes.com/wp-includes/sodium_compat/namespaced/Core/Poly1305/?C=M%3BO%3DA" "Mozilla/5.0 (Linux; Android 7.0;) AppleWebKit/537.36 (KHTML, like Gecko) Mobile Safari/537.36 (compatible; PetalBot;+https://webmaster.petalsearch.com/site/petalbot)" "kurtswebnotes.com"
114.119.136.14 - - [13/Oct/2022:02:12:38 -0700] "GET /wp-includes/sodium_compat/src/Core32/Curve25519/?C=D%3BO%3DA HTTP/1.1" 200 435 "https://kurtswebnotes.com/wp-includes/sodium_compat/src/Core32/Curve25519/?C=N%3BO%3DD" "Mozilla/5.0 (Linux; Android 7.0;) AppleWebKit/537.36 (KHTML, like Gecko) Mobile Safari/537.36 (compatible; PetalBot;+https://webmaster.petalsearch.com/site/petalbot)" "kurtswebnotes.com"
185.174.159.245 - - [13/Oct/2022:02:17:17 -0700] "GET / HTTP/1.1" 200 1458 "https://kurtswebnotes.com/" "Mozilla/5.0 (Windows NT 10.0; Win64; x64) AppleWebKit/537.36 (KHTML, like Gecko) Chrome/90.0.4430.72 Safari/537.36 Edg/90.0.818.42" "kurtswebnotes.com"
114.119.136.14 - - [13/Oct/2022:02:18:17 -0700] "GET /public_html/ HTTP/1.1" 200 315 "https://kurtswebnotes.com?C=S%3BO%3DA" "Mozilla/5.0 (Linux; Android 7.0;) AppleWebKit/537.36 (KHTML, like Gecko) Mobile Safari/537.36 (compatible; PetalBot;+https://webmaster.petalsearch.com/site/petalbot)" "kurtswebnotes.com"
114.119.136.143 - - [13/Oct/2022:02:23:51 -0700] "GET /wp-includes/sodium_compat/src/Core/SecretStream/State.php HTTP/1.1" 200 - "https://www.kurtswebnotes.com/wp-includes/sodium_compat/src/Core/SecretStream/?C=M%3BO%3DA" "Mozilla/5.0 (Linux; Android 7.0;) AppleWebKit/537.36 (KHTML, like Gecko) Mobile Safari/537.36 (compatible; PetalBot;+https://webmaster.petalsearch.com/site/petalbot)" "www.kurtswebnotes.com"
114.119.136.14 - - [13/Oct/2022:02:29:28 -0700] "GET /wp-includes/sodium_compat/namespaced/?C=D%3BO%3DA HTTP/1.1" 200 440 "https://www.kurtswebnotes.com/wp-includes/sodium_compat/namespaced/?C=M%3BO%3DA" "Mozilla/5.0 (Linux; Android 7.0;) AppleWebKit/537.36 (KHTML, like Gecko) Mobile Safari/537.36 (compatible; PetalBot;+https://webmaster.petalsearch.com/site/petalbot)" "www.kurtswebnotes.com"
114.119.136.138 - - [13/Oct/2022:02:35:04 -0700] "GET /wp-includes/sodium_compat/src/Core32/?C=D%3BO%3DA HTTP/1.1" 200 669 "https://www.kurtswebnotes.com/wp-includes/sodium_compat/src/Core32/?C=M%3BO%3DA" "Mozilla/5.0 (Linux; Android 7.0;) AppleWebKit/537.36 (KHTML, like Gecko) Mobile Safari/537.36 (compatible; PetalBot;+https://webmaster.petalsearch.com/site/petalbot)" "www.kurtswebnotes.com"
114.119.136.143 - - [13/Oct/2022:02:40:42 -0700] "GET /wp-includes/blocks/subhead/?C=S%3BO%3DA HTTP/1.1" 200 377 "https://www.kurtswebnotes.com/wp-includes/blocks/subhead/?C=N%3BO%3DD" "Mozilla/5.0 (Linux; Android 7.0;) AppleWebKit/537.36 (KHTML, like Gecko) Mobile Safari/537.36 (compatible; PetalBot;+https://webmaster.petalsearch.com/site/petalbot)" "www.kurtswebnotes.com"
114.119.136.138 - - [13/Oct/2022:02:46:18 -0700] "GET /wp-includes/sodium_compat/src/Core32/X25519.php HTTP/1.1" 500 - "https://www.kurtswebnotes.com/wp-includes/sodium_compat/src/Core32/" "Mozilla/5.0 (Linux; Android 7.0;) AppleWebKit/537.36 (KHTML, like Gecko) Mobile Safari/537.36 (compatible; PetalBot;+https://webmaster.petalsearch.com/site/petalbot)" "www.kurtswebnotes.com"
114.119.136.144 - - [13/Oct/2022:02:51:55 -0700] "GET /wp-admin/css/colors/?C=N%3BO%3DD HTTP/1.1" 200 362 "https://www.kurtswebnotes.com/wp-admin/css/colors/?C=M%3BO%3DA" "Mozilla/5.0 (Linux; Android 7.0;) AppleWebKit/537.36 (KHTML, like Gecko) Mobile Safari/537.36 (compatible; PetalBot;+https://webmaster.petalsearch.com/site/petalbot)" "www.kurtswebnotes.com"
104.248.1.96 - - [13/Oct/2022:02:52:50 -0700] "GET /index.php?pwd163=d HTTP/1.1" 404 73 "kurtswebnotes.com" "Mozilla/5.1 (Windows NT 6.0; WOW64) AppleWebKit/537.37 (KHTML, like Gecko) Chrome/58.0.1145.75 Safari/537.37" "kurtswebnotes.com"
114.119.136.144 - - [13/Oct/2022:02:57:28 -0700] "GET /wp-includes/sodium_compat/src/PHP52/?C=D%3BO%3DA HTTP/1.1" 200 397 "https://www.kurtswebnotes.com/wp-includes/sodium_compat/src/PHP52/" "Mozilla/5.0 (Linux; Android 7.0;) AppleWebKit/537.36 (KHTML, like Gecko) Mobile Safari/537.36 (compatible; PetalBot;+https://webmaster.petalsearch.com/site/petalbot)" "www.kurtswebnotes.com"
114.119.136.143 - - [13/Oct/2022:03:03:03 -0700] "GET /wp-includes/sodium_compat/namespaced/Core/Curve25519/Ge/?C=S%3BO%3DA HTTP/1.1" 200 460 "https://www.kurtswebnotes.com/wp-includes/sodium_compat/namespaced/Core/Curve25519/Ge/?C=D%3BO%3DA" "Mozilla/5.0 (Linux; Android 7.0;) AppleWebKit/537.36 (KHTML, like Gecko) Mobile Safari/537.36 (compatible; PetalBot;+https://webmaster.petalsearch.com/site/petalbot)" "www.kurtswebnotes.com"
51.222.253.3 - - [13/Oct/2022:03:06:30 -0700] "GET /wp-includes/sodium_compat/src/Core/SecretStream/?C=M;O=D HTTP/1.1" 200 393 "-" "Mozilla/5.0 (compatible; AhrefsBot/7.0; +http://ahrefs.com/robot/)" "www.kurtswebnotes.com"
114.119.136.141 - - [13/Oct/2022:03:14:18 -0700] "GET /wp-includes/sodium_compat/src/Core32/BLAKE2b.php HTTP/1.1" 500 - "https://www.kurtswebnotes.com/wp-includes/sodium_compat/src/Core32/?C=M%3BO%3DA" "Mozilla/5.0 (Linux; Android 7.0;) AppleWebKit/537.36 (KHTML, like Gecko) Mobile Safari/537.36 (compatible; PetalBot;+https://webmaster.petalsearch.com/site/petalbot)" "www.kurtswebnotes.com"
114.119.136.14 - - [13/Oct/2022:03:19:49 -0700] "GET /wp-includes/blocks/block/?C=S%3BO%3DA HTTP/1.1" 200 373 "https://kurtswebnotes.com/wp-includes/blocks/block/?C=M%3BO%3DA" "Mozilla/5.0 (Linux; Android 7.0;) AppleWebKit/537.36 (KHTML, like Gecko) Mobile Safari/537.36 (compatible; PetalBot;+https://webmaster.petalsearch.com/site/petalbot)" "kurtswebnotes.com"
46.216.224.221 - - [13/Oct/2022:03:22:03 -0700] "GET /blog/2016/01/13/my-first-instagram-image/ HTTP/1.1" 404 73 "https://kurtswebnotes.com/blog/2016/01/13/my-first-instagram-image/" "Mozilla/5.0 (Windows NT 6.1; WOW64) AppleWebKit/537.36 (KHTML, like Gecko) Chrome/90.0.4430.72 Safari/537.36" "kurtswebnotes.com"
46.216.224.221 - - [13/Oct/2022:03:22:04 -0700] "GET / HTTP/1.1" 200 1458 "https://kurtswebnotes.com/" "Mozilla/5.0 (Windows NT 6.1; WOW64) AppleWebKit/537.36 (KHTML, like Gecko) Chrome/90.0.4430.72 Safari/537.36" "kurtswebnotes.com"
114.119.136.138 - - [13/Oct/2022:03:25:20 -0700] "GET /wp-includes/blocks/html/?C=D%3BO%3DA HTTP/1.1" 200 373 "https://www.kurtswebnotes.com/wp-includes/blocks/html/?C=M%3BO%3DA" "Mozilla/5.0 (Linux; Android 7.0;) AppleWebKit/537.36 (KHTML, like Gecko) Mobile Safari/537.36 (compatible; PetalBot;+https://webmaster.petalsearch.com/site/petalbot)" "www.kurtswebnotes.com"
114.119.136.138 - - [13/Oct/2022:03:30:44 -0700] "GET /wp-includes/blocks/file/?C=M%3BO%3DA HTTP/1.1" 200 376 "https://www.kurtswebnotes.com/wp-includes/blocks/file/" "Mozilla/5.0 (Linux; Android 7.0;) AppleWebKit/537.36 (KHTML, like Gecko) Mobile Safari/537.36 (compatible; PetalBot;+https://webmaster.petalsearch.com/site/petalbot)" "www.kurtswebnotes.com"
114.119.136.138 - - [13/Oct/2022:03:36:10 -0700] "GET /wp-includes/blocks/verse/?C=M%3BO%3DA HTTP/1.1" 200 376 "https://www.kurtswebnotes.com/wp-includes/blocks/verse/?C=S%3BO%3DA" "Mozilla/5.0 (Linux; Android 7.0;) AppleWebKit/537.36 (KHTML, like Gecko) Mobile Safari/537.36 (compatible; PetalBot;+https://webmaster.petalsearch.com/site/petalbot)" "www.kurtswebnotes.com"
114.119.136.143 - - [13/Oct/2022:03:41:42 -0700] "GET /wp-includes/block-patterns/large-header-button.php HTTP/1.1" 500 - "https://www.kurtswebnotes.com/wp-includes/block-patterns/?C=N%3BO%3DD" "Mozilla/5.0 (Linux; Android 7.0;) AppleWebKit/537.36 (KHTML, like Gecko) Mobile Safari/537.36 (compatible; PetalBot;+https://webmaster.petalsearch.com/site/petalbot)" "www.kurtswebnotes.com"
114.119.136.14 - - [13/Oct/2022:03:47:11 -0700] "GET /wp-includes/blocks/freeform/?C=M%3BO%3DA HTTP/1.1" 200 377 "https://kurtswebnotes.com/wp-includes/blocks/freeform/?C=D%3BO%3DA" "Mozilla/5.0 (Linux; Android 7.0;) AppleWebKit/537.36 (KHTML, like Gecko) Mobile Safari/537.36 (compatible; PetalBot;+https://webmaster.petalsearch.com/site/petalbot)" "kurtswebnotes.com"
114.119.136.143 - - [13/Oct/2022:03:52:30 -0700] "GET /wp-includes/sodium_compat/src/Core32/Curve25519/Ge/?C=D%3BO%3DA HTTP/1.1" 200 459 "https://www.kurtswebnotes.com/wp-includes/sodium_compat/src/Core32/Curve25519/Ge/?C=N%3BO%3DD" "Mozilla/5.0 (Linux; Android 7.0;) AppleWebKit/537.36 (KHTML, like Gecko) Mobile Safari/537.36 (compatible; PetalBot;+https://webmaster.petalsearch.com/site/petalbot)" "www.kurtswebnotes.com"
114.119.136.144 - - [13/Oct/2022:03:57:54 -0700] "GET /wp-content/themes/?C=D%3BO%3DA HTTP/1.1" 200 375 "https://www.kurtswebnotes.com/wp-content/themes/?C=M%3BO%3DA" "Mozilla/5.0 (Linux; Android 7.0;) AppleWebKit/537.36 (KHTML, like Gecko) Mobile Safari/537.36 (compatible; PetalBot;+https://webmaster.petalsearch.com/site/petalbot)" "www.kurtswebnotes.com"
114.119.136.143 - - [13/Oct/2022:04:03:22 -0700] "GET /wp-includes/blocks/search/?C=M%3BO%3DA HTTP/1.1" 200 376 "https://www.kurtswebnotes.com/wp-includes/blocks/search/?C=D%3BO%3DA" "Mozilla/5.0 (Linux; Android 7.0;) AppleWebKit/537.36 (KHTML, like Gecko) Mobile Safari/537.36 (compatible; PetalBot;+https://webmaster.petalsearch.com/site/petalbot)" "www.kurtswebnotes.com"
114.119.136.14 - - [13/Oct/2022:04:08:53 -0700] "GET /wp-includes/blocks/tag-cloud/?C=N%3BO%3DD HTTP/1.1" 200 378 "https://www.kurtswebnotes.com/wp-includes/blocks/tag-cloud/?C=S%3BO%3DA" "Mozilla/5.0 (Linux; Android 7.0;) AppleWebKit/537.36 (KHTML, like Gecko) Mobile Safari/537.36 (compatible; PetalBot;+https://webmaster.petalsearch.com/site/petalbot)" "www.kurtswebnotes.com"
114.119.136.144 - - [13/Oct/2022:04:14:19 -0700] "GET /wp-includes/blocks/group/block.json HTTP/1.1" 200 279 "https://kurtswebnotes.com/wp-includes/blocks/group/" "Mozilla/5.0 (Linux; Android 7.0;) AppleWebKit/537.36 (KHTML, like Gecko) Mobile Safari/537.36 (compatible; PetalBot;+https://webmaster.petalsearch.com/site/petalbot)" "kurtswebnotes.com"
155.133.138.66 - - [13/Oct/2022:04:17:38 -0700] "GET /blog/index.php?pwd163=d HTTP/1.1" 404 73 "kurtswebnotes.com" "Mozilla/5.1 (Windows NT 6.0; WOW64) AppleWebKit/537.37 (KHTML, like Gecko) Chrome/58.0.1145.75 Safari/537.37" "kurtswebnotes.com"
114.119.136.141 - - [13/Oct/2022:04:19:35 -0700] "GET /?C=D%3BO%3DA HTTP/1.1" 200 481 "https://kurtswebnotes.com?C=S%3BO%3DA" "Mozilla/5.0 (Linux; Android 7.0;) AppleWebKit/537.36 (KHTML, like Gecko) Mobile Safari/537.36 (compatible; PetalBot;+https://webmaster.petalsearch.com/site/petalbot)" "kurtswebnotes.com"
114.119.136.144 - - [13/Oct/2022:04:24:57 -0700] "GET /wp-content/ HTTP/1.1" 200 354 "https://kurtswebnotes.com/wp-content/themes/" "Mozilla/5.0 (Linux; Android 7.0;) AppleWebKit/537.36 (KHTML, like Gecko) Mobile Safari/537.36 (compatible; PetalBot;+https://webmaster.petalsearch.com/site/petalbot)" "kurtswebnotes.com"
114.119.136.144 - - [13/Oct/2022:04:30:21 -0700] "GET /wp-includes/blocks/rss/?C=N%3BO%3DA HTTP/1.1" 200 374 "https://www.kurtswebnotes.com/wp-includes/blocks/rss/?C=S;O=A" "Mozilla/5.0 (Linux; Android 7.0;) AppleWebKit/537.36 (KHTML, like Gecko) Mobile Safari/537.36 (compatible; PetalBot;+https://webmaster.petalsearch.com/site/petalbot)" "www.kurtswebnotes.com"
123.183.224.80 - - [13/Oct/2022:04:35:15 -0700] "GET / HTTP/1.1" 200 481 "-" "Sogou web spider/4.0(+http://www.sogou.com/docs/help/webmasters.htm#07)" "www.kurtswebnotes.com"
114.119.136.138 - - [13/Oct/2022:04:35:45 -0700] "GET /wp-includes/blocks/heading/?C=D%3BO%3DA HTTP/1.1" 200 377 "https://www.kurtswebnotes.com/wp-includes/blocks/heading/?C=S%3BO%3DA" "Mozilla/5.0 (Linux; Android 7.0;) AppleWebKit/537.36 (KHTML, like Gecko) Mobile Safari/537.36 (compatible; PetalBot;+https://webmaster.petalsearch.com/site/petalbot)" "www.kurtswebnotes.com"
103.251.167.21 - - [13/Oct/2022:04:40:12 -0700] "GET /blog/2016/01/13/my-first-instagram-image/ HTTP/1.1" 404 73 "https://kurtswebnotes.com/blog/2016/01/13/my-first-instagram-image/" "Mozilla/5.0 (Windows NT 6.1; WOW64) AppleWebKit/537.36 (KHTML, like Gecko) Chrome/90.0.4430.85 Safari/537.36" "kurtswebnotes.com"
185.246.209.245 - - [13/Oct/2022:04:40:30 -0700] "GET / HTTP/1.1" 200 1458 "https://kurtswebnotes.com/" "Mozilla/5.0 (Windows NT 6.1; WOW64) AppleWebKit/537.36 (KHTML, like Gecko) Chrome/90.0.4430.85 Safari/537.36" "kurtswebnotes.com"
114.119.136.143 - - [13/Oct/2022:04:41:11 -0700] "GET /wp-includes/blocks/column/?C=D%3BO%3DA HTTP/1.1" 200 376 "https://kurtswebnotes.com/wp-includes/blocks/column/" "Mozilla/5.0 (Linux; Android 7.0;) AppleWebKit/537.36 (KHTML, like Gecko) Mobile Safari/537.36 (compatible; PetalBot;+https://webmaster.petalsearch.com/site/petalbot)" "kurtswebnotes.com"
114.119.136.144 - - [13/Oct/2022:04:46:43 -0700] "GET /wp-includes/blocks/column/block.json HTTP/1.1" 200 197 "https://kurtswebnotes.com/wp-includes/blocks/column/" "Mozilla/5.0 (Linux; Android 7.0;) AppleWebKit/537.36 (KHTML, like Gecko) Mobile Safari/537.36 (compatible; PetalBot;+https://webmaster.petalsearch.com/site/petalbot)" "kurtswebnotes.com"
114.119.136.138 - - [13/Oct/2022:04:52:06 -0700] "GET /wp-includes/sodium_compat/namespaced/Core/ChaCha20/?C=N%3BO%3DD HTTP/1.1" 200 417 "https://www.kurtswebnotes.com/wp-includes/sodium_compat/namespaced/Core/ChaCha20/" "Mozilla/5.0 (Linux; Android 7.0;) AppleWebKit/537.36 (KHTML, like Gecko) Mobile Safari/537.36 (compatible; PetalBot;+https://webmaster.petalsearch.com/site/petalbot)" "www.kurtswebnotes.com"
114.119.136.143 - - [13/Oct/2022:04:57:27 -0700] "GET /wp-includes/blocks/columns/?C=S%3BO%3DA HTTP/1.1" 200 377 "https://www.kurtswebnotes.com/wp-includes/blocks/columns/?C=M%3BO%3DA" "Mozilla/5.0 (Linux; Android 7.0;) AppleWebKit/537.36 (KHTML, like Gecko) Mobile Safari/537.36 (compatible; PetalBot;+https://webmaster.petalsearch.com/site/petalbot)" "www.kurtswebnotes.com"
