35.196.84.47 - - [09/Oct/2022:05:00:10 -0700] "GET /robots.txt HTTP/1.1" 200 101 "-" "ZoominfoBot (zoominfobot at zoominfo dot com)" "kurtswebnotes.com"
35.196.84.47 - - [09/Oct/2022:05:00:10 -0700] "GET /robots.txt HTTP/1.1" 200 101 "-" "ZoominfoBot (zoominfobot at zoominfo dot com)" "kurtswebnotes.com"
35.196.84.47 - - [09/Oct/2022:05:00:10 -0700] "GET / HTTP/1.1" 200 481 "-" "ZoominfoBot (zoominfobot at zoominfo dot com)" "kurtswebnotes.com"
212.118.38.212 - - [09/Oct/2022:05:01:35 -0700] "GET / HTTP/1.1" 200 481 "http://kurtswebnotes.com" "Mozilla/5.0 (Windows NT 10.0; Win64; x64) AppleWebKit/537.36 (KHTML, like Gecko) Chrome/103.0.0.0 Safari/537.36 Vivaldi/5.3.2679.68" "kurtswebnotes.com"
123.125.109.115 - - [09/Oct/2022:05:01:42 -0700] "GET / HTTP/1.1" 200 481 "-" "Sogou web spider/4.0(+http://www.sogou.com/docs/help/webmasters.htm#07)" "www.kurtswebnotes.com"
114.119.136.14 - - [09/Oct/2022:05:02:32 -0700] "GET /wp-includes/blocks/buttons/?C=S%3BO%3DA HTTP/1.1" 200 378 "https://kurtswebnotes.com/wp-includes/blocks/buttons/?C=D%3BO%3DA" "Mozilla/5.0 (Linux; Android 7.0;) AppleWebKit/537.36 (KHTML, like Gecko) Mobile Safari/537.36 (compatible; PetalBot;+https://webmaster.petalsearch.com/site/petalbot)" "kurtswebnotes.com"
51.222.253.17 - - [09/Oct/2022:05:07:47 -0700] "GET /wp-includes/blocks/archives/?C=N;O=D HTTP/1.1" 200 376 "-" "Mozilla/5.0 (compatible; AhrefsBot/7.0; +http://ahrefs.com/robot/)" "kurtswebnotes.com"
114.119.136.14 - - [09/Oct/2022:05:08:05 -0700] "GET /wp-includes/sodium_compat/src/Core/Curve25519/Ge/?C=M%3BO%3DA HTTP/1.1" 200 457 "https://www.kurtswebnotes.com/wp-includes/sodium_compat/src/Core/Curve25519/Ge/?C=N%3BO%3DD" "Mozilla/5.0 (Linux; Android 7.0;) AppleWebKit/537.36 (KHTML, like Gecko) Mobile Safari/537.36 (compatible; PetalBot;+https://webmaster.petalsearch.com/site/petalbot)" "www.kurtswebnotes.com"
77.88.5.233 - - [09/Oct/2022:05:10:30 -0700] "GET /robots.txt HTTP/1.1" 200 111 "-" "Mozilla/5.0 (compatible; YandexBot/3.0; +http://yandex.com/bots)" "www.kurtswebnotes.com"
77.88.5.245 - - [09/Oct/2022:05:10:33 -0700] "GET /wp-includes/blocks/separator/?C=N;O=A HTTP/1.1" 200 378 "-" "Mozilla/5.0 (compatible; YandexBot/3.0; +http://yandex.com/bots)" "www.kurtswebnotes.com"
114.119.136.143 - - [09/Oct/2022:05:13:37 -0700] "GET /wp-includes/sodium_compat/src/Core/SecretStream/?C=N%3BO%3DD HTTP/1.1" 200 395 "https://www.kurtswebnotes.com/wp-includes/sodium_compat/src/Core/SecretStream/?C=S%3BO%3DA" "Mozilla/5.0 (Linux; Android 7.0;) AppleWebKit/537.36 (KHTML, like Gecko) Mobile Safari/537.36 (compatible; PetalBot;+https://webmaster.petalsearch.com/site/petalbot)" "www.kurtswebnotes.com"
51.222.253.4 - - [09/Oct/2022:05:16:45 -0700] "GET /wp-includes/blocks/quote/?C=N;O=A HTTP/1.1" 200 378 "-" "Mozilla/5.0 (compatible; AhrefsBot/7.0; +http://ahrefs.com/robot/)" "kurtswebnotes.com"
114.119.136.143 - - [09/Oct/2022:05:19:06 -0700] "GET /wp-includes/sodium_compat/lib/php72compat.php HTTP/1.1" 200 - "https://kurtswebnotes.com/wp-includes/sodium_compat/lib/" "Mozilla/5.0 (Linux; Android 7.0;) AppleWebKit/537.36 (KHTML, like Gecko) Mobile Safari/537.36 (compatible; PetalBot;+https://webmaster.petalsearch.com/site/petalbot)" "kurtswebnotes.com"
114.119.136.138 - - [09/Oct/2022:05:24:35 -0700] "GET /wp-includes/sodium_compat/src/Core32/ChaCha20/Ctx.php HTTP/1.1" 500 - "https://www.kurtswebnotes.com/wp-includes/sodium_compat/src/Core32/ChaCha20/?C=M%3BO%3DA" "Mozilla/5.0 (Linux; Android 7.0;) AppleWebKit/537.36 (KHTML, like Gecko) Mobile Safari/537.36 (compatible; PetalBot;+https://webmaster.petalsearch.com/site/petalbot)" "www.kurtswebnotes.com"
51.222.253.17 - - [09/Oct/2022:05:24:45 -0700] "GET /wp-includes/block-patterns/ HTTP/1.1" 200 548 "-" "Mozilla/5.0 (compatible; AhrefsBot/7.0; +http://ahrefs.com/robot/)" "kurtswebnotes.com"
114.119.136.141 - - [09/Oct/2022:05:29:54 -0700] "GET /wp-includes/sitemaps/?C=D%3BO%3DA HTTP/1.1" 200 497 "https://www.kurtswebnotes.com/wp-includes/sitemaps/" "Mozilla/5.0 (Linux; Android 7.0;) AppleWebKit/537.36 (KHTML, like Gecko) Mobile Safari/537.36 (compatible; PetalBot;+https://webmaster.petalsearch.com/site/petalbot)" "www.kurtswebnotes.com"
51.222.253.7 - - [09/Oct/2022:05:33:17 -0700] "GET /wp-content/?C=S;O=A HTTP/1.1" 200 354 "-" "Mozilla/5.0 (compatible; AhrefsBot/7.0; +http://ahrefs.com/robot/)" "www.kurtswebnotes.com"
114.119.136.141 - - [09/Oct/2022:05:35:17 -0700] "GET /wp-includes/blocks/block/block.json HTTP/1.1" 200 176 "https://www.kurtswebnotes.com/wp-includes/blocks/block/?C=N%3BO%3DD" "Mozilla/5.0 (Linux; Android 7.0;) AppleWebKit/537.36 (KHTML, like Gecko) Mobile Safari/537.36 (compatible; PetalBot;+https://webmaster.petalsearch.com/site/petalbot)" "www.kurtswebnotes.com"
114.119.136.14 - - [09/Oct/2022:05:40:44 -0700] "GET /wp-includes/sodium_compat/src/Core/Curve25519/Ge/P1p1.php HTTP/1.1" 200 - "https://kurtswebnotes.com/wp-includes/sodium_compat/src/Core/Curve25519/Ge/?C=M%3BO%3DA" "Mozilla/5.0 (Linux; Android 7.0;) AppleWebKit/537.36 (KHTML, like Gecko) Mobile Safari/537.36 (compatible; PetalBot;+https://webmaster.petalsearch.com/site/petalbot)" "kurtswebnotes.com"
51.222.253.1 - - [09/Oct/2022:05:42:09 -0700] "GET /wp-includes/sodium_compat/src/Core32/Curve25519/Fe.php HTTP/1.1" 200 - "-" "Mozilla/5.0 (compatible; AhrefsBot/7.0; +http://ahrefs.com/robot/)" "www.kurtswebnotes.com"
45.91.21.13 - - [09/Oct/2022:05:43:48 -0700] "GET /blog/2016/01/13/my-first-instagram-image/ HTTP/1.1" 404 73 "https://kurtswebnotes.com/blog/2016/01/13/my-first-instagram-image/" "Mozilla/5.0 (Windows NT 10.0; Win64; x64) AppleWebKit/537.36 (KHTML, like Gecko) Chrome/90.0.4430.85 Safari/537.36" "kurtswebnotes.com"
45.91.21.13 - - [09/Oct/2022:05:43:49 -0700] "GET / HTTP/1.1" 200 1458 "https://kurtswebnotes.com/" "Mozilla/5.0 (Windows NT 10.0; Win64; x64) AppleWebKit/537.36 (KHTML, like Gecko) Chrome/90.0.4430.85 Safari/537.36" "kurtswebnotes.com"
114.119.136.143 - - [09/Oct/2022:05:46:17 -0700] "GET /wp-includes/PHPMailer/?C=D%3BO%3DA HTTP/1.1" 200 416 "https://www.kurtswebnotes.com/wp-includes/PHPMailer/?C=S%3BO%3DA" "Mozilla/5.0 (Linux; Android 7.0;) AppleWebKit/537.36 (KHTML, like Gecko) Mobile Safari/537.36 (compatible; PetalBot;+https://webmaster.petalsearch.com/site/petalbot)" "www.kurtswebnotes.com"
51.222.253.7 - - [09/Oct/2022:05:50:58 -0700] "GET /wp-includes/sodium_compat/src/Core/SecretStream/State.php HTTP/1.1" 200 - "-" "Mozilla/5.0 (compatible; AhrefsBot/7.0; +http://ahrefs.com/robot/)" "kurtswebnotes.com"
114.119.136.143 - - [09/Oct/2022:05:51:44 -0700] "GET /wp-includes/blocks/video/?C=S%3BO%3DA HTTP/1.1" 200 377 "https://kurtswebnotes.com/wp-includes/blocks/video/?C=D%3BO%3DA" "Mozilla/5.0 (Linux; Android 7.0;) AppleWebKit/537.36 (KHTML, like Gecko) Mobile Safari/537.36 (compatible; PetalBot;+https://webmaster.petalsearch.com/site/petalbot)" "kurtswebnotes.com"
114.119.136.144 - - [09/Oct/2022:05:57:15 -0700] "GET /wp-includes/blocks/nextpage/ HTTP/1.1" 200 379 "https://kurtswebnotes.com/wp-includes/blocks/?C=S%3BO%3DA" "Mozilla/5.0 (Linux; Android 7.0;) AppleWebKit/537.36 (KHTML, like Gecko) Mobile Safari/537.36 (compatible; PetalBot;+https://webmaster.petalsearch.com/site/petalbot)" "kurtswebnotes.com"
51.222.253.13 - - [09/Oct/2022:05:59:12 -0700] "GET /wp-admin/css/colors/?C=M;O=A HTTP/1.1" 200 362 "-" "Mozilla/5.0 (compatible; AhrefsBot/7.0; +http://ahrefs.com/robot/)" "www.kurtswebnotes.com"
114.119.136.144 - - [09/Oct/2022:06:02:38 -0700] "GET /wp-includes/css/dist/block-editor/?C=D%3BO%3DA HTTP/1.1" 200 424 "https://kurtswebnotes.com/wp-includes/css/dist/block-editor/" "Mozilla/5.0 (Linux; Android 7.0;) AppleWebKit/537.36 (KHTML, like Gecko) Mobile Safari/537.36 (compatible; PetalBot;+https://webmaster.petalsearch.com/site/petalbot)" "kurtswebnotes.com"
51.222.253.4 - - [09/Oct/2022:06:03:26 -0700] "GET /wp-includes/blocks/?C=D;O=A HTTP/1.1" 200 804 "-" "Mozilla/5.0 (compatible; AhrefsBot/7.0; +http://ahrefs.com/robot/)" "www.kurtswebnotes.com"
51.222.253.10 - - [09/Oct/2022:06:07:46 -0700] "GET /wp-admin/css/colors/?C=S;O=A HTTP/1.1" 200 362 "-" "Mozilla/5.0 (compatible; AhrefsBot/7.0; +http://ahrefs.com/robot/)" "www.kurtswebnotes.com"
114.119.136.143 - - [09/Oct/2022:06:08:04 -0700] "GET /wp-includes/sodium_compat/src/Core/SecretStream/?C=M%3BO%3DA HTTP/1.1" 200 395 "https://kurtswebnotes.com/wp-includes/sodium_compat/src/Core/SecretStream/?C=S%3BO%3DA" "Mozilla/5.0 (Linux; Android 7.0;) AppleWebKit/537.36 (KHTML, like Gecko) Mobile Safari/537.36 (compatible; PetalBot;+https://webmaster.petalsearch.com/site/petalbot)" "kurtswebnotes.com"
51.222.253.19 - - [09/Oct/2022:06:12:16 -0700] "GET /wp-includes/sodium_compat/src/Core/?C=S;O=A HTTP/1.1" 200 641 "-" "Mozilla/5.0 (compatible; AhrefsBot/7.0; +http://ahrefs.com/robot/)" "www.kurtswebnotes.com"
114.119.136.14 - - [09/Oct/2022:06:13:33 -0700] "GET /wp-includes/blocks/audio/?C=M%3BO%3DA HTTP/1.1" 200 377 "https://www.kurtswebnotes.com/wp-includes/blocks/audio/" "Mozilla/5.0 (Linux; Android 7.0;) AppleWebKit/537.36 (KHTML, like Gecko) Mobile Safari/537.36 (compatible; PetalBot;+https://webmaster.petalsearch.com/site/petalbot)" "www.kurtswebnotes.com"
51.222.253.8 - - [09/Oct/2022:06:16:26 -0700] "GET /wp-admin/css/colors/?C=D;O=A HTTP/1.1" 200 362 "-" "Mozilla/5.0 (compatible; AhrefsBot/7.0; +http://ahrefs.com/robot/)" "www.kurtswebnotes.com"
13.237.206.165 - - [09/Oct/2022:06:17:44 -0700] "GET /class-wp-widget-archives.php HTTP/1.1" 404 73 "-" "Mozilla/5.0 (iPhone; CPU iPhone OS 13_3 like Mac OS X) AppleWebKit/605.1.15 (KHTML, like Gecko) Version/13.0.4 Mobile/15E148 Safari/604.1" "kurtswebnotes.com"
13.237.206.165 - - [09/Oct/2022:06:17:44 -0700] "GET /admin.php?f=/bmLUxZLeaiRIek7s/umvUsXN4HVg3BzRf.txt HTTP/1.1" 404 73 "-" "-" "kurtswebnotes.com"
13.237.206.165 - - [09/Oct/2022:06:17:44 -0700] "GET /wikindex.php?f=/bmLUxZLeaiRIek7s/umvUsXN4HVg3BzRf.txt HTTP/1.1" 404 73 "-" "Mozilla/5.0 (iPhone; CPU iPhone OS 13_6 like Mac OS X) AppleWebKit/605.1.15 (KHTML, like Gecko) Version/13.1.2 Mobile/15E148 Safari/604.1" "kurtswebnotes.com"
13.237.206.165 - - [09/Oct/2022:06:17:44 -0700] "GET /3index.php?f=/bmLUxZLeaiRIek7s/umvUsXN4HVg3BzRf.txt HTTP/1.1" 404 73 "-" "Mozilla/5.0 (iPhone; CPU iPhone OS 14_1 like Mac OS X) AppleWebKit/605.1.15 (KHTML, like Gecko) Version/14.0 Mobile/15E148 Safari/604.1" "kurtswebnotes.com"
13.237.206.165 - - [09/Oct/2022:06:17:44 -0700] "GET /wp-content/mu-plugins-old/index.php?f=/bmLUxZLeaiRIek7s/umvUsXN4HVg3BzRf.txt HTTP/1.1" 404 73 "-" "Mozilla/5.0 (Windows NT 10.0; Win64; x64) AppleWebKit/537.36 (KHTML, like Gecko) Chrome/84.0.4147.89 Safari/537.36" "kurtswebnotes.com"
114.119.136.14 - - [09/Oct/2022:06:19:00 -0700] "GET /wp-includes/sodium_compat/src/Core/SecretStream/ HTTP/1.1" 200 395 "https://www.kurtswebnotes.com/wp-includes/sodium_compat/src/Core/?C=M%3BO%3DA" "Mozilla/5.0 (Linux; Android 7.0;) AppleWebKit/537.36 (KHTML, like Gecko) Mobile Safari/537.36 (compatible; PetalBot;+https://webmaster.petalsearch.com/site/petalbot)" "www.kurtswebnotes.com"
51.222.253.9 - - [09/Oct/2022:06:21:06 -0700] "GET /wp-includes/sodium_compat/src/Core/Curve25519/Fe.php HTTP/1.1" 200 - "-" "Mozilla/5.0 (compatible; AhrefsBot/7.0; +http://ahrefs.com/robot/)" "www.kurtswebnotes.com"
114.119.136.144 - - [09/Oct/2022:06:24:33 -0700] "GET /wp-includes/blocks/block/?C=M%3BO%3DA HTTP/1.1" 200 373 "https://kurtswebnotes.com/wp-includes/blocks/block/?C=N%3BO%3DD" "Mozilla/5.0 (Linux; Android 7.0;) AppleWebKit/537.36 (KHTML, like Gecko) Mobile Safari/537.36 (compatible; PetalBot;+https://webmaster.petalsearch.com/site/petalbot)" "kurtswebnotes.com"
51.222.253.11 - - [09/Oct/2022:06:25:19 -0700] "GET /wp-includes/sodium_compat/namespaced/Core/Curve25519/Ge/?C=S;O=A HTTP/1.1" 200 461 "-" "Mozilla/5.0 (compatible; AhrefsBot/7.0; +http://ahrefs.com/robot/)" "www.kurtswebnotes.com"
51.222.253.17 - - [09/Oct/2022:06:29:33 -0700] "GET /wp-includes/sodium_compat/namespaced/Core/Curve25519/Ge/?C=D;O=A HTTP/1.1" 200 460 "-" "Mozilla/5.0 (compatible; AhrefsBot/7.0; +http://ahrefs.com/robot/)" "www.kurtswebnotes.com"
114.119.136.138 - - [09/Oct/2022:06:30:00 -0700] "GET /wp-includes/sodium_compat/src/Core32/Curve25519/Ge/P3.php HTTP/1.1" 200 - "https://www.kurtswebnotes.com/wp-includes/sodium_compat/src/Core32/Curve25519/Ge/?C=M%3BO%3DA" "Mozilla/5.0 (Linux; Android 7.0;) AppleWebKit/537.36 (KHTML, like Gecko) Mobile Safari/537.36 (compatible; PetalBot;+https://webmaster.petalsearch.com/site/petalbot)" "www.kurtswebnotes.com"
51.222.253.11 - - [09/Oct/2022:06:34:11 -0700] "GET /wp-includes/sodium_compat/src/Core/ChaCha20/?C=S;O=A HTTP/1.1" 200 410 "-" "Mozilla/5.0 (compatible; AhrefsBot/7.0; +http://ahrefs.com/robot/)" "kurtswebnotes.com"
114.119.136.143 - - [09/Oct/2022:06:35:29 -0700] "GET /wp-includes/sodium_compat/namespaced/Core/BLAKE2b.php HTTP/1.1" 500 - "https://kurtswebnotes.com/wp-includes/sodium_compat/namespaced/Core/?C=N%3BO%3DD" "Mozilla/5.0 (Linux; Android 7.0;) AppleWebKit/537.36 (KHTML, like Gecko) Mobile Safari/537.36 (compatible; PetalBot;+https://webmaster.petalsearch.com/site/petalbot)" "kurtswebnotes.com"
51.222.253.7 - - [09/Oct/2022:06:38:35 -0700] "GET /wp-includes/sodium_compat/namespaced/Core/Curve25519/Ge/?C=M;O=A HTTP/1.1" 200 462 "-" "Mozilla/5.0 (compatible; AhrefsBot/7.0; +http://ahrefs.com/robot/)" "www.kurtswebnotes.com"
114.119.136.141 - - [09/Oct/2022:06:41:01 -0700] "GET /wp-includes/blocks/gallery/block.json HTTP/1.1" 200 425 "https://kurtswebnotes.com/wp-includes/blocks/gallery/?C=D%3BO%3DA" "Mozilla/5.0 (Linux; Android 7.0;) AppleWebKit/537.36 (KHTML, like Gecko) Mobile Safari/537.36 (compatible; PetalBot;+https://webmaster.petalsearch.com/site/petalbot)" "kurtswebnotes.com"
51.222.253.1 - - [09/Oct/2022:06:42:34 -0700] "GET /wp-includes/blocks/video/?C=N;O=D HTTP/1.1" 200 375 "-" "Mozilla/5.0 (compatible; AhrefsBot/7.0; +http://ahrefs.com/robot/)" "kurtswebnotes.com"
114.119.136.141 - - [09/Oct/2022:06:46:33 -0700] "GET /wp-includes/sodium_compat/src/Core/Curve25519/Ge/Precomp.php HTTP/1.1" 200 - "https://www.kurtswebnotes.com/wp-includes/sodium_compat/src/Core/Curve25519/Ge/?C=N%3BO%3DD" "Mozilla/5.0 (Linux; Android 7.0;) AppleWebKit/537.36 (KHTML, like Gecko) Mobile Safari/537.36 (compatible; PetalBot;+https://webmaster.petalsearch.com/site/petalbot)" "www.kurtswebnotes.com"
51.222.253.17 - - [09/Oct/2022:06:47:04 -0700] "GET /wp-includes/blocks/paragraph/?C=N;O=A HTTP/1.1" 200 380 "-" "Mozilla/5.0 (compatible; AhrefsBot/7.0; +http://ahrefs.com/robot/)" "www.kurtswebnotes.com"
51.222.253.17 - - [09/Oct/2022:06:51:57 -0700] "GET /wp-includes/sitemaps/?C=M;O=A HTTP/1.1" 200 494 "-" "Mozilla/5.0 (compatible; AhrefsBot/7.0; +http://ahrefs.com/robot/)" "kurtswebnotes.com"
114.119.136.141 - - [09/Oct/2022:06:52:00 -0700] "GET /wp-includes/blocks/latest-comments/block.json HTTP/1.1" 200 249 "https://kurtswebnotes.com/wp-includes/blocks/latest-comments/?C=S%3BO%3DA" "Mozilla/5.0 (Linux; Android 7.0;) AppleWebKit/537.36 (KHTML, like Gecko) Mobile Safari/537.36 (compatible; PetalBot;+https://webmaster.petalsearch.com/site/petalbot)" "kurtswebnotes.com"
35.196.84.47 - - [09/Oct/2022:06:53:27 -0700] "GET /robots.txt HTTP/1.1" 200 101 "-" "ZoominfoBot (zoominfobot at zoominfo dot com)" "www.kurtswebnotes.com"
35.196.84.47 - - [09/Oct/2022:06:53:27 -0700] "GET /robots.txt HTTP/1.1" 200 101 "-" "ZoominfoBot (zoominfobot at zoominfo dot com)" "www.kurtswebnotes.com"
35.196.84.47 - - [09/Oct/2022:06:53:27 -0700] "GET / HTTP/1.1" 200 481 "-" "ZoominfoBot (zoominfobot at zoominfo dot com)" "www.kurtswebnotes.com"
51.222.253.17 - - [09/Oct/2022:06:56:38 -0700] "GET /wp-includes/sitemaps/?C=S;O=D HTTP/1.1" 200 495 "-" "Mozilla/5.0 (compatible; AhrefsBot/7.0; +http://ahrefs.com/robot/)" "kurtswebnotes.com"
114.119.136.138 - - [09/Oct/2022:06:57:31 -0700] "GET /wp-includes/sodium_compat/src/Core/Curve25519/Ge/Precomp.php HTTP/1.1" 200 - "https://kurtswebnotes.com/wp-includes/sodium_compat/src/Core/Curve25519/Ge/?C=M%3BO%3DA" "Mozilla/5.0 (Linux; Android 7.0;) AppleWebKit/537.36 (KHTML, like Gecko) Mobile Safari/537.36 (compatible; PetalBot;+https://webmaster.petalsearch.com/site/petalbot)" "kurtswebnotes.com"
51.222.253.19 - - [09/Oct/2022:07:01:03 -0700] "GET /wp-admin/css/colors/modern/ HTTP/1.1" 200 438 "-" "Mozilla/5.0 (compatible; AhrefsBot/7.0; +http://ahrefs.com/robot/)" "kurtswebnotes.com"
51.222.253.7 - - [09/Oct/2022:07:05:09 -0700] "GET /robots.txt HTTP/1.1" 200 101 "-" "Mozilla/5.0 (compatible; AhrefsBot/7.0; +http://ahrefs.com/robot/)" "www.kurtswebnotes.com"
51.222.253.6 - - [09/Oct/2022:07:05:10 -0700] "GET /wp-includes/sodium_compat/namespaced/?C=N;O=D HTTP/1.1" 200 439 "-" "Mozilla/5.0 (compatible; AhrefsBot/7.0; +http://ahrefs.com/robot/)" "www.kurtswebnotes.com"
51.222.253.12 - - [09/Oct/2022:07:09:15 -0700] "GET /wp-includes/blocks/rss/?C=D;O=A HTTP/1.1" 200 374 "-" "Mozilla/5.0 (compatible; AhrefsBot/7.0; +http://ahrefs.com/robot/)" "kurtswebnotes.com"
51.222.253.15 - - [09/Oct/2022:07:13:02 -0700] "GET /wp-includes/sodium_compat/namespaced/Core/Curve25519/Ge/?C=D;O=A HTTP/1.1" 200 460 "-" "Mozilla/5.0 (compatible; AhrefsBot/7.0; +http://ahrefs.com/robot/)" "kurtswebnotes.com"
51.222.253.2 - - [09/Oct/2022:07:17:06 -0700] "GET /wp-includes/sodium_compat/src/Core32/Curve25519/Ge/?C=M;O=A HTTP/1.1" 200 459 "-" "Mozilla/5.0 (compatible; AhrefsBot/7.0; +http://ahrefs.com/robot/)" "kurtswebnotes.com"
51.222.253.4 - - [09/Oct/2022:07:21:35 -0700] "GET /wp-includes/blocks/rss/?C=M;O=A HTTP/1.1" 200 374 "-" "Mozilla/5.0 (compatible; AhrefsBot/7.0; +http://ahrefs.com/robot/)" "kurtswebnotes.com"
51.222.253.4 - - [09/Oct/2022:07:26:16 -0700] "GET /wp-includes/blocks/group/?C=D;O=A HTTP/1.1" 200 377 "-" "Mozilla/5.0 (compatible; AhrefsBot/7.0; +http://ahrefs.com/robot/)" "kurtswebnotes.com"
51.222.253.16 - - [09/Oct/2022:07:30:15 -0700] "GET /wp-includes/blocks/categories/ HTTP/1.1" 200 379 "-" "Mozilla/5.0 (compatible; AhrefsBot/7.0; +http://ahrefs.com/robot/)" "kurtswebnotes.com"
51.222.253.15 - - [09/Oct/2022:07:34:24 -0700] "GET /wp-includes/sodium_compat/src/Core32/ChaCha20/?C=N;O=A HTTP/1.1" 200 415 "-" "Mozilla/5.0 (compatible; AhrefsBot/7.0; +http://ahrefs.com/robot/)" "kurtswebnotes.com"
51.222.253.10 - - [09/Oct/2022:07:38:27 -0700] "GET /wp-includes/sodium_compat/?C=N;O=D HTTP/1.1" 200 488 "-" "Mozilla/5.0 (compatible; AhrefsBot/7.0; +http://ahrefs.com/robot/)" "kurtswebnotes.com"
51.222.253.13 - - [09/Oct/2022:07:46:36 -0700] "GET /wp-includes/sodium_compat/src/Core32/Curve25519/?C=D;O=A HTTP/1.1" 200 435 "-" "Mozilla/5.0 (compatible; AhrefsBot/7.0; +http://ahrefs.com/robot/)" "kurtswebnotes.com"
51.222.253.7 - - [09/Oct/2022:07:55:28 -0700] "GET /wp-includes/css/ HTTP/1.1" 200 359 "-" "Mozilla/5.0 (compatible; AhrefsBot/7.0; +http://ahrefs.com/robot/)" "www.kurtswebnotes.com"
51.222.253.20 - - [09/Oct/2022:08:04:51 -0700] "GET /wp-includes/blocks/rss/?C=N;O=A HTTP/1.1" 200 374 "-" "Mozilla/5.0 (compatible; AhrefsBot/7.0; +http://ahrefs.com/robot/)" "kurtswebnotes.com"
77.88.5.134 - - [09/Oct/2022:08:06:57 -0700] "GET /robots.txt HTTP/1.1" 200 111 "-" "Mozilla/5.0 (compatible; YandexBot/3.0; +http://yandex.com/bots)" "www.kurtswebnotes.com"
77.88.5.168 - - [09/Oct/2022:08:07:01 -0700] "GET /wp-includes/blocks/preformatted/ HTTP/1.1" 200 382 "-" "Mozilla/5.0 (compatible; YandexBot/3.0; +http://yandex.com/bots)" "www.kurtswebnotes.com"
51.222.253.19 - - [09/Oct/2022:08:13:50 -0700] "GET /wp-includes/css/?C=N;O=D HTTP/1.1" 200 357 "-" "Mozilla/5.0 (compatible; AhrefsBot/7.0; +http://ahrefs.com/robot/)" "www.kurtswebnotes.com"
2.57.122.75 - - [09/Oct/2022:08:20:29 -0700] "GET /wp-content/wp-file-conficg.php HTTP/1.1" 404 88 "-" "Mozilla/5.0 (Windows; U; Windows NT 6.1; en-US; rv:1.9.1.5) Gecko/20091102 Firefox/3.5.5 (.NET CLR 3.5.30729)" "kurtswebnotes.com"
2.57.122.75 - - [09/Oct/2022:08:20:30 -0700] "GET /wp-content/wp-files-conficg.php HTTP/1.1" 404 88 "-" "Mozilla/5.0 (Windows; U; Windows NT 6.1; en-US; rv:1.9.1.5) Gecko/20091102 Firefox/3.5.5 (.NET CLR 3.5.30729)" "kurtswebnotes.com"
2.57.122.75 - - [09/Oct/2022:08:20:31 -0700] "GET /wp-content/wp-config-example.php HTTP/1.1" 404 88 "-" "Mozilla/5.0 (Windows; U; Windows NT 6.1; en-US; rv:1.9.1.5) Gecko/20091102 Firefox/3.5.5 (.NET CLR 3.5.30729)" "kurtswebnotes.com"
2.57.122.75 - - [09/Oct/2022:08:20:31 -0700] "GET /wp-content/wp-file-config-examples.php HTTP/1.1" 404 88 "-" "Mozilla/5.0 (Windows; U; Windows NT 6.1; en-US; rv:1.9.1.5) Gecko/20091102 Firefox/3.5.5 (.NET CLR 3.5.30729)" "kurtswebnotes.com"
2.57.122.75 - - [09/Oct/2022:08:20:32 -0700] "GET /wp-content/wp-include-map.php HTTP/1.1" 404 88 "-" "Mozilla/5.0 (Windows; U; Windows NT 6.1; en-US; rv:1.9.1.5) Gecko/20091102 Firefox/3.5.5 (.NET CLR 3.5.30729)" "kurtswebnotes.com"
2.57.122.75 - - [09/Oct/2022:08:20:33 -0700] "GET /wp-content/wordpress-index-keyword.php HTTP/1.1" 404 88 "-" "Mozilla/5.0 (Windows; U; Windows NT 6.1; en-US; rv:1.9.1.5) Gecko/20091102 Firefox/3.5.5 (.NET CLR 3.5.30729)" "kurtswebnotes.com"
51.222.253.19 - - [09/Oct/2022:08:23:56 -0700] "GET /robots.txt HTTP/1.1" 200 101 "-" "Mozilla/5.0 (compatible; AhrefsBot/7.0; +http://ahrefs.com/robot/)" "kurtswebnotes.com"
51.222.253.8 - - [09/Oct/2022:08:23:57 -0700] "GET /wp-includes/sodium_compat/lib/?C=N;O=D HTTP/1.1" 200 455 "-" "Mozilla/5.0 (compatible; AhrefsBot/7.0; +http://ahrefs.com/robot/)" "kurtswebnotes.com"
51.222.253.8 - - [09/Oct/2022:08:32:46 -0700] "GET /wp-includes/sodium_compat/src/Core32/?C=D;O=A HTTP/1.1" 200 669 "-" "Mozilla/5.0 (compatible; AhrefsBot/7.0; +http://ahrefs.com/robot/)" "www.kurtswebnotes.com"
51.222.253.4 - - [09/Oct/2022:08:41:57 -0700] "GET /wp-includes/sodium_compat/src/Core/Curve25519/Fe.php HTTP/1.1" 200 - "-" "Mozilla/5.0 (compatible; AhrefsBot/7.0; +http://ahrefs.com/robot/)" "kurtswebnotes.com"
51.222.253.1 - - [09/Oct/2022:08:52:00 -0700] "GET /wp-includes/sodium_compat/src/Core32/?C=S;O=A HTTP/1.1" 200 656 "-" "Mozilla/5.0 (compatible; AhrefsBot/7.0; +http://ahrefs.com/robot/)" "www.kurtswebnotes.com"
51.222.253.3 - - [09/Oct/2022:09:00:52 -0700] "GET /wp-includes/blocks/latest-posts/ HTTP/1.1" 200 381 "-" "Mozilla/5.0 (compatible; AhrefsBot/7.0; +http://ahrefs.com/robot/)" "kurtswebnotes.com"
51.222.253.13 - - [09/Oct/2022:09:10:19 -0700] "GET /wp-includes/sodium_compat/src/Core32/?C=M;O=A HTTP/1.1" 200 651 "-" "Mozilla/5.0 (compatible; AhrefsBot/7.0; +http://ahrefs.com/robot/)" "www.kurtswebnotes.com"
185.174.159.41 - - [09/Oct/2022:09:11:42 -0700] "GET / HTTP/1.1" 200 1458 "https://kurtswebnotes.com/" "Mozilla/5.0 (Windows NT 10.0; Win64; x64) AppleWebKit/537.36 (KHTML, like Gecko) Chrome/90.0.4430.85 Safari/537.36" "kurtswebnotes.com"
51.222.253.16 - - [09/Oct/2022:09:15:49 -0700] "GET /wp-includes/sodium_compat/src/Core/ChaCha20/?C=D;O=A HTTP/1.1" 200 412 "-" "Mozilla/5.0 (compatible; AhrefsBot/7.0; +http://ahrefs.com/robot/)" "kurtswebnotes.com"
93.158.161.73 - - [09/Oct/2022:09:19:31 -0700] "GET /wp-includes/blocks/subhead/?C=N;O=A HTTP/1.1" 200 377 "-" "Mozilla/5.0 (compatible; YandexBot/3.0; +http://yandex.com/bots)" "www.kurtswebnotes.com"
51.222.253.17 - - [09/Oct/2022:09:21:40 -0700] "GET /wp-includes/sodium_compat/src/Core/?C=D;O=A HTTP/1.1" 200 645 "-" "Mozilla/5.0 (compatible; AhrefsBot/7.0; +http://ahrefs.com/robot/)" "www.kurtswebnotes.com"
51.222.253.7 - - [09/Oct/2022:09:26:44 -0700] "GET /wp-includes/sodium_compat/src/Core/ChaCha20/?C=M;O=A HTTP/1.1" 200 411 "-" "Mozilla/5.0 (compatible; AhrefsBot/7.0; +http://ahrefs.com/robot/)" "kurtswebnotes.com"
51.222.253.4 - - [09/Oct/2022:09:31:44 -0700] "GET /wp-includes/blocks/quote/?C=D;O=D HTTP/1.1" 200 375 "-" "Mozilla/5.0 (compatible; AhrefsBot/7.0; +http://ahrefs.com/robot/)" "kurtswebnotes.com"
18.224.85.64 - - [09/Oct/2022:09:33:26 -0700] "GET /wp-login.php HTTP/1.1" 404 88 "http://kurtswebnotes.com/wp-login.php" "Mozilla/5.0 (Windows NT 10.0; Win64; x64; rv:96.0) Gecko/20100101 Firefox/96" "kurtswebnotes.com"
51.222.253.7 - - [09/Oct/2022:09:36:32 -0700] "GET /wp-admin/?C=N;O=A HTTP/1.1" 200 351 "-" "Mozilla/5.0 (compatible; AhrefsBot/7.0; +http://ahrefs.com/robot/)" "www.kurtswebnotes.com"
51.222.253.5 - - [09/Oct/2022:09:41:44 -0700] "GET /wp-content/?C=D;O=D HTTP/1.1" 200 352 "-" "Mozilla/5.0 (compatible; AhrefsBot/7.0; +http://ahrefs.com/robot/)" "www.kurtswebnotes.com"
51.222.253.12 - - [09/Oct/2022:09:51:10 -0700] "GET /wp-includes/sodium_compat/src/Core/Poly1305/?C=M;O=A HTTP/1.1" 200 396 "-" "Mozilla/5.0 (compatible; AhrefsBot/7.0; +http://ahrefs.com/robot/)" "www.kurtswebnotes.com"
51.222.253.4 - - [09/Oct/2022:10:00:24 -0700] "GET /wp-includes/blocks/archives/?C=M;O=D HTTP/1.1" 200 376 "-" "Mozilla/5.0 (compatible; AhrefsBot/7.0; +http://ahrefs.com/robot/)" "www.kurtswebnotes.com"
51.222.253.5 - - [09/Oct/2022:10:19:02 -0700] "GET /wp-includes/blocks/block/?C=D;O=A HTTP/1.1" 200 373 "-" "Mozilla/5.0 (compatible; AhrefsBot/7.0; +http://ahrefs.com/robot/)" "kurtswebnotes.com"
51.222.253.7 - - [09/Oct/2022:10:28:12 -0700] "GET /wp-includes/blocks/block/?C=M;O=A HTTP/1.1" 200 373 "-" "Mozilla/5.0 (compatible; AhrefsBot/7.0; +http://ahrefs.com/robot/)" "kurtswebnotes.com"
51.222.253.17 - - [09/Oct/2022:10:38:09 -0700] "GET /wp-includes/sodium_compat/src/Core/Poly1305/?C=D;O=A HTTP/1.1" 200 396 "-" "Mozilla/5.0 (compatible; AhrefsBot/7.0; +http://ahrefs.com/robot/)" "www.kurtswebnotes.com"
185.174.159.245 - - [09/Oct/2022:10:39:28 -0700] "GET / HTTP/1.1" 200 1458 "https://kurtswebnotes.com/" "Mozilla/5.0 (Windows NT 10.0; WOW64) AppleWebKit/537.36 (KHTML, like Gecko) Chrome/90.0.4430.93 Safari/537.36" "kurtswebnotes.com"
114.119.136.14 - - [09/Oct/2022:10:43:54 -0700] "GET /wp-includes/blocks/columns/?C=M%3BO%3DA HTTP/1.1" 200 377 "https://kurtswebnotes.com/wp-includes/blocks/columns/?C=N%3BO%3DD" "Mozilla/5.0 (Linux; Android 7.0;) AppleWebKit/537.36 (KHTML, like Gecko) Mobile Safari/537.36 (compatible; PetalBot;+https://webmaster.petalsearch.com/site/petalbot)" "kurtswebnotes.com"
51.222.253.13 - - [09/Oct/2022:10:46:23 -0700] "GET /wp-includes/blocks/block/?C=S;O=A HTTP/1.1" 200 373 "-" "Mozilla/5.0 (compatible; AhrefsBot/7.0; +http://ahrefs.com/robot/)" "kurtswebnotes.com"
114.119.136.143 - - [09/Oct/2022:10:49:16 -0700] "GET /wp-includes/blocks/latest-comments/?C=S%3BO%3DA HTTP/1.1" 200 383 "https://www.kurtswebnotes.com/wp-includes/blocks/latest-comments/?C=N%3BO%3DD" "Mozilla/5.0 (Linux; Android 7.0;) AppleWebKit/537.36 (KHTML, like Gecko) Mobile Safari/537.36 (compatible; PetalBot;+https://webmaster.petalsearch.com/site/petalbot)" "www.kurtswebnotes.com"
114.119.136.144 - - [09/Oct/2022:10:54:44 -0700] "GET /wp-includes/sitemaps/providers/class-wp-sitemaps-taxonomies.php HTTP/1.1" 500 - "https://kurtswebnotes.com/wp-includes/sitemaps/providers/?C=M%3BO%3DA" "Mozilla/5.0 (Linux; Android 7.0;) AppleWebKit/537.36 (KHTML, like Gecko) Mobile Safari/537.36 (compatible; PetalBot;+https://webmaster.petalsearch.com/site/petalbot)" "kurtswebnotes.com"
51.222.253.8 - - [09/Oct/2022:10:55:28 -0700] "GET /wp-includes/blocks/archives/?C=D;O=A HTTP/1.1" 200 378 "-" "Mozilla/5.0 (compatible; AhrefsBot/7.0; +http://ahrefs.com/robot/)" "www.kurtswebnotes.com"
114.119.136.141 - - [09/Oct/2022:11:00:08 -0700] "GET /robots.txt HTTP/1.1" 200 101 "https://kurtswebnotes.com?C=D%3BO%3DA" "Mozilla/5.0 (Linux; Android 7.0;) AppleWebKit/537.36 (KHTML, like Gecko) Mobile Safari/537.36 (compatible; PetalBot;+https://webmaster.petalsearch.com/site/petalbot)" "kurtswebnotes.com"
51.222.253.6 - - [09/Oct/2022:11:04:15 -0700] "GET /wp-includes/sitemaps/?C=M;O=D HTTP/1.1" 200 495 "-" "Mozilla/5.0 (compatible; AhrefsBot/7.0; +http://ahrefs.com/robot/)" "www.kurtswebnotes.com"
114.119.136.14 - - [09/Oct/2022:11:05:45 -0700] "GET /wp-includes/blocks/audio/?C=M%3BO%3DA HTTP/1.1" 200 377 "https://kurtswebnotes.com/wp-includes/blocks/audio/" "Mozilla/5.0 (Linux; Android 7.0;) AppleWebKit/537.36 (KHTML, like Gecko) Mobile Safari/537.36 (compatible; PetalBot;+https://webmaster.petalsearch.com/site/petalbot)" "kurtswebnotes.com"
77.88.5.220 - - [09/Oct/2022:11:08:48 -0700] "GET /robots.txt HTTP/1.1" 200 111 "-" "Mozilla/5.0 (compatible; YandexBot/3.0; +http://yandex.com/bots)" "www.kurtswebnotes.com"
77.88.5.50 - - [09/Oct/2022:11:08:52 -0700] "GET /wp-includes/blocks/shortcode/?C=D;O=D HTTP/1.1" 200 376 "-" "Mozilla/5.0 (compatible; YandexBot/3.0; +http://yandex.com/bots)" "www.kurtswebnotes.com"
114.119.136.14 - - [09/Oct/2022:11:11:28 -0700] "GET /wp-includes/sodium_compat/src/Core/Curve25519/Ge/?C=S%3BO%3DA HTTP/1.1" 200 457 "https://kurtswebnotes.com/wp-includes/sodium_compat/src/Core/Curve25519/Ge/?C=N%3BO%3DD" "Mozilla/5.0 (Linux; Android 7.0;) AppleWebKit/537.36 (KHTML, like Gecko) Mobile Safari/537.36 (compatible; PetalBot;+https://webmaster.petalsearch.com/site/petalbot)" "kurtswebnotes.com"
51.222.253.17 - - [09/Oct/2022:11:13:00 -0700] "GET /wp-includes/blocks/block/?C=N;O=A HTTP/1.1" 200 373 "-" "Mozilla/5.0 (compatible; AhrefsBot/7.0; +http://ahrefs.com/robot/)" "kurtswebnotes.com"
51.222.253.20 - - [09/Oct/2022:11:16:59 -0700] "GET /wp-includes/sodium_compat/src/Core32/ChaCha20/ HTTP/1.1" 200 415 "-" "Mozilla/5.0 (compatible; AhrefsBot/7.0; +http://ahrefs.com/robot/)" "www.kurtswebnotes.com"
51.222.253.14 - - [09/Oct/2022:11:21:29 -0700] "GET /wp-includes/sodium_compat/src/Core32/?C=N;O=D HTTP/1.1" 200 663 "-" "Mozilla/5.0 (compatible; AhrefsBot/7.0; +http://ahrefs.com/robot/)" "kurtswebnotes.com"
51.222.253.20 - - [09/Oct/2022:11:25:35 -0700] "GET /wp-includes/sitemaps/?C=D;O=D HTTP/1.1" 200 491 "-" "Mozilla/5.0 (compatible; AhrefsBot/7.0; +http://ahrefs.com/robot/)" "www.kurtswebnotes.com"
51.222.253.6 - - [09/Oct/2022:11:29:21 -0700] "GET /wp-includes/blocks/rss/?C=N;O=D HTTP/1.1" 200 372 "-" "Mozilla/5.0 (compatible; AhrefsBot/7.0; +http://ahrefs.com/robot/)" "kurtswebnotes.com"
51.222.253.5 - - [09/Oct/2022:11:33:12 -0700] "GET /wp-includes/blocks/block/?C=M;O=A HTTP/1.1" 200 373 "-" "Mozilla/5.0 (compatible; AhrefsBot/7.0; +http://ahrefs.com/robot/)" "www.kurtswebnotes.com"
114.119.136.144 - - [09/Oct/2022:11:34:54 -0700] "GET /wp-includes/block-supports/generated-classname.php HTTP/1.1" 500 - "https://kurtswebnotes.com/wp-includes/block-supports/?C=S%3BO%3DA" "Mozilla/5.0 (Linux; Android 7.0;) AppleWebKit/537.36 (KHTML, like Gecko) Mobile Safari/537.36 (compatible; PetalBot;+https://webmaster.petalsearch.com/site/petalbot)" "kurtswebnotes.com"
51.222.253.20 - - [09/Oct/2022:11:36:49 -0700] "GET /wp-includes/sodium_compat/namespaced/Core/Curve25519/Ge/?C=M;O=A HTTP/1.1" 200 462 "-" "Mozilla/5.0 (compatible; AhrefsBot/7.0; +http://ahrefs.com/robot/)" "kurtswebnotes.com"
77.88.5.50 - - [09/Oct/2022:11:38:23 -0700] "GET /wp-includes/blocks/shortcode/?C=N;O=A HTTP/1.1" 200 379 "-" "Mozilla/5.0 (compatible; YandexBot/3.0; +http://yandex.com/bots)" "www.kurtswebnotes.com"
114.119.136.143 - - [09/Oct/2022:11:40:17 -0700] "GET /wp-includes/css/dist/?C=N%3BO%3DD HTTP/1.1" 200 382 "https://www.kurtswebnotes.com/wp-includes/css/dist/" "Mozilla/5.0 (Linux; Android 7.0;) AppleWebKit/537.36 (KHTML, like Gecko) Mobile Safari/537.36 (compatible; PetalBot;+https://webmaster.petalsearch.com/site/petalbot)" "www.kurtswebnotes.com"
51.222.253.16 - - [09/Oct/2022:11:40:43 -0700] "GET /wp-includes/sodium_compat/lib/?C=D;O=A HTTP/1.1" 200 460 "-" "Mozilla/5.0 (compatible; AhrefsBot/7.0; +http://ahrefs.com/robot/)" "kurtswebnotes.com"
51.222.253.2 - - [09/Oct/2022:11:44:21 -0700] "GET /wp-includes/blocks/block/?C=D;O=A HTTP/1.1" 200 373 "-" "Mozilla/5.0 (compatible; AhrefsBot/7.0; +http://ahrefs.com/robot/)" "www.kurtswebnotes.com"
114.119.136.144 - - [09/Oct/2022:11:45:48 -0700] "GET /wp-includes/blocks/tag-cloud/block.json HTTP/1.1" 200 213 "https://kurtswebnotes.com/wp-includes/blocks/tag-cloud/?C=N%3BO%3DD" "Mozilla/5.0 (Linux; Android 7.0;) AppleWebKit/537.36 (KHTML, like Gecko) Mobile Safari/537.36 (compatible; PetalBot;+https://webmaster.petalsearch.com/site/petalbot)" "kurtswebnotes.com"
51.222.253.16 - - [09/Oct/2022:11:47:59 -0700] "GET /wp-includes/sitemaps/providers/ HTTP/1.1" 200 435 "-" "Mozilla/5.0 (compatible; AhrefsBot/7.0; +http://ahrefs.com/robot/)" "www.kurtswebnotes.com"
114.119.136.144 - - [09/Oct/2022:11:51:20 -0700] "GET /wp-includes/blocks/pullquote/block.json HTTP/1.1" 200 278 "https://www.kurtswebnotes.com/wp-includes/blocks/pullquote/?C=D%3BO%3DA" "Mozilla/5.0 (Linux; Android 7.0;) AppleWebKit/537.36 (KHTML, like Gecko) Mobile Safari/537.36 (compatible; PetalBot;+https://webmaster.petalsearch.com/site/petalbot)" "www.kurtswebnotes.com"
51.222.253.1 - - [09/Oct/2022:11:51:54 -0700] "GET /wp-includes/sitemaps/providers/?C=D;O=D HTTP/1.1" 200 433 "-" "Mozilla/5.0 (compatible; AhrefsBot/7.0; +http://ahrefs.com/robot/)" "kurtswebnotes.com"
51.222.253.16 - - [09/Oct/2022:11:55:45 -0700] "GET /wp-includes/sodium_compat/lib/?C=M;O=A HTTP/1.1" 200 458 "-" "Mozilla/5.0 (compatible; AhrefsBot/7.0; +http://ahrefs.com/robot/)" "kurtswebnotes.com"
114.119.136.141 - - [09/Oct/2022:11:56:54 -0700] "GET /wp-includes/sodium_compat/src/Core/Curve25519/Ge/ HTTP/1.1" 200 457 "https://kurtswebnotes.com/wp-includes/sodium_compat/src/Core/Curve25519/" "Mozilla/5.0 (Linux; Android 7.0;) AppleWebKit/537.36 (KHTML, like Gecko) Mobile Safari/537.36 (compatible; PetalBot;+https://webmaster.petalsearch.com/site/petalbot)" "kurtswebnotes.com"
114.119.136.14 - - [09/Oct/2022:12:02:32 -0700] "GET /wp-includes/blocks/quote/?C=M%3BO%3DA HTTP/1.1" 200 378 "https://kurtswebnotes.com/wp-includes/blocks/quote/?C=D%3BO%3DA" "Mozilla/5.0 (Linux; Android 7.0;) AppleWebKit/537.36 (KHTML, like Gecko) Mobile Safari/537.36 (compatible; PetalBot;+https://webmaster.petalsearch.com/site/petalbot)" "kurtswebnotes.com"
51.222.253.18 - - [09/Oct/2022:12:03:53 -0700] "GET /wp-includes/blocks/shortcode/?C=S;O=A HTTP/1.1" 200 379 "-" "Mozilla/5.0 (compatible; AhrefsBot/7.0; +http://ahrefs.com/robot/)" "www.kurtswebnotes.com"
114.119.136.141 - - [09/Oct/2022:12:07:55 -0700] "GET /wp-includes/blocks/audio/block.json HTTP/1.1" 200 265 "https://kurtswebnotes.com/wp-includes/blocks/audio/" "Mozilla/5.0 (Linux; Android 7.0;) AppleWebKit/537.36 (KHTML, like Gecko) Mobile Safari/537.36 (compatible; PetalBot;+https://webmaster.petalsearch.com/site/petalbot)" "kurtswebnotes.com"
51.222.253.11 - - [09/Oct/2022:12:11:30 -0700] "GET /wp-includes/blocks/shortcode/?C=M;O=A HTTP/1.1" 200 379 "-" "Mozilla/5.0 (compatible; AhrefsBot/7.0; +http://ahrefs.com/robot/)" "www.kurtswebnotes.com"
114.119.136.144 - - [09/Oct/2022:12:13:19 -0700] "GET /wp-includes/css/dist/block-directory/?C=S%3BO%3DA HTTP/1.1" 200 421 "https://www.kurtswebnotes.com/wp-includes/css/dist/block-directory/?C=D%3BO%3DA" "Mozilla/5.0 (Linux; Android 7.0;) AppleWebKit/537.36 (KHTML, like Gecko) Mobile Safari/537.36 (compatible; PetalBot;+https://webmaster.petalsearch.com/site/petalbot)" "www.kurtswebnotes.com"
114.119.136.143 - - [09/Oct/2022:12:19:00 -0700] "GET /wp-includes/blocks/calendar/block.json HTTP/1.1" 200 161 "https://www.kurtswebnotes.com/wp-includes/blocks/calendar/?C=S%3BO%3DA" "Mozilla/5.0 (Linux; Android 7.0;) AppleWebKit/537.36 (KHTML, like Gecko) Mobile Safari/537.36 (compatible; PetalBot;+https://webmaster.petalsearch.com/site/petalbot)" "www.kurtswebnotes.com"
51.222.253.6 - - [09/Oct/2022:12:19:06 -0700] "GET /wp-includes/sitemaps/providers/?C=D;O=A HTTP/1.1" 200 435 "-" "Mozilla/5.0 (compatible; AhrefsBot/7.0; +http://ahrefs.com/robot/)" "www.kurtswebnotes.com"
114.119.136.144 - - [09/Oct/2022:12:24:42 -0700] "GET /wp-includes/blocks/text-columns/?C=D%3BO%3DA HTTP/1.1" 200 382 "https://kurtswebnotes.com/wp-includes/blocks/text-columns/" "Mozilla/5.0 (Linux; Android 7.0;) AppleWebKit/537.36 (KHTML, like Gecko) Mobile Safari/537.36 (compatible; PetalBot;+https://webmaster.petalsearch.com/site/petalbot)" "kurtswebnotes.com"
51.222.253.8 - - [09/Oct/2022:12:26:46 -0700] "GET /wp-includes/sitemaps/class-wp-sitemaps-index.php HTTP/1.1" 200 - "-" "Mozilla/5.0 (compatible; AhrefsBot/7.0; +http://ahrefs.com/robot/)" "www.kurtswebnotes.com"
114.119.136.14 - - [09/Oct/2022:12:30:07 -0700] "GET /wp-includes/sodium_compat/src/Core32/Curve25519/Ge/?C=S%3BO%3DA HTTP/1.1" 200 459 "https://kurtswebnotes.com/wp-includes/sodium_compat/src/Core32/Curve25519/Ge/" "Mozilla/5.0 (Linux; Android 7.0;) AppleWebKit/537.36 (KHTML, like Gecko) Mobile Safari/537.36 (compatible; PetalBot;+https://webmaster.petalsearch.com/site/petalbot)" "kurtswebnotes.com"
51.222.253.7 - - [09/Oct/2022:12:34:19 -0700] "GET /wp-includes/sitemaps/class-wp-sitemaps-renderer.php HTTP/1.1" 200 - "-" "Mozilla/5.0 (compatible; AhrefsBot/7.0; +http://ahrefs.com/robot/)" "www.kurtswebnotes.com"
114.119.136.141 - - [09/Oct/2022:12:35:29 -0700] "GET /wp-includes/block-patterns/quote.php HTTP/1.1" 500 - "https://www.kurtswebnotes.com/wp-includes/block-patterns/" "Mozilla/5.0 (Linux; Android 7.0;) AppleWebKit/537.36 (KHTML, like Gecko) Mobile Safari/537.36 (compatible; PetalBot;+https://webmaster.petalsearch.com/site/petalbot)" "www.kurtswebnotes.com"
77.88.5.39 - - [09/Oct/2022:12:38:48 -0700] "GET /wp-includes/blocks/group/?C=D;O=A HTTP/1.1" 200 377 "-" "Mozilla/5.0 (compatible; YandexBot/3.0; +http://yandex.com/bots)" "www.kurtswebnotes.com"
176.48.103.239 - - [09/Oct/2022:12:40:23 -0700] "GET /blog/2016/01/13/my-first-instagram-image/ HTTP/1.1" 404 73 "https://kurtswebnotes.com/blog/2016/01/13/my-first-instagram-image/" "Mozilla/5.0 (Windows NT 6.3; Win64; x64) AppleWebKit/537.36 (KHTML, like Gecko) Chrome/90.0.4430.85 Safari/537.36" "kurtswebnotes.com"
176.48.103.239 - - [09/Oct/2022:12:40:24 -0700] "GET / HTTP/1.1" 200 1458 "https://kurtswebnotes.com/" "Mozilla/5.0 (Windows NT 6.3; Win64; x64) AppleWebKit/537.36 (KHTML, like Gecko) Chrome/90.0.4430.85 Safari/537.36" "kurtswebnotes.com"
114.119.136.143 - - [09/Oct/2022:12:40:50 -0700] "GET /wp-content/themes/?C=D%3BO%3DA HTTP/1.1" 200 375 "https://kurtswebnotes.com/wp-content/themes/?C=M%3BO%3DA" "Mozilla/5.0 (Linux; Android 7.0;) AppleWebKit/537.36 (KHTML, like Gecko) Mobile Safari/537.36 (compatible; PetalBot;+https://webmaster.petalsearch.com/site/petalbot)" "kurtswebnotes.com"
51.222.253.18 - - [09/Oct/2022:12:42:13 -0700] "GET /wp-includes/blocks/block/?C=S;O=A HTTP/1.1" 200 373 "-" "Mozilla/5.0 (compatible; AhrefsBot/7.0; +http://ahrefs.com/robot/)" "www.kurtswebnotes.com"
114.119.136.143 - - [09/Oct/2022:12:46:15 -0700] "GET /wp-includes/css/?C=D%3BO%3DA HTTP/1.1" 200 359 "https://www.kurtswebnotes.com/wp-includes/css/?C=S%3BO%3DA" "Mozilla/5.0 (Linux; Android 7.0;) AppleWebKit/537.36 (KHTML, like Gecko) Mobile Safari/537.36 (compatible; PetalBot;+https://webmaster.petalsearch.com/site/petalbot)" "www.kurtswebnotes.com"
51.222.253.10 - - [09/Oct/2022:12:49:10 -0700] "GET /wp-includes/blocks/shortcode/?C=D;O=A HTTP/1.1" 200 379 "-" "Mozilla/5.0 (compatible; AhrefsBot/7.0; +http://ahrefs.com/robot/)" "www.kurtswebnotes.com"
114.119.136.141 - - [09/Oct/2022:12:51:45 -0700] "GET /wp-includes/sodium_compat/src/Core/Base64/?C=D%3BO%3DA HTTP/1.1" 200 431 "https://kurtswebnotes.com/wp-includes/sodium_compat/src/Core/Base64/" "Mozilla/5.0 (Linux; Android 7.0;) AppleWebKit/537.36 (KHTML, like Gecko) Mobile Safari/537.36 (compatible; PetalBot;+https://webmaster.petalsearch.com/site/petalbot)" "kurtswebnotes.com"
51.222.253.14 - - [09/Oct/2022:12:56:15 -0700] "GET /wp-includes/sodium_compat/src/Core32/Curve25519/Ge/?C=N;O=D HTTP/1.1" 200 453 "-" "Mozilla/5.0 (compatible; AhrefsBot/7.0; +http://ahrefs.com/robot/)" "kurtswebnotes.com"
114.119.136.144 - - [09/Oct/2022:12:57:18 -0700] "GET /wp-includes/sodium_compat/lib/sodium_compat.php HTTP/1.1" 200 - "https://www.kurtswebnotes.com/wp-includes/sodium_compat/lib/?C=M%3BO%3DA" "Mozilla/5.0 (Linux; Android 7.0;) AppleWebKit/537.36 (KHTML, like Gecko) Mobile Safari/537.36 (compatible; PetalBot;+https://webmaster.petalsearch.com/site/petalbot)" "www.kurtswebnotes.com"
114.119.136.143 - - [09/Oct/2022:13:02:55 -0700] "GET /wp-includes/sodium_compat/src/Core32/Poly1305.php HTTP/1.1" 500 - "https://kurtswebnotes.com/wp-includes/sodium_compat/src/Core32/?C=S%3BO%3DA" "Mozilla/5.0 (Linux; Android 7.0;) AppleWebKit/537.36 (KHTML, like Gecko) Mobile Safari/537.36 (compatible; PetalBot;+https://webmaster.petalsearch.com/site/petalbot)" "kurtswebnotes.com"
51.222.253.18 - - [09/Oct/2022:13:03:51 -0700] "GET /wp-includes/blocks/freeform/ HTTP/1.1" 200 377 "-" "Mozilla/5.0 (compatible; AhrefsBot/7.0; +http://ahrefs.com/robot/)" "kurtswebnotes.com"
114.119.136.141 - - [09/Oct/2022:13:08:34 -0700] "GET /wp-includes/sodium_compat/src/Core32/Curve25519/Ge/P1p1.php HTTP/1.1" 200 - "https://www.kurtswebnotes.com/wp-includes/sodium_compat/src/Core32/Curve25519/Ge/?C=M%3BO%3DA" "Mozilla/5.0 (Linux; Android 7.0;) AppleWebKit/537.36 (KHTML, like Gecko) Mobile Safari/537.36 (compatible; PetalBot;+https://webmaster.petalsearch.com/site/petalbot)" "www.kurtswebnotes.com"
51.222.253.20 - - [09/Oct/2022:13:11:46 -0700] "GET /wp-includes/sodium_compat/src/Core32/ChaCha20/?C=D;O=A HTTP/1.1" 200 415 "-" "Mozilla/5.0 (compatible; AhrefsBot/7.0; +http://ahrefs.com/robot/)" "www.kurtswebnotes.com"
114.119.136.141 - - [09/Oct/2022:13:14:06 -0700] "GET /wp-includes/blocks/list/block.json HTTP/1.1" 200 333 "https://www.kurtswebnotes.com/wp-includes/blocks/list/?C=S%3BO%3DA" "Mozilla/5.0 (Linux; Android 7.0;) AppleWebKit/537.36 (KHTML, like Gecko) Mobile Safari/537.36 (compatible; PetalBot;+https://webmaster.petalsearch.com/site/petalbot)" "www.kurtswebnotes.com"
51.222.253.20 - - [09/Oct/2022:13:16:02 -0700] "GET /wp-includes/css/dist/block-directory/?C=S;O=D HTTP/1.1" 200 421 "-" "Mozilla/5.0 (compatible; AhrefsBot/7.0; +http://ahrefs.com/robot/)" "kurtswebnotes.com"
114.119.136.144 - - [09/Oct/2022:13:19:32 -0700] "GET /wp-includes/blocks/preformatted/ HTTP/1.1" 200 382 "https://www.kurtswebnotes.com/wp-includes/blocks/" "Mozilla/5.0 (Linux; Android 7.0;) AppleWebKit/537.36 (KHTML, like Gecko) Mobile Safari/537.36 (compatible; PetalBot;+https://webmaster.petalsearch.com/site/petalbot)" "www.kurtswebnotes.com"
51.222.253.2 - - [09/Oct/2022:13:20:10 -0700] "GET /wp-includes/blocks/freeform/?C=N;O=D HTTP/1.1" 200 375 "-" "Mozilla/5.0 (compatible; AhrefsBot/7.0; +http://ahrefs.com/robot/)" "kurtswebnotes.com"
51.222.253.7 - - [09/Oct/2022:13:23:46 -0700] "GET /wp-includes/sodium_compat/lib/?C=S;O=A HTTP/1.1" 200 458 "-" "Mozilla/5.0 (compatible; AhrefsBot/7.0; +http://ahrefs.com/robot/)" "kurtswebnotes.com"
194.38.20.161 - - [09/Oct/2022:13:24:18 -0700] "GET /wp-content/themes/u-design/scripts/admin/uploadify/uploadify.css HTTP/1.1" 404 73 "-" "ALittle Client" "kurtswebnotes.com"
114.119.136.138 - - [09/Oct/2022:13:24:52 -0700] "GET /wp-includes/block-patterns/?C=N%3BO%3DD HTTP/1.1" 200 548 "https://www.kurtswebnotes.com/wp-includes/block-patterns/" "Mozilla/5.0 (Linux; Android 7.0;) AppleWebKit/537.36 (KHTML, like Gecko) Mobile Safari/537.36 (compatible; PetalBot;+https://webmaster.petalsearch.com/site/petalbot)" "www.kurtswebnotes.com"
51.222.253.17 - - [09/Oct/2022:13:27:41 -0700] "GET /wp-includes/css/?C=D;O=A HTTP/1.1" 200 359 "-" "Mozilla/5.0 (compatible; AhrefsBot/7.0; +http://ahrefs.com/robot/)" "www.kurtswebnotes.com"
114.119.136.141 - - [09/Oct/2022:13:30:16 -0700] "GET /robots.txt HTTP/1.1" 200 101 "http://www.kurtswebnotes.com?C=N%3BO%3DD" "Mozilla/5.0 (Linux; Android 7.0;) AppleWebKit/537.36 (KHTML, like Gecko) Mobile Safari/537.36 (compatible; PetalBot;+https://webmaster.petalsearch.com/site/petalbot)" "www.kurtswebnotes.com"
77.88.5.237 - - [09/Oct/2022:13:30:20 -0700] "GET /robots.txt HTTP/1.1" 200 111 "-" "Mozilla/5.0 (compatible; YandexBot/3.0; +http://yandex.com/bots)" "www.kurtswebnotes.com"
93.158.161.38 - - [09/Oct/2022:13:30:24 -0700] "GET /wp-includes/blocks/block/?C=S;O=D HTTP/1.1" 200 371 "-" "Mozilla/5.0 (compatible; YandexBot/3.0; +http://yandex.com/bots)" "www.kurtswebnotes.com"
51.222.253.20 - - [09/Oct/2022:13:31:34 -0700] "GET /wp-includes/sitemaps/?C=S;O=A HTTP/1.1" 200 496 "-" "Mozilla/5.0 (compatible; AhrefsBot/7.0; +http://ahrefs.com/robot/)" "www.kurtswebnotes.com"
114.119.136.143 - - [09/Oct/2022:13:35:38 -0700] "GET /wp-includes/sodium_compat/namespaced/Core/Poly1305/?C=S%3BO%3DA HTTP/1.1" 200 401 "https://kurtswebnotes.com/wp-includes/sodium_compat/namespaced/Core/Poly1305/?C=D%3BO%3DA" "Mozilla/5.0 (Linux; Android 7.0;) AppleWebKit/537.36 (KHTML, like Gecko) Mobile Safari/537.36 (compatible; PetalBot;+https://webmaster.petalsearch.com/site/petalbot)" "kurtswebnotes.com"
51.222.253.7 - - [09/Oct/2022:13:39:19 -0700] "GET /wp-includes/blocks/latest-comments/ HTTP/1.1" 200 383 "-" "Mozilla/5.0 (compatible; AhrefsBot/7.0; +http://ahrefs.com/robot/)" "kurtswebnotes.com"
114.119.136.138 - - [09/Oct/2022:13:41:17 -0700] "GET /wp-includes/blocks/quote/?C=S%3BO%3DA HTTP/1.1" 200 378 "https://kurtswebnotes.com/wp-includes/blocks/quote/?C=N%3BO%3DD" "Mozilla/5.0 (Linux; Android 7.0;) AppleWebKit/537.36 (KHTML, like Gecko) Mobile Safari/537.36 (compatible; PetalBot;+https://webmaster.petalsearch.com/site/petalbot)" "kurtswebnotes.com"
51.222.253.15 - - [09/Oct/2022:13:43:07 -0700] "GET /wp-includes/sodium_compat/namespaced/?C=N;O=D HTTP/1.1" 200 439 "-" "Mozilla/5.0 (compatible; AhrefsBot/7.0; +http://ahrefs.com/robot/)" "kurtswebnotes.com"
51.222.253.9 - - [09/Oct/2022:13:46:45 -0700] "GET /wp-includes/blocks/categories/?C=N;O=D HTTP/1.1" 200 377 "-" "Mozilla/5.0 (compatible; AhrefsBot/7.0; +http://ahrefs.com/robot/)" "kurtswebnotes.com"
114.119.136.144 - - [09/Oct/2022:13:46:57 -0700] "GET /wp-content/themes/twentytwenty/ HTTP/1.1" 500 - "https://www.kurtswebnotes.com/wp-content/themes/?C=N%3BO%3DD" "Mozilla/5.0 (Linux; Android 7.0;) AppleWebKit/537.36 (KHTML, like Gecko) Mobile Safari/537.36 (compatible; PetalBot;+https://webmaster.petalsearch.com/site/petalbot)" "www.kurtswebnotes.com"
51.222.253.15 - - [09/Oct/2022:13:50:36 -0700] "GET /wp-includes/sodium_compat/namespaced/Core/Curve25519/Ge/?C=S;O=A HTTP/1.1" 200 461 "-" "Mozilla/5.0 (compatible; AhrefsBot/7.0; +http://ahrefs.com/robot/)" "kurtswebnotes.com"
114.119.136.143 - - [09/Oct/2022:13:52:34 -0700] "GET /wp-admin/css/colors/?C=D%3BO%3DA HTTP/1.1" 200 362 "https://kurtswebnotes.com/wp-admin/css/colors/?C=N%3BO%3DD" "Mozilla/5.0 (Linux; Android 7.0;) AppleWebKit/537.36 (KHTML, like Gecko) Mobile Safari/537.36 (compatible; PetalBot;+https://webmaster.petalsearch.com/site/petalbot)" "kurtswebnotes.com"
51.222.253.16 - - [09/Oct/2022:13:54:15 -0700] "GET /wp-includes/blocks/archives/ HTTP/1.1" 200 378 "-" "Mozilla/5.0 (compatible; AhrefsBot/7.0; +http://ahrefs.com/robot/)" "kurtswebnotes.com"
114.119.136.141 - - [09/Oct/2022:13:58:03 -0700] "GET /wp-includes/blocks/more/?C=D%3BO%3DA HTTP/1.1" 200 376 "https://kurtswebnotes.com/wp-includes/blocks/more/" "Mozilla/5.0 (Linux; Android 7.0;) AppleWebKit/537.36 (KHTML, like Gecko) Mobile Safari/537.36 (compatible; PetalBot;+https://webmaster.petalsearch.com/site/petalbot)" "kurtswebnotes.com"
51.222.253.7 - - [09/Oct/2022:13:58:06 -0700] "GET /wp-includes/sodium_compat/namespaced/Core/ChaCha20/?C=D;O=A HTTP/1.1" 200 417 "-" "Mozilla/5.0 (compatible; AhrefsBot/7.0; +http://ahrefs.com/robot/)" "www.kurtswebnotes.com"
51.222.253.10 - - [09/Oct/2022:14:01:41 -0700] "GET /wp-includes/blocks/missing/?C=N;O=D HTTP/1.1" 200 375 "-" "Mozilla/5.0 (compatible; AhrefsBot/7.0; +http://ahrefs.com/robot/)" "kurtswebnotes.com"
114.119.136.141 - - [09/Oct/2022:14:03:32 -0700] "GET /wp-includes/sitemaps/class-wp-sitemaps-index.php HTTP/1.1" 200 - "https://kurtswebnotes.com/wp-includes/sitemaps/?C=N%3BO%3DD" "Mozilla/5.0 (Linux; Android 7.0;) AppleWebKit/537.36 (KHTML, like Gecko) Mobile Safari/537.36 (compatible; PetalBot;+https://webmaster.petalsearch.com/site/petalbot)" "kurtswebnotes.com"
51.222.253.16 - - [09/Oct/2022:14:05:47 -0700] "GET /wp-includes/sodium_compat/namespaced/Core/ChaCha20/?C=S;O=A HTTP/1.1" 200 416 "-" "Mozilla/5.0 (compatible; AhrefsBot/7.0; +http://ahrefs.com/robot/)" "www.kurtswebnotes.com"
114.119.136.143 - - [09/Oct/2022:14:08:56 -0700] "GET /wp-includes/sodium_compat/src/Core32/Salsa20.php HTTP/1.1" 500 - "https://www.kurtswebnotes.com/wp-includes/sodium_compat/src/Core32/?C=D%3BO%3DA" "Mozilla/5.0 (Linux; Android 7.0;) AppleWebKit/537.36 (KHTML, like Gecko) Mobile Safari/537.36 (compatible; PetalBot;+https://webmaster.petalsearch.com/site/petalbot)" "www.kurtswebnotes.com"
51.222.253.13 - - [09/Oct/2022:14:10:08 -0700] "GET /wp-includes/sodium_compat/?C=S;O=D HTTP/1.1" 200 495 "-" "Mozilla/5.0 (compatible; AhrefsBot/7.0; +http://ahrefs.com/robot/)" "kurtswebnotes.com"
114.119.136.144 - - [09/Oct/2022:14:14:17 -0700] "GET /wp-includes/sodium_compat/src/Core32/Curve25519/?C=D%3BO%3DA HTTP/1.1" 200 435 "https://www.kurtswebnotes.com/wp-includes/sodium_compat/src/Core32/Curve25519/?C=S%3BO%3DA" "Mozilla/5.0 (Linux; Android 7.0;) AppleWebKit/537.36 (KHTML, like Gecko) Mobile Safari/537.36 (compatible; PetalBot;+https://webmaster.petalsearch.com/site/petalbot)" "www.kurtswebnotes.com"
51.222.253.3 - - [09/Oct/2022:14:14:20 -0700] "GET /wp-includes/blocks/calendar/ HTTP/1.1" 200 377 "-" "Mozilla/5.0 (compatible; AhrefsBot/7.0; +http://ahrefs.com/robot/)" "kurtswebnotes.com"
51.222.253.8 - - [09/Oct/2022:14:18:20 -0700] "GET /wp-includes/blocks/block/ HTTP/1.1" 200 373 "-" "Mozilla/5.0 (compatible; AhrefsBot/7.0; +http://ahrefs.com/robot/)" "kurtswebnotes.com"
114.119.136.14 - - [09/Oct/2022:14:19:37 -0700] "GET /wp-includes/blocks/pullquote/?C=M%3BO%3DA HTTP/1.1" 200 381 "https://www.kurtswebnotes.com/wp-includes/blocks/pullquote/?C=D%3BO%3DA" "Mozilla/5.0 (Linux; Android 7.0;) AppleWebKit/537.36 (KHTML, like Gecko) Mobile Safari/537.36 (compatible; PetalBot;+https://webmaster.petalsearch.com/site/petalbot)" "www.kurtswebnotes.com"
51.222.253.2 - - [09/Oct/2022:14:22:42 -0700] "GET /wp-includes/sodium_compat/namespaced/Core/ChaCha20/?C=M;O=A HTTP/1.1" 200 414 "-" "Mozilla/5.0 (compatible; AhrefsBot/7.0; +http://ahrefs.com/robot/)" "www.kurtswebnotes.com"
