114.119.136.143 - - [27/Sep/2022:05:05:35 -0700] "GET /wp-includes/blocks/social-link/?C=N%3BO%3DD HTTP/1.1" 200 380 "https://www.kurtswebnotes.com/wp-includes/blocks/social-link/?C=M%3BO%3DA" "Mozilla/5.0 (Linux; Android 7.0;) AppleWebKit/537.36 (KHTML, like Gecko) Mobile Safari/537.36 (compatible; PetalBot;+https://webmaster.petalsearch.com/site/petalbot)" "www.kurtswebnotes.com"
114.119.136.141 - - [27/Sep/2022:05:11:28 -0700] "GET /wp-includes/blocks/html/ HTTP/1.1" 200 373 "https://kurtswebnotes.com/wp-includes/blocks/?C=N%3BO%3DD" "Mozilla/5.0 (Linux; Android 7.0;) AppleWebKit/537.36 (KHTML, like Gecko) Mobile Safari/537.36 (compatible; PetalBot;+https://webmaster.petalsearch.com/site/petalbot)" "kurtswebnotes.com"
51.222.253.7 - - [27/Sep/2022:05:13:55 -0700] "GET /wp-includes/blocks/code/?C=S;O=A HTTP/1.1" 200 376 "-" "Mozilla/5.0 (compatible; AhrefsBot/7.0; +http://ahrefs.com/robot/)" "kurtswebnotes.com"
114.119.139.123 - - [27/Sep/2022:05:15:13 -0700] "GET /robots.txt HTTP/1.1" 200 101 "-" "Mozilla/5.0 (compatible;PetalBot;+https://webmaster.petalsearch.com/site/petalbot)" "kurtswebnotes.com"
123.125.109.115 - - [27/Sep/2022:05:17:03 -0700] "GET / HTTP/1.1" 200 481 "-" "Sogou web spider/4.0(+http://www.sogou.com/docs/help/webmasters.htm#07)" "www.kurtswebnotes.com"
114.119.136.144 - - [27/Sep/2022:05:17:22 -0700] "GET /wp-includes/sodium_compat/namespaced/Core/Poly1305/?C=D%3BO%3DA HTTP/1.1" 200 401 "https://www.kurtswebnotes.com/wp-includes/sodium_compat/namespaced/Core/Poly1305/?C=N%3BO%3DD" "Mozilla/5.0 (Linux; Android 7.0;) AppleWebKit/537.36 (KHTML, like Gecko) Mobile Safari/537.36 (compatible; PetalBot;+https://webmaster.petalsearch.com/site/petalbot)" "www.kurtswebnotes.com"
114.119.136.144 - - [27/Sep/2022:05:30:40 -0700] "GET /wp-includes/css/dist/block-editor/style-rtl.min.css HTTP/1.1" 200 12123 "https://www.kurtswebnotes.com/wp-includes/css/dist/block-editor/?C=M%3BO%3DA" "Mozilla/5.0 (Linux; Android 7.0;) AppleWebKit/537.36 (KHTML, like Gecko) Mobile Safari/537.36 (compatible; PetalBot;+https://webmaster.petalsearch.com/site/petalbot)" "www.kurtswebnotes.com"
114.119.136.14 - - [27/Sep/2022:05:41:02 -0700] "GET /wp-includes/sodium_compat/src/PHP52/SplFixedArray.php HTTP/1.1" 200 - "https://www.kurtswebnotes.com/wp-includes/sodium_compat/src/PHP52/?C=M%3BO%3DA" "Mozilla/5.0 (Linux; Android 7.0;) AppleWebKit/537.36 (KHTML, like Gecko) Mobile Safari/537.36 (compatible; PetalBot;+https://webmaster.petalsearch.com/site/petalbot)" "www.kurtswebnotes.com"
35.196.152.242 - - [27/Sep/2022:05:51:22 -0700] "GET /robots.txt HTTP/1.1" 200 101 "-" "ZoominfoBot (zoominfobot at zoominfo dot com)" "www.kurtswebnotes.com"
35.196.152.242 - - [27/Sep/2022:05:51:23 -0700] "GET /robots.txt HTTP/1.1" 200 101 "-" "ZoominfoBot (zoominfobot at zoominfo dot com)" "www.kurtswebnotes.com"
35.196.152.242 - - [27/Sep/2022:05:51:23 -0700] "GET / HTTP/1.1" 200 481 "-" "ZoominfoBot (zoominfobot at zoominfo dot com)" "www.kurtswebnotes.com"
114.119.136.144 - - [27/Sep/2022:05:52:30 -0700] "GET /wp-includes/blocks/column/?C=M%3BO%3DA HTTP/1.1" 200 376 "https://www.kurtswebnotes.com/wp-includes/blocks/column/" "Mozilla/5.0 (Linux; Android 7.0;) AppleWebKit/537.36 (KHTML, like Gecko) Mobile Safari/537.36 (compatible; PetalBot;+https://webmaster.petalsearch.com/site/petalbot)" "www.kurtswebnotes.com"
51.222.253.10 - - [27/Sep/2022:05:52:32 -0700] "GET /wp-includes/blocks/search/?C=M;O=A HTTP/1.1" 200 377 "-" "Mozilla/5.0 (compatible; AhrefsBot/7.0; +http://ahrefs.com/robot/)" "kurtswebnotes.com"
114.119.136.138 - - [27/Sep/2022:06:35:26 -0700] "GET /wp-includes/sodium_compat/src/Core32/SecretStream/ HTTP/1.1" 200 397 "https://www.kurtswebnotes.com/wp-includes/sodium_compat/src/Core32/?C=D%3BO%3DA" "Mozilla/5.0 (Linux; Android 7.0;) AppleWebKit/537.36 (KHTML, like Gecko) Mobile Safari/537.36 (compatible; PetalBot;+https://webmaster.petalsearch.com/site/petalbot)" "www.kurtswebnotes.com"
114.119.136.143 - - [27/Sep/2022:06:41:20 -0700] "GET /wp-includes/blocks/subhead/block.json HTTP/1.1" 200 200 "https://www.kurtswebnotes.com/wp-includes/blocks/subhead/" "Mozilla/5.0 (Linux; Android 7.0;) AppleWebKit/537.36 (KHTML, like Gecko) Mobile Safari/537.36 (compatible; PetalBot;+https://webmaster.petalsearch.com/site/petalbot)" "www.kurtswebnotes.com"
114.119.136.144 - - [27/Sep/2022:06:47:12 -0700] "GET /wp-content/themes/?C=M%3BO%3DA HTTP/1.1" 200 375 "https://kurtswebnotes.com/wp-content/themes/?C=D%3BO%3DA" "Mozilla/5.0 (Linux; Android 7.0;) AppleWebKit/537.36 (KHTML, like Gecko) Mobile Safari/537.36 (compatible; PetalBot;+https://webmaster.petalsearch.com/site/petalbot)" "kurtswebnotes.com"
114.119.136.141 - - [27/Sep/2022:06:53:07 -0700] "GET /wp-includes/blocks/nextpage/?C=S%3BO%3DA HTTP/1.1" 200 379 "https://www.kurtswebnotes.com/wp-includes/blocks/nextpage/?C=N%3BO%3DD" "Mozilla/5.0 (Linux; Android 7.0;) AppleWebKit/537.36 (KHTML, like Gecko) Mobile Safari/537.36 (compatible; PetalBot;+https://webmaster.petalsearch.com/site/petalbot)" "www.kurtswebnotes.com"
114.119.136.14 - - [27/Sep/2022:06:59:04 -0700] "GET /wp-includes/blocks/categories/ HTTP/1.1" 200 379 "https://kurtswebnotes.com/wp-includes/blocks/?C=N%3BO%3DD" "Mozilla/5.0 (Linux; Android 7.0;) AppleWebKit/537.36 (KHTML, like Gecko) Mobile Safari/537.36 (compatible; PetalBot;+https://webmaster.petalsearch.com/site/petalbot)" "kurtswebnotes.com"
51.222.253.15 - - [27/Sep/2022:07:01:11 -0700] "GET /wp-includes/blocks/search/?C=S;O=A HTTP/1.1" 200 377 "-" "Mozilla/5.0 (compatible; AhrefsBot/7.0; +http://ahrefs.com/robot/)" "kurtswebnotes.com"
114.119.136.138 - - [27/Sep/2022:07:04:53 -0700] "GET /wp-includes/blocks/video/?C=D%3BO%3DA HTTP/1.1" 200 377 "https://www.kurtswebnotes.com/wp-includes/blocks/video/?C=S%3BO%3DA" "Mozilla/5.0 (Linux; Android 7.0;) AppleWebKit/537.36 (KHTML, like Gecko) Mobile Safari/537.36 (compatible; PetalBot;+https://webmaster.petalsearch.com/site/petalbot)" "www.kurtswebnotes.com"
114.119.136.144 - - [27/Sep/2022:07:10:47 -0700] "GET /wp-includes/sodium_compat/namespaced/Core/Poly1305/?C=N%3BO%3DD HTTP/1.1" 200 401 "https://kurtswebnotes.com/wp-includes/sodium_compat/namespaced/Core/Poly1305/?C=D%3BO%3DA" "Mozilla/5.0 (Linux; Android 7.0;) AppleWebKit/537.36 (KHTML, like Gecko) Mobile Safari/537.36 (compatible; PetalBot;+https://webmaster.petalsearch.com/site/petalbot)" "kurtswebnotes.com"
185.81.158.132 - - [27/Sep/2022:07:13:38 -0700] "GET / HTTP/1.1" 200 481 "-" "python-requests/2.27.1" "kurtswebnotes.com"
114.119.136.141 - - [27/Sep/2022:07:16:35 -0700] "GET /wp-includes/blocks/latest-comments/block.json HTTP/1.1" 200 249 "https://www.kurtswebnotes.com/wp-includes/blocks/latest-comments/?C=N%3BO%3DD" "Mozilla/5.0 (Linux; Android 7.0;) AppleWebKit/537.36 (KHTML, like Gecko) Mobile Safari/537.36 (compatible; PetalBot;+https://webmaster.petalsearch.com/site/petalbot)" "www.kurtswebnotes.com"
176.99.139.75 - - [27/Sep/2022:07:18:06 -0700] "GET /blog/2016/01/13/my-first-instagram-image/ HTTP/1.1" 404 73 "https://kurtswebnotes.com/blog/2016/01/13/my-first-instagram-image/" "Mozilla/5.0 (Windows NT 6.1; WOW64) AppleWebKit/537.36 (KHTML, like Gecko) Chrome/90.0.4430.85 Safari/537.36" "kurtswebnotes.com"
176.99.139.75 - - [27/Sep/2022:07:18:08 -0700] "GET / HTTP/1.1" 200 1458 "https://kurtswebnotes.com/" "Mozilla/5.0 (Windows NT 6.1; WOW64) AppleWebKit/537.36 (KHTML, like Gecko) Chrome/90.0.4430.85 Safari/537.36" "kurtswebnotes.com"
114.119.136.138 - - [27/Sep/2022:07:22:35 -0700] "GET /wp-includes/blocks/separator/block.json HTTP/1.1" 200 200 "https://kurtswebnotes.com/wp-includes/blocks/separator/?C=S%3BO%3DA" "Mozilla/5.0 (Linux; Android 7.0;) AppleWebKit/537.36 (KHTML, like Gecko) Mobile Safari/537.36 (compatible; PetalBot;+https://webmaster.petalsearch.com/site/petalbot)" "kurtswebnotes.com"
114.119.136.14 - - [27/Sep/2022:07:28:28 -0700] "GET /wp-includes/sodium_compat/namespaced/Crypto.php HTTP/1.1" 500 - "https://kurtswebnotes.com/wp-includes/sodium_compat/namespaced/?C=D%3BO%3DA" "Mozilla/5.0 (Linux; Android 7.0;) AppleWebKit/537.36 (KHTML, like Gecko) Mobile Safari/537.36 (compatible; PetalBot;+https://webmaster.petalsearch.com/site/petalbot)" "kurtswebnotes.com"
51.222.253.17 - - [27/Sep/2022:07:32:36 -0700] "GET /wp-includes/blocks/search/?C=N;O=A HTTP/1.1" 200 376 "-" "Mozilla/5.0 (compatible; AhrefsBot/7.0; +http://ahrefs.com/robot/)" "kurtswebnotes.com"
114.119.136.141 - - [27/Sep/2022:07:34:25 -0700] "GET /wp-includes/blocks/html/ HTTP/1.1" 200 373 "https://www.kurtswebnotes.com/wp-includes/blocks/?C=D%3BO%3DA" "Mozilla/5.0 (Linux; Android 7.0;) AppleWebKit/537.36 (KHTML, like Gecko) Mobile Safari/537.36 (compatible; PetalBot;+https://webmaster.petalsearch.com/site/petalbot)" "www.kurtswebnotes.com"
114.119.136.141 - - [27/Sep/2022:07:46:15 -0700] "GET /wp-includes/blocks/image/?C=S%3BO%3DA HTTP/1.1" 200 378 "https://kurtswebnotes.com/wp-includes/blocks/image/?C=N%3BO%3DD" "Mozilla/5.0 (Linux; Android 7.0;) AppleWebKit/537.36 (KHTML, like Gecko) Mobile Safari/537.36 (compatible; PetalBot;+https://webmaster.petalsearch.com/site/petalbot)" "kurtswebnotes.com"
51.222.253.15 - - [27/Sep/2022:07:48:36 -0700] "GET /download/?C=S;O=A HTTP/1.1" 200 313 "-" "Mozilla/5.0 (compatible; AhrefsBot/7.0; +http://ahrefs.com/robot/)" "kurtswebnotes.com"
114.119.136.144 - - [27/Sep/2022:07:52:08 -0700] "GET /wp-includes/blocks/latest-comments/?C=N%3BO%3DD HTTP/1.1" 200 383 "https://kurtswebnotes.com/wp-includes/blocks/latest-comments/?C=M%3BO%3DA" "Mozilla/5.0 (Linux; Android 7.0;) AppleWebKit/537.36 (KHTML, like Gecko) Mobile Safari/537.36 (compatible; PetalBot;+https://webmaster.petalsearch.com/site/petalbot)" "kurtswebnotes.com"
51.222.253.12 - - [27/Sep/2022:07:56:55 -0700] "GET /wp-includes/assets/?C=M;O=A HTTP/1.1" 200 391 "-" "Mozilla/5.0 (compatible; AhrefsBot/7.0; +http://ahrefs.com/robot/)" "kurtswebnotes.com"
114.119.136.14 - - [27/Sep/2022:07:57:58 -0700] "GET /wp-includes/sodium_compat/src/?C=M%3BO%3DA HTTP/1.1" 200 504 "https://www.kurtswebnotes.com/wp-includes/sodium_compat/src/" "Mozilla/5.0 (Linux; Android 7.0;) AppleWebKit/537.36 (KHTML, like Gecko) Mobile Safari/537.36 (compatible; PetalBot;+https://webmaster.petalsearch.com/site/petalbot)" "www.kurtswebnotes.com"
64.124.8.44 - - [27/Sep/2022:07:59:09 -0700] "GET /robots.txt HTTP/1.1" 200 101 "-" "Mozilla/5.0 (X11; Linux x86_64) AppleWebKit/537.36 (KHTML, like Gecko) Chrome/61.0.3163.79 Safari/537.36" "kurtswebnotes.com"
64.124.8.44 - - [27/Sep/2022:07:59:10 -0700] "GET /wp-includes/sodium_compat/src/ HTTP/1.1" 200 504 "-" "Mozilla/5.0 (X11; Linux x86_64) AppleWebKit/537.36 (KHTML, like Gecko) Chrome/61.0.3163.79 Safari/537.36" "kurtswebnotes.com"
3.229.122.100 - - [27/Sep/2022:07:59:55 -0700] "GET /robots.txt HTTP/1.1" 200 111 "-" "Mozilla/5.0 (X11; Linux x86_64) AppleWebKit/537.36 (KHTML, like Gecko) Chrome/94.0.4606.81 Safari/537.36" "kurtswebnotes.com"
3.229.122.100 - - [27/Sep/2022:07:59:55 -0700] "GET / HTTP/1.1" 200 1458 "-" "Mozilla/5.0 (X11; Linux x86_64) AppleWebKit/537.36 (KHTML, like Gecko) Chrome/94.0.4606.81 Safari/537.36" "kurtswebnotes.com"
51.222.253.6 - - [27/Sep/2022:08:03:39 -0700] "GET /robots.txt HTTP/1.1" 200 101 "-" "Mozilla/5.0 (compatible; AhrefsBot/7.0; +http://ahrefs.com/robot/)" "www.kurtswebnotes.com"
51.222.253.10 - - [27/Sep/2022:08:03:40 -0700] "GET /wp-includes/blocks/html/ HTTP/1.1" 200 373 "-" "Mozilla/5.0 (compatible; AhrefsBot/7.0; +http://ahrefs.com/robot/)" "www.kurtswebnotes.com"
114.119.136.141 - - [27/Sep/2022:08:03:51 -0700] "GET /wp-includes/blocks/list/?C=S%3BO%3DA HTTP/1.1" 200 375 "https://www.kurtswebnotes.com/wp-includes/blocks/list/?C=M%3BO%3DA" "Mozilla/5.0 (Linux; Android 7.0;) AppleWebKit/537.36 (KHTML, like Gecko) Mobile Safari/537.36 (compatible; PetalBot;+https://webmaster.petalsearch.com/site/petalbot)" "www.kurtswebnotes.com"
114.119.136.138 - - [27/Sep/2022:08:09:46 -0700] "GET /wp-includes/blocks/separator/?C=S%3BO%3DA HTTP/1.1" 200 378 "https://kurtswebnotes.com/wp-includes/blocks/separator/" "Mozilla/5.0 (Linux; Android 7.0;) AppleWebKit/537.36 (KHTML, like Gecko) Mobile Safari/537.36 (compatible; PetalBot;+https://webmaster.petalsearch.com/site/petalbot)" "kurtswebnotes.com"
51.222.253.2 - - [27/Sep/2022:08:10:08 -0700] "GET /wp-includes/PHPMailer/?C=S;O=D HTTP/1.1" 200 415 "-" "Mozilla/5.0 (compatible; AhrefsBot/7.0; +http://ahrefs.com/robot/)" "www.kurtswebnotes.com"
64.124.8.44 - - [27/Sep/2022:08:11:38 -0700] "GET /wp-includes/ HTTP/1.1" 200 459 "-" "Mozilla/5.0 (X11; Linux x86_64) AppleWebKit/537.36 (KHTML, like Gecko) Chrome/61.0.3163.79 Safari/537.36" "kurtswebnotes.com"
114.119.136.143 - - [27/Sep/2022:08:15:35 -0700] "GET /wp-includes/PHPMailer/?C=M%3BO%3DA HTTP/1.1" 200 416 "https://www.kurtswebnotes.com/wp-includes/PHPMailer/?C=N%3BO%3DD" "Mozilla/5.0 (Linux; Android 7.0;) AppleWebKit/537.36 (KHTML, like Gecko) Mobile Safari/537.36 (compatible; PetalBot;+https://webmaster.petalsearch.com/site/petalbot)" "www.kurtswebnotes.com"
51.222.253.20 - - [27/Sep/2022:08:16:50 -0700] "GET /wp-includes/blocks/heading/?C=N;O=D HTTP/1.1" 200 375 "-" "Mozilla/5.0 (compatible; AhrefsBot/7.0; +http://ahrefs.com/robot/)" "www.kurtswebnotes.com"
64.124.8.44 - - [27/Sep/2022:08:18:37 -0700] "GET /wp-includes/sodium_compat/namespaced/ HTTP/1.1" 200 440 "-" "Mozilla/5.0 (X11; Linux x86_64) AppleWebKit/537.36 (KHTML, like Gecko) Chrome/61.0.3163.79 Safari/537.36" "kurtswebnotes.com"
64.124.8.44 - - [27/Sep/2022:08:19:52 -0700] "GET / HTTP/1.1" 200 481 "-" "Mozilla/5.0 (X11; Linux x86_64) AppleWebKit/537.36 (KHTML, like Gecko) Chrome/61.0.3163.79 Safari/537.36" "kurtswebnotes.com"
114.119.136.141 - - [27/Sep/2022:08:21:28 -0700] "GET /wp-includes/sitemaps/providers/class-wp-sitemaps-users.php HTTP/1.1" 500 - "https://www.kurtswebnotes.com/wp-includes/sitemaps/providers/" "Mozilla/5.0 (Linux; Android 7.0;) AppleWebKit/537.36 (KHTML, like Gecko) Mobile Safari/537.36 (compatible; PetalBot;+https://webmaster.petalsearch.com/site/petalbot)" "www.kurtswebnotes.com"
114.119.136.143 - - [27/Sep/2022:08:27:22 -0700] "GET /wp-includes/blocks/freeform/ HTTP/1.1" 200 377 "https://www.kurtswebnotes.com/wp-includes/blocks/?C=D%3BO%3DA" "Mozilla/5.0 (Linux; Android 7.0;) AppleWebKit/537.36 (KHTML, like Gecko) Mobile Safari/537.36 (compatible; PetalBot;+https://webmaster.petalsearch.com/site/petalbot)" "www.kurtswebnotes.com"
64.124.8.44 - - [27/Sep/2022:08:28:31 -0700] "GET /robots.txt HTTP/1.1" 304 - "-" "Mozilla/5.0 (X11; Linux x86_64) AppleWebKit/537.36 (KHTML, like Gecko) Chrome/61.0.3163.79 Safari/537.36" "kurtswebnotes.com"
51.222.253.20 - - [27/Sep/2022:08:33:11 -0700] "GET /wp-admin/?C=D;O=A HTTP/1.1" 200 351 "-" "Mozilla/5.0 (compatible; AhrefsBot/7.0; +http://ahrefs.com/robot/)" "kurtswebnotes.com"
114.119.136.138 - - [27/Sep/2022:08:33:20 -0700] "GET /wp-includes/blocks/code/?C=D%3BO%3DA HTTP/1.1" 200 376 "https://www.kurtswebnotes.com/wp-includes/blocks/code/" "Mozilla/5.0 (Linux; Android 7.0;) AppleWebKit/537.36 (KHTML, like Gecko) Mobile Safari/537.36 (compatible; PetalBot;+https://webmaster.petalsearch.com/site/petalbot)" "www.kurtswebnotes.com"
51.222.253.7 - - [27/Sep/2022:08:37:55 -0700] "GET /wp-includes/blocks/button/ HTTP/1.1" 200 377 "-" "Mozilla/5.0 (compatible; AhrefsBot/7.0; +http://ahrefs.com/robot/)" "kurtswebnotes.com"
114.119.136.141 - - [27/Sep/2022:08:39:17 -0700] "GET /wp-includes/blocks/social-link/?C=S%3BO%3DA HTTP/1.1" 200 380 "https://kurtswebnotes.com/wp-includes/blocks/social-link/?C=N%3BO%3DD" "Mozilla/5.0 (Linux; Android 7.0;) AppleWebKit/537.36 (KHTML, like Gecko) Mobile Safari/537.36 (compatible; PetalBot;+https://webmaster.petalsearch.com/site/petalbot)" "kurtswebnotes.com"
51.222.253.16 - - [27/Sep/2022:08:43:24 -0700] "GET /wp-includes/sodium_compat/src/Core/?C=S;O=A HTTP/1.1" 200 641 "-" "Mozilla/5.0 (compatible; AhrefsBot/7.0; +http://ahrefs.com/robot/)" "kurtswebnotes.com"
114.119.136.138 - - [27/Sep/2022:08:45:15 -0700] "GET /download?C=M%3BO%3DA HTTP/1.1" 301 1428 "http://www.kurtswebnotes.com/download?N=A" "Mozilla/5.0 (Linux; Android 7.0;) AppleWebKit/537.36 (KHTML, like Gecko) Mobile Safari/537.36 (compatible; PetalBot;+https://webmaster.petalsearch.com/site/petalbot)" "www.kurtswebnotes.com"
114.119.136.138 - - [27/Sep/2022:08:45:17 -0700] "GET /download/?C=M%3BO%3DA HTTP/1.1" 200 313 "http://www.kurtswebnotes.com/download?N=A" "Mozilla/5.0 (Linux; Android 7.0;) AppleWebKit/537.36 (KHTML, like Gecko) Mobile Safari/537.36 (compatible; PetalBot;+https://webmaster.petalsearch.com/site/petalbot)" "www.kurtswebnotes.com"
51.222.253.6 - - [27/Sep/2022:08:49:42 -0700] "GET / HTTP/1.1" 200 481 "-" "Mozilla/5.0 (compatible; AhrefsBot/7.0; +http://ahrefs.com/robot/)" "www.kurtswebnotes.com"
114.119.136.138 - - [27/Sep/2022:08:51:11 -0700] "GET /wp-includes/blocks/video/ HTTP/1.1" 200 377 "https://www.kurtswebnotes.com/wp-includes/blocks/?C=D%3BO%3DA" "Mozilla/5.0 (Linux; Android 7.0;) AppleWebKit/537.36 (KHTML, like Gecko) Mobile Safari/537.36 (compatible; PetalBot;+https://webmaster.petalsearch.com/site/petalbot)" "www.kurtswebnotes.com"
93.158.161.40 - - [27/Sep/2022:08:52:44 -0700] "GET /robots.txt HTTP/1.1" 200 111 "-" "Mozilla/5.0 (compatible; YandexBot/3.0; +http://yandex.com/bots)" "www.kurtswebnotes.com"
77.88.5.46 - - [27/Sep/2022:08:52:48 -0700] "GET /wp-includes/sitemaps/class-wp-sitemaps-renderer.php HTTP/1.1" 200 - "-" "Mozilla/5.0 (compatible; YandexBot/3.0; +http://yandex.com/bots)" "www.kurtswebnotes.com"
138.128.118.130 - - [27/Sep/2022:08:54:22 -0700] "GET / HTTP/1.1" 200 481 "-" "Mozilla/5.0 (Windows NT 10.0; Win64; x64) AppleWebKit/537.36 (KHTML, like Gecko) Chrome/88.0.4324.190 Safari/537.36" "kurtswebnotes.com"
138.128.118.130 - - [27/Sep/2022:08:54:23 -0700] "GET /robots.txt HTTP/1.1" 200 101 "-" "Mozilla/5.0 (Windows NT 10.0; Win64; x64) AppleWebKit/537.36 (KHTML, like Gecko) Chrome/88.0.4324.190 Safari/537.36" "kurtswebnotes.com"
138.128.118.130 - - [27/Sep/2022:08:54:25 -0700] "GET /ads.txt HTTP/1.1" 404 88 "-" "Mozilla/5.0 (Windows NT 10.0; Win64; x64) AppleWebKit/537.36 (KHTML, like Gecko) Chrome/88.0.4324.190 Safari/537.36" "kurtswebnotes.com"
138.128.118.130 - - [27/Sep/2022:08:54:26 -0700] "GET / HTTP/1.1" 200 481 "-" "Mozilla/5.0 (Windows NT 10.0; Win64; x64) AppleWebKit/537.36 (KHTML, like Gecko) Chrome/88.0.4324.190 Safari/537.36" "kurtswebnotes.com"
51.222.253.12 - - [27/Sep/2022:08:56:35 -0700] "GET /wp-admin/?C=N;O=A HTTP/1.1" 200 351 "-" "Mozilla/5.0 (compatible; AhrefsBot/7.0; +http://ahrefs.com/robot/)" "kurtswebnotes.com"
114.119.136.138 - - [27/Sep/2022:08:57:09 -0700] "GET /wp-includes/blocks/text-columns/?C=M%3BO%3DA HTTP/1.1" 200 382 "https://www.kurtswebnotes.com/wp-includes/blocks/text-columns/?C=N%3BO%3DD" "Mozilla/5.0 (Linux; Android 7.0;) AppleWebKit/537.36 (KHTML, like Gecko) Mobile Safari/537.36 (compatible; PetalBot;+https://webmaster.petalsearch.com/site/petalbot)" "www.kurtswebnotes.com"
77.88.5.46 - - [27/Sep/2022:08:57:45 -0700] "GET /wp-includes/?C=N;O=D HTTP/1.1" 200 463 "-" "Mozilla/5.0 (compatible; YandexBot/3.0; +http://yandex.com/bots)" "www.kurtswebnotes.com"
114.119.136.144 - - [27/Sep/2022:09:03:03 -0700] "GET /wp-includes/blocks/verse/?C=N%3BO%3DD HTTP/1.1" 200 376 "https://www.kurtswebnotes.com/wp-includes/blocks/verse/" "Mozilla/5.0 (Linux; Android 7.0;) AppleWebKit/537.36 (KHTML, like Gecko) Mobile Safari/537.36 (compatible; PetalBot;+https://webmaster.petalsearch.com/site/petalbot)" "www.kurtswebnotes.com"
54.36.148.243 - - [27/Sep/2022:09:04:00 -0700] "GET /wp-includes/blocks/code/?C=D;O=A HTTP/1.1" 200 376 "-" "Mozilla/5.0 (compatible; AhrefsBot/7.0; +http://ahrefs.com/robot/)" "kurtswebnotes.com"
114.119.136.143 - - [27/Sep/2022:09:08:55 -0700] "GET /wp-includes/css/dist/block-editor/?C=N%3BO%3DD HTTP/1.1" 200 424 "https://www.kurtswebnotes.com/wp-includes/css/dist/block-editor/?C=M%3BO%3DA" "Mozilla/5.0 (Linux; Android 7.0;) AppleWebKit/537.36 (KHTML, like Gecko) Mobile Safari/537.36 (compatible; PetalBot;+https://webmaster.petalsearch.com/site/petalbot)" "www.kurtswebnotes.com"
114.119.136.144 - - [27/Sep/2022:09:14:46 -0700] "GET /wp-includes/blocks/nextpage/?C=N%3BO%3DD HTTP/1.1" 200 379 "https://kurtswebnotes.com/wp-includes/blocks/nextpage/" "Mozilla/5.0 (Linux; Android 7.0;) AppleWebKit/537.36 (KHTML, like Gecko) Mobile Safari/537.36 (compatible; PetalBot;+https://webmaster.petalsearch.com/site/petalbot)" "kurtswebnotes.com"
51.222.253.13 - - [27/Sep/2022:09:15:52 -0700] "GET /wp-includes/blocks/heading/ HTTP/1.1" 200 377 "-" "Mozilla/5.0 (compatible; AhrefsBot/7.0; +http://ahrefs.com/robot/)" "www.kurtswebnotes.com"
114.119.136.141 - - [27/Sep/2022:09:20:42 -0700] "GET /download?D=A HTTP/1.1" 301 1420 "http://www.kurtswebnotes.com/download?M=D" "Mozilla/5.0 (Linux; Android 7.0;) AppleWebKit/537.36 (KHTML, like Gecko) Mobile Safari/537.36 (compatible; PetalBot;+https://webmaster.petalsearch.com/site/petalbot)" "www.kurtswebnotes.com"
114.119.136.141 - - [27/Sep/2022:09:20:43 -0700] "GET /download/?D=A HTTP/1.1" 200 313 "http://www.kurtswebnotes.com/download?M=D" "Mozilla/5.0 (Linux; Android 7.0;) AppleWebKit/537.36 (KHTML, like Gecko) Mobile Safari/537.36 (compatible; PetalBot;+https://webmaster.petalsearch.com/site/petalbot)" "www.kurtswebnotes.com"
114.119.136.143 - - [27/Sep/2022:09:26:33 -0700] "GET /wp-includes/sodium_compat/src/Core32/HChaCha20.php HTTP/1.1" 500 - "https://www.kurtswebnotes.com/wp-includes/sodium_compat/src/Core32/" "Mozilla/5.0 (Linux; Android 7.0;) AppleWebKit/537.36 (KHTML, like Gecko) Mobile Safari/537.36 (compatible; PetalBot;+https://webmaster.petalsearch.com/site/petalbot)" "www.kurtswebnotes.com"
114.119.136.143 - - [27/Sep/2022:09:32:21 -0700] "GET /wp-includes/blocks/categories/?C=N%3BO%3DD HTTP/1.1" 200 379 "https://www.kurtswebnotes.com/wp-includes/blocks/categories/?C=M%3BO%3DA" "Mozilla/5.0 (Linux; Android 7.0;) AppleWebKit/537.36 (KHTML, like Gecko) Mobile Safari/537.36 (compatible; PetalBot;+https://webmaster.petalsearch.com/site/petalbot)" "www.kurtswebnotes.com"
114.119.136.14 - - [27/Sep/2022:09:38:17 -0700] "GET /wp-includes/blocks/missing/?C=N%3BO%3DD HTTP/1.1" 200 377 "https://kurtswebnotes.com/wp-includes/blocks/missing/" "Mozilla/5.0 (Linux; Android 7.0;) AppleWebKit/537.36 (KHTML, like Gecko) Mobile Safari/537.36 (compatible; PetalBot;+https://webmaster.petalsearch.com/site/petalbot)" "kurtswebnotes.com"
51.222.253.5 - - [27/Sep/2022:09:42:25 -0700] "GET /wp-includes/blocks/file/ HTTP/1.1" 200 376 "-" "Mozilla/5.0 (compatible; AhrefsBot/7.0; +http://ahrefs.com/robot/)" "www.kurtswebnotes.com"
114.119.136.141 - - [27/Sep/2022:09:44:10 -0700] "GET /wp-content/?C=D%3BO%3DA HTTP/1.1" 200 354 "https://kurtswebnotes.com/wp-content/?C=N%3BO%3DD" "Mozilla/5.0 (Linux; Android 7.0;) AppleWebKit/537.36 (KHTML, like Gecko) Mobile Safari/537.36 (compatible; PetalBot;+https://webmaster.petalsearch.com/site/petalbot)" "kurtswebnotes.com"
114.119.136.141 - - [27/Sep/2022:09:55:55 -0700] "GET /wp-includes/sodium_compat/namespaced/Core/?C=S%3BO%3DA HTTP/1.1" 200 591 "https://kurtswebnotes.com/wp-includes/sodium_compat/namespaced/Core/" "Mozilla/5.0 (Linux; Android 7.0;) AppleWebKit/537.36 (KHTML, like Gecko) Mobile Safari/537.36 (compatible; PetalBot;+https://webmaster.petalsearch.com/site/petalbot)" "kurtswebnotes.com"
51.210.251.22 - - [27/Sep/2022:10:01:30 -0700] "GET /wp-login.php HTTP/1.1" 404 88 "http://kurtswebnotes.com/wp-login.php" "Mozilla/5.0 (Windows NT 10.0; Win64; x64; rv:96.0) Gecko/20100101 Firefox/96" "kurtswebnotes.com"
114.119.136.144 - - [27/Sep/2022:10:07:21 -0700] "GET /wp-includes/blocks/heading/?C=S%3BO%3DA HTTP/1.1" 200 377 "https://www.kurtswebnotes.com/wp-includes/blocks/heading/?C=N%3BO%3DD" "Mozilla/5.0 (Linux; Android 7.0;) AppleWebKit/537.36 (KHTML, like Gecko) Mobile Safari/537.36 (compatible; PetalBot;+https://webmaster.petalsearch.com/site/petalbot)" "www.kurtswebnotes.com"
51.222.253.18 - - [27/Sep/2022:10:15:04 -0700] "GET /wp-includes/sodium_compat/?C=D;O=D HTTP/1.1" 200 488 "-" "Mozilla/5.0 (compatible; AhrefsBot/7.0; +http://ahrefs.com/robot/)" "www.kurtswebnotes.com"
114.119.136.141 - - [27/Sep/2022:10:27:24 -0700] "GET /wp-includes/sodium_compat/src/Core/ HTTP/1.1" 200 645 "https://kurtswebnotes.com/wp-includes/sodium_compat/src/?C=S%3BO%3DA" "Mozilla/5.0 (Linux; Android 7.0;) AppleWebKit/537.36 (KHTML, like Gecko) Mobile Safari/537.36 (compatible; PetalBot;+https://webmaster.petalsearch.com/site/petalbot)" "kurtswebnotes.com"
213.251.184.216 - - [27/Sep/2022:10:30:45 -0700] "GET /wp-content/uploads/2022/09/pst.php HTTP/1.1" 404 73 "kurtswebnotes.com" "Mozilla/5.1 (Windows NT 6.0; WOW64) AppleWebKit/533.36 (KHTML, like Gecko) Chrome/46.0.2754.75 Safari/533.36" "kurtswebnotes.com"
213.251.184.216 - - [27/Sep/2022:10:31:38 -0700] "GET /wp-content/uploads/2022/09/wp_name.php HTTP/1.1" 404 73 "kurtswebnotes.com" "Mozilla/5.1 (Windows NT 6.0; WOW64) AppleWebKit/533.36 (KHTML, like Gecko) Chrome/46.0.2754.75 Safari/533.36" "kurtswebnotes.com"
142.54.173.138 - - [27/Sep/2022:10:31:42 -0700] "GET /blog/2016/01/13/my-first-instagram-image/ HTTP/1.1" 404 73 "https://kurtswebnotes.com/blog/2016/01/13/my-first-instagram-image/" "Mozilla/5.0 (Windows NT 6.3) AppleWebKit/537.36 (KHTML, like Gecko) Chrome/90.0.4430.72 Safari/537.36" "kurtswebnotes.com"
142.54.173.138 - - [27/Sep/2022:10:31:42 -0700] "GET / HTTP/1.1" 200 1458 "https://kurtswebnotes.com/" "Mozilla/5.0 (Windows NT 6.3) AppleWebKit/537.36 (KHTML, like Gecko) Chrome/90.0.4430.72 Safari/537.36" "kurtswebnotes.com"
213.251.184.216 - - [27/Sep/2022:10:32:21 -0700] "GET /wp-content/plugins/apikey/wp_name.php HTTP/1.1" 404 73 "kurtswebnotes.com" "Mozilla/5.1 (Windows NT 6.0; WOW64) AppleWebKit/533.36 (KHTML, like Gecko) Chrome/46.0.2754.75 Safari/533.36" "kurtswebnotes.com"
213.251.184.216 - - [27/Sep/2022:10:32:32 -0700] "GET /wp-includes/wpxec.php HTTP/1.1" 404 73 "kurtswebnotes.com" "Mozilla/5.1 (Windows NT 6.0; WOW64) AppleWebKit/533.36 (KHTML, like Gecko) Chrome/46.0.2754.75 Safari/533.36" "kurtswebnotes.com"
114.119.136.141 - - [27/Sep/2022:10:33:11 -0700] "GET /wp-includes/blocks/columns/block.json HTTP/1.1" 200 229 "https://kurtswebnotes.com/wp-includes/blocks/columns/?C=M%3BO%3DA" "Mozilla/5.0 (Linux; Android 7.0;) AppleWebKit/537.36 (KHTML, like Gecko) Mobile Safari/537.36 (compatible; PetalBot;+https://webmaster.petalsearch.com/site/petalbot)" "kurtswebnotes.com"
213.251.184.216 - - [27/Sep/2022:10:33:13 -0700] "GET /wp-includes/dli.php HTTP/1.1" 404 73 "kurtswebnotes.com" "Mozilla/5.1 (Windows NT 6.0; WOW64) AppleWebKit/533.36 (KHTML, like Gecko) Chrome/46.0.2754.75 Safari/533.36" "kurtswebnotes.com"
213.251.184.216 - - [27/Sep/2022:10:34:09 -0700] "GET /wp_name.php HTTP/1.1" 404 73 "kurtswebnotes.com" "Mozilla/5.1 (Windows NT 6.0; WOW64) AppleWebKit/533.36 (KHTML, like Gecko) Chrome/46.0.2754.75 Safari/533.36" "kurtswebnotes.com"
213.251.184.216 - - [27/Sep/2022:10:34:54 -0700] "GET /wp-content/wpxec.php HTTP/1.1" 404 73 "kurtswebnotes.com" "Mozilla/5.1 (Windows NT 6.0; WOW64) AppleWebKit/533.36 (KHTML, like Gecko) Chrome/46.0.2754.75 Safari/533.36" "kurtswebnotes.com"
213.251.184.216 - - [27/Sep/2022:10:36:32 -0700] "GET /wp-content/dli.php HTTP/1.1" 404 73 "kurtswebnotes.com" "Mozilla/5.1 (Windows NT 6.0; WOW64) AppleWebKit/533.36 (KHTML, like Gecko) Chrome/46.0.2754.75 Safari/533.36" "kurtswebnotes.com"
114.119.136.144 - - [27/Sep/2022:10:39:03 -0700] "GET /wp-includes/sitemaps/?C=D%3BO%3DA HTTP/1.1" 200 497 "https://kurtswebnotes.com/wp-includes/sitemaps/?C=M%3BO%3DA" "Mozilla/5.0 (Linux; Android 7.0;) AppleWebKit/537.36 (KHTML, like Gecko) Mobile Safari/537.36 (compatible; PetalBot;+https://webmaster.petalsearch.com/site/petalbot)" "kurtswebnotes.com"
114.119.136.138 - - [27/Sep/2022:10:44:57 -0700] "GET /wp-includes/blocks/audio/?C=S%3BO%3DA HTTP/1.1" 200 377 "https://kurtswebnotes.com/wp-includes/blocks/audio/?C=D%3BO%3DA" "Mozilla/5.0 (Linux; Android 7.0;) AppleWebKit/537.36 (KHTML, like Gecko) Mobile Safari/537.36 (compatible; PetalBot;+https://webmaster.petalsearch.com/site/petalbot)" "kurtswebnotes.com"
114.119.133.192 - - [27/Sep/2022:10:46:24 -0700] "GET /robots.txt HTTP/1.1" 200 101 "-" "Mozilla/5.0 (compatible;PetalBot;+https://webmaster.petalsearch.com/site/petalbot)" "kurtswebnotes.com"
51.222.253.10 - - [27/Sep/2022:10:48:00 -0700] "GET /wp-includes/sodium_compat/src/Core32/Curve25519/Ge/?C=S;O=D HTTP/1.1" 200 455 "-" "Mozilla/5.0 (compatible; AhrefsBot/7.0; +http://ahrefs.com/robot/)" "www.kurtswebnotes.com"
114.119.136.14 - - [27/Sep/2022:10:55:40 -0700] "GET /wp-includes/sodium_compat/src/Core/SecretStream/ HTTP/1.1" 200 395 "https://www.kurtswebnotes.com/wp-includes/sodium_compat/src/Core/?C=S%3BO%3DA" "Mozilla/5.0 (Linux; Android 7.0;) AppleWebKit/537.36 (KHTML, like Gecko) Mobile Safari/537.36 (compatible; PetalBot;+https://webmaster.petalsearch.com/site/petalbot)" "www.kurtswebnotes.com"
18.234.59.225 - - [27/Sep/2022:10:56:20 -0700] "GET /robots.txt HTTP/1.1" 200 111 "-" "Mozilla/5.0 (X11; Linux x86_64) AppleWebKit/537.36 (KHTML, like Gecko) Chrome/94.0.4606.81 Safari/537.36" "kurtswebnotes.com"
18.234.59.225 - - [27/Sep/2022:10:56:20 -0700] "GET / HTTP/1.1" 200 1458 "-" "Mozilla/5.0 (X11; Linux x86_64) AppleWebKit/537.36 (KHTML, like Gecko) Chrome/94.0.4606.81 Safari/537.36" "kurtswebnotes.com"
114.119.136.143 - - [27/Sep/2022:11:17:22 -0700] "GET /wp-includes/sodium_compat/namespaced/Core/ChaCha20/Ctx.php HTTP/1.1" 500 - "https://kurtswebnotes.com/wp-includes/sodium_compat/namespaced/Core/ChaCha20/?C=N%3BO%3DD" "Mozilla/5.0 (Linux; Android 7.0;) AppleWebKit/537.36 (KHTML, like Gecko) Mobile Safari/537.36 (compatible; PetalBot;+https://webmaster.petalsearch.com/site/petalbot)" "kurtswebnotes.com"
51.222.253.3 - - [27/Sep/2022:11:20:38 -0700] "GET /wp-includes/blocks/button/?C=M;O=A HTTP/1.1" 200 377 "-" "Mozilla/5.0 (compatible; AhrefsBot/7.0; +http://ahrefs.com/robot/)" "www.kurtswebnotes.com"
114.119.136.144 - - [27/Sep/2022:11:25:57 -0700] "GET /wp-content/themes/ HTTP/1.1" 200 375 "https://kurtswebnotes.com/wp-content/?C=N%3BO%3DD" "Mozilla/5.0 (Linux; Android 7.0;) AppleWebKit/537.36 (KHTML, like Gecko) Mobile Safari/537.36 (compatible; PetalBot;+https://webmaster.petalsearch.com/site/petalbot)" "kurtswebnotes.com"
114.119.136.138 - - [27/Sep/2022:11:31:49 -0700] "GET /wp-includes/sodium_compat/namespaced/Core/ChaCha20/?C=D%3BO%3DA HTTP/1.1" 200 417 "https://kurtswebnotes.com/wp-includes/sodium_compat/namespaced/Core/ChaCha20/?C=N%3BO%3DD" "Mozilla/5.0 (Linux; Android 7.0;) AppleWebKit/537.36 (KHTML, like Gecko) Mobile Safari/537.36 (compatible; PetalBot;+https://webmaster.petalsearch.com/site/petalbot)" "kurtswebnotes.com"
64.124.8.35 - - [27/Sep/2022:11:47:18 -0700] "GET /robots.txt HTTP/1.1" 200 101 "-" "Mozilla/5.0 (X11; Linux x86_64) AppleWebKit/537.36 (KHTML, like Gecko) Chrome/61.0.3163.79 Safari/537.36" "kurtswebnotes.com"
64.124.8.35 - - [27/Sep/2022:11:47:18 -0700] "GET /wp-includes/sodium_compat/src/ HTTP/1.1" 200 504 "-" "Mozilla/5.0 (X11; Linux x86_64) AppleWebKit/537.36 (KHTML, like Gecko) Chrome/61.0.3163.79 Safari/537.36" "kurtswebnotes.com"
31.172.133.72 - - [27/Sep/2022:11:47:53 -0700] "GET /adminer.php HTTP/1.1" 404 88 "-" "Mozilla/4.0 (compatible; MSIE 6.0; Windows NT 5.1; SV1)" "www.kurtswebnotes.com"
51.222.253.19 - - [27/Sep/2022:11:55:38 -0700] "GET /wp-includes/sodium_compat/namespaced/Core/ HTTP/1.1" 200 591 "-" "Mozilla/5.0 (compatible; AhrefsBot/7.0; +http://ahrefs.com/robot/)" "www.kurtswebnotes.com"
64.124.8.35 - - [27/Sep/2022:11:59:26 -0700] "GET /wp-includes/ HTTP/1.1" 200 459 "-" "Mozilla/5.0 (X11; Linux x86_64) AppleWebKit/537.36 (KHTML, like Gecko) Chrome/61.0.3163.79 Safari/537.36" "kurtswebnotes.com"
114.119.136.144 - - [27/Sep/2022:12:01:17 -0700] "GET /wp-includes/sodium_compat/?C=N%3BO%3DD HTTP/1.1" 200 493 "https://www.kurtswebnotes.com/wp-includes/sodium_compat/?C=S%3BO%3DA" "Mozilla/5.0 (Linux; Android 7.0;) AppleWebKit/537.36 (KHTML, like Gecko) Mobile Safari/537.36 (compatible; PetalBot;+https://webmaster.petalsearch.com/site/petalbot)" "www.kurtswebnotes.com"
64.124.8.35 - - [27/Sep/2022:12:06:30 -0700] "GET /wp-includes/sodium_compat/namespaced/ HTTP/1.1" 200 440 "-" "Mozilla/5.0 (X11; Linux x86_64) AppleWebKit/537.36 (KHTML, like Gecko) Chrome/61.0.3163.79 Safari/537.36" "kurtswebnotes.com"
64.124.8.35 - - [27/Sep/2022:12:07:48 -0700] "GET / HTTP/1.1" 200 481 "-" "Mozilla/5.0 (X11; Linux x86_64) AppleWebKit/537.36 (KHTML, like Gecko) Chrome/61.0.3163.79 Safari/537.36" "kurtswebnotes.com"
114.119.136.14 - - [27/Sep/2022:12:14:18 -0700] "GET /wp-includes/sodium_compat/namespaced/Core/ChaCha20/?C=N%3BO%3DD HTTP/1.1" 200 417 "https://www.kurtswebnotes.com/wp-includes/sodium_compat/namespaced/Core/ChaCha20/?C=D%3BO%3DA" "Mozilla/5.0 (Linux; Android 7.0;) AppleWebKit/537.36 (KHTML, like Gecko) Mobile Safari/537.36 (compatible; PetalBot;+https://webmaster.petalsearch.com/site/petalbot)" "www.kurtswebnotes.com"
64.124.8.35 - - [27/Sep/2022:12:16:24 -0700] "GET /robots.txt HTTP/1.1" 304 - "-" "Mozilla/5.0 (X11; Linux x86_64) AppleWebKit/537.36 (KHTML, like Gecko) Chrome/61.0.3163.79 Safari/537.36" "kurtswebnotes.com"
114.119.136.14 - - [27/Sep/2022:12:23:00 -0700] "GET /wp-includes/sodium_compat/src/Core32/SecretStream/?C=S%3BO%3DA HTTP/1.1" 200 397 "https://www.kurtswebnotes.com/wp-includes/sodium_compat/src/Core32/SecretStream/?C=D%3BO%3DA" "Mozilla/5.0 (Linux; Android 7.0;) AppleWebKit/537.36 (KHTML, like Gecko) Mobile Safari/537.36 (compatible; PetalBot;+https://webmaster.petalsearch.com/site/petalbot)" "www.kurtswebnotes.com"
114.119.155.118 - - [27/Sep/2022:12:25:30 -0700] "GET /robots.txt HTTP/1.1" 200 101 "-" "Mozilla/5.0 (compatible;PetalBot;+https://webmaster.petalsearch.com/site/petalbot)" "www.kurtswebnotes.com"
51.222.253.19 - - [27/Sep/2022:12:32:28 -0700] "GET /wp-includes/sodium_compat/namespaced/Core/Curve25519/?C=M;O=A HTTP/1.1" 200 433 "-" "Mozilla/5.0 (compatible; AhrefsBot/7.0; +http://ahrefs.com/robot/)" "www.kurtswebnotes.com"
51.222.253.18 - - [27/Sep/2022:13:16:17 -0700] "GET /wp-includes/sodium_compat/src/PHP52/SplFixedArray.php HTTP/1.1" 200 - "-" "Mozilla/5.0 (compatible; AhrefsBot/7.0; +http://ahrefs.com/robot/)" "www.kurtswebnotes.com"
64.124.8.51 - - [27/Sep/2022:13:17:52 -0700] "GET /robots.txt HTTP/1.1" 200 101 "-" "Mozilla/5.0 (X11; Linux x86_64) AppleWebKit/537.36 (KHTML, like Gecko) Chrome/61.0.3163.79 Safari/537.36" "kurtswebnotes.com"
64.124.8.51 - - [27/Sep/2022:13:17:52 -0700] "GET /wp-includes/sodium_compat/src/ HTTP/1.1" 200 504 "-" "Mozilla/5.0 (X11; Linux x86_64) AppleWebKit/537.36 (KHTML, like Gecko) Chrome/61.0.3163.79 Safari/537.36" "kurtswebnotes.com"
64.124.8.51 - - [27/Sep/2022:13:30:01 -0700] "GET /wp-includes/ HTTP/1.1" 200 459 "-" "Mozilla/5.0 (X11; Linux x86_64) AppleWebKit/537.36 (KHTML, like Gecko) Chrome/61.0.3163.79 Safari/537.36" "kurtswebnotes.com"
51.222.253.16 - - [27/Sep/2022:13:31:18 -0700] "GET /wp-includes/blocks/spacer/ HTTP/1.1" 200 376 "-" "Mozilla/5.0 (compatible; AhrefsBot/7.0; +http://ahrefs.com/robot/)" "www.kurtswebnotes.com"
64.124.8.51 - - [27/Sep/2022:13:37:56 -0700] "GET / HTTP/1.1" 200 481 "-" "Mozilla/5.0 (X11; Linux x86_64) AppleWebKit/537.36 (KHTML, like Gecko) Chrome/61.0.3163.79 Safari/537.36" "kurtswebnotes.com"
51.222.253.6 - - [27/Sep/2022:13:45:10 -0700] "GET /wp-includes/blocks/column/ HTTP/1.1" 200 376 "-" "Mozilla/5.0 (compatible; AhrefsBot/7.0; +http://ahrefs.com/robot/)" "www.kurtswebnotes.com"
64.124.8.51 - - [27/Sep/2022:13:46:03 -0700] "GET /robots.txt HTTP/1.1" 304 - "-" "Mozilla/5.0 (X11; Linux x86_64) AppleWebKit/537.36 (KHTML, like Gecko) Chrome/61.0.3163.79 Safari/537.36" "kurtswebnotes.com"
194.38.20.161 - - [27/Sep/2022:13:52:03 -0700] "GET /wp-content/themes/deep-blue/megaframe/megapanel/inc/functions.php HTTP/1.1" 404 73 "-" "ALittle Client" "kurtswebnotes.com"
51.222.253.2 - - [27/Sep/2022:14:00:48 -0700] "GET /wp-includes/blocks/categories/ HTTP/1.1" 200 379 "-" "Mozilla/5.0 (compatible; AhrefsBot/7.0; +http://ahrefs.com/robot/)" "www.kurtswebnotes.com"
51.222.253.5 - - [27/Sep/2022:14:14:01 -0700] "GET /wp-includes/blocks/button/?C=S;O=A HTTP/1.1" 200 377 "-" "Mozilla/5.0 (compatible; AhrefsBot/7.0; +http://ahrefs.com/robot/)" "www.kurtswebnotes.com"
51.222.253.4 - - [27/Sep/2022:14:25:45 -0700] "GET /wp-includes/blocks/social-links/ HTTP/1.1" 200 380 "-" "Mozilla/5.0 (compatible; AhrefsBot/7.0; +http://ahrefs.com/robot/)" "www.kurtswebnotes.com"
51.222.253.4 - - [27/Sep/2022:14:31:54 -0700] "GET /wp-includes/sodium_compat/src/Core/Curve25519/Ge/?C=D;O=A HTTP/1.1" 200 457 "-" "Mozilla/5.0 (compatible; AhrefsBot/7.0; +http://ahrefs.com/robot/)" "www.kurtswebnotes.com"
51.222.253.18 - - [27/Sep/2022:14:38:25 -0700] "GET /wp-includes/sodium_compat/namespaced/Core/?C=N;O=D HTTP/1.1" 200 595 "-" "Mozilla/5.0 (compatible; AhrefsBot/7.0; +http://ahrefs.com/robot/)" "www.kurtswebnotes.com"
51.222.253.11 - - [27/Sep/2022:14:44:57 -0700] "GET /wp-includes/sodium_compat/src/Core32/Int64.php HTTP/1.1" 200 - "-" "Mozilla/5.0 (compatible; AhrefsBot/7.0; +http://ahrefs.com/robot/)" "www.kurtswebnotes.com"
51.222.253.20 - - [27/Sep/2022:14:50:25 -0700] "GET /wp-includes/PHPMailer/?C=M;O=D HTTP/1.1" 200 412 "-" "Mozilla/5.0 (compatible; AhrefsBot/7.0; +http://ahrefs.com/robot/)" "www.kurtswebnotes.com"
51.222.253.7 - - [27/Sep/2022:14:56:02 -0700] "GET /wp-includes/sodium_compat/lib/?C=N;O=D HTTP/1.1" 200 455 "-" "Mozilla/5.0 (compatible; AhrefsBot/7.0; +http://ahrefs.com/robot/)" "www.kurtswebnotes.com"
51.222.253.5 - - [27/Sep/2022:15:02:20 -0700] "GET /wp-includes/blocks/nextpage/?C=N;O=D HTTP/1.1" 200 377 "-" "Mozilla/5.0 (compatible; AhrefsBot/7.0; +http://ahrefs.com/robot/)" "www.kurtswebnotes.com"
51.222.253.1 - - [27/Sep/2022:15:09:09 -0700] "GET /wp-includes/PHPMailer/Exception.php HTTP/1.1" 200 - "-" "Mozilla/5.0 (compatible; AhrefsBot/7.0; +http://ahrefs.com/robot/)" "www.kurtswebnotes.com"
114.119.136.144 - - [27/Sep/2022:15:13:51 -0700] "GET /wp-includes/css/dist/block-directory/?C=S%3BO%3DA HTTP/1.1" 200 421 "https://www.kurtswebnotes.com/wp-includes/css/dist/block-directory/?C=D%3BO%3DA" "Mozilla/5.0 (Linux; Android 7.0;) AppleWebKit/537.36 (KHTML, like Gecko) Mobile Safari/537.36 (compatible; PetalBot;+https://webmaster.petalsearch.com/site/petalbot)" "www.kurtswebnotes.com"
51.222.253.1 - - [27/Sep/2022:15:16:15 -0700] "GET /wp-includes/PHPMailer/SMTP.php HTTP/1.1" 200 - "-" "Mozilla/5.0 (compatible; AhrefsBot/7.0; +http://ahrefs.com/robot/)" "www.kurtswebnotes.com"
114.119.136.138 - - [27/Sep/2022:15:19:25 -0700] "GET /wp-includes/blocks/subhead/ HTTP/1.1" 200 377 "https://kurtswebnotes.com/wp-includes/blocks/?C=N%3BO%3DD" "Mozilla/5.0 (Linux; Android 7.0;) AppleWebKit/537.36 (KHTML, like Gecko) Mobile Safari/537.36 (compatible; PetalBot;+https://webmaster.petalsearch.com/site/petalbot)" "kurtswebnotes.com"
64.124.8.57 - - [27/Sep/2022:15:20:15 -0700] "GET /robots.txt HTTP/1.1" 200 101 "-" "Mozilla/5.0 (X11; Linux x86_64) AppleWebKit/537.36 (KHTML, like Gecko) Chrome/61.0.3163.79 Safari/537.36" "kurtswebnotes.com"
64.124.8.57 - - [27/Sep/2022:15:20:15 -0700] "GET /sitemap.xml HTTP/1.1" 304 - "-" "Mozilla/5.0 (X11; Linux x86_64) AppleWebKit/537.36 (KHTML, like Gecko) Chrome/61.0.3163.79 Safari/537.36" "kurtswebnotes.com"
51.222.253.2 - - [27/Sep/2022:15:24:16 -0700] "GET /wp-includes/blocks/html/?C=N;O=A HTTP/1.1" 200 373 "-" "Mozilla/5.0 (compatible; AhrefsBot/7.0; +http://ahrefs.com/robot/)" "www.kurtswebnotes.com"
114.119.136.144 - - [27/Sep/2022:15:24:58 -0700] "GET /wp-includes/blocks/freeform/ HTTP/1.1" 200 377 "https://www.kurtswebnotes.com/wp-includes/blocks/?C=M%3BO%3DA" "Mozilla/5.0 (Linux; Android 7.0;) AppleWebKit/537.36 (KHTML, like Gecko) Mobile Safari/537.36 (compatible; PetalBot;+https://webmaster.petalsearch.com/site/petalbot)" "www.kurtswebnotes.com"
114.119.136.141 - - [27/Sep/2022:15:30:32 -0700] "GET /wp-includes/sodium_compat/src/Core32/HSalsa20.php HTTP/1.1" 500 - "https://www.kurtswebnotes.com/wp-includes/sodium_compat/src/Core32/" "Mozilla/5.0 (Linux; Android 7.0;) AppleWebKit/537.36 (KHTML, like Gecko) Mobile Safari/537.36 (compatible; PetalBot;+https://webmaster.petalsearch.com/site/petalbot)" "www.kurtswebnotes.com"
51.222.253.3 - - [27/Sep/2022:15:32:37 -0700] "GET /wp-includes/blocks/rss/?C=S;O=A HTTP/1.1" 200 374 "-" "Mozilla/5.0 (compatible; AhrefsBot/7.0; +http://ahrefs.com/robot/)" "www.kurtswebnotes.com"
114.119.136.144 - - [27/Sep/2022:15:36:07 -0700] "GET /?C=N%3BO%3DD HTTP/1.1" 200 481 "https://kurtswebnotes.com/?C=S%3BO%3DA" "Mozilla/5.0 (Linux; Android 7.0;) AppleWebKit/537.36 (KHTML, like Gecko) Mobile Safari/537.36 (compatible; PetalBot;+https://webmaster.petalsearch.com/site/petalbot)" "kurtswebnotes.com"
114.119.136.141 - - [27/Sep/2022:15:41:43 -0700] "GET /wp-includes/blocks/latest-comments/?C=M%3BO%3DA HTTP/1.1" 200 383 "https://www.kurtswebnotes.com/wp-includes/blocks/latest-comments/" "Mozilla/5.0 (Linux; Android 7.0;) AppleWebKit/537.36 (KHTML, like Gecko) Mobile Safari/537.36 (compatible; PetalBot;+https://webmaster.petalsearch.com/site/petalbot)" "www.kurtswebnotes.com"
114.119.136.144 - - [27/Sep/2022:15:47:18 -0700] "GET /wp-includes/blocks/latest-comments/?C=D%3BO%3DA HTTP/1.1" 200 383 "https://www.kurtswebnotes.com/wp-includes/blocks/latest-comments/" "Mozilla/5.0 (Linux; Android 7.0;) AppleWebKit/537.36 (KHTML, like Gecko) Mobile Safari/537.36 (compatible; PetalBot;+https://webmaster.petalsearch.com/site/petalbot)" "www.kurtswebnotes.com"
114.119.136.144 - - [27/Sep/2022:15:52:54 -0700] "GET /wp-includes/blocks/latest-comments/?C=D%3BO%3DA HTTP/1.1" 200 383 "https://kurtswebnotes.com/wp-includes/blocks/latest-comments/?C=N%3BO%3DD" "Mozilla/5.0 (Linux; Android 7.0;) AppleWebKit/537.36 (KHTML, like Gecko) Mobile Safari/537.36 (compatible; PetalBot;+https://webmaster.petalsearch.com/site/petalbot)" "kurtswebnotes.com"
20.199.113.4 - - [27/Sep/2022:15:53:36 -0700] "GET /wp-includes/class-index-wordpress.php HTTP/1.1" 404 88 "-" "Mozlila/5.0 (Linux; Android 7.0; SM-G892A Bulid/NRD90M; wv) AppleWebKit/537.36 (KHTML, like Gecko) Version/4.0 Chrome/60.0.3112.107 Moblie Safari/537.36" "kurtswebnotes.com"
20.199.113.4 - - [27/Sep/2022:15:53:37 -0700] "GET /wp-admin/js/widgets/wp-login.php HTTP/1.1" 404 88 "-" "Mozlila/5.0 (Linux; Android 7.0; SM-G892A Bulid/NRD90M; wv) AppleWebKit/537.36 (KHTML, like Gecko) Version/4.0 Chrome/60.0.3112.107 Moblie Safari/537.36" "kurtswebnotes.com"
20.199.113.4 - - [27/Sep/2022:15:53:38 -0700] "GET /wp-includes/wp-system-cloud.php HTTP/1.1" 404 88 "-" "Mozlila/5.0 (Linux; Android 7.0; SM-G892A Bulid/NRD90M; wv) AppleWebKit/537.36 (KHTML, like Gecko) Version/4.0 Chrome/60.0.3112.107 Moblie Safari/537.36" "kurtswebnotes.com"
20.199.113.4 - - [27/Sep/2022:15:53:39 -0700] "GET /wp-includes/class-wp-page-icon.php HTTP/1.1" 404 88 "-" "Mozlila/5.0 (Linux; Android 7.0; SM-G892A Bulid/NRD90M; wv) AppleWebKit/537.36 (KHTML, like Gecko) Version/4.0 Chrome/60.0.3112.107 Moblie Safari/537.36" "kurtswebnotes.com"
20.199.113.4 - - [27/Sep/2022:15:53:40 -0700] "GET /wp-includes/class-wordpress-license.php HTTP/1.1" 404 88 "-" "Mozlila/5.0 (Linux; Android 7.0; SM-G892A Bulid/NRD90M; wv) AppleWebKit/537.36 (KHTML, like Gecko) Version/4.0 Chrome/60.0.3112.107 Moblie Safari/537.36" "kurtswebnotes.com"
114.119.136.14 - - [27/Sep/2022:15:58:31 -0700] "GET /wp-includes/sodium_compat/src/Core32/SecretStream/?C=D%3BO%3DA HTTP/1.1" 200 397 "https://kurtswebnotes.com/wp-includes/sodium_compat/src/Core32/SecretStream/?C=M%3BO%3DA" "Mozilla/5.0 (Linux; Android 7.0;) AppleWebKit/537.36 (KHTML, like Gecko) Mobile Safari/537.36 (compatible; PetalBot;+https://webmaster.petalsearch.com/site/petalbot)" "kurtswebnotes.com"
114.119.136.144 - - [27/Sep/2022:16:04:05 -0700] "GET /wp-includes/blocks/tag-cloud/?C=M%3BO%3DA HTTP/1.1" 200 378 "https://www.kurtswebnotes.com/wp-includes/blocks/tag-cloud/?C=S%3BO%3DA" "Mozilla/5.0 (Linux; Android 7.0;) AppleWebKit/537.36 (KHTML, like Gecko) Mobile Safari/537.36 (compatible; PetalBot;+https://webmaster.petalsearch.com/site/petalbot)" "www.kurtswebnotes.com"
74.125.151.159 - - [27/Sep/2022:16:06:30 -0700] "GET /blog/wp-content/uploads/2013/05/flowerbud04mod.jpg HTTP/1.1" 404 88 "-" "Mozilla/5.0 (Macintosh; Intel Mac OS X 10_8_4) AppleWebKit/537.36 (KHTML, like Gecko) Chrome/28.0.1500.71 Safari/537.36" "kurtswebnotes.com"
74.125.151.131 - - [27/Sep/2022:16:06:30 -0700] "GET /blog/wp-content/uploads/2013/05/flowerbud04mod.jpg HTTP/1.1" 404 88 "-" "Mozilla/5.0 (Macintosh; Intel Mac OS X 10_8_4) AppleWebKit/537.36 (KHTML, like Gecko) Chrome/28.0.1500.71 Safari/537.36" "kurtswebnotes.com"
74.125.151.159 - - [27/Sep/2022:16:06:33 -0700] "GET /blog/wp-content/uploads/2013/05/flowerbud04mod.jpg HTTP/1.1" 404 88 "-" "Mozilla/5.0 (Macintosh; Intel Mac OS X 10_8_4) AppleWebKit/537.36 (KHTML, like Gecko) Chrome/28.0.1500.71 Safari/537.36" "kurtswebnotes.com"
74.125.151.128 - - [27/Sep/2022:16:06:33 -0700] "GET /blog/wp-content/uploads/2013/05/flowerbud04mod.jpg HTTP/1.1" 404 88 "-" "Mozilla/5.0 (Macintosh; Intel Mac OS X 10_8_4) AppleWebKit/537.36 (KHTML, like Gecko) Chrome/28.0.1500.71 Safari/537.36" "kurtswebnotes.com"
114.119.136.141 - - [27/Sep/2022:16:09:38 -0700] "GET /wp-includes/sodium_compat/src/Core32/?C=S%3BO%3DA HTTP/1.1" 200 669 "https://www.kurtswebnotes.com/wp-includes/sodium_compat/src/Core32/" "Mozilla/5.0 (Linux; Android 7.0;) AppleWebKit/537.36 (KHTML, like Gecko) Mobile Safari/537.36 (compatible; PetalBot;+https://webmaster.petalsearch.com/site/petalbot)" "www.kurtswebnotes.com"
114.119.136.14 - - [27/Sep/2022:16:15:14 -0700] "GET /wp-includes/css/?C=N%3BO%3DD HTTP/1.1" 200 359 "https://kurtswebnotes.com/wp-includes/css/" "Mozilla/5.0 (Linux; Android 7.0;) AppleWebKit/537.36 (KHTML, like Gecko) Mobile Safari/537.36 (compatible; PetalBot;+https://webmaster.petalsearch.com/site/petalbot)" "kurtswebnotes.com"
114.119.136.138 - - [27/Sep/2022:16:20:51 -0700] "GET /wp-admin/css/colors/modern/colors-rtl.min.css HTTP/1.1" 200 3120 "https://kurtswebnotes.com/wp-admin/css/colors/modern/?C=N%3BO%3DD" "Mozilla/5.0 (Linux; Android 7.0;) AppleWebKit/537.36 (KHTML, like Gecko) Mobile Safari/537.36 (compatible; PetalBot;+https://webmaster.petalsearch.com/site/petalbot)" "kurtswebnotes.com"
114.119.136.138 - - [27/Sep/2022:16:26:25 -0700] "GET /wp-includes/sodium_compat/namespaced/Core/ChaCha20/Ctx.php HTTP/1.1" 500 - "https://kurtswebnotes.com/wp-includes/sodium_compat/namespaced/Core/ChaCha20/?C=M%3BO%3DA" "Mozilla/5.0 (Linux; Android 7.0;) AppleWebKit/537.36 (KHTML, like Gecko) Mobile Safari/537.36 (compatible; PetalBot;+https://webmaster.petalsearch.com/site/petalbot)" "kurtswebnotes.com"
64.124.8.56 - - [27/Sep/2022:16:27:27 -0700] "GET /robots.txt HTTP/1.1" 200 101 "-" "Mozilla/5.0 (X11; Linux x86_64) AppleWebKit/537.36 (KHTML, like Gecko) Chrome/61.0.3163.79 Safari/537.36" "kurtswebnotes.com"
64.124.8.56 - - [27/Sep/2022:16:27:27 -0700] "GET /sitemap.xml HTTP/1.1" 304 - "-" "Mozilla/5.0 (X11; Linux x86_64) AppleWebKit/537.36 (KHTML, like Gecko) Chrome/61.0.3163.79 Safari/537.36" "kurtswebnotes.com"
114.119.136.14 - - [27/Sep/2022:16:32:00 -0700] "GET /wp-includes/sitemaps/?C=D%3BO%3DA HTTP/1.1" 200 497 "https://kurtswebnotes.com/wp-includes/sitemaps/?C=M%3BO%3DA" "Mozilla/5.0 (Linux; Android 7.0;) AppleWebKit/537.36 (KHTML, like Gecko) Mobile Safari/537.36 (compatible; PetalBot;+https://webmaster.petalsearch.com/site/petalbot)" "kurtswebnotes.com"
54.190.133.208 - - [27/Sep/2022:16:33:47 -0700] "GET / HTTP/1.1" 200 481 "-" "Mozilla/5.0 (X11; Linux x86_64) AppleWebKit/537.36 (KHTML, like Gecko) Chrome/83.0.4103.97 Safari/537.36" "kurtswebnotes.com"
54.202.183.251 - - [27/Sep/2022:16:33:48 -0700] "GET / HTTP/1.1" 200 481 "-" "Mozilla/5.0 (X11; Linux x86_64) AppleWebKit/537.36 (KHTML, like Gecko) Chrome/83.0.4103.97 Safari/537.36" "kurtswebnotes.com"
54.184.189.81 - - [27/Sep/2022:16:33:58 -0700] "GET /favicon.ico HTTP/1.1" 404 88 "http://kurtswebnotes.com/favicon.ico" "Mozilla/5.0 (X11; Linux x86_64) AppleWebKit/537.36 (KHTML, like Gecko) Chrome/83.0.4103.97 Safari/537.36" "kurtswebnotes.com"
54.184.189.81 - - [27/Sep/2022:16:34:01 -0700] "GET / HTTP/1.1" 200 481 "http://kurtswebnotes.com" "Mozilla/5.0 (X11; Linux x86_64) AppleWebKit/537.36 (KHTML, like Gecko) Chrome/83.0.4103.97 Safari/537.36" "kurtswebnotes.com"
54.212.132.9 - - [27/Sep/2022:16:34:04 -0700] "GET /favicon.ico HTTP/1.1" 404 88 "-" "Mozilla/5.0 (X11; Linux x86_64) AppleWebKit/537.36 (KHTML, like Gecko) Chrome/83.0.4103.97 Safari/537.36" "kurtswebnotes.com"
54.212.132.9 - - [27/Sep/2022:16:34:07 -0700] "GET / HTTP/1.1" 200 481 "-" "Mozilla/5.0 (X11; Linux x86_64) AppleWebKit/537.36 (KHTML, like Gecko) Chrome/83.0.4103.97 Safari/537.36" "kurtswebnotes.com"
64.124.8.56 - - [27/Sep/2022:16:35:56 -0700] "GET /wp-includes/sodium_compat/src/SodiumException.php HTTP/1.1" 200 - "-" "Mozilla/5.0 (X11; Linux x86_64) AppleWebKit/537.36 (KHTML, like Gecko) Chrome/61.0.3163.79 Safari/537.36" "kurtswebnotes.com"
64.124.8.56 - - [27/Sep/2022:16:36:17 -0700] "GET /wp-includes/sodium_compat/lib/sodium_compat.php HTTP/1.1" 200 - "-" "Mozilla/5.0 (X11; Linux x86_64) AppleWebKit/537.36 (KHTML, like Gecko) Chrome/61.0.3163.79 Safari/537.36" "kurtswebnotes.com"
64.124.8.56 - - [27/Sep/2022:16:36:38 -0700] "GET /wp-includes/sodium_compat/lib/constants.php HTTP/1.1" 200 - "-" "Mozilla/5.0 (X11; Linux x86_64) AppleWebKit/537.36 (KHTML, like Gecko) Chrome/61.0.3163.79 Safari/537.36" "kurtswebnotes.com"
64.124.8.56 - - [27/Sep/2022:16:36:45 -0700] "GET /robots.txt HTTP/1.1" 200 101 "-" "Mozilla/5.0 (X11; Linux x86_64) AppleWebKit/537.36 (KHTML, like Gecko) Chrome/61.0.3163.79 Safari/537.36" "kurtswebnotes.com"
