114.119.136.138 - - [28/Sep/2022:02:45:07 -0700] "GET /wp-includes/blocks/latest-comments/block.json HTTP/1.1" 200 249 "https://kurtswebnotes.com/wp-includes/blocks/latest-comments/?C=S%3BO%3DA" "Mozilla/5.0 (Linux; Android 7.0;) AppleWebKit/537.36 (KHTML, like Gecko) Mobile Safari/537.36 (compatible; PetalBot;+https://webmaster.petalsearch.com/site/petalbot)" "kurtswebnotes.com"
64.124.8.28 - - [28/Sep/2022:02:49:10 -0700] "GET /wp-includes/PHPMailer/ HTTP/1.1" 200 416 "-" "Mozilla/5.0 (X11; Linux x86_64) AppleWebKit/537.36 (KHTML, like Gecko) Chrome/61.0.3163.79 Safari/537.36" "kurtswebnotes.com"
64.124.8.28 - - [28/Sep/2022:02:49:44 -0700] "GET /wp-includes/sodium_compat/lib/php72compat.php HTTP/1.1" 200 - "-" "Mozilla/5.0 (X11; Linux x86_64) AppleWebKit/537.36 (KHTML, like Gecko) Chrome/61.0.3163.79 Safari/537.36" "kurtswebnotes.com"
114.119.136.144 - - [28/Sep/2022:02:50:54 -0700] "GET /wp-includes/sodium_compat/src/Core/XSalsa20.php HTTP/1.1" 500 - "https://www.kurtswebnotes.com/wp-includes/sodium_compat/src/Core/?C=S%3BO%3DA" "Mozilla/5.0 (Linux; Android 7.0;) AppleWebKit/537.36 (KHTML, like Gecko) Mobile Safari/537.36 (compatible; PetalBot;+https://webmaster.petalsearch.com/site/petalbot)" "www.kurtswebnotes.com"
64.124.8.28 - - [28/Sep/2022:02:52:49 -0700] "GET /wp-includes/sodium_compat/src/Core32/ HTTP/1.1" 200 669 "-" "Mozilla/5.0 (X11; Linux x86_64) AppleWebKit/537.36 (KHTML, like Gecko) Chrome/61.0.3163.79 Safari/537.36" "kurtswebnotes.com"
64.124.8.28 - - [28/Sep/2022:02:53:13 -0700] "GET /download/ HTTP/1.1" 200 313 "-" "Mozilla/5.0 (X11; Linux x86_64) AppleWebKit/537.36 (KHTML, like Gecko) Chrome/61.0.3163.79 Safari/537.36" "kurtswebnotes.com"
51.222.253.20 - - [28/Sep/2022:02:54:06 -0700] "GET / HTTP/1.1" 200 481 "-" "Mozilla/5.0 (compatible; AhrefsBot/7.0; +http://ahrefs.com/robot/)" "www.kurtswebnotes.com"
64.124.8.28 - - [28/Sep/2022:02:56:29 -0700] "GET /wp-includes/sodium_compat/namespaced/Core/ HTTP/1.1" 200 591 "-" "Mozilla/5.0 (X11; Linux x86_64) AppleWebKit/537.36 (KHTML, like Gecko) Chrome/61.0.3163.79 Safari/537.36" "kurtswebnotes.com"
114.119.136.144 - - [28/Sep/2022:02:56:37 -0700] "GET /wp-includes/blocks/shortcode/?C=D%3BO%3DA HTTP/1.1" 200 379 "https://www.kurtswebnotes.com/wp-includes/blocks/shortcode/" "Mozilla/5.0 (Linux; Android 7.0;) AppleWebKit/537.36 (KHTML, like Gecko) Mobile Safari/537.36 (compatible; PetalBot;+https://webmaster.petalsearch.com/site/petalbot)" "www.kurtswebnotes.com"
64.124.8.28 - - [28/Sep/2022:02:57:19 -0700] "GET /wp-content/ HTTP/1.1" 200 354 "-" "Mozilla/5.0 (X11; Linux x86_64) AppleWebKit/537.36 (KHTML, like Gecko) Chrome/61.0.3163.79 Safari/537.36" "kurtswebnotes.com"
114.119.136.138 - - [28/Sep/2022:03:02:23 -0700] "GET /wp-includes/blocks/pullquote/?C=S%3BO%3DA HTTP/1.1" 200 381 "https://www.kurtswebnotes.com/wp-includes/blocks/pullquote/" "Mozilla/5.0 (Linux; Android 7.0;) AppleWebKit/537.36 (KHTML, like Gecko) Mobile Safari/537.36 (compatible; PetalBot;+https://webmaster.petalsearch.com/site/petalbot)" "www.kurtswebnotes.com"
114.119.136.144 - - [28/Sep/2022:03:08:07 -0700] "GET /wp-includes/css/dist/block-editor/ HTTP/1.1" 200 424 "https://kurtswebnotes.com/wp-includes/css/dist/?C=S%3BO%3DA" "Mozilla/5.0 (Linux; Android 7.0;) AppleWebKit/537.36 (KHTML, like Gecko) Mobile Safari/537.36 (compatible; PetalBot;+https://webmaster.petalsearch.com/site/petalbot)" "kurtswebnotes.com"
114.119.136.14 - - [28/Sep/2022:03:13:56 -0700] "GET /wp-admin/css/colors/ HTTP/1.1" 200 362 "https://kurtswebnotes.com/wp-admin/css/?C=N%3BO%3DD" "Mozilla/5.0 (Linux; Android 7.0;) AppleWebKit/537.36 (KHTML, like Gecko) Mobile Safari/537.36 (compatible; PetalBot;+https://webmaster.petalsearch.com/site/petalbot)" "kurtswebnotes.com"
114.119.136.141 - - [28/Sep/2022:03:19:45 -0700] "GET /wp-includes/css/dist/block-editor/style.css HTTP/1.1" 200 14136 "https://kurtswebnotes.com/wp-includes/css/dist/block-editor/?C=M%3BO%3DA" "Mozilla/5.0 (Linux; Android 7.0;) AppleWebKit/537.36 (KHTML, like Gecko) Mobile Safari/537.36 (compatible; PetalBot;+https://webmaster.petalsearch.com/site/petalbot)" "kurtswebnotes.com"
114.119.136.138 - - [28/Sep/2022:03:25:33 -0700] "GET /wp-includes/assets/ HTTP/1.1" 200 390 "https://www.kurtswebnotes.com/wp-includes/" "Mozilla/5.0 (Linux; Android 7.0;) AppleWebKit/537.36 (KHTML, like Gecko) Mobile Safari/537.36 (compatible; PetalBot;+https://webmaster.petalsearch.com/site/petalbot)" "www.kurtswebnotes.com"
54.207.36.58 - - [28/Sep/2022:03:26:01 -0700] "GET /wp-content/wordpress-index-keyword.php HTTP/1.1" 404 73 "kurtswebnotes.com" "Mozilla/5.0 (Windows NT 6.1; WOW64) AppleWebKit/537.36 (KHTML, like Gecko) Chrome/50.0.2661.75 Safari/537.36" "kurtswebnotes.com"
54.207.36.58 - - [28/Sep/2022:03:26:46 -0700] "GET /wp-content/wp-file-conficg.php HTTP/1.1" 404 73 "kurtswebnotes.com" "Mozilla/5.0 (Windows NT 6.1; WOW64) AppleWebKit/537.36 (KHTML, like Gecko) Chrome/50.0.2661.75 Safari/537.36" "kurtswebnotes.com"
54.207.36.58 - - [28/Sep/2022:03:27:59 -0700] "GET /wp-content/wp-files-conficg.php HTTP/1.1" 404 73 "kurtswebnotes.com" "Mozilla/5.0 (Windows NT 6.1; WOW64) AppleWebKit/537.36 (KHTML, like Gecko) Chrome/50.0.2661.75 Safari/537.36" "kurtswebnotes.com"
114.119.136.144 - - [28/Sep/2022:03:31:18 -0700] "GET /wp-includes/sodium_compat/namespaced/Core/HSalsa20.php HTTP/1.1" 500 - "https://kurtswebnotes.com/wp-includes/sodium_compat/namespaced/Core/?C=S%3BO%3DA" "Mozilla/5.0 (Linux; Android 7.0;) AppleWebKit/537.36 (KHTML, like Gecko) Mobile Safari/537.36 (compatible; PetalBot;+https://webmaster.petalsearch.com/site/petalbot)" "kurtswebnotes.com"
114.119.136.141 - - [28/Sep/2022:03:37:05 -0700] "GET /wp-includes/css/dist/?C=M%3BO%3DA HTTP/1.1" 200 382 "https://kurtswebnotes.com/wp-includes/css/dist/?C=S%3BO%3DA" "Mozilla/5.0 (Linux; Android 7.0;) AppleWebKit/537.36 (KHTML, like Gecko) Mobile Safari/537.36 (compatible; PetalBot;+https://webmaster.petalsearch.com/site/petalbot)" "kurtswebnotes.com"
114.119.136.144 - - [28/Sep/2022:03:42:53 -0700] "GET /wp-includes/sodium_compat/src/Core32/SipHash.php HTTP/1.1" 500 - "https://kurtswebnotes.com/wp-includes/sodium_compat/src/Core32/?C=S%3BO%3DA" "Mozilla/5.0 (Linux; Android 7.0;) AppleWebKit/537.36 (KHTML, like Gecko) Mobile Safari/537.36 (compatible; PetalBot;+https://webmaster.petalsearch.com/site/petalbot)" "kurtswebnotes.com"
114.119.136.141 - - [28/Sep/2022:03:48:40 -0700] "GET /wp-includes/block-patterns/?C=S%3BO%3DA HTTP/1.1" 200 548 "https://www.kurtswebnotes.com/wp-includes/block-patterns/?C=N%3BO%3DD" "Mozilla/5.0 (Linux; Android 7.0;) AppleWebKit/537.36 (KHTML, like Gecko) Mobile Safari/537.36 (compatible; PetalBot;+https://webmaster.petalsearch.com/site/petalbot)" "www.kurtswebnotes.com"
20.199.113.4 - - [28/Sep/2022:03:50:49 -0700] "GET /wp-includes/class-index-wordpress.php HTTP/1.1" 404 88 "-" "Mozlila/5.0 (Linux; Android 7.0; SM-G892A Bulid/NRD90M; wv) AppleWebKit/537.36 (KHTML, like Gecko) Version/4.0 Chrome/60.0.3112.107 Moblie Safari/537.36" "kurtswebnotes.com"
20.199.113.4 - - [28/Sep/2022:03:50:50 -0700] "GET /wp-admin/js/widgets/wp-login.php HTTP/1.1" 404 88 "-" "Mozlila/5.0 (Linux; Android 7.0; SM-G892A Bulid/NRD90M; wv) AppleWebKit/537.36 (KHTML, like Gecko) Version/4.0 Chrome/60.0.3112.107 Moblie Safari/537.36" "kurtswebnotes.com"
20.199.113.4 - - [28/Sep/2022:03:50:51 -0700] "GET /wp-includes/wp-system-cloud.php HTTP/1.1" 404 88 "-" "Mozlila/5.0 (Linux; Android 7.0; SM-G892A Bulid/NRD90M; wv) AppleWebKit/537.36 (KHTML, like Gecko) Version/4.0 Chrome/60.0.3112.107 Moblie Safari/537.36" "kurtswebnotes.com"
20.199.113.4 - - [28/Sep/2022:03:50:51 -0700] "GET /wp-includes/class-wp-page-icon.php HTTP/1.1" 404 88 "-" "Mozlila/5.0 (Linux; Android 7.0; SM-G892A Bulid/NRD90M; wv) AppleWebKit/537.36 (KHTML, like Gecko) Version/4.0 Chrome/60.0.3112.107 Moblie Safari/537.36" "kurtswebnotes.com"
20.199.113.4 - - [28/Sep/2022:03:50:52 -0700] "GET /wp-includes/class-wordpress-license.php HTTP/1.1" 404 88 "-" "Mozlila/5.0 (Linux; Android 7.0; SM-G892A Bulid/NRD90M; wv) AppleWebKit/537.36 (KHTML, like Gecko) Version/4.0 Chrome/60.0.3112.107 Moblie Safari/537.36" "kurtswebnotes.com"
114.119.136.144 - - [28/Sep/2022:03:54:30 -0700] "GET /wp-includes/sodium_compat/src/Core/Util.php HTTP/1.1" 200 - "https://www.kurtswebnotes.com/wp-includes/sodium_compat/src/Core/?C=S%3BO%3DA" "Mozilla/5.0 (Linux; Android 7.0;) AppleWebKit/537.36 (KHTML, like Gecko) Mobile Safari/537.36 (compatible; PetalBot;+https://webmaster.petalsearch.com/site/petalbot)" "www.kurtswebnotes.com"
114.119.136.138 - - [28/Sep/2022:04:00:18 -0700] "GET /wp-includes/sodium_compat/namespaced/Core/Poly1305/ HTTP/1.1" 200 401 "https://kurtswebnotes.com/wp-includes/sodium_compat/namespaced/Core/" "Mozilla/5.0 (Linux; Android 7.0;) AppleWebKit/537.36 (KHTML, like Gecko) Mobile Safari/537.36 (compatible; PetalBot;+https://webmaster.petalsearch.com/site/petalbot)" "kurtswebnotes.com"
114.119.136.14 - - [28/Sep/2022:04:06:03 -0700] "GET /wp-includes/blocks/list/ HTTP/1.1" 200 375 "https://kurtswebnotes.com/wp-includes/blocks/?C=N%3BO%3DD" "Mozilla/5.0 (Linux; Android 7.0;) AppleWebKit/537.36 (KHTML, like Gecko) Mobile Safari/537.36 (compatible; PetalBot;+https://webmaster.petalsearch.com/site/petalbot)" "kurtswebnotes.com"
114.119.136.144 - - [28/Sep/2022:04:11:50 -0700] "GET /wp-includes/blocks/html/?C=D%3BO%3DA HTTP/1.1" 200 373 "https://www.kurtswebnotes.com/wp-includes/blocks/html/?C=N%3BO%3DD" "Mozilla/5.0 (Linux; Android 7.0;) AppleWebKit/537.36 (KHTML, like Gecko) Mobile Safari/537.36 (compatible; PetalBot;+https://webmaster.petalsearch.com/site/petalbot)" "www.kurtswebnotes.com"
34.75.166.67 - - [28/Sep/2022:04:12:40 -0700] "GET /robots.txt HTTP/1.1" 200 101 "-" "ZoominfoBot (zoominfobot at zoominfo dot com)" "kurtswebnotes.com"
34.75.166.67 - - [28/Sep/2022:04:12:40 -0700] "GET /robots.txt HTTP/1.1" 200 101 "-" "ZoominfoBot (zoominfobot at zoominfo dot com)" "kurtswebnotes.com"
34.75.166.67 - - [28/Sep/2022:04:12:41 -0700] "GET / HTTP/1.1" 200 481 "-" "ZoominfoBot (zoominfobot at zoominfo dot com)" "kurtswebnotes.com"
114.119.136.14 - - [28/Sep/2022:04:17:37 -0700] "GET /wp-includes/sodium_compat/src/Core32/ HTTP/1.1" 200 669 "https://kurtswebnotes.com/wp-includes/sodium_compat/src/Core32/SecretStream/?C=M%3BO%3DA" "Mozilla/5.0 (Linux; Android 7.0;) AppleWebKit/537.36 (KHTML, like Gecko) Mobile Safari/537.36 (compatible; PetalBot;+https://webmaster.petalsearch.com/site/petalbot)" "kurtswebnotes.com"
114.119.136.138 - - [28/Sep/2022:04:23:31 -0700] "GET /wp-includes/sodium_compat/namespaced/Core/Poly1305/ HTTP/1.1" 200 401 "https://kurtswebnotes.com/wp-includes/sodium_compat/namespaced/Core/" "Mozilla/5.0 (Linux; Android 7.0;) AppleWebKit/537.36 (KHTML, like Gecko) Mobile Safari/537.36 (compatible; PetalBot;+https://webmaster.petalsearch.com/site/petalbot)" "kurtswebnotes.com"
114.119.136.14 - - [28/Sep/2022:04:29:17 -0700] "GET /wp-includes/block-patterns/?C=S%3BO%3DA HTTP/1.1" 200 548 "https://www.kurtswebnotes.com/wp-includes/block-patterns/?C=N%3BO%3DD" "Mozilla/5.0 (Linux; Android 7.0;) AppleWebKit/537.36 (KHTML, like Gecko) Mobile Safari/537.36 (compatible; PetalBot;+https://webmaster.petalsearch.com/site/petalbot)" "www.kurtswebnotes.com"
114.119.136.141 - - [28/Sep/2022:04:46:28 -0700] "GET /wp-includes/assets/?C=N%3BO%3DD HTTP/1.1" 200 390 "https://kurtswebnotes.com/wp-includes/assets/?C=M%3BO%3DA" "Mozilla/5.0 (Linux; Android 7.0;) AppleWebKit/537.36 (KHTML, like Gecko) Mobile Safari/537.36 (compatible; PetalBot;+https://webmaster.petalsearch.com/site/petalbot)" "kurtswebnotes.com"
