114.119.136.141 - - [25/Sep/2022:19:39:41 -0700] "GET /wp-includes/blocks/gallery/?C=M%3BO%3DA HTTP/1.1" 200 379 "https://kurtswebnotes.com/wp-includes/blocks/gallery/" "Mozilla/5.0 (Linux; Android 7.0;) AppleWebKit/537.36 (KHTML, like Gecko) Mobile Safari/537.36 (compatible; PetalBot;+https://webmaster.petalsearch.com/site/petalbot)" "kurtswebnotes.com"
5.62.20.37 - - [25/Sep/2022:19:50:48 -0700] "GET /blog/2016/01/13/my-first-instagram-image/ HTTP/1.1" 404 73 "https://kurtswebnotes.com/blog/2016/01/13/my-first-instagram-image/" "Mozilla/5.0 (Windows NT 10.0; WOW64) AppleWebKit/537.36 (KHTML, like Gecko) Chrome/90.0.4430.72 Safari/537.36" "kurtswebnotes.com"
5.62.20.37 - - [25/Sep/2022:19:50:49 -0700] "GET / HTTP/1.1" 200 1458 "https://kurtswebnotes.com/" "Mozilla/5.0 (Windows NT 10.0; WOW64) AppleWebKit/537.36 (KHTML, like Gecko) Chrome/90.0.4430.72 Safari/537.36" "kurtswebnotes.com"
88.147.174.22 - - [25/Sep/2022:19:53:35 -0700] "GET /blog/2016/01/13/my-first-instagram-image/ HTTP/1.1" 404 73 "https://kurtswebnotes.com/blog/2016/01/13/my-first-instagram-image/" "Mozilla/5.0 (Windows NT 10.0) AppleWebKit/537.36 (KHTML, like Gecko) Chrome/90.0.4430.72 Safari/537.36" "kurtswebnotes.com"
88.147.174.22 - - [25/Sep/2022:19:53:36 -0700] "GET / HTTP/1.1" 200 1458 "https://kurtswebnotes.com/" "Mozilla/5.0 (Windows NT 10.0) AppleWebKit/537.36 (KHTML, like Gecko) Chrome/90.0.4430.72 Safari/537.36" "kurtswebnotes.com"
114.119.136.144 - - [25/Sep/2022:20:01:39 -0700] "GET /wp-admin/css/?C=M%3BO%3DA HTTP/1.1" 200 357 "https://www.kurtswebnotes.com/wp-admin/css/?C=S%3BO%3DA" "Mozilla/5.0 (Linux; Android 7.0;) AppleWebKit/537.36 (KHTML, like Gecko) Mobile Safari/537.36 (compatible; PetalBot;+https://webmaster.petalsearch.com/site/petalbot)" "www.kurtswebnotes.com"
82.118.29.74 - - [25/Sep/2022:20:02:55 -0700] "GET /blog/2016/01/13/my-first-instagram-image/ HTTP/1.1" 404 73 "https://kurtswebnotes.com/blog/2016/01/13/my-first-instagram-image/" "Mozilla/5.0 (Windows NT 6.1; Win64; x64) AppleWebKit/537.36 (KHTML, like Gecko) Chrome/90.0.4427.0 Safari/537.36" "kurtswebnotes.com"
82.118.29.74 - - [25/Sep/2022:20:02:56 -0700] "GET / HTTP/1.1" 200 1458 "https://kurtswebnotes.com/" "Mozilla/5.0 (Windows NT 6.1; Win64; x64) AppleWebKit/537.36 (KHTML, like Gecko) Chrome/90.0.4427.0 Safari/537.36" "kurtswebnotes.com"
51.222.253.11 - - [25/Sep/2022:20:11:09 -0700] "GET /robots.txt HTTP/1.1" 200 101 "-" "Mozilla/5.0 (compatible; AhrefsBot/7.0; +http://ahrefs.com/robot/)" "www.kurtswebnotes.com"
51.222.253.18 - - [25/Sep/2022:20:11:10 -0700] "GET / HTTP/1.1" 200 481 "-" "Mozilla/5.0 (compatible; AhrefsBot/7.0; +http://ahrefs.com/robot/)" "www.kurtswebnotes.com"
114.119.136.144 - - [25/Sep/2022:20:15:34 -0700] "GET /wp-includes/blocks/gallery/?C=D%3BO%3DA HTTP/1.1" 200 379 "https://kurtswebnotes.com/wp-includes/blocks/gallery/" "Mozilla/5.0 (Linux; Android 7.0;) AppleWebKit/537.36 (KHTML, like Gecko) Mobile Safari/537.36 (compatible; PetalBot;+https://webmaster.petalsearch.com/site/petalbot)" "kurtswebnotes.com"
54.36.149.41 - - [25/Sep/2022:20:18:41 -0700] "GET /robots.txt HTTP/1.1" 200 101 "-" "Mozilla/5.0 (compatible; AhrefsBot/7.0; +http://ahrefs.com/robot/)" "kurtswebnotes.com"
54.36.148.228 - - [25/Sep/2022:20:18:42 -0700] "GET /wp-includes/ HTTP/1.1" 200 459 "-" "Mozilla/5.0 (compatible; AhrefsBot/7.0; +http://ahrefs.com/robot/)" "kurtswebnotes.com"
51.222.253.6 - - [25/Sep/2022:20:26:11 -0700] "GET /?C=M;O=A HTTP/1.1" 200 478 "-" "Mozilla/5.0 (compatible; AhrefsBot/7.0; +http://ahrefs.com/robot/)" "www.kurtswebnotes.com"
54.36.148.253 - - [25/Sep/2022:20:33:43 -0700] "GET /download/ HTTP/1.1" 200 313 "-" "Mozilla/5.0 (compatible; AhrefsBot/7.0; +http://ahrefs.com/robot/)" "kurtswebnotes.com"
51.222.253.14 - - [25/Sep/2022:20:41:38 -0700] "GET /wp-content/ HTTP/1.1" 200 354 "-" "Mozilla/5.0 (compatible; AhrefsBot/7.0; +http://ahrefs.com/robot/)" "www.kurtswebnotes.com"
114.119.136.14 - - [25/Sep/2022:20:47:01 -0700] "GET /wp-includes/blocks/text-columns/?C=S%3BO%3DA HTTP/1.1" 200 382 "https://www.kurtswebnotes.com/wp-includes/blocks/text-columns/?C=M%3BO%3DA" "Mozilla/5.0 (Linux; Android 7.0;) AppleWebKit/537.36 (KHTML, like Gecko) Mobile Safari/537.36 (compatible; PetalBot;+https://webmaster.petalsearch.com/site/petalbot)" "www.kurtswebnotes.com"
54.36.148.96 - - [25/Sep/2022:20:49:36 -0700] "GET /wp-includes/blocks/ HTTP/1.1" 200 804 "-" "Mozilla/5.0 (compatible; AhrefsBot/7.0; +http://ahrefs.com/robot/)" "kurtswebnotes.com"
34.76.158.233 - - [25/Sep/2022:20:52:09 -0700] "GET / HTTP/1.1" 200 481 "-" "python-requests/2.28.1" "kurtswebnotes.com"
34.77.127.183 - - [25/Sep/2022:20:52:10 -0700] "GET / HTTP/1.1" 200 481 "-" "Mozilla/5.0 (Windows NT 10.0; rv:78.0) Gecko/20100101 Firefox/78.0" "kurtswebnotes.com"
34.77.127.183 - - [25/Sep/2022:20:52:10 -0700] "GET /public_html/ HTTP/1.1" 200 315 "-" "Mozilla/5.0 (Windows NT 10.0; rv:78.0) Gecko/20100101 Firefox/78.0" "kurtswebnotes.com"
34.77.127.183 - - [25/Sep/2022:20:52:10 -0700] "GET /wp-admin/ HTTP/1.1" 200 351 "-" "Mozilla/5.0 (Windows NT 10.0; rv:78.0) Gecko/20100101 Firefox/78.0" "kurtswebnotes.com"
34.77.127.183 - - [25/Sep/2022:20:52:11 -0700] "GET /wp-admin/css/ HTTP/1.1" 200 357 "-" "Mozilla/5.0 (Windows NT 10.0; rv:78.0) Gecko/20100101 Firefox/78.0" "kurtswebnotes.com"
34.77.127.183 - - [25/Sep/2022:20:52:11 -0700] "GET /wp-admin/css/colors/ HTTP/1.1" 200 362 "-" "Mozilla/5.0 (Windows NT 10.0; rv:78.0) Gecko/20100101 Firefox/78.0" "kurtswebnotes.com"
34.77.127.183 - - [25/Sep/2022:20:52:11 -0700] "GET /wp-admin/css/colors/modern/ HTTP/1.1" 200 438 "-" "Mozilla/5.0 (Windows NT 10.0; rv:78.0) Gecko/20100101 Firefox/78.0" "kurtswebnotes.com"
34.77.127.183 - - [25/Sep/2022:20:52:11 -0700] "GET /wp-content/ HTTP/1.1" 200 354 "-" "Mozilla/5.0 (Windows NT 10.0; rv:78.0) Gecko/20100101 Firefox/78.0" "kurtswebnotes.com"
34.77.127.183 - - [25/Sep/2022:20:52:11 -0700] "GET /wp-content/themes/ HTTP/1.1" 200 375 "-" "Mozilla/5.0 (Windows NT 10.0; rv:78.0) Gecko/20100101 Firefox/78.0" "kurtswebnotes.com"
34.77.127.183 - - [25/Sep/2022:20:52:12 -0700] "GET /wp-content/themes/twentytwenty/ HTTP/1.1" 500 - "-" "Mozilla/5.0 (Windows NT 10.0; rv:78.0) Gecko/20100101 Firefox/78.0" "kurtswebnotes.com"
34.77.127.183 - - [25/Sep/2022:20:52:12 -0700] "GET /wp-content/themes/twentytwenty/ HTTP/1.1" 500 - "-" "Mozilla/5.0 (Windows NT 10.0; rv:78.0) Gecko/20100101 Firefox/78.0" "kurtswebnotes.com"
34.77.127.183 - - [25/Sep/2022:20:52:13 -0700] "GET /wp-content/themes/twentytwenty/ HTTP/1.1" 500 - "-" "Mozilla/5.0 (Windows NT 10.0; rv:78.0) Gecko/20100101 Firefox/78.0" "kurtswebnotes.com"
34.77.127.183 - - [25/Sep/2022:20:52:14 -0700] "GET /wp-content/themes/twentytwenty/ HTTP/1.1" 500 - "-" "Mozilla/5.0 (Windows NT 10.0; rv:78.0) Gecko/20100101 Firefox/78.0" "kurtswebnotes.com"
34.77.127.183 - - [25/Sep/2022:20:52:14 -0700] "GET /wp-content/themes/twentytwentyone/ HTTP/1.1" 500 - "-" "Mozilla/5.0 (Windows NT 10.0; rv:78.0) Gecko/20100101 Firefox/78.0" "kurtswebnotes.com"
34.77.127.183 - - [25/Sep/2022:20:52:15 -0700] "GET /wp-content/themes/twentytwentyone/ HTTP/1.1" 500 - "-" "Mozilla/5.0 (Windows NT 10.0; rv:78.0) Gecko/20100101 Firefox/78.0" "kurtswebnotes.com"
34.77.127.183 - - [25/Sep/2022:20:52:16 -0700] "GET /wp-content/themes/twentytwentyone/ HTTP/1.1" 500 - "-" "Mozilla/5.0 (Windows NT 10.0; rv:78.0) Gecko/20100101 Firefox/78.0" "kurtswebnotes.com"
34.77.127.183 - - [25/Sep/2022:20:52:16 -0700] "GET /wp-content/themes/twentytwentyone/ HTTP/1.1" 500 - "-" "Mozilla/5.0 (Windows NT 10.0; rv:78.0) Gecko/20100101 Firefox/78.0" "kurtswebnotes.com"
34.77.127.183 - - [25/Sep/2022:20:52:16 -0700] "GET /wp-includes/ HTTP/1.1" 200 459 "-" "Mozilla/5.0 (Windows NT 10.0; rv:78.0) Gecko/20100101 Firefox/78.0" "kurtswebnotes.com"
34.77.127.183 - - [25/Sep/2022:20:52:17 -0700] "GET /wp-includes/PHPMailer/ HTTP/1.1" 200 416 "-" "Mozilla/5.0 (Windows NT 10.0; rv:78.0) Gecko/20100101 Firefox/78.0" "kurtswebnotes.com"
34.77.127.183 - - [25/Sep/2022:20:52:17 -0700] "GET /wp-includes/assets/ HTTP/1.1" 200 390 "-" "Mozilla/5.0 (Windows NT 10.0; rv:78.0) Gecko/20100101 Firefox/78.0" "kurtswebnotes.com"
34.77.127.183 - - [25/Sep/2022:20:52:17 -0700] "GET /wp-includes/block-patterns/ HTTP/1.1" 200 548 "-" "Mozilla/5.0 (Windows NT 10.0; rv:78.0) Gecko/20100101 Firefox/78.0" "kurtswebnotes.com"
34.77.127.183 - - [25/Sep/2022:20:52:17 -0700] "GET /wp-includes/block-supports/ HTTP/1.1" 200 462 "-" "Mozilla/5.0 (Windows NT 10.0; rv:78.0) Gecko/20100101 Firefox/78.0" "kurtswebnotes.com"
34.77.127.183 - - [25/Sep/2022:20:52:17 -0700] "GET /wp-includes/blocks/ HTTP/1.1" 200 804 "-" "Mozilla/5.0 (Windows NT 10.0; rv:78.0) Gecko/20100101 Firefox/78.0" "kurtswebnotes.com"
34.77.127.183 - - [25/Sep/2022:20:52:18 -0700] "GET /wp-includes/blocks/archives/ HTTP/1.1" 200 378 "-" "Mozilla/5.0 (Windows NT 10.0; rv:78.0) Gecko/20100101 Firefox/78.0" "kurtswebnotes.com"
34.77.127.183 - - [25/Sep/2022:20:52:18 -0700] "GET /wp-includes/blocks/audio/ HTTP/1.1" 200 377 "-" "Mozilla/5.0 (Windows NT 10.0; rv:78.0) Gecko/20100101 Firefox/78.0" "kurtswebnotes.com"
34.77.127.183 - - [25/Sep/2022:20:52:18 -0700] "GET /wp-includes/blocks/block/ HTTP/1.1" 200 373 "-" "Mozilla/5.0 (Windows NT 10.0; rv:78.0) Gecko/20100101 Firefox/78.0" "kurtswebnotes.com"
34.77.127.183 - - [25/Sep/2022:20:52:18 -0700] "GET /wp-includes/blocks/button/ HTTP/1.1" 200 377 "-" "Mozilla/5.0 (Windows NT 10.0; rv:78.0) Gecko/20100101 Firefox/78.0" "kurtswebnotes.com"
34.77.127.183 - - [25/Sep/2022:20:52:18 -0700] "GET /wp-includes/blocks/buttons/ HTTP/1.1" 200 378 "-" "Mozilla/5.0 (Windows NT 10.0; rv:78.0) Gecko/20100101 Firefox/78.0" "kurtswebnotes.com"
34.77.127.183 - - [25/Sep/2022:20:52:19 -0700] "GET /wp-includes/blocks/calendar/ HTTP/1.1" 200 377 "-" "Mozilla/5.0 (Windows NT 10.0; rv:78.0) Gecko/20100101 Firefox/78.0" "kurtswebnotes.com"
34.77.127.183 - - [25/Sep/2022:20:52:19 -0700] "GET /wp-includes/blocks/categories/ HTTP/1.1" 200 379 "-" "Mozilla/5.0 (Windows NT 10.0; rv:78.0) Gecko/20100101 Firefox/78.0" "kurtswebnotes.com"
34.77.127.183 - - [25/Sep/2022:20:52:19 -0700] "GET /wp-includes/blocks/code/ HTTP/1.1" 200 376 "-" "Mozilla/5.0 (Windows NT 10.0; rv:78.0) Gecko/20100101 Firefox/78.0" "kurtswebnotes.com"
34.77.127.183 - - [25/Sep/2022:20:52:19 -0700] "GET /wp-includes/blocks/column/ HTTP/1.1" 200 376 "-" "Mozilla/5.0 (Windows NT 10.0; rv:78.0) Gecko/20100101 Firefox/78.0" "kurtswebnotes.com"
34.77.127.183 - - [25/Sep/2022:20:52:19 -0700] "GET /wp-includes/blocks/columns/ HTTP/1.1" 200 377 "-" "Mozilla/5.0 (Windows NT 10.0; rv:78.0) Gecko/20100101 Firefox/78.0" "kurtswebnotes.com"
34.77.127.183 - - [25/Sep/2022:20:52:19 -0700] "GET /wp-includes/blocks/embed/ HTTP/1.1" 200 377 "-" "Mozilla/5.0 (Windows NT 10.0; rv:78.0) Gecko/20100101 Firefox/78.0" "kurtswebnotes.com"
34.77.127.183 - - [25/Sep/2022:20:52:20 -0700] "GET /wp-includes/blocks/file/ HTTP/1.1" 200 376 "-" "Mozilla/5.0 (Windows NT 10.0; rv:78.0) Gecko/20100101 Firefox/78.0" "kurtswebnotes.com"
34.77.127.183 - - [25/Sep/2022:20:52:20 -0700] "GET /wp-includes/blocks/freeform/ HTTP/1.1" 200 377 "-" "Mozilla/5.0 (Windows NT 10.0; rv:78.0) Gecko/20100101 Firefox/78.0" "kurtswebnotes.com"
34.77.127.183 - - [25/Sep/2022:20:52:20 -0700] "GET /wp-includes/blocks/gallery/ HTTP/1.1" 200 379 "-" "Mozilla/5.0 (Windows NT 10.0; rv:78.0) Gecko/20100101 Firefox/78.0" "kurtswebnotes.com"
34.77.127.183 - - [25/Sep/2022:20:52:20 -0700] "GET /wp-includes/blocks/group/ HTTP/1.1" 200 377 "-" "Mozilla/5.0 (Windows NT 10.0; rv:78.0) Gecko/20100101 Firefox/78.0" "kurtswebnotes.com"
34.77.127.183 - - [25/Sep/2022:20:52:20 -0700] "GET /wp-includes/blocks/heading/ HTTP/1.1" 200 377 "-" "Mozilla/5.0 (Windows NT 10.0; rv:78.0) Gecko/20100101 Firefox/78.0" "kurtswebnotes.com"
34.77.127.183 - - [25/Sep/2022:20:52:20 -0700] "GET /wp-includes/blocks/html/ HTTP/1.1" 200 373 "-" "Mozilla/5.0 (Windows NT 10.0; rv:78.0) Gecko/20100101 Firefox/78.0" "kurtswebnotes.com"
34.77.127.183 - - [25/Sep/2022:20:52:21 -0700] "GET /wp-includes/blocks/image/ HTTP/1.1" 200 378 "-" "Mozilla/5.0 (Windows NT 10.0; rv:78.0) Gecko/20100101 Firefox/78.0" "kurtswebnotes.com"
34.77.127.183 - - [25/Sep/2022:20:52:21 -0700] "GET /wp-includes/blocks/latest-comments/ HTTP/1.1" 200 383 "-" "Mozilla/5.0 (Windows NT 10.0; rv:78.0) Gecko/20100101 Firefox/78.0" "kurtswebnotes.com"
34.77.127.183 - - [25/Sep/2022:20:52:21 -0700] "GET /wp-includes/blocks/latest-posts/ HTTP/1.1" 200 381 "-" "Mozilla/5.0 (Windows NT 10.0; rv:78.0) Gecko/20100101 Firefox/78.0" "kurtswebnotes.com"
34.77.127.183 - - [25/Sep/2022:20:52:21 -0700] "GET /wp-includes/blocks/list/ HTTP/1.1" 200 375 "-" "Mozilla/5.0 (Windows NT 10.0; rv:78.0) Gecko/20100101 Firefox/78.0" "kurtswebnotes.com"
34.77.127.183 - - [25/Sep/2022:20:52:21 -0700] "GET /wp-includes/blocks/media-text/ HTTP/1.1" 200 381 "-" "Mozilla/5.0 (Windows NT 10.0; rv:78.0) Gecko/20100101 Firefox/78.0" "kurtswebnotes.com"
34.77.127.183 - - [25/Sep/2022:20:52:21 -0700] "GET /wp-includes/blocks/missing/ HTTP/1.1" 200 377 "-" "Mozilla/5.0 (Windows NT 10.0; rv:78.0) Gecko/20100101 Firefox/78.0" "kurtswebnotes.com"
34.77.127.183 - - [25/Sep/2022:20:52:22 -0700] "GET /wp-includes/blocks/more/ HTTP/1.1" 200 376 "-" "Mozilla/5.0 (Windows NT 10.0; rv:78.0) Gecko/20100101 Firefox/78.0" "kurtswebnotes.com"
34.77.127.183 - - [25/Sep/2022:20:52:22 -0700] "GET /wp-includes/blocks/nextpage/ HTTP/1.1" 200 379 "-" "Mozilla/5.0 (Windows NT 10.0; rv:78.0) Gecko/20100101 Firefox/78.0" "kurtswebnotes.com"
34.77.127.183 - - [25/Sep/2022:20:52:22 -0700] "GET /wp-includes/blocks/paragraph/ HTTP/1.1" 200 380 "-" "Mozilla/5.0 (Windows NT 10.0; rv:78.0) Gecko/20100101 Firefox/78.0" "kurtswebnotes.com"
34.77.127.183 - - [25/Sep/2022:20:52:22 -0700] "GET /wp-includes/blocks/preformatted/ HTTP/1.1" 200 382 "-" "Mozilla/5.0 (Windows NT 10.0; rv:78.0) Gecko/20100101 Firefox/78.0" "kurtswebnotes.com"
34.77.127.183 - - [25/Sep/2022:20:52:22 -0700] "GET /wp-includes/blocks/pullquote/ HTTP/1.1" 200 381 "-" "Mozilla/5.0 (Windows NT 10.0; rv:78.0) Gecko/20100101 Firefox/78.0" "kurtswebnotes.com"
34.77.127.183 - - [25/Sep/2022:20:52:22 -0700] "GET /wp-includes/blocks/quote/ HTTP/1.1" 200 378 "-" "Mozilla/5.0 (Windows NT 10.0; rv:78.0) Gecko/20100101 Firefox/78.0" "kurtswebnotes.com"
34.77.127.183 - - [25/Sep/2022:20:52:22 -0700] "GET /wp-includes/blocks/rss/ HTTP/1.1" 200 374 "-" "Mozilla/5.0 (Windows NT 10.0; rv:78.0) Gecko/20100101 Firefox/78.0" "kurtswebnotes.com"
34.77.127.183 - - [25/Sep/2022:20:52:23 -0700] "GET /wp-includes/blocks/search/ HTTP/1.1" 200 376 "-" "Mozilla/5.0 (Windows NT 10.0; rv:78.0) Gecko/20100101 Firefox/78.0" "kurtswebnotes.com"
34.77.127.183 - - [25/Sep/2022:20:52:23 -0700] "GET /wp-includes/blocks/separator/ HTTP/1.1" 200 378 "-" "Mozilla/5.0 (Windows NT 10.0; rv:78.0) Gecko/20100101 Firefox/78.0" "kurtswebnotes.com"
34.77.127.183 - - [25/Sep/2022:20:52:23 -0700] "GET /wp-includes/blocks/shortcode/ HTTP/1.1" 200 379 "-" "Mozilla/5.0 (Windows NT 10.0; rv:78.0) Gecko/20100101 Firefox/78.0" "kurtswebnotes.com"
34.77.127.183 - - [25/Sep/2022:20:52:23 -0700] "GET /wp-includes/blocks/social-link/ HTTP/1.1" 200 380 "-" "Mozilla/5.0 (Windows NT 10.0; rv:78.0) Gecko/20100101 Firefox/78.0" "kurtswebnotes.com"
34.77.127.183 - - [25/Sep/2022:20:52:23 -0700] "GET /wp-includes/blocks/social-links/ HTTP/1.1" 200 380 "-" "Mozilla/5.0 (Windows NT 10.0; rv:78.0) Gecko/20100101 Firefox/78.0" "kurtswebnotes.com"
34.77.127.183 - - [25/Sep/2022:20:52:24 -0700] "GET /wp-includes/blocks/spacer/ HTTP/1.1" 200 376 "-" "Mozilla/5.0 (Windows NT 10.0; rv:78.0) Gecko/20100101 Firefox/78.0" "kurtswebnotes.com"
34.77.127.183 - - [25/Sep/2022:20:52:24 -0700] "GET /wp-includes/blocks/subhead/ HTTP/1.1" 200 377 "-" "Mozilla/5.0 (Windows NT 10.0; rv:78.0) Gecko/20100101 Firefox/78.0" "kurtswebnotes.com"
34.77.127.183 - - [25/Sep/2022:20:52:24 -0700] "GET /wp-includes/blocks/table/ HTTP/1.1" 200 376 "-" "Mozilla/5.0 (Windows NT 10.0; rv:78.0) Gecko/20100101 Firefox/78.0" "kurtswebnotes.com"
34.77.127.183 - - [25/Sep/2022:20:52:24 -0700] "GET /wp-includes/blocks/tag-cloud/ HTTP/1.1" 200 378 "-" "Mozilla/5.0 (Windows NT 10.0; rv:78.0) Gecko/20100101 Firefox/78.0" "kurtswebnotes.com"
34.77.127.183 - - [25/Sep/2022:20:52:24 -0700] "GET /wp-includes/blocks/text-columns/ HTTP/1.1" 200 382 "-" "Mozilla/5.0 (Windows NT 10.0; rv:78.0) Gecko/20100101 Firefox/78.0" "kurtswebnotes.com"
34.77.127.183 - - [25/Sep/2022:20:52:24 -0700] "GET /wp-includes/blocks/verse/ HTTP/1.1" 200 376 "-" "Mozilla/5.0 (Windows NT 10.0; rv:78.0) Gecko/20100101 Firefox/78.0" "kurtswebnotes.com"
34.77.127.183 - - [25/Sep/2022:20:52:24 -0700] "GET /wp-includes/blocks/video/ HTTP/1.1" 200 377 "-" "Mozilla/5.0 (Windows NT 10.0; rv:78.0) Gecko/20100101 Firefox/78.0" "kurtswebnotes.com"
34.77.127.183 - - [25/Sep/2022:20:52:25 -0700] "GET /wp-includes/css/ HTTP/1.1" 200 359 "-" "Mozilla/5.0 (Windows NT 10.0; rv:78.0) Gecko/20100101 Firefox/78.0" "kurtswebnotes.com"
34.77.127.183 - - [25/Sep/2022:20:52:25 -0700] "GET /wp-includes/css/dist/ HTTP/1.1" 200 382 "-" "Mozilla/5.0 (Windows NT 10.0; rv:78.0) Gecko/20100101 Firefox/78.0" "kurtswebnotes.com"
34.77.127.183 - - [25/Sep/2022:20:52:25 -0700] "GET /wp-includes/css/dist/block-directory/ HTTP/1.1" 200 421 "-" "Mozilla/5.0 (Windows NT 10.0; rv:78.0) Gecko/20100101 Firefox/78.0" "kurtswebnotes.com"
34.77.127.183 - - [25/Sep/2022:20:52:25 -0700] "GET /wp-includes/css/dist/block-editor/ HTTP/1.1" 200 424 "-" "Mozilla/5.0 (Windows NT 10.0; rv:78.0) Gecko/20100101 Firefox/78.0" "kurtswebnotes.com"
34.77.127.183 - - [25/Sep/2022:20:52:25 -0700] "GET /wp-includes/sitemaps/ HTTP/1.1" 200 497 "-" "Mozilla/5.0 (Windows NT 10.0; rv:78.0) Gecko/20100101 Firefox/78.0" "kurtswebnotes.com"
34.77.127.183 - - [25/Sep/2022:20:52:26 -0700] "GET /wp-includes/sitemaps/providers/ HTTP/1.1" 200 435 "-" "Mozilla/5.0 (Windows NT 10.0; rv:78.0) Gecko/20100101 Firefox/78.0" "kurtswebnotes.com"
34.77.127.183 - - [25/Sep/2022:20:52:26 -0700] "GET /wp-includes/sodium_compat/ HTTP/1.1" 200 493 "-" "Mozilla/5.0 (Windows NT 10.0; rv:78.0) Gecko/20100101 Firefox/78.0" "kurtswebnotes.com"
34.77.127.183 - - [25/Sep/2022:20:52:26 -0700] "GET /wp-includes/sodium_compat/lib/ HTTP/1.1" 200 460 "-" "Mozilla/5.0 (Windows NT 10.0; rv:78.0) Gecko/20100101 Firefox/78.0" "kurtswebnotes.com"
34.77.127.183 - - [25/Sep/2022:20:52:26 -0700] "GET /wp-includes/sodium_compat/namespaced/ HTTP/1.1" 200 440 "-" "Mozilla/5.0 (Windows NT 10.0; rv:78.0) Gecko/20100101 Firefox/78.0" "kurtswebnotes.com"
34.77.127.183 - - [25/Sep/2022:20:52:26 -0700] "GET /wp-includes/sodium_compat/namespaced/Core/ HTTP/1.1" 200 591 "-" "Mozilla/5.0 (Windows NT 10.0; rv:78.0) Gecko/20100101 Firefox/78.0" "kurtswebnotes.com"
34.77.127.183 - - [25/Sep/2022:20:52:26 -0700] "GET /wp-includes/sodium_compat/namespaced/Core/ChaCha20/ HTTP/1.1" 200 417 "-" "Mozilla/5.0 (Windows NT 10.0; rv:78.0) Gecko/20100101 Firefox/78.0" "kurtswebnotes.com"
34.77.127.183 - - [25/Sep/2022:20:52:27 -0700] "GET /wp-includes/sodium_compat/namespaced/Core/Curve25519/ HTTP/1.1" 200 436 "-" "Mozilla/5.0 (Windows NT 10.0; rv:78.0) Gecko/20100101 Firefox/78.0" "kurtswebnotes.com"
34.77.127.183 - - [25/Sep/2022:20:52:27 -0700] "GET /wp-includes/sodium_compat/namespaced/Core/Curve25519/Ge/ HTTP/1.1" 200 460 "-" "Mozilla/5.0 (Windows NT 10.0; rv:78.0) Gecko/20100101 Firefox/78.0" "kurtswebnotes.com"
34.77.127.183 - - [25/Sep/2022:20:52:27 -0700] "GET /wp-includes/sodium_compat/namespaced/Core/Poly1305/ HTTP/1.1" 200 401 "-" "Mozilla/5.0 (Windows NT 10.0; rv:78.0) Gecko/20100101 Firefox/78.0" "kurtswebnotes.com"
34.77.127.183 - - [25/Sep/2022:20:52:27 -0700] "GET /wp-includes/sodium_compat/src/ HTTP/1.1" 200 504 "-" "Mozilla/5.0 (Windows NT 10.0; rv:78.0) Gecko/20100101 Firefox/78.0" "kurtswebnotes.com"
34.77.127.183 - - [25/Sep/2022:20:52:27 -0700] "GET /wp-includes/sodium_compat/src/Core/ HTTP/1.1" 200 645 "-" "Mozilla/5.0 (Windows NT 10.0; rv:78.0) Gecko/20100101 Firefox/78.0" "kurtswebnotes.com"
34.77.127.183 - - [25/Sep/2022:20:52:28 -0700] "GET /wp-includes/sodium_compat/src/Core/Base64/ HTTP/1.1" 200 431 "-" "Mozilla/5.0 (Windows NT 10.0; rv:78.0) Gecko/20100101 Firefox/78.0" "kurtswebnotes.com"
34.77.127.183 - - [25/Sep/2022:20:52:28 -0700] "GET /wp-includes/sodium_compat/src/Core/ChaCha20/ HTTP/1.1" 200 412 "-" "Mozilla/5.0 (Windows NT 10.0; rv:78.0) Gecko/20100101 Firefox/78.0" "kurtswebnotes.com"
34.77.127.183 - - [25/Sep/2022:20:52:28 -0700] "GET /wp-includes/sodium_compat/src/Core/Curve25519/ HTTP/1.1" 200 432 "-" "Mozilla/5.0 (Windows NT 10.0; rv:78.0) Gecko/20100101 Firefox/78.0" "kurtswebnotes.com"
34.77.127.183 - - [25/Sep/2022:20:52:28 -0700] "GET /wp-includes/sodium_compat/src/Core/Curve25519/Ge/ HTTP/1.1" 200 457 "-" "Mozilla/5.0 (Windows NT 10.0; rv:78.0) Gecko/20100101 Firefox/78.0" "kurtswebnotes.com"
34.77.127.183 - - [25/Sep/2022:20:52:28 -0700] "GET /wp-includes/sodium_compat/src/Core/Poly1305/ HTTP/1.1" 200 396 "-" "Mozilla/5.0 (Windows NT 10.0; rv:78.0) Gecko/20100101 Firefox/78.0" "kurtswebnotes.com"
34.77.127.183 - - [25/Sep/2022:20:52:29 -0700] "GET /wp-includes/sodium_compat/src/Core/SecretStream/ HTTP/1.1" 200 395 "-" "Mozilla/5.0 (Windows NT 10.0; rv:78.0) Gecko/20100101 Firefox/78.0" "kurtswebnotes.com"
34.77.127.183 - - [25/Sep/2022:20:52:29 -0700] "GET /wp-includes/sodium_compat/src/Core32/ HTTP/1.1" 200 669 "-" "Mozilla/5.0 (Windows NT 10.0; rv:78.0) Gecko/20100101 Firefox/78.0" "kurtswebnotes.com"
34.77.127.183 - - [25/Sep/2022:20:52:29 -0700] "GET /wp-includes/sodium_compat/src/Core32/ChaCha20/ HTTP/1.1" 200 415 "-" "Mozilla/5.0 (Windows NT 10.0; rv:78.0) Gecko/20100101 Firefox/78.0" "kurtswebnotes.com"
34.77.127.183 - - [25/Sep/2022:20:52:29 -0700] "GET /wp-includes/sodium_compat/src/Core32/Curve25519/ HTTP/1.1" 200 435 "-" "Mozilla/5.0 (Windows NT 10.0; rv:78.0) Gecko/20100101 Firefox/78.0" "kurtswebnotes.com"
34.77.127.183 - - [25/Sep/2022:20:52:29 -0700] "GET /wp-includes/sodium_compat/src/Core32/Curve25519/Ge/ HTTP/1.1" 200 459 "-" "Mozilla/5.0 (Windows NT 10.0; rv:78.0) Gecko/20100101 Firefox/78.0" "kurtswebnotes.com"
34.77.127.183 - - [25/Sep/2022:20:52:30 -0700] "GET /wp-includes/sodium_compat/src/Core32/Poly1305/ HTTP/1.1" 200 398 "-" "Mozilla/5.0 (Windows NT 10.0; rv:78.0) Gecko/20100101 Firefox/78.0" "kurtswebnotes.com"
34.77.127.183 - - [25/Sep/2022:20:52:30 -0700] "GET /wp-includes/sodium_compat/src/Core32/SecretStream/ HTTP/1.1" 200 397 "-" "Mozilla/5.0 (Windows NT 10.0; rv:78.0) Gecko/20100101 Firefox/78.0" "kurtswebnotes.com"
34.77.127.183 - - [25/Sep/2022:20:52:30 -0700] "GET /wp-includes/sodium_compat/src/PHP52/ HTTP/1.1" 200 397 "-" "Mozilla/5.0 (Windows NT 10.0; rv:78.0) Gecko/20100101 Firefox/78.0" "kurtswebnotes.com"
114.119.136.143 - - [25/Sep/2022:20:54:49 -0700] "GET /wp-includes/sodium_compat/src/Core32/XSalsa20.php HTTP/1.1" 500 - "https://www.kurtswebnotes.com/wp-includes/sodium_compat/src/Core32/?C=N%3BO%3DD" "Mozilla/5.0 (Linux; Android 7.0;) AppleWebKit/537.36 (KHTML, like Gecko) Mobile Safari/537.36 (compatible; PetalBot;+https://webmaster.petalsearch.com/site/petalbot)" "www.kurtswebnotes.com"
51.222.253.6 - - [25/Sep/2022:20:57:29 -0700] "GET /wp-includes/blocks/ HTTP/1.1" 200 804 "-" "Mozilla/5.0 (compatible; AhrefsBot/7.0; +http://ahrefs.com/robot/)" "www.kurtswebnotes.com"
114.119.136.141 - - [25/Sep/2022:21:00:26 -0700] "GET /wp-includes/block-patterns/two-buttons.php HTTP/1.1" 500 - "https://kurtswebnotes.com/wp-includes/block-patterns/?C=M%3BO%3DA" "Mozilla/5.0 (Linux; Android 7.0;) AppleWebKit/537.36 (KHTML, like Gecko) Mobile Safari/537.36 (compatible; PetalBot;+https://webmaster.petalsearch.com/site/petalbot)" "kurtswebnotes.com"
54.36.148.120 - - [25/Sep/2022:21:05:50 -0700] "GET /wp-includes/blocks/audio/?C=N;O=A HTTP/1.1" 200 377 "-" "Mozilla/5.0 (compatible; AhrefsBot/7.0; +http://ahrefs.com/robot/)" "kurtswebnotes.com"
54.36.149.93 - - [25/Sep/2022:21:12:21 -0700] "GET /wp-includes/blocks/social-link/?C=M;O=A HTTP/1.1" 200 381 "-" "Mozilla/5.0 (compatible; AhrefsBot/7.0; +http://ahrefs.com/robot/)" "kurtswebnotes.com"
54.36.148.134 - - [25/Sep/2022:21:17:52 -0700] "GET /wp-includes/blocks/social-link/?C=D;O=A HTTP/1.1" 200 380 "-" "Mozilla/5.0 (compatible; AhrefsBot/7.0; +http://ahrefs.com/robot/)" "kurtswebnotes.com"
114.119.136.14 - - [25/Sep/2022:21:20:50 -0700] "GET /wp-includes/sodium_compat/src/Core32/Poly1305/?C=S%3BO%3DA HTTP/1.1" 200 398 "https://kurtswebnotes.com/wp-includes/sodium_compat/src/Core32/Poly1305/?C=M%3BO%3DA" "Mozilla/5.0 (Linux; Android 7.0;) AppleWebKit/537.36 (KHTML, like Gecko) Mobile Safari/537.36 (compatible; PetalBot;+https://webmaster.petalsearch.com/site/petalbot)" "kurtswebnotes.com"
195.178.120.89 - - [25/Sep/2022:21:22:29 -0700] "GET /wp-admin/admin-post.php?local-download=../../../etc/passwd&local-destination-id=../../../etc/passwd HTTP/1.1" 404 88 "www.google.com" "Mozlila/5.0 (Linux; Android 7.0; SM-G892A Bulid/NRD90M; wv) AppleWebKit/537.36 (KHTML, like Gecko) Version/4.0 Chrome/60.0.3112.107 Moblie Safari/537.36" "kurtswebnotes.com"
54.36.149.53 - - [25/Sep/2022:21:23:50 -0700] "GET /wp-includes/blocks/social-link/?C=S;O=A HTTP/1.1" 200 381 "-" "Mozilla/5.0 (compatible; AhrefsBot/7.0; +http://ahrefs.com/robot/)" "kurtswebnotes.com"
51.222.253.18 - - [25/Sep/2022:21:29:59 -0700] "GET /wp-includes/sodium_compat/src/Core32/Curve25519/?C=D;O=A HTTP/1.1" 200 435 "-" "Mozilla/5.0 (compatible; AhrefsBot/7.0; +http://ahrefs.com/robot/)" "www.kurtswebnotes.com"
93.73.179.112 - - [25/Sep/2022:21:34:05 -0700] "GET /blog/2016/01/13/my-first-instagram-image/ HTTP/1.1" 404 73 "https://kurtswebnotes.com/blog/2016/01/13/my-first-instagram-image/" "Mozilla/5.0 (Windows NT 6.1; Win64; x64) AppleWebKit/537.36 (KHTML, like Gecko) Chrome/90.0.4430.85 Safari/537.36 Edg/90.0.818.49" "kurtswebnotes.com"
93.73.179.112 - - [25/Sep/2022:21:34:05 -0700] "GET / HTTP/1.1" 200 1458 "https://kurtswebnotes.com/" "Mozilla/5.0 (Windows NT 6.1; Win64; x64) AppleWebKit/537.36 (KHTML, like Gecko) Chrome/90.0.4430.85 Safari/537.36 Edg/90.0.818.49" "kurtswebnotes.com"
54.36.148.115 - - [25/Sep/2022:21:35:16 -0700] "GET /wp-includes/sodium_compat/src/Core32/ HTTP/1.1" 200 669 "-" "Mozilla/5.0 (compatible; AhrefsBot/7.0; +http://ahrefs.com/robot/)" "kurtswebnotes.com"
54.36.148.50 - - [25/Sep/2022:21:40:12 -0700] "GET /wp-includes/sodium_compat/src/PHP52/ HTTP/1.1" 200 397 "-" "Mozilla/5.0 (compatible; AhrefsBot/7.0; +http://ahrefs.com/robot/)" "kurtswebnotes.com"
54.36.148.161 - - [25/Sep/2022:21:45:46 -0700] "GET /wp-includes/sodium_compat/namespaced/Core/Curve25519/ HTTP/1.1" 200 436 "-" "Mozilla/5.0 (compatible; AhrefsBot/7.0; +http://ahrefs.com/robot/)" "kurtswebnotes.com"
114.119.136.141 - - [25/Sep/2022:21:48:19 -0700] "GET /wp-includes/blocks/media-text/?C=M%3BO%3DA HTTP/1.1" 200 381 "https://www.kurtswebnotes.com/wp-includes/blocks/media-text/?C=N%3BO%3DD" "Mozilla/5.0 (Linux; Android 7.0;) AppleWebKit/537.36 (KHTML, like Gecko) Mobile Safari/537.36 (compatible; PetalBot;+https://webmaster.petalsearch.com/site/petalbot)" "www.kurtswebnotes.com"
178.22.51.217 - - [25/Sep/2022:21:49:27 -0700] "GET /blog/2016/01/13/my-first-instagram-image/ HTTP/1.1" 404 73 "https://kurtswebnotes.com/blog/2016/01/13/my-first-instagram-image/" "Mozilla/5.0 (Windows NT 10.0; Win64; x64) AppleWebKit/537.36 (KHTML, like Gecko) Chrome/90.0.4430.85 Safari/537.36 Edg/90.0.818.46" "kurtswebnotes.com"
178.22.51.217 - - [25/Sep/2022:21:49:27 -0700] "GET / HTTP/1.1" 200 1458 "https://kurtswebnotes.com/" "Mozilla/5.0 (Windows NT 10.0; Win64; x64) AppleWebKit/537.36 (KHTML, like Gecko) Chrome/90.0.4430.85 Safari/537.36 Edg/90.0.818.46" "kurtswebnotes.com"
54.36.148.175 - - [25/Sep/2022:21:51:04 -0700] "GET /wp-includes/css/dist/ HTTP/1.1" 200 382 "-" "Mozilla/5.0 (compatible; AhrefsBot/7.0; +http://ahrefs.com/robot/)" "kurtswebnotes.com"
54.36.149.17 - - [25/Sep/2022:21:56:20 -0700] "GET /wp-includes/blocks/button/?C=D;O=A HTTP/1.1" 200 377 "-" "Mozilla/5.0 (compatible; AhrefsBot/7.0; +http://ahrefs.com/robot/)" "kurtswebnotes.com"
54.36.148.30 - - [25/Sep/2022:22:01:40 -0700] "GET /wp-includes/sodium_compat/namespaced/Core/?C=N;O=D HTTP/1.1" 200 595 "-" "Mozilla/5.0 (compatible; AhrefsBot/7.0; +http://ahrefs.com/robot/)" "kurtswebnotes.com"
114.119.136.138 - - [25/Sep/2022:22:04:12 -0700] "GET /wp-includes/blocks/social-link/?C=M%3BO%3DA HTTP/1.1" 200 380 "https://www.kurtswebnotes.com/wp-includes/blocks/social-link/" "Mozilla/5.0 (Linux; Android 7.0;) AppleWebKit/537.36 (KHTML, like Gecko) Mobile Safari/537.36 (compatible; PetalBot;+https://webmaster.petalsearch.com/site/petalbot)" "www.kurtswebnotes.com"
51.222.253.3 - - [25/Sep/2022:22:06:54 -0700] "GET /wp-includes/sodium_compat/src/Core32/ HTTP/1.1" 200 669 "-" "Mozilla/5.0 (compatible; AhrefsBot/7.0; +http://ahrefs.com/robot/)" "www.kurtswebnotes.com"
114.119.136.14 - - [25/Sep/2022:22:09:50 -0700] "GET /wp-includes/blocks/quote/block.json HTTP/1.1" 200 222 "https://kurtswebnotes.com/wp-includes/blocks/quote/?C=N%3BO%3DD" "Mozilla/5.0 (Linux; Android 7.0;) AppleWebKit/537.36 (KHTML, like Gecko) Mobile Safari/537.36 (compatible; PetalBot;+https://webmaster.petalsearch.com/site/petalbot)" "kurtswebnotes.com"
54.36.148.153 - - [25/Sep/2022:22:11:53 -0700] "GET /?C=S;O=A HTTP/1.1" 200 477 "-" "Mozilla/5.0 (compatible; AhrefsBot/7.0; +http://ahrefs.com/robot/)" "kurtswebnotes.com"
114.119.136.144 - - [25/Sep/2022:22:15:28 -0700] "GET /wp-includes/sodium_compat/src/?C=S%3BO%3DA HTTP/1.1" 200 504 "https://kurtswebnotes.com/wp-includes/sodium_compat/src/?C=D%3BO%3DA" "Mozilla/5.0 (Linux; Android 7.0;) AppleWebKit/537.36 (KHTML, like Gecko) Mobile Safari/537.36 (compatible; PetalBot;+https://webmaster.petalsearch.com/site/petalbot)" "kurtswebnotes.com"
114.119.136.14 - - [25/Sep/2022:22:21:01 -0700] "GET /wp-includes/blocks/spacer/?C=N%3BO%3DD HTTP/1.1" 200 376 "https://kurtswebnotes.com/wp-includes/blocks/spacer/" "Mozilla/5.0 (Linux; Android 7.0;) AppleWebKit/537.36 (KHTML, like Gecko) Mobile Safari/537.36 (compatible; PetalBot;+https://webmaster.petalsearch.com/site/petalbot)" "kurtswebnotes.com"
51.222.253.3 - - [25/Sep/2022:22:22:05 -0700] "GET /wp-includes/blocks/separator/?C=N;O=D HTTP/1.1" 200 376 "-" "Mozilla/5.0 (compatible; AhrefsBot/7.0; +http://ahrefs.com/robot/)" "www.kurtswebnotes.com"
198.58.103.28 - - [25/Sep/2022:22:23:06 -0700] "GET /blog HTTP/1.1" 404 88 "http://kurtswebnotes.com/blog" "Superfeedr bot/2.0 http://superfeedr.com - Checking HTML reverse link." "kurtswebnotes.com"
114.119.136.138 - - [25/Sep/2022:22:26:39 -0700] "GET /wp-includes/block-patterns/text-two-columns.php HTTP/1.1" 500 - "https://www.kurtswebnotes.com/wp-includes/block-patterns/?C=M%3BO%3DA" "Mozilla/5.0 (Linux; Android 7.0;) AppleWebKit/537.36 (KHTML, like Gecko) Mobile Safari/537.36 (compatible; PetalBot;+https://webmaster.petalsearch.com/site/petalbot)" "www.kurtswebnotes.com"
51.222.253.4 - - [25/Sep/2022:22:27:21 -0700] "GET /wp-includes/?C=M;O=A HTTP/1.1" 200 462 "-" "Mozilla/5.0 (compatible; AhrefsBot/7.0; +http://ahrefs.com/robot/)" "www.kurtswebnotes.com"
114.119.136.138 - - [25/Sep/2022:22:32:13 -0700] "GET /wp-includes/sodium_compat/src/Core32/Curve25519/Ge/P3.php HTTP/1.1" 200 - "https://www.kurtswebnotes.com/wp-includes/sodium_compat/src/Core32/Curve25519/Ge/?C=D%3BO%3DA" "Mozilla/5.0 (Linux; Android 7.0;) AppleWebKit/537.36 (KHTML, like Gecko) Mobile Safari/537.36 (compatible; PetalBot;+https://webmaster.petalsearch.com/site/petalbot)" "www.kurtswebnotes.com"
54.36.148.98 - - [25/Sep/2022:22:33:18 -0700] "GET /wp-includes/sodium_compat/src/Core/Poly1305/?C=D;O=A HTTP/1.1" 200 396 "-" "Mozilla/5.0 (compatible; AhrefsBot/7.0; +http://ahrefs.com/robot/)" "kurtswebnotes.com"
114.119.136.138 - - [25/Sep/2022:22:37:52 -0700] "GET /wp-includes/sodium_compat/namespaced/Core/Curve25519/Ge/P2.php HTTP/1.1" 500 - "https://www.kurtswebnotes.com/wp-includes/sodium_compat/namespaced/Core/Curve25519/Ge/" "Mozilla/5.0 (Linux; Android 7.0;) AppleWebKit/537.36 (KHTML, like Gecko) Mobile Safari/537.36 (compatible; PetalBot;+https://webmaster.petalsearch.com/site/petalbot)" "www.kurtswebnotes.com"
51.222.253.3 - - [25/Sep/2022:22:39:06 -0700] "GET /wp-includes/blocks/latest-posts/?C=D;O=A HTTP/1.1" 200 381 "-" "Mozilla/5.0 (compatible; AhrefsBot/7.0; +http://ahrefs.com/robot/)" "www.kurtswebnotes.com"
114.119.136.138 - - [25/Sep/2022:22:43:23 -0700] "GET /wp-includes/blocks/text-columns/?C=N%3BO%3DD HTTP/1.1" 200 382 "https://kurtswebnotes.com/wp-includes/blocks/text-columns/" "Mozilla/5.0 (Linux; Android 7.0;) AppleWebKit/537.36 (KHTML, like Gecko) Mobile Safari/537.36 (compatible; PetalBot;+https://webmaster.petalsearch.com/site/petalbot)" "kurtswebnotes.com"
51.222.253.18 - - [25/Sep/2022:22:44:22 -0700] "GET /wp-includes/blocks/more/?C=N;O=D HTTP/1.1" 200 374 "-" "Mozilla/5.0 (compatible; AhrefsBot/7.0; +http://ahrefs.com/robot/)" "www.kurtswebnotes.com"
195.191.219.133 - - [25/Sep/2022:22:46:57 -0700] "GET / HTTP/1.1" 200 481 "-" "Mozilla/5.0 (compatible; MJ12bot/v1.4.8; http://mj12bot.com/)" "kurtswebnotes.com"
195.191.219.133 - - [25/Sep/2022:22:46:59 -0700] "GET /robots.txt HTTP/1.1" 200 111 "-" "Mozilla/5.0 (compatible; MJ12bot/v1.4.8; http://mj12bot.com/)" "www.kurtswebnotes.com"
195.191.219.133 - - [25/Sep/2022:22:47:02 -0700] "GET / HTTP/1.1" 200 481 "-" "Mozilla/5.0 (compatible; MJ12bot/v1.4.8; http://mj12bot.com/)" "www.kurtswebnotes.com"
54.36.148.248 - - [25/Sep/2022:22:49:20 -0700] "GET /wp-includes/blocks/button/?C=N;O=A HTTP/1.1" 200 377 "-" "Mozilla/5.0 (compatible; AhrefsBot/7.0; +http://ahrefs.com/robot/)" "kurtswebnotes.com"
54.36.149.89 - - [25/Sep/2022:22:54:06 -0700] "GET /wp-includes/sodium_compat/src/PHP52/?C=N;O=D HTTP/1.1" 200 395 "-" "Mozilla/5.0 (compatible; AhrefsBot/7.0; +http://ahrefs.com/robot/)" "kurtswebnotes.com"
51.222.253.18 - - [25/Sep/2022:22:58:48 -0700] "GET /wp-includes/blocks/image/?C=D;O=A HTTP/1.1" 200 378 "-" "Mozilla/5.0 (compatible; AhrefsBot/7.0; +http://ahrefs.com/robot/)" "www.kurtswebnotes.com"
114.119.136.141 - - [25/Sep/2022:23:00:43 -0700] "GET /wp-includes/blocks/missing/?C=D%3BO%3DA HTTP/1.1" 200 377 "https://www.kurtswebnotes.com/wp-includes/blocks/missing/?C=S%3BO%3DA" "Mozilla/5.0 (Linux; Android 7.0;) AppleWebKit/537.36 (KHTML, like Gecko) Mobile Safari/537.36 (compatible; PetalBot;+https://webmaster.petalsearch.com/site/petalbot)" "www.kurtswebnotes.com"
51.222.253.13 - - [25/Sep/2022:23:03:41 -0700] "GET /wp-includes/blocks/latest-posts/?C=S;O=A HTTP/1.1" 200 381 "-" "Mozilla/5.0 (compatible; AhrefsBot/7.0; +http://ahrefs.com/robot/)" "www.kurtswebnotes.com"
51.222.253.7 - - [25/Sep/2022:23:08:57 -0700] "GET /wp-includes/blocks/spacer/?C=M;O=A HTTP/1.1" 200 376 "-" "Mozilla/5.0 (compatible; AhrefsBot/7.0; +http://ahrefs.com/robot/)" "www.kurtswebnotes.com"
51.222.253.8 - - [25/Sep/2022:23:13:49 -0700] "GET /wp-includes/blocks/freeform/?C=N;O=D HTTP/1.1" 200 375 "-" "Mozilla/5.0 (compatible; AhrefsBot/7.0; +http://ahrefs.com/robot/)" "www.kurtswebnotes.com"
51.222.253.17 - - [25/Sep/2022:23:18:40 -0700] "GET /wp-includes/blocks/archives/?C=N;O=D HTTP/1.1" 200 376 "-" "Mozilla/5.0 (compatible; AhrefsBot/7.0; +http://ahrefs.com/robot/)" "www.kurtswebnotes.com"
114.119.136.143 - - [25/Sep/2022:23:21:17 -0700] "GET /wp-includes/blocks/more/block.json HTTP/1.1" 200 210 "https://www.kurtswebnotes.com/wp-includes/blocks/more/?C=D%3BO%3DA" "Mozilla/5.0 (Linux; Android 7.0;) AppleWebKit/537.36 (KHTML, like Gecko) Mobile Safari/537.36 (compatible; PetalBot;+https://webmaster.petalsearch.com/site/petalbot)" "www.kurtswebnotes.com"
82.118.29.91 - - [25/Sep/2022:23:22:45 -0700] "GET /blog/2016/01/13/my-first-instagram-image/ HTTP/1.1" 404 73 "https://kurtswebnotes.com/blog/2016/01/13/my-first-instagram-image/" "Mozilla/5.0 (Windows NT 10.0) AppleWebKit/537.36 (KHTML, like Gecko) Chrome/90.0.4430.85 Safari/537.36" "kurtswebnotes.com"
82.118.29.91 - - [25/Sep/2022:23:22:45 -0700] "GET / HTTP/1.1" 200 1458 "https://kurtswebnotes.com/" "Mozilla/5.0 (Windows NT 10.0) AppleWebKit/537.36 (KHTML, like Gecko) Chrome/90.0.4430.85 Safari/537.36" "kurtswebnotes.com"
1.192.192.4 - - [25/Sep/2022:23:23:13 -0700] "GET / HTTP/1.1" 200 481 "https://kurtswebnotes.com/" "Mozilla/5.0(compatible;MSIE9.0;WindowsNT6.1;Trident/5.0)" "kurtswebnotes.com"
51.222.253.18 - - [25/Sep/2022:23:23:51 -0700] "GET /wp-includes/blocks/image/?C=M;O=A HTTP/1.1" 200 378 "-" "Mozilla/5.0 (compatible; AhrefsBot/7.0; +http://ahrefs.com/robot/)" "www.kurtswebnotes.com"
114.119.136.143 - - [25/Sep/2022:23:26:49 -0700] "GET /wp-includes/sodium_compat/namespaced/Core/?C=S%3BO%3DA HTTP/1.1" 200 591 "https://www.kurtswebnotes.com/wp-includes/sodium_compat/namespaced/Core/" "Mozilla/5.0 (Linux; Android 7.0;) AppleWebKit/537.36 (KHTML, like Gecko) Mobile Safari/537.36 (compatible; PetalBot;+https://webmaster.petalsearch.com/site/petalbot)" "www.kurtswebnotes.com"
54.36.148.240 - - [25/Sep/2022:23:29:20 -0700] "GET /wp-content/themes/?C=N;O=D HTTP/1.1" 200 371 "-" "Mozilla/5.0 (compatible; AhrefsBot/7.0; +http://ahrefs.com/robot/)" "kurtswebnotes.com"
51.222.253.4 - - [25/Sep/2022:23:34:15 -0700] "GET /wp-includes/blocks/columns/?C=M;O=A HTTP/1.1" 200 377 "-" "Mozilla/5.0 (compatible; AhrefsBot/7.0; +http://ahrefs.com/robot/)" "www.kurtswebnotes.com"
114.119.136.144 - - [25/Sep/2022:23:36:39 -0700] "GET /wp-includes/block-patterns/three-buttons.php HTTP/1.1" 500 - "https://www.kurtswebnotes.com/wp-includes/block-patterns/?C=M%3BO%3DA" "Mozilla/5.0 (Linux; Android 7.0;) AppleWebKit/537.36 (KHTML, like Gecko) Mobile Safari/537.36 (compatible; PetalBot;+https://webmaster.petalsearch.com/site/petalbot)" "www.kurtswebnotes.com"
51.222.253.16 - - [25/Sep/2022:23:39:23 -0700] "GET /wp-includes/blocks/search/?C=N;O=D HTTP/1.1" 200 375 "-" "Mozilla/5.0 (compatible; AhrefsBot/7.0; +http://ahrefs.com/robot/)" "www.kurtswebnotes.com"
51.222.253.3 - - [25/Sep/2022:23:44:07 -0700] "GET /wp-includes/blocks/table/?C=N;O=D HTTP/1.1" 200 375 "-" "Mozilla/5.0 (compatible; AhrefsBot/7.0; +http://ahrefs.com/robot/)" "www.kurtswebnotes.com"
114.119.136.141 - - [25/Sep/2022:23:44:34 -0700] "GET /wp-includes/sodium_compat/namespaced/Core/Curve25519/Ge/?C=N%3BO%3DD HTTP/1.1" 200 460 "https://www.kurtswebnotes.com/wp-includes/sodium_compat/namespaced/Core/Curve25519/Ge/" "Mozilla/5.0 (Linux; Android 7.0;) AppleWebKit/537.36 (KHTML, like Gecko) Mobile Safari/537.36 (compatible; PetalBot;+https://webmaster.petalsearch.com/site/petalbot)" "www.kurtswebnotes.com"
54.36.148.96 - - [25/Sep/2022:23:49:23 -0700] "GET /wp-includes/sodium_compat/namespaced/Core/Curve25519/?C=D;O=A HTTP/1.1" 200 436 "-" "Mozilla/5.0 (compatible; AhrefsBot/7.0; +http://ahrefs.com/robot/)" "kurtswebnotes.com"
54.36.148.212 - - [25/Sep/2022:23:54:40 -0700] "GET /wp-includes/sodium_compat/namespaced/Core/Curve25519/?C=S;O=A HTTP/1.1" 200 434 "-" "Mozilla/5.0 (compatible; AhrefsBot/7.0; +http://ahrefs.com/robot/)" "kurtswebnotes.com"
51.222.253.7 - - [25/Sep/2022:23:59:06 -0700] "GET /wp-includes/blocks/latest-posts/?C=M;O=A HTTP/1.1" 200 381 "-" "Mozilla/5.0 (compatible; AhrefsBot/7.0; +http://ahrefs.com/robot/)" "www.kurtswebnotes.com"
51.222.253.15 - - [26/Sep/2022:00:03:37 -0700] "GET /wp-includes/blocks/rss/?C=N;O=D HTTP/1.1" 200 372 "-" "Mozilla/5.0 (compatible; AhrefsBot/7.0; +http://ahrefs.com/robot/)" "www.kurtswebnotes.com"
51.222.253.9 - - [26/Sep/2022:00:08:06 -0700] "GET /wp-includes/blocks/gallery/?C=N;O=D HTTP/1.1" 200 377 "-" "Mozilla/5.0 (compatible; AhrefsBot/7.0; +http://ahrefs.com/robot/)" "www.kurtswebnotes.com"
51.222.253.18 - - [26/Sep/2022:00:12:31 -0700] "GET /wp-includes/blocks/latest-comments/?C=N;O=D HTTP/1.1" 200 381 "-" "Mozilla/5.0 (compatible; AhrefsBot/7.0; +http://ahrefs.com/robot/)" "www.kurtswebnotes.com"
114.119.136.14 - - [26/Sep/2022:00:13:04 -0700] "GET /wp-includes/blocks/media-text/?C=D%3BO%3DA HTTP/1.1" 200 381 "https://www.kurtswebnotes.com/wp-includes/blocks/media-text/?C=N%3BO%3DD" "Mozilla/5.0 (Linux; Android 7.0;) AppleWebKit/537.36 (KHTML, like Gecko) Mobile Safari/537.36 (compatible; PetalBot;+https://webmaster.petalsearch.com/site/petalbot)" "www.kurtswebnotes.com"
51.222.253.3 - - [26/Sep/2022:00:17:08 -0700] "GET /wp-includes/blocks/more/ HTTP/1.1" 200 376 "-" "Mozilla/5.0 (compatible; AhrefsBot/7.0; +http://ahrefs.com/robot/)" "www.kurtswebnotes.com"
114.119.136.141 - - [26/Sep/2022:00:18:37 -0700] "GET /public_html/?C=D%3BO%3DA HTTP/1.1" 200 315 "https://www.kurtswebnotes.com/public_html/" "Mozilla/5.0 (Linux; Android 7.0;) AppleWebKit/537.36 (KHTML, like Gecko) Mobile Safari/537.36 (compatible; PetalBot;+https://webmaster.petalsearch.com/site/petalbot)" "www.kurtswebnotes.com"
51.222.253.11 - - [26/Sep/2022:00:21:57 -0700] "GET /wp-includes/blocks/table/ HTTP/1.1" 200 376 "-" "Mozilla/5.0 (compatible; AhrefsBot/7.0; +http://ahrefs.com/robot/)" "www.kurtswebnotes.com"
51.222.253.11 - - [26/Sep/2022:00:26:46 -0700] "GET /wp-includes/blocks/archives/ HTTP/1.1" 200 378 "-" "Mozilla/5.0 (compatible; AhrefsBot/7.0; +http://ahrefs.com/robot/)" "www.kurtswebnotes.com"
54.36.148.247 - - [26/Sep/2022:00:31:39 -0700] "GET /wp-includes/blocks/social-link/?C=N;O=A HTTP/1.1" 200 380 "-" "Mozilla/5.0 (compatible; AhrefsBot/7.0; +http://ahrefs.com/robot/)" "kurtswebnotes.com"
114.119.136.141 - - [26/Sep/2022:00:33:28 -0700] "GET /wp-includes/sodium_compat/src/Core32/?C=D%3BO%3DA HTTP/1.1" 200 669 "https://www.kurtswebnotes.com/wp-includes/sodium_compat/src/Core32/?C=N%3BO%3DD" "Mozilla/5.0 (Linux; Android 7.0;) AppleWebKit/537.36 (KHTML, like Gecko) Mobile Safari/537.36 (compatible; PetalBot;+https://webmaster.petalsearch.com/site/petalbot)" "www.kurtswebnotes.com"
112.13.112.146 - - [26/Sep/2022:00:34:32 -0700] "GET /robots.txt HTTP/1.1" 200 111 "-" "YisouSpider" "kurtswebnotes.com"
39.173.107.150 - - [26/Sep/2022:00:34:33 -0700] "GET /blog/author/administrator/ HTTP/1.1" 404 88 "-" "Mozilla/5.0 (Windows NT 6.1; Win64; x64) AppleWebKit/537.36 (KHTML, like Gecko) Chrome/69.0.3497.81 YisouSpider/5.0 Safari/537.36" "kurtswebnotes.com"
54.36.148.185 - - [26/Sep/2022:00:36:17 -0700] "GET /wp-includes/blocks/button/?C=S;O=A HTTP/1.1" 200 377 "-" "Mozilla/5.0 (compatible; AhrefsBot/7.0; +http://ahrefs.com/robot/)" "kurtswebnotes.com"
114.119.136.143 - - [26/Sep/2022:00:39:02 -0700] "GET /wp-includes/blocks/social-link/block.json HTTP/1.1" 200 250 "https://kurtswebnotes.com/wp-includes/blocks/social-link/?C=N%3BO%3DD" "Mozilla/5.0 (Linux; Android 7.0;) AppleWebKit/537.36 (KHTML, like Gecko) Mobile Safari/537.36 (compatible; PetalBot;+https://webmaster.petalsearch.com/site/petalbot)" "kurtswebnotes.com"
51.222.253.8 - - [26/Sep/2022:00:40:59 -0700] "GET /wp-includes/blocks/rss/ HTTP/1.1" 200 374 "-" "Mozilla/5.0 (compatible; AhrefsBot/7.0; +http://ahrefs.com/robot/)" "www.kurtswebnotes.com"
114.119.136.138 - - [26/Sep/2022:00:44:59 -0700] "GET /download/?C=S%3BO%3DA HTTP/1.1" 200 313 "https://www.kurtswebnotes.com/download/?C=M%3BO%3DA" "Mozilla/5.0 (Linux; Android 7.0;) AppleWebKit/537.36 (KHTML, like Gecko) Mobile Safari/537.36 (compatible; PetalBot;+https://webmaster.petalsearch.com/site/petalbot)" "www.kurtswebnotes.com"
51.222.253.3 - - [26/Sep/2022:00:45:38 -0700] "GET /wp-includes/blocks/spacer/?C=D;O=A HTTP/1.1" 200 376 "-" "Mozilla/5.0 (compatible; AhrefsBot/7.0; +http://ahrefs.com/robot/)" "www.kurtswebnotes.com"
51.222.253.19 - - [26/Sep/2022:00:50:10 -0700] "GET /wp-includes/blocks/search/ HTTP/1.1" 200 376 "-" "Mozilla/5.0 (compatible; AhrefsBot/7.0; +http://ahrefs.com/robot/)" "www.kurtswebnotes.com"
114.119.136.144 - - [26/Sep/2022:00:50:33 -0700] "GET /wp-includes/blocks/latest-comments/ HTTP/1.1" 200 383 "https://www.kurtswebnotes.com/wp-includes/blocks/?C=D%3BO%3DA" "Mozilla/5.0 (Linux; Android 7.0;) AppleWebKit/537.36 (KHTML, like Gecko) Mobile Safari/537.36 (compatible; PetalBot;+https://webmaster.petalsearch.com/site/petalbot)" "www.kurtswebnotes.com"
51.222.253.5 - - [26/Sep/2022:00:55:36 -0700] "GET /wp-includes/blocks/freeform/ HTTP/1.1" 200 377 "-" "Mozilla/5.0 (compatible; AhrefsBot/7.0; +http://ahrefs.com/robot/)" "www.kurtswebnotes.com"
114.119.136.143 - - [26/Sep/2022:00:56:08 -0700] "GET /wp-includes/blocks/rss/?C=M%3BO%3DA HTTP/1.1" 200 374 "https://kurtswebnotes.com/wp-includes/blocks/rss/?C=S%3BO%3DA" "Mozilla/5.0 (Linux; Android 7.0;) AppleWebKit/537.36 (KHTML, like Gecko) Mobile Safari/537.36 (compatible; PetalBot;+https://webmaster.petalsearch.com/site/petalbot)" "kurtswebnotes.com"
51.222.253.2 - - [26/Sep/2022:01:00:29 -0700] "GET /wp-admin/css/ HTTP/1.1" 200 357 "-" "Mozilla/5.0 (compatible; AhrefsBot/7.0; +http://ahrefs.com/robot/)" "www.kurtswebnotes.com"
114.119.136.143 - - [26/Sep/2022:01:01:40 -0700] "GET /download/ HTTP/1.1" 200 313 "http://www.kurtswebnotes.com?C=M%3BO%3DA" "Mozilla/5.0 (Linux; Android 7.0;) AppleWebKit/537.36 (KHTML, like Gecko) Mobile Safari/537.36 (compatible; PetalBot;+https://webmaster.petalsearch.com/site/petalbot)" "www.kurtswebnotes.com"
51.222.253.15 - - [26/Sep/2022:01:05:35 -0700] "GET /wp-includes/blocks/gallery/ HTTP/1.1" 200 379 "-" "Mozilla/5.0 (compatible; AhrefsBot/7.0; +http://ahrefs.com/robot/)" "www.kurtswebnotes.com"
114.119.136.14 - - [26/Sep/2022:01:07:15 -0700] "GET /wp-includes/sodium_compat/src/Core32/ChaCha20/?C=N%3BO%3DD HTTP/1.1" 200 415 "https://kurtswebnotes.com/wp-includes/sodium_compat/src/Core32/ChaCha20/?C=M%3BO%3DA" "Mozilla/5.0 (Linux; Android 7.0;) AppleWebKit/537.36 (KHTML, like Gecko) Mobile Safari/537.36 (compatible; PetalBot;+https://webmaster.petalsearch.com/site/petalbot)" "kurtswebnotes.com"
51.222.253.13 - - [26/Sep/2022:01:10:52 -0700] "GET /wp-includes/blocks/latest-comments/ HTTP/1.1" 200 383 "-" "Mozilla/5.0 (compatible; AhrefsBot/7.0; +http://ahrefs.com/robot/)" "www.kurtswebnotes.com"
114.119.136.144 - - [26/Sep/2022:01:12:48 -0700] "GET /wp-includes/blocks/verse/?C=S%3BO%3DA HTTP/1.1" 200 376 "https://kurtswebnotes.com/wp-includes/blocks/verse/?C=N%3BO%3DD" "Mozilla/5.0 (Linux; Android 7.0;) AppleWebKit/537.36 (KHTML, like Gecko) Mobile Safari/537.36 (compatible; PetalBot;+https://webmaster.petalsearch.com/site/petalbot)" "kurtswebnotes.com"
51.222.253.11 - - [26/Sep/2022:01:16:10 -0700] "GET /wp-includes/blocks/spacer/?C=S;O=A HTTP/1.1" 200 376 "-" "Mozilla/5.0 (compatible; AhrefsBot/7.0; +http://ahrefs.com/robot/)" "www.kurtswebnotes.com"
114.119.136.143 - - [26/Sep/2022:01:18:21 -0700] "GET /wp-includes/sodium_compat/src/Core/?C=D%3BO%3DA HTTP/1.1" 200 645 "https://www.kurtswebnotes.com/wp-includes/sodium_compat/src/Core/?C=M%3BO%3DA" "Mozilla/5.0 (Linux; Android 7.0;) AppleWebKit/537.36 (KHTML, like Gecko) Mobile Safari/537.36 (compatible; PetalBot;+https://webmaster.petalsearch.com/site/petalbot)" "www.kurtswebnotes.com"
51.222.253.9 - - [26/Sep/2022:01:20:55 -0700] "GET /wp-includes/block-supports/ HTTP/1.1" 200 462 "-" "Mozilla/5.0 (compatible; AhrefsBot/7.0; +http://ahrefs.com/robot/)" "www.kurtswebnotes.com"
114.119.136.138 - - [26/Sep/2022:01:23:54 -0700] "GET /wp-includes/sodium_compat/src/Core/Curve25519/Ge/P1p1.php HTTP/1.1" 200 - "https://kurtswebnotes.com/wp-includes/sodium_compat/src/Core/Curve25519/Ge/?C=D%3BO%3DA" "Mozilla/5.0 (Linux; Android 7.0;) AppleWebKit/537.36 (KHTML, like Gecko) Mobile Safari/537.36 (compatible; PetalBot;+https://webmaster.petalsearch.com/site/petalbot)" "kurtswebnotes.com"
51.222.253.14 - - [26/Sep/2022:01:25:04 -0700] "GET /wp-includes/blocks/verse/?C=N;O=D HTTP/1.1" 200 375 "-" "Mozilla/5.0 (compatible; AhrefsBot/7.0; +http://ahrefs.com/robot/)" "www.kurtswebnotes.com"
54.36.148.41 - - [26/Sep/2022:01:29:17 -0700] "GET /wp-includes/blocks/embed/ HTTP/1.1" 200 377 "-" "Mozilla/5.0 (compatible; AhrefsBot/7.0; +http://ahrefs.com/robot/)" "kurtswebnotes.com"
114.119.136.138 - - [26/Sep/2022:01:29:26 -0700] "GET /wp-includes/block-patterns/text-three-columns-buttons.php HTTP/1.1" 500 - "https://www.kurtswebnotes.com/wp-includes/block-patterns/?C=M%3BO%3DA" "Mozilla/5.0 (Linux; Android 7.0;) AppleWebKit/537.36 (KHTML, like Gecko) Mobile Safari/537.36 (compatible; PetalBot;+https://webmaster.petalsearch.com/site/petalbot)" "www.kurtswebnotes.com"
54.36.148.224 - - [26/Sep/2022:01:33:57 -0700] "GET /wp-includes/sodium_compat/lib/?C=M;O=D HTTP/1.1" 200 453 "-" "Mozilla/5.0 (compatible; AhrefsBot/7.0; +http://ahrefs.com/robot/)" "kurtswebnotes.com"
37.120.217.180 - - [26/Sep/2022:01:34:19 -0700] "GET /blog/2016/01/13/my-first-instagram-image/ HTTP/1.1" 404 73 "https://kurtswebnotes.com/blog/2016/01/13/my-first-instagram-image/" "Mozilla/5.0 (Windows NT 6.1; Win64; x64) AppleWebKit/537.36 (KHTML, like Gecko) Chrome/90.0.4430.93 Safari/537.36" "kurtswebnotes.com"
37.120.217.180 - - [26/Sep/2022:01:34:20 -0700] "GET / HTTP/1.1" 200 1458 "https://kurtswebnotes.com/" "Mozilla/5.0 (Windows NT 6.1; Win64; x64) AppleWebKit/537.36 (KHTML, like Gecko) Chrome/90.0.4430.93 Safari/537.36" "kurtswebnotes.com"
114.119.136.14 - - [26/Sep/2022:01:34:58 -0700] "GET /wp-includes/blocks/rss/block.json HTTP/1.1" 200 279 "https://kurtswebnotes.com/wp-includes/blocks/rss/?C=S%3BO%3DA" "Mozilla/5.0 (Linux; Android 7.0;) AppleWebKit/537.36 (KHTML, like Gecko) Mobile Safari/537.36 (compatible; PetalBot;+https://webmaster.petalsearch.com/site/petalbot)" "kurtswebnotes.com"
51.222.253.2 - - [26/Sep/2022:01:38:18 -0700] "GET /wp-includes/blocks/media-text/?C=N;O=D HTTP/1.1" 200 379 "-" "Mozilla/5.0 (compatible; AhrefsBot/7.0; +http://ahrefs.com/robot/)" "www.kurtswebnotes.com"
194.38.20.161 - - [26/Sep/2022:01:40:31 -0700] "GET /wp-content/themes/famous/megaframe/megapanel/inc/functions.php HTTP/1.1" 404 73 "-" "ALittle Client" "kurtswebnotes.com"
114.119.136.141 - - [26/Sep/2022:01:40:33 -0700] "GET /wp-includes/blocks/html/block.json HTTP/1.1" 200 183 "https://kurtswebnotes.com/wp-includes/blocks/html/?C=M%3BO%3DA" "Mozilla/5.0 (Linux; Android 7.0;) AppleWebKit/537.36 (KHTML, like Gecko) Mobile Safari/537.36 (compatible; PetalBot;+https://webmaster.petalsearch.com/site/petalbot)" "kurtswebnotes.com"
